[INFO] cloning repository https://github.com/YCHa2014/cs420hw
[INFO] running `Command { std: "git" "-c" "credential.helper=" "-c" "credential.helper=/workspace/cargo-home/bin/git-credential-null" "clone" "--bare" "https://github.com/YCHa2014/cs420hw" "/workspace/cache/git-repos/https%3A%2F%2Fgithub.com%2FYCHa2014%2Fcs420hw", kill_on_drop: false }`
[INFO] [stderr] Cloning into bare repository '/workspace/cache/git-repos/https%3A%2F%2Fgithub.com%2FYCHa2014%2Fcs420hw'...
[INFO] running `Command { std: "git" "rev-parse" "HEAD", kill_on_drop: false }`
[INFO] [stdout] a02a928bf94af90ba934f00533daa0a7925019eb
[INFO] testing YCHa2014/cs420hw against 1.75.0 for beta-1.76-1
[INFO] running `Command { std: "git" "clone" "/workspace/cache/git-repos/https%3A%2F%2Fgithub.com%2FYCHa2014%2Fcs420hw" "/workspace/builds/worker-4-tc1/source", kill_on_drop: false }`
[INFO] [stderr] Cloning into '/workspace/builds/worker-4-tc1/source'...
[INFO] [stderr] done.
[INFO] validating manifest of git repo https://github.com/YCHa2014/cs420hw on toolchain 1.75.0
[INFO] running `Command { std: CARGO_HOME="/workspace/cargo-home" RUSTUP_HOME="/workspace/rustup-home" "/workspace/cargo-home/bin/cargo" "+1.75.0" "metadata" "--manifest-path" "Cargo.toml" "--no-deps", kill_on_drop: false }`
[INFO] removed /workspace/builds/worker-4-tc1/source/rust-toolchain
[INFO] started tweaking git repo https://github.com/YCHa2014/cs420hw
[INFO] finished tweaking git repo https://github.com/YCHa2014/cs420hw
[INFO] tweaked toml for git repo https://github.com/YCHa2014/cs420hw written to /workspace/builds/worker-4-tc1/source/Cargo.toml
[INFO] crate git repo https://github.com/YCHa2014/cs420hw already has a lockfile, it will not be regenerated
[INFO] running `Command { std: CARGO_HOME="/workspace/cargo-home" RUSTUP_HOME="/workspace/rustup-home" "/workspace/cargo-home/bin/cargo" "+1.75.0" "fetch" "--manifest-path" "Cargo.toml", kill_on_drop: false }`
[INFO] [stderr]     Updating crates.io index
[INFO] [stderr]  Downloading crates ...
[INFO] [stderr]   Downloaded peg-runtime v0.8.1
[INFO] [stderr]   Downloaded clap_derive v4.1.7
[INFO] [stderr]   Downloaded peg v0.8.1
[INFO] [stderr]   Downloaded clap v4.1.7
[INFO] [stderr]   Downloaded lang-c v0.15.0
[INFO] [stderr]   Downloaded peg-macros v0.8.1
[INFO] running `Command { std: "docker" "create" "-v" "/var/lib/crater-agent-workspace/builds/worker-4-tc1/target:/opt/rustwide/target:rw,Z" "-v" "/var/lib/crater-agent-workspace/builds/worker-4-tc1/source:/opt/rustwide/workdir:ro,Z" "-v" "/var/lib/crater-agent-workspace/cargo-home:/opt/rustwide/cargo-home:ro,Z" "-v" "/var/lib/crater-agent-workspace/rustup-home:/opt/rustwide/rustup-home:ro,Z" "-e" "SOURCE_DIR=/opt/rustwide/workdir" "-e" "CARGO_TARGET_DIR=/opt/rustwide/target" "-e" "CARGO_HOME=/opt/rustwide/cargo-home" "-e" "RUSTUP_HOME=/opt/rustwide/rustup-home" "-w" "/opt/rustwide/workdir" "-m" "1610612736" "--user" "0:0" "--network" "none" "ghcr.io/rust-lang/crates-build-env/linux@sha256:2788e3201cd34a07e3172128adcd8b3090168a8e3bcc40d7c032b9dda1df7d1c" "/opt/rustwide/cargo-home/bin/cargo" "+1.75.0" "metadata" "--no-deps" "--format-version=1", kill_on_drop: false }`
[INFO] [stdout] 8529b5dc67109b81c4631409f5e296da1132b8bac77b26464ebc5dc48306bca1
[INFO] running `Command { std: "docker" "start" "-a" "8529b5dc67109b81c4631409f5e296da1132b8bac77b26464ebc5dc48306bca1", kill_on_drop: false }`
[INFO] running `Command { std: "docker" "inspect" "8529b5dc67109b81c4631409f5e296da1132b8bac77b26464ebc5dc48306bca1", kill_on_drop: false }`
[INFO] running `Command { std: "docker" "rm" "-f" "8529b5dc67109b81c4631409f5e296da1132b8bac77b26464ebc5dc48306bca1", kill_on_drop: false }`
[INFO] [stdout] 8529b5dc67109b81c4631409f5e296da1132b8bac77b26464ebc5dc48306bca1
[INFO] running `Command { std: "docker" "create" "-v" "/var/lib/crater-agent-workspace/builds/worker-4-tc1/target:/opt/rustwide/target:rw,Z" "-v" "/var/lib/crater-agent-workspace/builds/worker-4-tc1/source:/opt/rustwide/workdir:ro,Z" "-v" "/var/lib/crater-agent-workspace/cargo-home:/opt/rustwide/cargo-home:ro,Z" "-v" "/var/lib/crater-agent-workspace/rustup-home:/opt/rustwide/rustup-home:ro,Z" "-e" "SOURCE_DIR=/opt/rustwide/workdir" "-e" "CARGO_TARGET_DIR=/opt/rustwide/target" "-e" "CARGO_INCREMENTAL=0" "-e" "RUST_BACKTRACE=full" "-e" "RUSTFLAGS=--cap-lints=warn" "-e" "RUSTDOCFLAGS=--cap-lints=warn" "-e" "CARGO_HOME=/opt/rustwide/cargo-home" "-e" "RUSTUP_HOME=/opt/rustwide/rustup-home" "-w" "/opt/rustwide/workdir" "-m" "1610612736" "--user" "0:0" "--network" "none" "ghcr.io/rust-lang/crates-build-env/linux@sha256:2788e3201cd34a07e3172128adcd8b3090168a8e3bcc40d7c032b9dda1df7d1c" "/opt/rustwide/cargo-home/bin/cargo" "+1.75.0" "build" "--frozen" "--message-format=json", kill_on_drop: false }`
[INFO] [stdout] 30e788c6b73ac4b83cb671c057b44b7824a5f8162843f8e851b0239c4d023ead
[INFO] running `Command { std: "docker" "start" "-a" "30e788c6b73ac4b83cb671c057b44b7824a5f8162843f8e851b0239c4d023ead", kill_on_drop: false }`
[INFO] [stderr]    Compiling libc v0.2.139
[INFO] [stderr]    Compiling proc-macro2 v1.0.51
[INFO] [stderr]    Compiling quote v1.0.23
[INFO] [stderr]    Compiling unicode-ident v1.0.6
[INFO] [stderr]    Compiling syn v1.0.109
[INFO] [stderr]    Compiling io-lifetimes v1.0.3
[INFO] [stderr]    Compiling rustix v0.36.5
[INFO] [stderr]    Compiling peg-runtime v0.8.1
[INFO] [stderr]    Compiling thiserror v1.0.38
[INFO] [stderr]    Compiling ppv-lite86 v0.2.17
[INFO] [stderr]    Compiling linux-raw-sys v0.1.4
[INFO] [stderr]    Compiling fastrand v1.9.0
[INFO] [stderr]    Compiling either v1.8.0
[INFO] [stderr]    Compiling num-traits v0.2.15
[INFO] [stderr]    Compiling lang-c v0.15.0
[INFO] [stderr]    Compiling hexf-parse v0.2.1
[INFO] [stderr]    Compiling itertools v0.10.5
[INFO] [stderr]    Compiling peg-macros v0.8.1
[INFO] [stderr]    Compiling ordered-float v3.4.0
[INFO] [stderr]    Compiling getrandom v0.2.8
[INFO] [stderr]    Compiling wait-timeout v0.2.0
[INFO] [stderr]    Compiling rand_core v0.6.4
[INFO] [stderr]    Compiling rand_chacha v0.3.1
[INFO] [stderr]    Compiling rand v0.8.5
[INFO] [stderr]    Compiling peg v0.8.1
[INFO] [stderr]    Compiling thiserror-impl v1.0.38
[INFO] [stderr]    Compiling tempfile v3.4.0
[INFO] [stderr]    Compiling kecc v0.1.0 (/opt/rustwide/workdir)
[INFO] [stderr]     Finished dev [unoptimized + debuginfo] target(s) in 5.19s
[INFO] running `Command { std: "docker" "inspect" "30e788c6b73ac4b83cb671c057b44b7824a5f8162843f8e851b0239c4d023ead", kill_on_drop: false }`
[INFO] running `Command { std: "docker" "rm" "-f" "30e788c6b73ac4b83cb671c057b44b7824a5f8162843f8e851b0239c4d023ead", kill_on_drop: false }`
[INFO] [stdout] 30e788c6b73ac4b83cb671c057b44b7824a5f8162843f8e851b0239c4d023ead
[INFO] running `Command { std: "docker" "create" "-v" "/var/lib/crater-agent-workspace/builds/worker-4-tc1/target:/opt/rustwide/target:rw,Z" "-v" "/var/lib/crater-agent-workspace/builds/worker-4-tc1/source:/opt/rustwide/workdir:ro,Z" "-v" "/var/lib/crater-agent-workspace/cargo-home:/opt/rustwide/cargo-home:ro,Z" "-v" "/var/lib/crater-agent-workspace/rustup-home:/opt/rustwide/rustup-home:ro,Z" "-e" "SOURCE_DIR=/opt/rustwide/workdir" "-e" "CARGO_TARGET_DIR=/opt/rustwide/target" "-e" "CARGO_INCREMENTAL=0" "-e" "RUST_BACKTRACE=full" "-e" "RUSTFLAGS=--cap-lints=warn" "-e" "RUSTDOCFLAGS=--cap-lints=warn" "-e" "CARGO_HOME=/opt/rustwide/cargo-home" "-e" "RUSTUP_HOME=/opt/rustwide/rustup-home" "-w" "/opt/rustwide/workdir" "-m" "1610612736" "--user" "0:0" "--network" "none" "ghcr.io/rust-lang/crates-build-env/linux@sha256:2788e3201cd34a07e3172128adcd8b3090168a8e3bcc40d7c032b9dda1df7d1c" "/opt/rustwide/cargo-home/bin/cargo" "+1.75.0" "test" "--frozen" "--no-run" "--message-format=json", kill_on_drop: false }`
[INFO] [stdout] 444c95bbdd63516ddf0867dcba082ca57f2cd35376ba476fba2382f9267ced51
[INFO] running `Command { std: "docker" "start" "-a" "444c95bbdd63516ddf0867dcba082ca57f2cd35376ba476fba2382f9267ced51", kill_on_drop: false }`
[INFO] [stderr]    Compiling kecc v0.1.0 (/opt/rustwide/workdir)
[INFO] [stderr]     Finished test [unoptimized + debuginfo] target(s) in 1.13s
[INFO] running `Command { std: "docker" "inspect" "444c95bbdd63516ddf0867dcba082ca57f2cd35376ba476fba2382f9267ced51", kill_on_drop: false }`
[INFO] running `Command { std: "docker" "rm" "-f" "444c95bbdd63516ddf0867dcba082ca57f2cd35376ba476fba2382f9267ced51", kill_on_drop: false }`
[INFO] [stdout] 444c95bbdd63516ddf0867dcba082ca57f2cd35376ba476fba2382f9267ced51
[INFO] running `Command { std: "docker" "create" "-v" "/var/lib/crater-agent-workspace/builds/worker-4-tc1/target:/opt/rustwide/target:rw,Z" "-v" "/var/lib/crater-agent-workspace/builds/worker-4-tc1/source:/opt/rustwide/workdir:ro,Z" "-v" "/var/lib/crater-agent-workspace/cargo-home:/opt/rustwide/cargo-home:ro,Z" "-v" "/var/lib/crater-agent-workspace/rustup-home:/opt/rustwide/rustup-home:ro,Z" "-e" "SOURCE_DIR=/opt/rustwide/workdir" "-e" "CARGO_TARGET_DIR=/opt/rustwide/target" "-e" "CARGO_INCREMENTAL=0" "-e" "RUST_BACKTRACE=full" "-e" "RUSTFLAGS=--cap-lints=warn" "-e" "RUSTDOCFLAGS=--cap-lints=warn" "-e" "CARGO_HOME=/opt/rustwide/cargo-home" "-e" "RUSTUP_HOME=/opt/rustwide/rustup-home" "-w" "/opt/rustwide/workdir" "-m" "1610612736" "--user" "0:0" "--network" "none" "ghcr.io/rust-lang/crates-build-env/linux@sha256:2788e3201cd34a07e3172128adcd8b3090168a8e3bcc40d7c032b9dda1df7d1c" "/opt/rustwide/cargo-home/bin/cargo" "+1.75.0" "test" "--frozen", kill_on_drop: false }`
[INFO] [stdout] dfed048f2b6c5f9e773dcf0a821a5f6aaa42978243d4e2806e1ccfad0cf49d3a
[INFO] running `Command { std: "docker" "start" "-a" "dfed048f2b6c5f9e773dcf0a821a5f6aaa42978243d4e2806e1ccfad0cf49d3a", kill_on_drop: false }`
[INFO] [stderr]     Finished test [unoptimized + debuginfo] target(s) in 0.03s
[INFO] [stderr]      Running unittests src/lib.rs (/opt/rustwide/target/debug/deps/kecc-da1c098ab8000ed7)
[INFO] [stdout] 
[INFO] [stdout] running 0 tests
[INFO] [stdout] 
[INFO] [stdout] test result: ok. 0 passed; 0 failed; 0 ignored; 0 measured; 0 filtered out; finished in 0.00s
[INFO] [stdout] 
[INFO] [stderr]      Running tests/test_examples.rs (/opt/rustwide/target/debug/deps/test_examples-3f52ca6d2633ec44)
[INFO] [stdout] 
[INFO] [stdout] running 12 tests
[INFO] [stdout] test test_examples_asmgen_small ... FAILED
[INFO] [stdout] test test_examples_deadcode ... FAILED
[INFO] [stdout] test test_examples_asmgen_large ... FAILED
[INFO] [stdout] test test_examples_optimize ... FAILED
[INFO] [stdout] test test_examples_gvn ... FAILED
[INFO] [stdout] test test_examples_simplify_cfg ... FAILED
[INFO] [stdout] test test_examples_mem2reg ... FAILED
[INFO] [stdout] test test_examples_irgen_large ... FAILED
[INFO] [stdout] test test_examples_irgen_small ... FAILED
[INFO] [stdout] test test_examples_irparse ... FAILED
[INFO] [stdout] test test_examples_write_c ... FAILED
[INFO] [stderr] error: test failed, to rerun pass `--test test_examples`
[INFO] [stderr] 
[INFO] [stderr] Caused by:
[INFO] [stderr]   process didn't exit successfully: `/opt/rustwide/target/debug/deps/test_examples-3f52ca6d2633ec44` (exit status: 102)
[INFO] [stderr] note: test exited abnormally; to see the full output pass --nocapture to the harness.
[INFO] running `Command { std: "docker" "inspect" "dfed048f2b6c5f9e773dcf0a821a5f6aaa42978243d4e2806e1ccfad0cf49d3a", kill_on_drop: false }`
[INFO] running `Command { std: "docker" "rm" "-f" "dfed048f2b6c5f9e773dcf0a821a5f6aaa42978243d4e2806e1ccfad0cf49d3a", kill_on_drop: false }`
[INFO] [stdout] dfed048f2b6c5f9e773dcf0a821a5f6aaa42978243d4e2806e1ccfad0cf49d3a
