[INFO] cloning repository https://github.com/YC-Lammy/lazy_thread_local
[INFO] running `Command { std: "git" "-c" "credential.helper=" "-c" "credential.helper=/workspace/cargo-home/bin/git-credential-null" "clone" "--bare" "https://github.com/YC-Lammy/lazy_thread_local" "/workspace/cache/git-repos/https%3A%2F%2Fgithub.com%2FYC-Lammy%2Flazy_thread_local", kill_on_drop: false }`
[INFO] [stderr] Cloning into bare repository '/workspace/cache/git-repos/https%3A%2F%2Fgithub.com%2FYC-Lammy%2Flazy_thread_local'...
[INFO] running `Command { std: "git" "rev-parse" "HEAD", kill_on_drop: false }`
[INFO] [stdout] cde2a214bd36f8086222f48f1e4c09cbe7a797a1
[INFO] testing YC-Lammy/lazy_thread_local against 1.75.0 for beta-1.76-1
[INFO] running `Command { std: "git" "clone" "/workspace/cache/git-repos/https%3A%2F%2Fgithub.com%2FYC-Lammy%2Flazy_thread_local" "/workspace/builds/worker-0-tc1/source", kill_on_drop: false }`
[INFO] [stderr] Cloning into '/workspace/builds/worker-0-tc1/source'...
[INFO] [stderr] done.
[INFO] validating manifest of git repo https://github.com/YC-Lammy/lazy_thread_local on toolchain 1.75.0
[INFO] running `Command { std: CARGO_HOME="/workspace/cargo-home" RUSTUP_HOME="/workspace/rustup-home" "/workspace/cargo-home/bin/cargo" "+1.75.0" "metadata" "--manifest-path" "Cargo.toml" "--no-deps", kill_on_drop: false }`
[INFO] started tweaking git repo https://github.com/YC-Lammy/lazy_thread_local
[INFO] finished tweaking git repo https://github.com/YC-Lammy/lazy_thread_local
[INFO] tweaked toml for git repo https://github.com/YC-Lammy/lazy_thread_local written to /workspace/builds/worker-0-tc1/source/Cargo.toml
[INFO] crate git repo https://github.com/YC-Lammy/lazy_thread_local already has a lockfile, it will not be regenerated
[INFO] running `Command { std: CARGO_HOME="/workspace/cargo-home" RUSTUP_HOME="/workspace/rustup-home" "/workspace/cargo-home/bin/cargo" "+1.75.0" "fetch" "--manifest-path" "Cargo.toml", kill_on_drop: false }`
[INFO] running `Command { std: "docker" "create" "-v" "/var/lib/crater-agent-workspace/builds/worker-0-tc1/target:/opt/rustwide/target:rw,Z" "-v" "/var/lib/crater-agent-workspace/builds/worker-0-tc1/source:/opt/rustwide/workdir:ro,Z" "-v" "/var/lib/crater-agent-workspace/cargo-home:/opt/rustwide/cargo-home:ro,Z" "-v" "/var/lib/crater-agent-workspace/rustup-home:/opt/rustwide/rustup-home:ro,Z" "-e" "SOURCE_DIR=/opt/rustwide/workdir" "-e" "CARGO_TARGET_DIR=/opt/rustwide/target" "-e" "CARGO_HOME=/opt/rustwide/cargo-home" "-e" "RUSTUP_HOME=/opt/rustwide/rustup-home" "-w" "/opt/rustwide/workdir" "-m" "1610612736" "--user" "0:0" "--network" "none" "ghcr.io/rust-lang/crates-build-env/linux@sha256:2788e3201cd34a07e3172128adcd8b3090168a8e3bcc40d7c032b9dda1df7d1c" "/opt/rustwide/cargo-home/bin/cargo" "+1.75.0" "metadata" "--no-deps" "--format-version=1", kill_on_drop: false }`
[INFO] [stdout] a09b1351919d8f467be4d453b1ebb659f9427298da116541727202ec01acedd4
[INFO] running `Command { std: "docker" "start" "-a" "a09b1351919d8f467be4d453b1ebb659f9427298da116541727202ec01acedd4", kill_on_drop: false }`
[INFO] running `Command { std: "docker" "inspect" "a09b1351919d8f467be4d453b1ebb659f9427298da116541727202ec01acedd4", kill_on_drop: false }`
[INFO] running `Command { std: "docker" "rm" "-f" "a09b1351919d8f467be4d453b1ebb659f9427298da116541727202ec01acedd4", kill_on_drop: false }`
[INFO] [stdout] a09b1351919d8f467be4d453b1ebb659f9427298da116541727202ec01acedd4
[INFO] running `Command { std: "docker" "create" "-v" "/var/lib/crater-agent-workspace/builds/worker-0-tc1/target:/opt/rustwide/target:rw,Z" "-v" "/var/lib/crater-agent-workspace/builds/worker-0-tc1/source:/opt/rustwide/workdir:ro,Z" "-v" "/var/lib/crater-agent-workspace/cargo-home:/opt/rustwide/cargo-home:ro,Z" "-v" "/var/lib/crater-agent-workspace/rustup-home:/opt/rustwide/rustup-home:ro,Z" "-e" "SOURCE_DIR=/opt/rustwide/workdir" "-e" "CARGO_TARGET_DIR=/opt/rustwide/target" "-e" "CARGO_INCREMENTAL=0" "-e" "RUST_BACKTRACE=full" "-e" "RUSTFLAGS=--cap-lints=warn" "-e" "RUSTDOCFLAGS=--cap-lints=warn" "-e" "CARGO_HOME=/opt/rustwide/cargo-home" "-e" "RUSTUP_HOME=/opt/rustwide/rustup-home" "-w" "/opt/rustwide/workdir" "-m" "1610612736" "--user" "0:0" "--network" "none" "ghcr.io/rust-lang/crates-build-env/linux@sha256:2788e3201cd34a07e3172128adcd8b3090168a8e3bcc40d7c032b9dda1df7d1c" "/opt/rustwide/cargo-home/bin/cargo" "+1.75.0" "build" "--frozen" "--message-format=json", kill_on_drop: false }`
[INFO] [stdout] 10ffa9c0afbfe7bb438c036d756010d010b54c6e47d36b448a45c3abc2a60e10
[INFO] running `Command { std: "docker" "start" "-a" "10ffa9c0afbfe7bb438c036d756010d010b54c6e47d36b448a45c3abc2a60e10", kill_on_drop: false }`
[INFO] [stderr]    Compiling libc v0.2.150
[INFO] [stderr]    Compiling lazy_thread_local v0.1.1 (/opt/rustwide/workdir)
[INFO] [stderr]     Finished dev [unoptimized + debuginfo] target(s) in 0.67s
[INFO] running `Command { std: "docker" "inspect" "10ffa9c0afbfe7bb438c036d756010d010b54c6e47d36b448a45c3abc2a60e10", kill_on_drop: false }`
[INFO] running `Command { std: "docker" "rm" "-f" "10ffa9c0afbfe7bb438c036d756010d010b54c6e47d36b448a45c3abc2a60e10", kill_on_drop: false }`
[INFO] [stdout] 10ffa9c0afbfe7bb438c036d756010d010b54c6e47d36b448a45c3abc2a60e10
[INFO] running `Command { std: "docker" "create" "-v" "/var/lib/crater-agent-workspace/builds/worker-0-tc1/target:/opt/rustwide/target:rw,Z" "-v" "/var/lib/crater-agent-workspace/builds/worker-0-tc1/source:/opt/rustwide/workdir:ro,Z" "-v" "/var/lib/crater-agent-workspace/cargo-home:/opt/rustwide/cargo-home:ro,Z" "-v" "/var/lib/crater-agent-workspace/rustup-home:/opt/rustwide/rustup-home:ro,Z" "-e" "SOURCE_DIR=/opt/rustwide/workdir" "-e" "CARGO_TARGET_DIR=/opt/rustwide/target" "-e" "CARGO_INCREMENTAL=0" "-e" "RUST_BACKTRACE=full" "-e" "RUSTFLAGS=--cap-lints=warn" "-e" "RUSTDOCFLAGS=--cap-lints=warn" "-e" "CARGO_HOME=/opt/rustwide/cargo-home" "-e" "RUSTUP_HOME=/opt/rustwide/rustup-home" "-w" "/opt/rustwide/workdir" "-m" "1610612736" "--user" "0:0" "--network" "none" "ghcr.io/rust-lang/crates-build-env/linux@sha256:2788e3201cd34a07e3172128adcd8b3090168a8e3bcc40d7c032b9dda1df7d1c" "/opt/rustwide/cargo-home/bin/cargo" "+1.75.0" "test" "--frozen" "--no-run" "--message-format=json", kill_on_drop: false }`
[INFO] [stdout] c23a8753010b47c21782cb31ad1d7f176770e2cbaa0eb1db345d3de3c2083f83
[INFO] running `Command { std: "docker" "start" "-a" "c23a8753010b47c21782cb31ad1d7f176770e2cbaa0eb1db345d3de3c2083f83", kill_on_drop: false }`
[INFO] [stderr]    Compiling lazy_thread_local v0.1.1 (/opt/rustwide/workdir)
[INFO] [stderr]     Finished test [unoptimized + debuginfo] target(s) in 0.22s
[INFO] running `Command { std: "docker" "inspect" "c23a8753010b47c21782cb31ad1d7f176770e2cbaa0eb1db345d3de3c2083f83", kill_on_drop: false }`
[INFO] running `Command { std: "docker" "rm" "-f" "c23a8753010b47c21782cb31ad1d7f176770e2cbaa0eb1db345d3de3c2083f83", kill_on_drop: false }`
[INFO] [stdout] c23a8753010b47c21782cb31ad1d7f176770e2cbaa0eb1db345d3de3c2083f83
[INFO] running `Command { std: "docker" "create" "-v" "/var/lib/crater-agent-workspace/builds/worker-0-tc1/target:/opt/rustwide/target:rw,Z" "-v" "/var/lib/crater-agent-workspace/builds/worker-0-tc1/source:/opt/rustwide/workdir:ro,Z" "-v" "/var/lib/crater-agent-workspace/cargo-home:/opt/rustwide/cargo-home:ro,Z" "-v" "/var/lib/crater-agent-workspace/rustup-home:/opt/rustwide/rustup-home:ro,Z" "-e" "SOURCE_DIR=/opt/rustwide/workdir" "-e" "CARGO_TARGET_DIR=/opt/rustwide/target" "-e" "CARGO_INCREMENTAL=0" "-e" "RUST_BACKTRACE=full" "-e" "RUSTFLAGS=--cap-lints=warn" "-e" "RUSTDOCFLAGS=--cap-lints=warn" "-e" "CARGO_HOME=/opt/rustwide/cargo-home" "-e" "RUSTUP_HOME=/opt/rustwide/rustup-home" "-w" "/opt/rustwide/workdir" "-m" "1610612736" "--user" "0:0" "--network" "none" "ghcr.io/rust-lang/crates-build-env/linux@sha256:2788e3201cd34a07e3172128adcd8b3090168a8e3bcc40d7c032b9dda1df7d1c" "/opt/rustwide/cargo-home/bin/cargo" "+1.75.0" "test" "--frozen", kill_on_drop: false }`
[INFO] [stdout] b4b3888ba6e33ec9b389d735d2f95c7adbc16839096152c54de7772cf93b6326
[INFO] running `Command { std: "docker" "start" "-a" "b4b3888ba6e33ec9b389d735d2f95c7adbc16839096152c54de7772cf93b6326", kill_on_drop: false }`
[INFO] [stderr]     Finished test [unoptimized + debuginfo] target(s) in 0.00s
[INFO] [stderr]      Running unittests src/lib.rs (/opt/rustwide/target/debug/deps/lazy_thread_local-e6a223e2f344b5e6)
[INFO] [stdout] 
[INFO] [stdout] running 1 test
[INFO] [stdout] test t ... ok
[INFO] [stdout] 
[INFO] [stdout] test result: ok. 1 passed; 0 failed; 0 ignored; 0 measured; 0 filtered out; finished in 0.00s
[INFO] [stdout] 
[INFO] [stderr]    Doc-tests lazy_thread_local
[INFO] [stdout] 
[INFO] [stdout] running 2 tests
[INFO] [stdout] test src/lib.rs - (line 36) ... FAILED
[INFO] [stdout] test src/lib.rs - (line 26) ... ok
[INFO] [stdout] 
[INFO] [stdout] failures:
[INFO] [stdout] 
[INFO] [stdout] ---- src/lib.rs - (line 36) stdout ----
[INFO] [stdout] error[E0277]: can't compare `&u32` with `{integer}`
[INFO] [stdout]  --> src/lib.rs:42:1
[INFO] [stdout]   |
[INFO] [stdout] 9 | assert_eq!(TLS.get(), 5);
[INFO] [stdout]   | ^^^^^^^^^^^^^^^^^^^^^^^^ no implementation for `&u32 == {integer}`
[INFO] [stdout]   |
[INFO] [stdout]   = help: the trait `PartialEq<{integer}>` is not implemented for `&u32`
[INFO] [stdout]   = help: the trait `PartialEq` is implemented for `u32`
[INFO] [stdout]   = help: for that trait implementation, expected `u32`, found `&u32`
[INFO] [stdout]   = note: this error originates in the macro `assert_eq` (in Nightly builds, run with -Z macro-backtrace for more info)
[INFO] [stdout] 
[INFO] [stdout] error: aborting due to previous error
[INFO] [stdout] 
[INFO] [stdout] For more information about this error, try `rustc --explain E0277`.
[INFO] [stdout] Couldn't compile the test.
[INFO] [stdout] 
[INFO] [stdout] failures:
[INFO] [stdout]     src/lib.rs - (line 36)
[INFO] [stdout] 
[INFO] [stdout] test result: FAILED. 1 passed; 1 failed; 0 ignored; 0 measured; 0 filtered out; finished in 0.16s
[INFO] [stdout] 
[INFO] [stderr] error: doctest failed, to rerun pass `--doc`
[INFO] running `Command { std: "docker" "inspect" "b4b3888ba6e33ec9b389d735d2f95c7adbc16839096152c54de7772cf93b6326", kill_on_drop: false }`
[INFO] running `Command { std: "docker" "rm" "-f" "b4b3888ba6e33ec9b389d735d2f95c7adbc16839096152c54de7772cf93b6326", kill_on_drop: false }`
[INFO] [stdout] b4b3888ba6e33ec9b389d735d2f95c7adbc16839096152c54de7772cf93b6326
[INFO] testing YC-Lammy/lazy_thread_local against beta-2023-12-22 for beta-1.76-1
[INFO] running `Command { std: "git" "clone" "/workspace/cache/git-repos/https%3A%2F%2Fgithub.com%2FYC-Lammy%2Flazy_thread_local" "/workspace/builds/worker-0-tc2/source", kill_on_drop: false }`
[INFO] [stderr] Cloning into '/workspace/builds/worker-0-tc2/source'...
[INFO] [stderr] done.
[INFO] validating manifest of git repo https://github.com/YC-Lammy/lazy_thread_local on toolchain beta-2023-12-22
[INFO] running `Command { std: CARGO_HOME="/workspace/cargo-home" RUSTUP_HOME="/workspace/rustup-home" "/workspace/cargo-home/bin/cargo" "+beta-2023-12-22" "metadata" "--manifest-path" "Cargo.toml" "--no-deps", kill_on_drop: false }`
[INFO] started tweaking git repo https://github.com/YC-Lammy/lazy_thread_local
[INFO] finished tweaking git repo https://github.com/YC-Lammy/lazy_thread_local
[INFO] tweaked toml for git repo https://github.com/YC-Lammy/lazy_thread_local written to /workspace/builds/worker-0-tc2/source/Cargo.toml
[INFO] crate git repo https://github.com/YC-Lammy/lazy_thread_local already has a lockfile, it will not be regenerated
[INFO] running `Command { std: CARGO_HOME="/workspace/cargo-home" RUSTUP_HOME="/workspace/rustup-home" "/workspace/cargo-home/bin/cargo" "+beta-2023-12-22" "fetch" "--manifest-path" "Cargo.toml", kill_on_drop: false }`
[INFO] running `Command { std: "docker" "create" "-v" "/var/lib/crater-agent-workspace/builds/worker-0-tc2/target:/opt/rustwide/target:rw,Z" "-v" "/var/lib/crater-agent-workspace/builds/worker-0-tc2/source:/opt/rustwide/workdir:ro,Z" "-v" "/var/lib/crater-agent-workspace/cargo-home:/opt/rustwide/cargo-home:ro,Z" "-v" "/var/lib/crater-agent-workspace/rustup-home:/opt/rustwide/rustup-home:ro,Z" "-e" "SOURCE_DIR=/opt/rustwide/workdir" "-e" "CARGO_TARGET_DIR=/opt/rustwide/target" "-e" "CARGO_HOME=/opt/rustwide/cargo-home" "-e" "RUSTUP_HOME=/opt/rustwide/rustup-home" "-w" "/opt/rustwide/workdir" "-m" "1610612736" "--user" "0:0" "--network" "none" "ghcr.io/rust-lang/crates-build-env/linux@sha256:2788e3201cd34a07e3172128adcd8b3090168a8e3bcc40d7c032b9dda1df7d1c" "/opt/rustwide/cargo-home/bin/cargo" "+beta-2023-12-22" "metadata" "--no-deps" "--format-version=1", kill_on_drop: false }`
[INFO] [stdout] 08484d94d8c227fa315b7250916fc7935d36bc3e8b64e6ef172da47f31aa993a
[INFO] running `Command { std: "docker" "start" "-a" "08484d94d8c227fa315b7250916fc7935d36bc3e8b64e6ef172da47f31aa993a", kill_on_drop: false }`
[INFO] running `Command { std: "docker" "inspect" "08484d94d8c227fa315b7250916fc7935d36bc3e8b64e6ef172da47f31aa993a", kill_on_drop: false }`
[INFO] running `Command { std: "docker" "rm" "-f" "08484d94d8c227fa315b7250916fc7935d36bc3e8b64e6ef172da47f31aa993a", kill_on_drop: false }`
[INFO] [stdout] 08484d94d8c227fa315b7250916fc7935d36bc3e8b64e6ef172da47f31aa993a
[INFO] running `Command { std: "docker" "create" "-v" "/var/lib/crater-agent-workspace/builds/worker-0-tc2/target:/opt/rustwide/target:rw,Z" "-v" "/var/lib/crater-agent-workspace/builds/worker-0-tc2/source:/opt/rustwide/workdir:ro,Z" "-v" "/var/lib/crater-agent-workspace/cargo-home:/opt/rustwide/cargo-home:ro,Z" "-v" "/var/lib/crater-agent-workspace/rustup-home:/opt/rustwide/rustup-home:ro,Z" "-e" "SOURCE_DIR=/opt/rustwide/workdir" "-e" "CARGO_TARGET_DIR=/opt/rustwide/target" "-e" "CARGO_INCREMENTAL=0" "-e" "RUST_BACKTRACE=full" "-e" "RUSTFLAGS=--cap-lints=warn" "-e" "RUSTDOCFLAGS=--cap-lints=warn" "-e" "CARGO_HOME=/opt/rustwide/cargo-home" "-e" "RUSTUP_HOME=/opt/rustwide/rustup-home" "-w" "/opt/rustwide/workdir" "-m" "1610612736" "--user" "0:0" "--network" "none" "ghcr.io/rust-lang/crates-build-env/linux@sha256:2788e3201cd34a07e3172128adcd8b3090168a8e3bcc40d7c032b9dda1df7d1c" "/opt/rustwide/cargo-home/bin/cargo" "+beta-2023-12-22" "build" "--frozen" "--message-format=json", kill_on_drop: false }`
[INFO] [stdout] 962fa379245aef74a4747636483fb4549be891a709b035874955c25617bd288a
[INFO] running `Command { std: "docker" "start" "-a" "962fa379245aef74a4747636483fb4549be891a709b035874955c25617bd288a", kill_on_drop: false }`
[INFO] [stderr]    Compiling libc v0.2.150
[INFO] [stderr]    Compiling lazy_thread_local v0.1.1 (/opt/rustwide/workdir)
[INFO] [stderr]     Finished dev [unoptimized + debuginfo] target(s) in 0.64s
[INFO] running `Command { std: "docker" "inspect" "962fa379245aef74a4747636483fb4549be891a709b035874955c25617bd288a", kill_on_drop: false }`
[INFO] running `Command { std: "docker" "rm" "-f" "962fa379245aef74a4747636483fb4549be891a709b035874955c25617bd288a", kill_on_drop: false }`
[INFO] [stdout] 962fa379245aef74a4747636483fb4549be891a709b035874955c25617bd288a
[INFO] running `Command { std: "docker" "create" "-v" "/var/lib/crater-agent-workspace/builds/worker-0-tc2/target:/opt/rustwide/target:rw,Z" "-v" "/var/lib/crater-agent-workspace/builds/worker-0-tc2/source:/opt/rustwide/workdir:ro,Z" "-v" "/var/lib/crater-agent-workspace/cargo-home:/opt/rustwide/cargo-home:ro,Z" "-v" "/var/lib/crater-agent-workspace/rustup-home:/opt/rustwide/rustup-home:ro,Z" "-e" "SOURCE_DIR=/opt/rustwide/workdir" "-e" "CARGO_TARGET_DIR=/opt/rustwide/target" "-e" "CARGO_INCREMENTAL=0" "-e" "RUST_BACKTRACE=full" "-e" "RUSTFLAGS=--cap-lints=warn" "-e" "RUSTDOCFLAGS=--cap-lints=warn" "-e" "CARGO_HOME=/opt/rustwide/cargo-home" "-e" "RUSTUP_HOME=/opt/rustwide/rustup-home" "-w" "/opt/rustwide/workdir" "-m" "1610612736" "--user" "0:0" "--network" "none" "ghcr.io/rust-lang/crates-build-env/linux@sha256:2788e3201cd34a07e3172128adcd8b3090168a8e3bcc40d7c032b9dda1df7d1c" "/opt/rustwide/cargo-home/bin/cargo" "+beta-2023-12-22" "test" "--frozen" "--no-run" "--message-format=json", kill_on_drop: false }`
[INFO] [stdout] 8279856d2ac63ac48b44ba76c023f93e92af8431bc82de36c41ce7bda9c30835
[INFO] running `Command { std: "docker" "start" "-a" "8279856d2ac63ac48b44ba76c023f93e92af8431bc82de36c41ce7bda9c30835", kill_on_drop: false }`
[INFO] [stderr]    Compiling lazy_thread_local v0.1.1 (/opt/rustwide/workdir)
[INFO] [stderr]     Finished test [unoptimized + debuginfo] target(s) in 0.23s
[INFO] running `Command { std: "docker" "inspect" "8279856d2ac63ac48b44ba76c023f93e92af8431bc82de36c41ce7bda9c30835", kill_on_drop: false }`
[INFO] running `Command { std: "docker" "rm" "-f" "8279856d2ac63ac48b44ba76c023f93e92af8431bc82de36c41ce7bda9c30835", kill_on_drop: false }`
[INFO] [stdout] 8279856d2ac63ac48b44ba76c023f93e92af8431bc82de36c41ce7bda9c30835
[INFO] running `Command { std: "docker" "create" "-v" "/var/lib/crater-agent-workspace/builds/worker-0-tc2/target:/opt/rustwide/target:rw,Z" "-v" "/var/lib/crater-agent-workspace/builds/worker-0-tc2/source:/opt/rustwide/workdir:ro,Z" "-v" "/var/lib/crater-agent-workspace/cargo-home:/opt/rustwide/cargo-home:ro,Z" "-v" "/var/lib/crater-agent-workspace/rustup-home:/opt/rustwide/rustup-home:ro,Z" "-e" "SOURCE_DIR=/opt/rustwide/workdir" "-e" "CARGO_TARGET_DIR=/opt/rustwide/target" "-e" "CARGO_INCREMENTAL=0" "-e" "RUST_BACKTRACE=full" "-e" "RUSTFLAGS=--cap-lints=warn" "-e" "RUSTDOCFLAGS=--cap-lints=warn" "-e" "CARGO_HOME=/opt/rustwide/cargo-home" "-e" "RUSTUP_HOME=/opt/rustwide/rustup-home" "-w" "/opt/rustwide/workdir" "-m" "1610612736" "--user" "0:0" "--network" "none" "ghcr.io/rust-lang/crates-build-env/linux@sha256:2788e3201cd34a07e3172128adcd8b3090168a8e3bcc40d7c032b9dda1df7d1c" "/opt/rustwide/cargo-home/bin/cargo" "+beta-2023-12-22" "test" "--frozen", kill_on_drop: false }`
[INFO] [stdout] 9f6a1ddd8dd13ada0debc4c42ad4211c5d15483f11a2013315bc314ec6f3d7f0
[INFO] running `Command { std: "docker" "start" "-a" "9f6a1ddd8dd13ada0debc4c42ad4211c5d15483f11a2013315bc314ec6f3d7f0", kill_on_drop: false }`
[INFO] [stderr]     Finished test [unoptimized + debuginfo] target(s) in 0.00s
[INFO] [stderr]      Running unittests src/lib.rs (/opt/rustwide/target/debug/deps/lazy_thread_local-219a8e61c8384752)
[INFO] [stdout] 
[INFO] [stdout] running 1 test
[INFO] [stdout] test t ... ok
[INFO] [stdout] 
[INFO] [stdout] test result: ok. 1 passed; 0 failed; 0 ignored; 0 measured; 0 filtered out; finished in 0.00s
[INFO] [stdout] 
[INFO] [stderr]    Doc-tests lazy_thread_local
[INFO] [stdout] 
[INFO] [stdout] running 2 tests
[INFO] [stdout] test src/lib.rs - (line 36) ... FAILED
[INFO] [stdout] test src/lib.rs - (line 26) ... ok
[INFO] [stdout] 
[INFO] [stdout] failures:
[INFO] [stdout] 
[INFO] [stdout] ---- src/lib.rs - (line 36) stdout ----
[INFO] [stdout] error[E0277]: can't compare `&u32` with `{integer}`
[INFO] [stdout]  --> src/lib.rs:42:1
[INFO] [stdout]   |
[INFO] [stdout] 9 | assert_eq!(TLS.get(), 5);
[INFO] [stdout]   | ^^^^^^^^^^^^^^^^^^^^^^^^ no implementation for `&u32 == {integer}`
[INFO] [stdout]   |
[INFO] [stdout]   = help: the trait `PartialEq<{integer}>` is not implemented for `&u32`
[INFO] [stdout]   = help: the trait `PartialEq` is implemented for `u32`
[INFO] [stdout]   = help: for that trait implementation, expected `u32`, found `&u32`
[INFO] [stdout]   = note: this error originates in the macro `assert_eq` (in Nightly builds, run with -Z macro-backtrace for more info)
[INFO] [stdout] 
[INFO] [stdout] error: aborting due to 1 previous error
[INFO] [stdout] 
[INFO] [stdout] For more information about this error, try `rustc --explain E0277`.
[INFO] [stdout] Couldn't compile the test.
[INFO] [stdout] 
[INFO] [stdout] failures:
[INFO] [stdout]     src/lib.rs - (line 36)
[INFO] [stdout] 
[INFO] [stdout] test result: FAILED. 1 passed; 1 failed; 0 ignored; 0 measured; 0 filtered out; finished in 0.16s
[INFO] [stdout] 
[INFO] [stderr] error: doctest failed, to rerun pass `--doc`
[INFO] running `Command { std: "docker" "inspect" "9f6a1ddd8dd13ada0debc4c42ad4211c5d15483f11a2013315bc314ec6f3d7f0", kill_on_drop: false }`
[INFO] running `Command { std: "docker" "rm" "-f" "9f6a1ddd8dd13ada0debc4c42ad4211c5d15483f11a2013315bc314ec6f3d7f0", kill_on_drop: false }`
[INFO] [stdout] 9f6a1ddd8dd13ada0debc4c42ad4211c5d15483f11a2013315bc314ec6f3d7f0
