[INFO] cloning repository https://github.com/Wcubed/the_stacks
[INFO] running `Command { std: "git" "-c" "credential.helper=" "-c" "credential.helper=/workspace/cargo-home/bin/git-credential-null" "clone" "--bare" "https://github.com/Wcubed/the_stacks" "/workspace/cache/git-repos/https%3A%2F%2Fgithub.com%2FWcubed%2Fthe_stacks", kill_on_drop: false }`
[INFO] [stderr] Cloning into bare repository '/workspace/cache/git-repos/https%3A%2F%2Fgithub.com%2FWcubed%2Fthe_stacks'...
[INFO] running `Command { std: "git" "rev-parse" "HEAD", kill_on_drop: false }`
[INFO] [stdout] d9ff469553e411ae5a943d0c1e5687e73e627921
[INFO] testing Wcubed/the_stacks against 1.75.0 for beta-1.76-1
[INFO] running `Command { std: "git" "clone" "/workspace/cache/git-repos/https%3A%2F%2Fgithub.com%2FWcubed%2Fthe_stacks" "/workspace/builds/worker-0-tc1/source", kill_on_drop: false }`
[INFO] [stderr] Cloning into '/workspace/builds/worker-0-tc1/source'...
[INFO] [stderr] done.
[INFO] validating manifest of git repo https://github.com/Wcubed/the_stacks on toolchain 1.75.0
[INFO] running `Command { std: CARGO_HOME="/workspace/cargo-home" RUSTUP_HOME="/workspace/rustup-home" "/workspace/cargo-home/bin/cargo" "+1.75.0" "metadata" "--manifest-path" "Cargo.toml" "--no-deps", kill_on_drop: false }`
[INFO] removed /workspace/builds/worker-0-tc1/source/.cargo/config.toml
[INFO] removed /workspace/builds/worker-0-tc1/source/rust-toolchain.toml
[INFO] started tweaking git repo https://github.com/Wcubed/the_stacks
[INFO] finished tweaking git repo https://github.com/Wcubed/the_stacks
[INFO] tweaked toml for git repo https://github.com/Wcubed/the_stacks written to /workspace/builds/worker-0-tc1/source/Cargo.toml
[INFO] crate git repo https://github.com/Wcubed/the_stacks already has a lockfile, it will not be regenerated
[INFO] running `Command { std: CARGO_HOME="/workspace/cargo-home" RUSTUP_HOME="/workspace/rustup-home" "/workspace/cargo-home/bin/cargo" "+1.75.0" "fetch" "--manifest-path" "Cargo.toml", kill_on_drop: false }`
[INFO] [stderr]     Updating crates.io index
[INFO] [stderr]     Blocking waiting for file lock on package cache
[INFO] [stderr]  Downloading crates ...
[INFO] [stderr]   Downloaded bevy_asset_loader_derive v0.10.0
[INFO] [stderr]   Downloaded bevy_dylib v0.7.0
[INFO] [stderr]   Downloaded bevy_asset_loader v0.10.0
[INFO] running `Command { std: "docker" "create" "-v" "/var/lib/crater-agent-workspace/builds/worker-0-tc1/target:/opt/rustwide/target:rw,Z" "-v" "/var/lib/crater-agent-workspace/builds/worker-0-tc1/source:/opt/rustwide/workdir:ro,Z" "-v" "/var/lib/crater-agent-workspace/cargo-home:/opt/rustwide/cargo-home:ro,Z" "-v" "/var/lib/crater-agent-workspace/rustup-home:/opt/rustwide/rustup-home:ro,Z" "-e" "SOURCE_DIR=/opt/rustwide/workdir" "-e" "CARGO_TARGET_DIR=/opt/rustwide/target" "-e" "CARGO_HOME=/opt/rustwide/cargo-home" "-e" "RUSTUP_HOME=/opt/rustwide/rustup-home" "-w" "/opt/rustwide/workdir" "-m" "1610612736" "--user" "0:0" "--network" "none" "ghcr.io/rust-lang/crates-build-env/linux@sha256:2788e3201cd34a07e3172128adcd8b3090168a8e3bcc40d7c032b9dda1df7d1c" "/opt/rustwide/cargo-home/bin/cargo" "+1.75.0" "metadata" "--no-deps" "--format-version=1", kill_on_drop: false }`
[INFO] [stdout] f1b872df6774a307731a57676b18e1df7d3f4269b0e2ae3250e3b1b844dd42a1
[INFO] running `Command { std: "docker" "start" "-a" "f1b872df6774a307731a57676b18e1df7d3f4269b0e2ae3250e3b1b844dd42a1", kill_on_drop: false }`
[INFO] running `Command { std: "docker" "inspect" "f1b872df6774a307731a57676b18e1df7d3f4269b0e2ae3250e3b1b844dd42a1", kill_on_drop: false }`
[INFO] running `Command { std: "docker" "rm" "-f" "f1b872df6774a307731a57676b18e1df7d3f4269b0e2ae3250e3b1b844dd42a1", kill_on_drop: false }`
[INFO] [stdout] f1b872df6774a307731a57676b18e1df7d3f4269b0e2ae3250e3b1b844dd42a1
[INFO] running `Command { std: "docker" "create" "-v" "/var/lib/crater-agent-workspace/builds/worker-0-tc1/target:/opt/rustwide/target:rw,Z" "-v" "/var/lib/crater-agent-workspace/builds/worker-0-tc1/source:/opt/rustwide/workdir:ro,Z" "-v" "/var/lib/crater-agent-workspace/cargo-home:/opt/rustwide/cargo-home:ro,Z" "-v" "/var/lib/crater-agent-workspace/rustup-home:/opt/rustwide/rustup-home:ro,Z" "-e" "SOURCE_DIR=/opt/rustwide/workdir" "-e" "CARGO_TARGET_DIR=/opt/rustwide/target" "-e" "CARGO_INCREMENTAL=0" "-e" "RUST_BACKTRACE=full" "-e" "RUSTFLAGS=--cap-lints=warn" "-e" "RUSTDOCFLAGS=--cap-lints=warn" "-e" "CARGO_HOME=/opt/rustwide/cargo-home" "-e" "RUSTUP_HOME=/opt/rustwide/rustup-home" "-w" "/opt/rustwide/workdir" "-m" "1610612736" "--user" "0:0" "--network" "none" "ghcr.io/rust-lang/crates-build-env/linux@sha256:2788e3201cd34a07e3172128adcd8b3090168a8e3bcc40d7c032b9dda1df7d1c" "/opt/rustwide/cargo-home/bin/cargo" "+1.75.0" "build" "--frozen" "--message-format=json", kill_on_drop: false }`
[INFO] [stdout] cb06ea3244a14d933a194e305e72043a0e1998758821b87601f499616d8e2e4b
[INFO] running `Command { std: "docker" "start" "-a" "cb06ea3244a14d933a194e305e72043a0e1998758821b87601f499616d8e2e4b", kill_on_drop: false }`
[INFO] [stderr]    Compiling proc-macro2 v1.0.38
[INFO] [stderr]    Compiling unicode-xid v0.2.3
[INFO] [stderr]    Compiling syn v1.0.94
[INFO] [stderr]    Compiling libc v0.2.125
[INFO] [stderr]    Compiling serde_derive v1.0.137
[INFO] [stderr]    Compiling serde v1.0.137
[INFO] [stderr]    Compiling indexmap v1.8.1
[INFO] [stderr]    Compiling once_cell v1.10.0
[INFO] [stderr]    Compiling bitflags v1.3.2
[INFO] [stderr]    Compiling lazy_static v1.4.0
[INFO] [stderr]    Compiling version_check v0.9.4
[INFO] [stderr]    Compiling lock_api v0.4.7
[INFO] [stderr]    Compiling byteorder v1.4.3
[INFO] [stderr]    Compiling hashbrown v0.11.2
[INFO] [stderr]    Compiling instant v0.1.12
[INFO] [stderr]    Compiling ahash v0.7.6
[INFO] [stderr]    Compiling parking_lot_core v0.8.5
[INFO] [stderr]    Compiling memchr v2.5.0
[INFO] [stderr]    Compiling log v0.4.17
[INFO] [stderr]    Compiling tracing-core v0.1.26
[INFO] [stderr]    Compiling quote v1.0.18
[INFO] [stderr]    Compiling futures-core v0.3.21
[INFO] [stderr]    Compiling mint v0.5.9
[INFO] [stderr]    Compiling fixedbitset v0.4.1
[INFO] [stderr]    Compiling getrandom v0.2.6
[INFO] [stderr]    Compiling erased-serde v0.3.20
[INFO] [stderr]    Compiling cache-padded v1.2.0
[INFO] [stderr]    Compiling fxhash v0.2.1
[INFO] [stderr]    Compiling concurrent-queue v1.2.2
[INFO] [stderr]    Compiling parking v2.0.0
[INFO] [stderr]    Compiling waker-fn v1.1.0
[INFO] [stderr]    Compiling fastrand v1.7.0
[INFO] [stderr]    Compiling futures-io v0.3.21
[INFO] [stderr]    Compiling num-traits v0.2.15
[INFO] [stderr]    Compiling event-listener v2.5.2
[INFO] [stderr]    Compiling futures-lite v1.12.0
[INFO] [stderr]    Compiling async-task v4.2.0
[INFO] [stderr]    Compiling slab v0.4.6
[INFO] [stderr]    Compiling downcast-rs v1.2.0
[INFO] [stderr]    Compiling async-channel v1.6.1
[INFO] [stderr]    Compiling num_cpus v1.13.1
[INFO] [stderr]    Compiling pkg-config v0.3.25
[INFO] [stderr]    Compiling regex-syntax v0.6.25
[INFO] [stderr]    Compiling aho-corasick v0.7.18
[INFO] [stderr]    Compiling crossbeam-utils v0.8.8
[INFO] [stderr]    Compiling rustc-hash v1.1.0
[INFO] [stderr]    Compiling async-executor v1.4.1
[INFO] [stderr]    Compiling tracing-log v0.1.3
[INFO] [stderr]    Compiling sharded-slab v0.1.4
[INFO] [stderr]    Compiling bevy_tasks v0.7.0
[INFO] [stderr]    Compiling thread_local v1.1.4
[INFO] [stderr]    Compiling cty v0.2.2
[INFO] [stderr]    Compiling ansi_term v0.12.1
[INFO] [stderr]    Compiling raw-window-handle v0.4.3
[INFO] [stderr]    Compiling rand_core v0.6.3
[INFO] [stderr]    Compiling inotify-sys v0.1.5
[INFO] [stderr]    Compiling memoffset v0.6.5
[INFO] [stderr]    Compiling num-integer v0.1.45
[INFO] [stderr]    Compiling ppv-lite86 v0.2.16
[INFO] [stderr]    Compiling anyhow v1.0.57
[INFO] [stderr]    Compiling regex-automata v0.1.10
[INFO] [stderr]    Compiling regex v1.5.5
[INFO] [stderr]    Compiling same-file v1.0.6
[INFO] [stderr]    Compiling toml v0.5.9
[INFO] [stderr]    Compiling uuid v0.8.2
[INFO] [stderr]    Compiling walkdir v2.3.2
[INFO] [stderr]    Compiling rand_chacha v0.3.1
[INFO] [stderr]    Compiling crossbeam-channel v0.5.4
[INFO] [stderr]    Compiling inotify v0.9.6
[INFO] [stderr]    Compiling matchers v0.1.0
[INFO] [stderr]    Compiling filetime v0.2.16
[INFO] [stderr]    Compiling mio v0.7.14
[INFO] [stderr]    Compiling libloading v0.7.3
[INFO] [stderr]    Compiling unicode-width v0.1.9
[INFO] [stderr]    Compiling ash v0.34.0+1.2.203
[INFO] [stderr]    Compiling bit-vec v0.6.3
[INFO] [stderr]    Compiling crc32fast v1.3.2
[INFO] [stderr]    Compiling adler32 v1.2.0
[INFO] [stderr]    Compiling khronos-egl v4.1.0
[INFO] [stderr]    Compiling termcolor v1.1.3
[INFO] [stderr]    Compiling codespan-reporting v0.11.1
[INFO] [stderr]    Compiling bit-set v0.5.2
[INFO] [stderr]    Compiling notify v5.0.0-pre.11
[INFO] [stderr]    Compiling rand v0.8.5
[INFO] [stderr]    Compiling spirv v0.2.0+1.5.4
[INFO] [stderr]    Compiling gpu-descriptor-types v0.1.1
[INFO] [stderr]    Compiling gpu-alloc-types v0.2.0
[INFO] [stderr]    Compiling pp-rs v0.2.1
[INFO] [stderr]    Compiling num-iter v0.1.43
[INFO] [stderr]    Compiling num-rational v0.3.2
[INFO] [stderr]    Compiling cfg_aliases v0.1.1
[INFO] [stderr]    Compiling hexf-parse v0.2.1
[INFO] [stderr]    Compiling wgpu-core v0.12.2
[INFO] [stderr]    Compiling gpu-alloc v0.5.3
[INFO] [stderr]    Compiling miniz_oxide v0.3.7
[INFO] [stderr]    Compiling deflate v0.8.6
[INFO] [stderr]    Compiling wgpu-types v0.12.0
[INFO] [stderr]    Compiling thiserror-impl v1.0.31
[INFO] [stderr]    Compiling bytemuck_derive v1.1.0
[INFO] [stderr]    Compiling tracing-attributes v0.1.21
[INFO] [stderr]    Compiling renderdoc-sys v0.7.1
[INFO] [stderr]    Compiling glow v0.11.2
[INFO] [stderr]    Compiling arrayvec v0.7.2
[INFO] [stderr]    Compiling profiling v1.0.5
[INFO] [stderr]    Compiling inplace_it v0.3.3
[INFO] [stderr]    Compiling png v0.16.8
[INFO] [stderr]    Compiling bytemuck v1.9.1
[INFO] [stderr]    Compiling color_quant v1.1.0
[INFO] [stderr]    Compiling thiserror v1.0.31
[INFO] [stderr]    Compiling copyless v0.1.5
[INFO] [stderr]    Compiling scoped_threadpool v0.1.9
[INFO] [stderr]    Compiling tinyvec_macros v0.1.0
[INFO] [stderr]    Compiling tinyvec v1.6.0
[INFO] [stderr]    Compiling image v0.23.14
[INFO] [stderr]    Compiling nix v0.23.1
[INFO] [stderr]    Compiling tracing v0.1.34
[INFO] [stderr]    Compiling ttf-parser v0.15.0
[INFO] [stderr]    Compiling hex v0.4.3
[INFO] [stderr]    Compiling alsa-sys v0.3.1
[INFO] [stderr]    Compiling ab_glyph_rasterizer v0.1.5
[INFO] [stderr]    Compiling percent-encoding v2.1.0
[INFO] [stderr]    Compiling libudev-sys v0.1.4
[INFO] [stderr]    Compiling proc-macro-hack v0.5.19
[INFO] [stderr]    Compiling serde_json v1.0.81
[INFO] [stderr]    Compiling approx v0.5.1
[INFO] [stderr]    Compiling euclid v0.22.7
[INFO] [stderr]    Compiling x11-dl v2.19.1
[INFO] [stderr]    Compiling ryu v1.0.9
[INFO] [stderr]    Compiling itoa v1.0.1
[INFO] [stderr]    Compiling cpal v0.13.5
[INFO] [stderr]    Compiling inflections v1.1.1
[INFO] [stderr]    Compiling tinystr v0.3.4
[INFO] [stderr]    Compiling libm v0.1.4
[INFO] [stderr]    Compiling svg_fmt v0.4.1
[INFO] [stderr]    Compiling guillotiere v0.6.2
[INFO] [stderr]    Compiling unic-langid-impl v0.9.0
[INFO] [stderr]    Compiling gltf-derive v1.0.0
[INFO] [stderr]    Compiling cargo-manifest v0.2.6
[INFO] [stderr]    Compiling owned_ttf_parser v0.15.0
[INFO] [stderr]    Compiling ab_glyph v0.2.15
[INFO] [stderr]    Compiling alsa v0.6.0
[INFO] [stderr]    Compiling ogg v0.8.0
[INFO] [stderr]    Compiling winit v0.26.1
[INFO] [stderr]    Compiling bevy_macro_utils v0.7.0
[INFO] [stderr]    Compiling base64 v0.13.0
[INFO] [stderr]    Compiling xi-unicode v0.3.0
[INFO] [stderr]    Compiling rectangle-pack v0.4.2
[INFO] [stderr]    Compiling vec_map v0.8.2
[INFO] [stderr]    Compiling glyph_brush_layout v0.2.3
[INFO] [stderr]    Compiling unic-langid-macros-impl v0.9.0
[INFO] [stderr]    Compiling lewton v0.10.2
[INFO] [stderr]    Compiling mio v0.8.3
[INFO] [stderr]    Compiling parking_lot_core v0.9.3
[INFO] [stderr]    Compiling fnv v1.0.7
[INFO] [stderr]    Compiling unic-langid-macros v0.9.0
[INFO] [stderr]    Compiling stretch v0.3.2
[INFO] [stderr]    Compiling unic-langid v0.9.0
[INFO] [stderr]    Compiling matches v0.1.9
[INFO] [stderr]    Compiling unicode-normalization v0.1.19
[INFO] [stderr]    Compiling unicode-bidi v0.3.8
[INFO] [stderr]    Compiling smallvec v1.8.0
[INFO] [stderr]    Compiling glam v0.20.5
[INFO] [stderr]    Compiling parking_lot v0.11.2
[INFO] [stderr]    Compiling bevy_derive v0.7.0
[INFO] [stderr]    Compiling bevy_reflect_derive v0.7.0
[INFO] [stderr]    Compiling bevy_ecs_macros v0.7.0
[INFO] [stderr]    Compiling tracing-subscriber v0.3.11
[INFO] [stderr]    Compiling petgraph v0.6.0
[INFO] [stderr]    Compiling gpu-descriptor v0.2.2
[INFO] [stderr]    Compiling bevy-crevice-derive v0.7.0
[INFO] [stderr]    Compiling bevy_utils v0.7.0
[INFO] [stderr]    Compiling gilrs-core v0.3.2
[INFO] [stderr]    Compiling ron v0.7.0
[INFO] [stderr]    Compiling bevy_reflect v0.7.0
[INFO] [stderr]    Compiling bevy_crevice v0.7.0
[INFO] [stderr]    Compiling naga v0.8.5
[INFO] [stderr]    Compiling hexasphere v7.0.0
[INFO] [stderr]    Compiling gltf-json v1.0.0
[INFO] [stderr]    Compiling rodio v0.15.0
[INFO] [stderr]    Compiling gilrs v0.8.2
[INFO] [stderr]    Compiling bevy_ecs v0.7.0
[INFO] [stderr]    Compiling bevy_math v0.7.0
[INFO] [stderr]    Compiling parking_lot v0.12.0
[INFO] [stderr]    Compiling idna v0.2.3
[INFO] [stderr]    Compiling form_urlencoded v1.0.1
[INFO] [stderr]    Compiling emath v0.18.0
[INFO] [stderr]    Compiling nix v0.22.3
[INFO] [stderr]    Compiling type-map v0.4.0
[INFO] [stderr]    Compiling gethostname v0.2.3
[INFO] [stderr]    Compiling nohash-hasher v0.2.0
[INFO] [stderr]    Compiling epaint v0.18.1
[INFO] [stderr]    Compiling intl-memoizer v0.5.1
[INFO] [stderr]    Compiling url v2.2.2
[INFO] [stderr]    Compiling gltf v1.0.0
[INFO] [stderr]    Compiling fluent-langneg v0.13.0
[INFO] [stderr]    Compiling intl_pluralrules v7.0.1
[INFO] [stderr]    Compiling fluent-syntax v0.11.0
[INFO] [stderr]    Compiling self_cell v0.10.2
[INFO] [stderr]    Compiling webbrowser v0.7.1
[INFO] [stderr]    Compiling fluent-bundle v0.15.2
[INFO] [stderr]    Compiling egui v0.18.1
[INFO] [stderr]    Compiling wgpu-hal v0.12.5
[INFO] [stderr]    Compiling x11rb v0.9.0
[INFO] [stderr]    Compiling bevy_asset_loader_derive v0.10.0
[INFO] [stderr]    Compiling fluent v0.16.0
[INFO] [stderr]    Compiling bevy_app v0.7.0
[INFO] [stderr]    Compiling bevy_core v0.7.0
[INFO] [stderr]    Compiling bevy_log v0.7.0
[INFO] [stderr]    Compiling bevy_diagnostic v0.7.0
[INFO] [stderr]    Compiling bevy_asset v0.7.0
[INFO] [stderr]    Compiling bevy_hierarchy v0.7.0
[INFO] [stderr]    Compiling bevy_transform v0.7.0
[INFO] [stderr]    Compiling bevy_window v0.7.0
[INFO] [stderr]    Compiling bevy_input v0.7.0
[INFO] [stderr]    Compiling bevy_animation v0.7.0
[INFO] [stderr]    Compiling bevy_scene v0.7.0
[INFO] [stderr]    Compiling bevy_winit v0.7.0
[INFO] [stderr]    Compiling bevy_gilrs v0.7.0
[INFO] [stderr]    Compiling bevy_audio v0.7.0
[INFO] [stderr]    Compiling arboard v2.1.1
[INFO] [stderr]    Compiling wgpu v0.12.0
[INFO] [stderr]    Compiling bevy_render v0.7.0
[INFO] [stderr]    Compiling bevy_core_pipeline v0.7.0
[INFO] [stderr]    Compiling bevy_sprite v0.7.0
[INFO] [stderr]    Compiling bevy_pbr v0.7.0
[INFO] [stderr]    Compiling bevy_gltf v0.7.0
[INFO] [stderr]    Compiling bevy_text v0.7.0
[INFO] [stderr]    Compiling bevy_ui v0.7.0
[INFO] [stderr]    Compiling bevy_internal v0.7.0
[INFO] [stderr]    Compiling bevy_dylib v0.7.0
[INFO] [stderr]    Compiling bevy v0.7.0
[INFO] [stderr]    Compiling bevy_asset_loader v0.10.0
[INFO] [stderr]    Compiling bevy_egui v0.14.0
[INFO] [stderr]    Compiling the_stacks v0.1.0 (/opt/rustwide/workdir)
[INFO] [stdout] warning: unused import: `CLAY`
[INFO] [stdout]  --> src/stack/mod.rs:5:49
[INFO] [stdout]   |
[INFO] [stdout] 5 | use crate::card_types::{CardCategory, CardType, CLAY, CLAY_PATCH, COIN, MARKET, TREE, VILLAGER};
[INFO] [stdout]   |                                                 ^^^^
[INFO] [stdout]   |
[INFO] [stdout]   = note: `#[warn(unused_imports)]` on by default
[INFO] [stdout] 
[INFO] [stdout] 
[INFO] [stdout] warning: unused import: `AssetLoader`
[INFO] [stdout]   --> src/stack/mod.rs:18:42
[INFO] [stdout]    |
[INFO] [stdout] 18 | use bevy_asset_loader::{AssetCollection, AssetLoader};
[INFO] [stdout]    |                                          ^^^^^^^^^^^
[INFO] [stdout] 
[INFO] [stdout] 
[INFO] [stdout] warning: variant `Gem` is never constructed
[INFO] [stdout]   --> src/card_types.rs:16:5
[INFO] [stdout]    |
[INFO] [stdout] 7  | pub enum CardCategory {
[INFO] [stdout]    |          ------------ variant in this enum
[INFO] [stdout] ...
[INFO] [stdout] 16 |     Gem,
[INFO] [stdout]    |     ^^^
[INFO] [stdout]    |
[INFO] [stdout]    = note: `CardCategory` has a derived impl for the trait `Clone`, but this is intentionally ignored during dead code analysis
[INFO] [stdout]    = note: `#[warn(dead_code)]` on by default
[INFO] [stdout] 
[INFO] [stdout] 
[INFO] [stdout] warning: using `.clone()` on a double reference, which returns `&str` instead of cloning the inner type
[INFO] [stdout]    --> src/localization.rs:133:51
[INFO] [stdout]     |
[INFO] [stdout] 133 |                 languages.insert(id, (bundle, name.clone()));
[INFO] [stdout]     |                                                   ^^^^^^^^
[INFO] [stdout]     |
[INFO] [stdout]     = note: `#[warn(suspicious_double_ref_op)]` on by default
[INFO] [stdout] 
[INFO] [stdout] 
[INFO] [stdout] warning: unused `Result` that must be used
[INFO] [stdout]    --> src/ui.rs:161:17
[INFO] [stdout]     |
[INFO] [stdout] 161 |                 app_state.push(GameState::PauseMenu);
[INFO] [stdout]     |                 ^^^^^^^^^^^^^^^^^^^^^^^^^^^^^^^^^^^^
[INFO] [stdout]     |
[INFO] [stdout]     = note: this `Result` may be an `Err` variant, which should be handled
[INFO] [stdout]     = note: `#[warn(unused_must_use)]` on by default
[INFO] [stdout] help: use `let _ = ...` to ignore the resulting value
[INFO] [stdout]     |
[INFO] [stdout] 161 |                 let _ = app_state.push(GameState::PauseMenu);
[INFO] [stdout]     |                 +++++++
[INFO] [stdout] 
[INFO] [stdout] 
[INFO] [stdout] warning: unused `Result` that must be used
[INFO] [stdout]    --> src/ui.rs:207:21
[INFO] [stdout]     |
[INFO] [stdout] 207 |                     app_state.pop();
[INFO] [stdout]     |                     ^^^^^^^^^^^^^^^
[INFO] [stdout]     |
[INFO] [stdout]     = note: this `Result` may be an `Err` variant, which should be handled
[INFO] [stdout] help: use `let _ = ...` to ignore the resulting value
[INFO] [stdout]     |
[INFO] [stdout] 207 |                     let _ = app_state.pop();
[INFO] [stdout]     |                     +++++++
[INFO] [stdout] 
[INFO] [stdout] 
[INFO] [stdout] warning: 6 warnings emitted
[INFO] [stdout] 
[INFO] [stdout] 
[INFO] [stderr]     Finished dev [unoptimized + debuginfo] target(s) in 3m 13s
[INFO] running `Command { std: "docker" "inspect" "cb06ea3244a14d933a194e305e72043a0e1998758821b87601f499616d8e2e4b", kill_on_drop: false }`
[INFO] running `Command { std: "docker" "rm" "-f" "cb06ea3244a14d933a194e305e72043a0e1998758821b87601f499616d8e2e4b", kill_on_drop: false }`
[INFO] [stdout] cb06ea3244a14d933a194e305e72043a0e1998758821b87601f499616d8e2e4b
[INFO] running `Command { std: "docker" "create" "-v" "/var/lib/crater-agent-workspace/builds/worker-0-tc1/target:/opt/rustwide/target:rw,Z" "-v" "/var/lib/crater-agent-workspace/builds/worker-0-tc1/source:/opt/rustwide/workdir:ro,Z" "-v" "/var/lib/crater-agent-workspace/cargo-home:/opt/rustwide/cargo-home:ro,Z" "-v" "/var/lib/crater-agent-workspace/rustup-home:/opt/rustwide/rustup-home:ro,Z" "-e" "SOURCE_DIR=/opt/rustwide/workdir" "-e" "CARGO_TARGET_DIR=/opt/rustwide/target" "-e" "CARGO_INCREMENTAL=0" "-e" "RUST_BACKTRACE=full" "-e" "RUSTFLAGS=--cap-lints=warn" "-e" "RUSTDOCFLAGS=--cap-lints=warn" "-e" "CARGO_HOME=/opt/rustwide/cargo-home" "-e" "RUSTUP_HOME=/opt/rustwide/rustup-home" "-w" "/opt/rustwide/workdir" "-m" "1610612736" "--user" "0:0" "--network" "none" "ghcr.io/rust-lang/crates-build-env/linux@sha256:2788e3201cd34a07e3172128adcd8b3090168a8e3bcc40d7c032b9dda1df7d1c" "/opt/rustwide/cargo-home/bin/cargo" "+1.75.0" "test" "--frozen" "--no-run" "--message-format=json", kill_on_drop: false }`
[INFO] [stdout] 11036d5d1158d9c29c958a9194ae8c5bdb6158875c904e5f91bfb40f77e13549
[INFO] running `Command { std: "docker" "start" "-a" "11036d5d1158d9c29c958a9194ae8c5bdb6158875c904e5f91bfb40f77e13549", kill_on_drop: false }`
[INFO] [stderr]    Compiling the_stacks v0.1.0 (/opt/rustwide/workdir)
[INFO] [stdout] warning: unused import: `CLAY`
[INFO] [stdout]  --> src/stack/mod.rs:5:49
[INFO] [stdout]   |
[INFO] [stdout] 5 | use crate::card_types::{CardCategory, CardType, CLAY, CLAY_PATCH, COIN, MARKET, TREE, VILLAGER};
[INFO] [stdout]   |                                                 ^^^^
[INFO] [stdout]   |
[INFO] [stdout]   = note: `#[warn(unused_imports)]` on by default
[INFO] [stdout] 
[INFO] [stdout] 
[INFO] [stdout] warning: unused import: `AssetLoader`
[INFO] [stdout]   --> src/stack/mod.rs:18:42
[INFO] [stdout]    |
[INFO] [stdout] 18 | use bevy_asset_loader::{AssetCollection, AssetLoader};
[INFO] [stdout]    |                                          ^^^^^^^^^^^
[INFO] [stdout] 
[INFO] [stdout] 
[INFO] [stdout] warning: variant `Gem` is never constructed
[INFO] [stdout]   --> src/card_types.rs:16:5
[INFO] [stdout]    |
[INFO] [stdout] 7  | pub enum CardCategory {
[INFO] [stdout]    |          ------------ variant in this enum
[INFO] [stdout] ...
[INFO] [stdout] 16 |     Gem,
[INFO] [stdout]    |     ^^^
[INFO] [stdout]    |
[INFO] [stdout]    = note: `CardCategory` has a derived impl for the trait `Clone`, but this is intentionally ignored during dead code analysis
[INFO] [stdout]    = note: `#[warn(dead_code)]` on by default
[INFO] [stdout] 
[INFO] [stdout] 
[INFO] [stdout] warning: using `.clone()` on a double reference, which returns `&str` instead of cloning the inner type
[INFO] [stdout]    --> src/localization.rs:133:51
[INFO] [stdout]     |
[INFO] [stdout] 133 |                 languages.insert(id, (bundle, name.clone()));
[INFO] [stdout]     |                                                   ^^^^^^^^
[INFO] [stdout]     |
[INFO] [stdout]     = note: `#[warn(suspicious_double_ref_op)]` on by default
[INFO] [stdout] 
[INFO] [stdout] 
[INFO] [stdout] warning: unused `Result` that must be used
[INFO] [stdout]    --> src/ui.rs:161:17
[INFO] [stdout]     |
[INFO] [stdout] 161 |                 app_state.push(GameState::PauseMenu);
[INFO] [stdout]     |                 ^^^^^^^^^^^^^^^^^^^^^^^^^^^^^^^^^^^^
[INFO] [stdout]     |
[INFO] [stdout]     = note: this `Result` may be an `Err` variant, which should be handled
[INFO] [stdout]     = note: `#[warn(unused_must_use)]` on by default
[INFO] [stdout] help: use `let _ = ...` to ignore the resulting value
[INFO] [stdout]     |
[INFO] [stdout] 161 |                 let _ = app_state.push(GameState::PauseMenu);
[INFO] [stdout]     |                 +++++++
[INFO] [stdout] 
[INFO] [stdout] 
[INFO] [stdout] warning: unused `Result` that must be used
[INFO] [stdout]    --> src/ui.rs:207:21
[INFO] [stdout]     |
[INFO] [stdout] 207 |                     app_state.pop();
[INFO] [stdout]     |                     ^^^^^^^^^^^^^^^
[INFO] [stdout]     |
[INFO] [stdout]     = note: this `Result` may be an `Err` variant, which should be handled
[INFO] [stdout] help: use `let _ = ...` to ignore the resulting value
[INFO] [stdout]     |
[INFO] [stdout] 207 |                     let _ = app_state.pop();
[INFO] [stdout]     |                     +++++++
[INFO] [stdout] 
[INFO] [stdout] 
[INFO] [stdout] warning: 6 warnings emitted
[INFO] [stdout] 
[INFO] [stdout] 
[INFO] [stdout] warning: unused import: `CLAY`
[INFO] [stdout]  --> src/stack/mod.rs:5:49
[INFO] [stdout]   |
[INFO] [stdout] 5 | use crate::card_types::{CardCategory, CardType, CLAY, CLAY_PATCH, COIN, MARKET, TREE, VILLAGER};
[INFO] [stdout]   |                                                 ^^^^
[INFO] [stdout]   |
[INFO] [stdout]   = note: `#[warn(unused_imports)]` on by default
[INFO] [stdout] 
[INFO] [stdout] 
[INFO] [stdout] warning: unused import: `AssetLoader`
[INFO] [stdout]   --> src/stack/mod.rs:18:42
[INFO] [stdout]    |
[INFO] [stdout] 18 | use bevy_asset_loader::{AssetCollection, AssetLoader};
[INFO] [stdout]    |                                          ^^^^^^^^^^^
[INFO] [stdout] 
[INFO] [stdout] 
[INFO] [stdout] warning: variant `Gem` is never constructed
[INFO] [stdout]   --> src/card_types.rs:16:5
[INFO] [stdout]    |
[INFO] [stdout] 7  | pub enum CardCategory {
[INFO] [stdout]    |          ------------ variant in this enum
[INFO] [stdout] ...
[INFO] [stdout] 16 |     Gem,
[INFO] [stdout]    |     ^^^
[INFO] [stdout]    |
[INFO] [stdout]    = note: `CardCategory` has a derived impl for the trait `Clone`, but this is intentionally ignored during dead code analysis
[INFO] [stdout]    = note: `#[warn(dead_code)]` on by default
[INFO] [stdout] 
[INFO] [stdout] 
[INFO] [stdout] warning: using `.clone()` on a double reference, which returns `&str` instead of cloning the inner type
[INFO] [stdout]    --> src/localization.rs:133:51
[INFO] [stdout]     |
[INFO] [stdout] 133 |                 languages.insert(id, (bundle, name.clone()));
[INFO] [stdout]     |                                                   ^^^^^^^^
[INFO] [stdout]     |
[INFO] [stdout]     = note: `#[warn(suspicious_double_ref_op)]` on by default
[INFO] [stdout] 
[INFO] [stdout] 
[INFO] [stdout] warning: unused `Result` that must be used
[INFO] [stdout]    --> src/ui.rs:161:17
[INFO] [stdout]     |
[INFO] [stdout] 161 |                 app_state.push(GameState::PauseMenu);
[INFO] [stdout]     |                 ^^^^^^^^^^^^^^^^^^^^^^^^^^^^^^^^^^^^
[INFO] [stdout]     |
[INFO] [stdout]     = note: this `Result` may be an `Err` variant, which should be handled
[INFO] [stdout]     = note: `#[warn(unused_must_use)]` on by default
[INFO] [stdout] help: use `let _ = ...` to ignore the resulting value
[INFO] [stdout]     |
[INFO] [stdout] 161 |                 let _ = app_state.push(GameState::PauseMenu);
[INFO] [stdout]     |                 +++++++
[INFO] [stdout] 
[INFO] [stdout] 
[INFO] [stdout] warning: unused `Result` that must be used
[INFO] [stdout]    --> src/ui.rs:207:21
[INFO] [stdout]     |
[INFO] [stdout] 207 |                     app_state.pop();
[INFO] [stdout]     |                     ^^^^^^^^^^^^^^^
[INFO] [stdout]     |
[INFO] [stdout]     = note: this `Result` may be an `Err` variant, which should be handled
[INFO] [stdout] help: use `let _ = ...` to ignore the resulting value
[INFO] [stdout]     |
[INFO] [stdout] 207 |                     let _ = app_state.pop();
[INFO] [stdout]     |                     +++++++
[INFO] [stdout] 
[INFO] [stdout] 
[INFO] [stdout] warning: 6 warnings emitted
[INFO] [stdout] 
[INFO] [stdout] 
[INFO] [stderr]     Finished test [unoptimized + debuginfo] target(s) in 3.30s
[INFO] running `Command { std: "docker" "inspect" "11036d5d1158d9c29c958a9194ae8c5bdb6158875c904e5f91bfb40f77e13549", kill_on_drop: false }`
[INFO] running `Command { std: "docker" "rm" "-f" "11036d5d1158d9c29c958a9194ae8c5bdb6158875c904e5f91bfb40f77e13549", kill_on_drop: false }`
[INFO] [stdout] 11036d5d1158d9c29c958a9194ae8c5bdb6158875c904e5f91bfb40f77e13549
[INFO] running `Command { std: "docker" "create" "-v" "/var/lib/crater-agent-workspace/builds/worker-0-tc1/target:/opt/rustwide/target:rw,Z" "-v" "/var/lib/crater-agent-workspace/builds/worker-0-tc1/source:/opt/rustwide/workdir:ro,Z" "-v" "/var/lib/crater-agent-workspace/cargo-home:/opt/rustwide/cargo-home:ro,Z" "-v" "/var/lib/crater-agent-workspace/rustup-home:/opt/rustwide/rustup-home:ro,Z" "-e" "SOURCE_DIR=/opt/rustwide/workdir" "-e" "CARGO_TARGET_DIR=/opt/rustwide/target" "-e" "CARGO_INCREMENTAL=0" "-e" "RUST_BACKTRACE=full" "-e" "RUSTFLAGS=--cap-lints=warn" "-e" "RUSTDOCFLAGS=--cap-lints=warn" "-e" "CARGO_HOME=/opt/rustwide/cargo-home" "-e" "RUSTUP_HOME=/opt/rustwide/rustup-home" "-w" "/opt/rustwide/workdir" "-m" "1610612736" "--user" "0:0" "--network" "none" "ghcr.io/rust-lang/crates-build-env/linux@sha256:2788e3201cd34a07e3172128adcd8b3090168a8e3bcc40d7c032b9dda1df7d1c" "/opt/rustwide/cargo-home/bin/cargo" "+1.75.0" "test" "--frozen", kill_on_drop: false }`
[INFO] [stdout] c56d58453f879b3b3e9bd86ecd87f637f13b7aceac9e06ddc40e511a491ef990
[INFO] running `Command { std: "docker" "start" "-a" "c56d58453f879b3b3e9bd86ecd87f637f13b7aceac9e06ddc40e511a491ef990", kill_on_drop: false }`
[INFO] [stderr] warning: unused import: `CLAY`
[INFO] [stderr]  --> src/stack/mod.rs:5:49
[INFO] [stderr]   |
[INFO] [stderr] 5 | use crate::card_types::{CardCategory, CardType, CLAY, CLAY_PATCH, COIN, MARKET, TREE, VILLAGER};
[INFO] [stderr]   |                                                 ^^^^
[INFO] [stderr]   |
[INFO] [stderr]   = note: `#[warn(unused_imports)]` on by default
[INFO] [stderr] 
[INFO] [stderr] warning: unused import: `AssetLoader`
[INFO] [stderr]   --> src/stack/mod.rs:18:42
[INFO] [stderr]    |
[INFO] [stderr] 18 | use bevy_asset_loader::{AssetCollection, AssetLoader};
[INFO] [stderr]    |                                          ^^^^^^^^^^^
[INFO] [stderr] 
[INFO] [stderr] warning: variant `Gem` is never constructed
[INFO] [stderr]   --> src/card_types.rs:16:5
[INFO] [stderr]    |
[INFO] [stderr] 7  | pub enum CardCategory {
[INFO] [stderr]    |          ------------ variant in this enum
[INFO] [stderr] ...
[INFO] [stderr] 16 |     Gem,
[INFO] [stderr]    |     ^^^
[INFO] [stderr]    |
[INFO] [stderr]    = note: `CardCategory` has a derived impl for the trait `Clone`, but this is intentionally ignored during dead code analysis
[INFO] [stderr]    = note: `#[warn(dead_code)]` on by default
[INFO] [stderr] 
[INFO] [stderr] warning: using `.clone()` on a double reference, which returns `&str` instead of cloning the inner type
[INFO] [stderr]    --> src/localization.rs:133:51
[INFO] [stderr]     |
[INFO] [stderr] 133 |                 languages.insert(id, (bundle, name.clone()));
[INFO] [stderr]     |                                                   ^^^^^^^^
[INFO] [stderr]     |
[INFO] [stderr]     = note: `#[warn(suspicious_double_ref_op)]` on by default
[INFO] [stderr] 
[INFO] [stderr] warning: unused `Result` that must be used
[INFO] [stderr]    --> src/ui.rs:161:17
[INFO] [stderr]     |
[INFO] [stderr] 161 |                 app_state.push(GameState::PauseMenu);
[INFO] [stderr]     |                 ^^^^^^^^^^^^^^^^^^^^^^^^^^^^^^^^^^^^
[INFO] [stderr]     |
[INFO] [stderr]     = note: this `Result` may be an `Err` variant, which should be handled
[INFO] [stderr]     = note: `#[warn(unused_must_use)]` on by default
[INFO] [stderr] help: use `let _ = ...` to ignore the resulting value
[INFO] [stderr]     |
[INFO] [stderr] 161 |                 let _ = app_state.push(GameState::PauseMenu);
[INFO] [stderr]     |                 +++++++
[INFO] [stderr] 
[INFO] [stderr] warning: unused `Result` that must be used
[INFO] [stderr]    --> src/ui.rs:207:21
[INFO] [stderr]     |
[INFO] [stderr] 207 |                     app_state.pop();
[INFO] [stderr]     |                     ^^^^^^^^^^^^^^^
[INFO] [stderr]     |
[INFO] [stderr]     = note: this `Result` may be an `Err` variant, which should be handled
[INFO] [stderr] help: use `let _ = ...` to ignore the resulting value
[INFO] [stderr]     |
[INFO] [stderr] 207 |                     let _ = app_state.pop();
[INFO] [stderr]     |                     +++++++
[INFO] [stderr] 
[INFO] [stderr] warning: `the_stacks` (lib) generated 6 warnings (run `cargo fix --lib -p the_stacks` to apply 2 suggestions)
[INFO] [stderr] warning: `the_stacks` (lib test) generated 6 warnings (6 duplicates)
[INFO] [stderr]     Finished test [unoptimized + debuginfo] target(s) in 0.27s
[INFO] [stderr]      Running unittests src/lib.rs (/opt/rustwide/target/debug/deps/the_stacks-a2eba148c81461ff)
[INFO] [stdout] 
[INFO] [stdout] running 4 tests
[INFO] [stdout] test stack::stack_utils::tests::test_stack_visual_size ... ok
[INFO] [stdout] test stack::test::test_get_movement_to_no_longer_overlap ... ok
[INFO] [stdout] test stack::test::test_get_movement_to_no_longer_overlap_when_no_overlap ... ok
[INFO] [stdout] test stack::tests::test_hover_system ... FAILED
[INFO] [stdout] 
[INFO] [stdout] failures:
[INFO] [stdout] 
[INFO] [stdout] ---- stack::tests::test_hover_system stdout ----
[INFO] [stdout] thread 'stack::tests::test_hover_system' panicked at /opt/rustwide/cargo-home/registry/src/index.crates.io-6f17d22bba15001f/bevy_ecs-0.7.0/src/system/system_param.rs:319:17:
[INFO] [stdout] Resource requested by the_stacks::stack::card_hover_system does not exist: the_stacks::ui::UiClaimsMouse
[INFO] [stdout] stack backtrace:
[INFO] [stdout]    0:     0x7f90164b062c - std::backtrace_rs::backtrace::libunwind::trace::ha637c64ce894333a
[INFO] [stdout]                                at /rustc/82e1608dfa6e0b5569232559e3d385fea5a93112/library/std/src/../../backtrace/src/backtrace/libunwind.rs:104:5
[INFO] [stdout]    1:     0x7f90164b062c - std::backtrace_rs::backtrace::trace_unsynchronized::h47f62dea28e0c88d
[INFO] [stdout]                                at /rustc/82e1608dfa6e0b5569232559e3d385fea5a93112/library/std/src/../../backtrace/src/backtrace/mod.rs:66:5
[INFO] [stdout]    2:     0x7f90164b062c - std::sys_common::backtrace::_print_fmt::h9eef0abe20ede486
[INFO] [stdout]                                at /rustc/82e1608dfa6e0b5569232559e3d385fea5a93112/library/std/src/sys_common/backtrace.rs:67:5
[INFO] [stdout]    3:     0x7f90164b062c - <std::sys_common::backtrace::_print::DisplayBacktrace as core::fmt::Display>::fmt::hed7f999df88cc644
[INFO] [stdout]                                at /rustc/82e1608dfa6e0b5569232559e3d385fea5a93112/library/std/src/sys_common/backtrace.rs:44:22
[INFO] [stdout]    4:     0x7f9016503630 - core::fmt::rt::Argument::fmt::h1539a9308b8d058d
[INFO] [stdout]                                at /rustc/82e1608dfa6e0b5569232559e3d385fea5a93112/library/core/src/fmt/rt.rs:142:9
[INFO] [stdout]    5:     0x7f9016503630 - core::fmt::write::h3a39390d8560d9c9
[INFO] [stdout]                                at /rustc/82e1608dfa6e0b5569232559e3d385fea5a93112/library/core/src/fmt/mod.rs:1120:17
[INFO] [stdout]    6:     0x7f90164a44bf - std::io::Write::write_fmt::h040b369f3a0f9cbc
[INFO] [stdout]                                at /rustc/82e1608dfa6e0b5569232559e3d385fea5a93112/library/std/src/io/mod.rs:1762:15
[INFO] [stdout]    7:     0x7f90164b0414 - std::sys_common::backtrace::_print::h894006fb5c6f3d45
[INFO] [stdout]                                at /rustc/82e1608dfa6e0b5569232559e3d385fea5a93112/library/std/src/sys_common/backtrace.rs:47:5
[INFO] [stdout]    8:     0x7f90164b0414 - std::sys_common::backtrace::print::h23a2d212c6fff936
[INFO] [stdout]                                at /rustc/82e1608dfa6e0b5569232559e3d385fea5a93112/library/std/src/sys_common/backtrace.rs:34:9
[INFO] [stdout]    9:     0x7f90164b30a7 - std::panicking::default_hook::{{closure}}::h8a1d2ee00185001a
[INFO] [stdout]   10:     0x7f90164b2d93 - std::panicking::default_hook::h6038f2eba384e475
[INFO] [stdout]                                at /rustc/82e1608dfa6e0b5569232559e3d385fea5a93112/library/std/src/panicking.rs:289:9
[INFO] [stdout]   11:     0x7f901657ed07 - <alloc::boxed::Box<F,A> as core::ops::function::Fn<Args>>::call::h0ad024c9bdc6d768
[INFO] [stdout]                                at /rustc/82e1608dfa6e0b5569232559e3d385fea5a93112/library/alloc/src/boxed.rs:2021:9
[INFO] [stdout]   12:     0x7f901657ed07 - test::test_main::{{closure}}::h7500b54257359db6
[INFO] [stdout]                                at /rustc/82e1608dfa6e0b5569232559e3d385fea5a93112/library/test/src/lib.rs:138:21
[INFO] [stdout]   13:     0x7f90164b37e8 - <alloc::boxed::Box<F,A> as core::ops::function::Fn<Args>>::call::h1f8f335eaa9cfaee
[INFO] [stdout]                                at /rustc/82e1608dfa6e0b5569232559e3d385fea5a93112/library/alloc/src/boxed.rs:2021:9
[INFO] [stdout]   14:     0x7f90164b37e8 - std::panicking::rust_panic_with_hook::h2b5517d590cab22e
[INFO] [stdout]                                at /rustc/82e1608dfa6e0b5569232559e3d385fea5a93112/library/std/src/panicking.rs:783:13
[INFO] [stdout]   15:     0x7f90164b353e - std::panicking::begin_panic_handler::{{closure}}::h233112c06e0ef43e
[INFO] [stdout]                                at /rustc/82e1608dfa6e0b5569232559e3d385fea5a93112/library/std/src/panicking.rs:657:13
[INFO] [stdout]   16:     0x7f90164b0af6 - std::sys_common::backtrace::__rust_end_short_backtrace::h6e893f24d7ebbff8
[INFO] [stdout]                                at /rustc/82e1608dfa6e0b5569232559e3d385fea5a93112/library/std/src/sys_common/backtrace.rs:170:18
[INFO] [stdout]   17:     0x7f90164b32a2 - rust_begin_unwind
[INFO] [stdout]                                at /rustc/82e1608dfa6e0b5569232559e3d385fea5a93112/library/std/src/panicking.rs:645:5
[INFO] [stdout]   18:     0x7f90164ffd15 - core::panicking::panic_fmt::hbf0e066aabfa482c
[INFO] [stdout]                                at /rustc/82e1608dfa6e0b5569232559e3d385fea5a93112/library/core/src/panicking.rs:72:14
[INFO] [stdout]   19:     0x563afc88024a - <bevy_ecs::system::system_param::ResState<T> as bevy_ecs::system::system_param::SystemParamFetch>::get_param::{{closure}}::h1bef1e246a03c0ea
[INFO] [stdout]                                at /opt/rustwide/cargo-home/registry/src/index.crates.io-6f17d22bba15001f/bevy_ecs-0.7.0/src/system/system_param.rs:319:17
[INFO] [stdout]   20:     0x563afc879d21 - core::option::Option<T>::unwrap_or_else::h9e97e2e3b7315ba1
[INFO] [stdout]                                at /rustc/82e1608dfa6e0b5569232559e3d385fea5a93112/library/core/src/option.rs:976:21
[INFO] [stdout]   21:     0x563afc880010 - <bevy_ecs::system::system_param::ResState<T> as bevy_ecs::system::system_param::SystemParamFetch>::get_param::h6e48ab92810c215a
[INFO] [stdout]                                at /opt/rustwide/cargo-home/registry/src/index.crates.io-6f17d22bba15001f/bevy_ecs-0.7.0/src/system/system_param.rs:316:22
[INFO] [stdout]   22:     0x563afc8773bb - <(P0,P1,P2,P3,P4,P5,P6) as bevy_ecs::system::system_param::SystemParamFetch>::get_param::h67acc247012701c4
[INFO] [stdout]                                at /opt/rustwide/cargo-home/registry/src/index.crates.io-6f17d22bba15001f/bevy_ecs-0.7.0/src/system/system_param.rs:1238:20
[INFO] [stdout]   23:     0x563afc886a99 - <Func as bevy_ecs::system::function_system::SystemParamFunction<(),Out,(F0,F1,F2,F3,F4,F5,F6),()>>::run::h83d929871f5ce171
[INFO] [stdout]                                at /opt/rustwide/cargo-home/registry/src/index.crates.io-6f17d22bba15001f/bevy_ecs-0.7.0/src/system/function_system.rs:527:37
[INFO] [stdout]   24:     0x563afc87802d - <bevy_ecs::system::function_system::FunctionSystem<In,Out,Param,Marker,F> as bevy_ecs::system::system::System>::run_unsafe::h0d69ab8546edd0a0
[INFO] [stdout]                                at /opt/rustwide/cargo-home/registry/src/index.crates.io-6f17d22bba15001f/bevy_ecs-0.7.0/src/system/function_system.rs:399:19
[INFO] [stdout]   25:     0x7f90155ef06e - bevy_ecs::schedule::executor_parallel::ParallelExecutor::prepare_systems::{{closure}}::hd5a1b79519d5742f
[INFO] [stdout]                                at /opt/rustwide/cargo-home/registry/src/index.crates.io-6f17d22bba15001f/bevy_ecs-0.7.0/src/schedule/executor_parallel.rs:196:30
[INFO] [stdout]   26:     0x7f90155eb50d - async_executor::Executor::spawn::{{closure}}::hae83f5264bee7a52
[INFO] [stdout]                                at /opt/rustwide/cargo-home/registry/src/index.crates.io-6f17d22bba15001f/async-executor-1.4.1/src/lib.rs:144:20
[INFO] [stdout]   27:     0x7f90155c686d - async_task::raw::RawTask<F,T,S>::run::had4c5c694c4f690f
[INFO] [stdout]                                at /opt/rustwide/cargo-home/registry/src/index.crates.io-6f17d22bba15001f/async-task-4.2.0/src/raw.rs:489:20
[INFO] [stdout]   28:     0x7f901567e77f - async_task::runnable::Runnable::run::ha765bfef48a3e5be
[INFO] [stdout]                                at /opt/rustwide/cargo-home/registry/src/index.crates.io-6f17d22bba15001f/async-task-4.2.0/src/runnable.rs:309:18
[INFO] [stdout]   29:     0x7f901566f715 - async_executor::Executor::try_tick::h9b9ed68eedebfc46
[INFO] [stdout]                                at /opt/rustwide/cargo-home/registry/src/index.crates.io-6f17d22bba15001f/async-executor-1.4.1/src/lib.rs:181:17
[INFO] [stdout]   30:     0x7f9015641d3f - bevy_tasks::task_pool::TaskPool::scope::{{closure}}::hb25c61e4a58b0dbc
[INFO] [stdout]                                at /opt/rustwide/cargo-home/registry/src/index.crates.io-6f17d22bba15001f/bevy_tasks-0.7.0/src/task_pool.rs:233:21
[INFO] [stdout]   31:     0x7f90155ebee3 - std::thread::local::LocalKey<T>::try_with::h7473d2e0236290da
[INFO] [stdout]                                at /rustc/82e1608dfa6e0b5569232559e3d385fea5a93112/library/std/src/thread/local.rs:270:16
[INFO] [stdout]   32:     0x7f90155ebcce - std::thread::local::LocalKey<T>::with::h08dfd1fe267b2af8
[INFO] [stdout]                                at /rustc/82e1608dfa6e0b5569232559e3d385fea5a93112/library/std/src/thread/local.rs:246:9
[INFO] [stdout]   33:     0x7f901564187a - bevy_tasks::task_pool::TaskPool::scope::he0ddcb7cd6b1836f
[INFO] [stdout]                                at /opt/rustwide/cargo-home/registry/src/index.crates.io-6f17d22bba15001f/bevy_tasks-0.7.0/src/task_pool.rs:180:9
[INFO] [stdout]   34:     0x7f90155ee422 - <bevy_ecs::schedule::executor_parallel::ParallelExecutor as bevy_ecs::schedule::executor::ParallelSystemExecutor>::run_systems::h42b1351567792628
[INFO] [stdout]                                at /opt/rustwide/cargo-home/registry/src/index.crates.io-6f17d22bba15001f/bevy_ecs-0.7.0/src/schedule/executor_parallel.rs:129:9
[INFO] [stdout]   35:     0x7f90155fc171 - <bevy_ecs::schedule::stage::SystemStage as bevy_ecs::schedule::stage::Stage>::run::ha213666c935f08e7
[INFO] [stdout]                                at /opt/rustwide/cargo-home/registry/src/index.crates.io-6f17d22bba15001f/bevy_ecs-0.7.0/src/schedule/stage.rs:852:17
[INFO] [stdout]   36:     0x563afc87eaa6 - the_stacks::stack::tests::test_hover_system::hf6825aec0c5b9c9f
[INFO] [stdout]                                at /opt/rustwide/workdir/src/stack/tests.rs:20:5
[INFO] [stdout]   37:     0x563afc87e877 - the_stacks::stack::tests::test_hover_system::{{closure}}::hb629e2f91dc1254c
[INFO] [stdout]                                at /opt/rustwide/workdir/src/stack/tests.rs:10:23
[INFO] [stdout]   38:     0x563afc879236 - core::ops::function::FnOnce::call_once::hc85782d5384a452b
[INFO] [stdout]                                at /rustc/82e1608dfa6e0b5569232559e3d385fea5a93112/library/core/src/ops/function.rs:250:5
[INFO] [stdout]   39:     0x7f9016584c9f - core::ops::function::FnOnce::call_once::h2b5d431d5046312d
[INFO] [stdout]                                at /rustc/82e1608dfa6e0b5569232559e3d385fea5a93112/library/core/src/ops/function.rs:250:5
[INFO] [stdout]   40:     0x7f9016584c9f - test::__rust_begin_short_backtrace::h7714669af176e207
[INFO] [stdout]                                at /rustc/82e1608dfa6e0b5569232559e3d385fea5a93112/library/test/src/lib.rs:628:18
[INFO] [stdout]   41:     0x7f9016583cb5 - test::run_test_in_process::{{closure}}::h85218797dcbcec12
[INFO] [stdout]                                at /rustc/82e1608dfa6e0b5569232559e3d385fea5a93112/library/test/src/lib.rs:651:60
[INFO] [stdout]   42:     0x7f9016583cb5 - <core::panic::unwind_safe::AssertUnwindSafe<F> as core::ops::function::FnOnce<()>>::call_once::h76c106ea31c14d7b
[INFO] [stdout]                                at /rustc/82e1608dfa6e0b5569232559e3d385fea5a93112/library/core/src/panic/unwind_safe.rs:272:9
[INFO] [stdout]   43:     0x7f9016583cb5 - std::panicking::try::do_call::h3bd5d0f6620ee946
[INFO] [stdout]                                at /rustc/82e1608dfa6e0b5569232559e3d385fea5a93112/library/std/src/panicking.rs:552:40
[INFO] [stdout]   44:     0x7f9016583cb5 - std::panicking::try::h232e535e4744fe31
[INFO] [stdout]                                at /rustc/82e1608dfa6e0b5569232559e3d385fea5a93112/library/std/src/panicking.rs:516:19
[INFO] [stdout]   45:     0x7f9016583cb5 - std::panic::catch_unwind::h3ce3bd6ca8dbac68
[INFO] [stdout]                                at /rustc/82e1608dfa6e0b5569232559e3d385fea5a93112/library/std/src/panic.rs:142:14
[INFO] [stdout]   46:     0x7f9016583cb5 - test::run_test_in_process::hc97b257c9621286a
[INFO] [stdout]                                at /rustc/82e1608dfa6e0b5569232559e3d385fea5a93112/library/test/src/lib.rs:651:27
[INFO] [stdout]   47:     0x7f9016583cb5 - test::run_test::{{closure}}::h2aa798823a438d38
[INFO] [stdout]                                at /rustc/82e1608dfa6e0b5569232559e3d385fea5a93112/library/test/src/lib.rs:574:43
[INFO] [stdout]   48:     0x7f9016547a26 - test::run_test::{{closure}}::h87d231c78fb59832
[INFO] [stdout]                                at /rustc/82e1608dfa6e0b5569232559e3d385fea5a93112/library/test/src/lib.rs:602:41
[INFO] [stdout]   49:     0x7f9016547a26 - std::sys_common::backtrace::__rust_begin_short_backtrace::he6df152596625789
[INFO] [stdout]                                at /rustc/82e1608dfa6e0b5569232559e3d385fea5a93112/library/std/src/sys_common/backtrace.rs:154:18
[INFO] [stdout]   50:     0x7f901654cad7 - std::thread::Builder::spawn_unchecked_::{{closure}}::{{closure}}::ha94be15d1e0acf36
[INFO] [stdout]                                at /rustc/82e1608dfa6e0b5569232559e3d385fea5a93112/library/std/src/thread/mod.rs:529:17
[INFO] [stdout]   51:     0x7f901654cad7 - <core::panic::unwind_safe::AssertUnwindSafe<F> as core::ops::function::FnOnce<()>>::call_once::h9dc6bd6372f16606
[INFO] [stdout]                                at /rustc/82e1608dfa6e0b5569232559e3d385fea5a93112/library/core/src/panic/unwind_safe.rs:272:9
[INFO] [stdout]   52:     0x7f901654cad7 - std::panicking::try::do_call::h9057517f80303cd4
[INFO] [stdout]                                at /rustc/82e1608dfa6e0b5569232559e3d385fea5a93112/library/std/src/panicking.rs:552:40
[INFO] [stdout]   53:     0x7f901654cad7 - std::panicking::try::he3a30b11ee45340c
[INFO] [stdout]                                at /rustc/82e1608dfa6e0b5569232559e3d385fea5a93112/library/std/src/panicking.rs:516:19
[INFO] [stdout]   54:     0x7f901654cad7 - std::panic::catch_unwind::h410458cfd3528b8b
[INFO] [stdout]                                at /rustc/82e1608dfa6e0b5569232559e3d385fea5a93112/library/std/src/panic.rs:142:14
[INFO] [stdout]   55:     0x7f901654cad7 - std::thread::Builder::spawn_unchecked_::{{closure}}::h72ac3bdb567b737b
[INFO] [stdout]                                at /rustc/82e1608dfa6e0b5569232559e3d385fea5a93112/library/std/src/thread/mod.rs:528:30
[INFO] [stdout]   56:     0x7f901654cad7 - core::ops::function::FnOnce::call_once{{vtable.shim}}::h38f34da3654a8344
[INFO] [stdout]                                at /rustc/82e1608dfa6e0b5569232559e3d385fea5a93112/library/core/src/ops/function.rs:250:5
[INFO] [stdout]   57:     0x7f90164bd6a5 - <alloc::boxed::Box<F,A> as core::ops::function::FnOnce<Args>>::call_once::hc7eafaff61e32df9
[INFO] [stdout]                                at /rustc/82e1608dfa6e0b5569232559e3d385fea5a93112/library/alloc/src/boxed.rs:2007:9
[INFO] [stdout]   58:     0x7f90164bd6a5 - <alloc::boxed::Box<F,A> as core::ops::function::FnOnce<Args>>::call_once::h6ba4a5de48dd2304
[INFO] [stdout]                                at /rustc/82e1608dfa6e0b5569232559e3d385fea5a93112/library/alloc/src/boxed.rs:2007:9
[INFO] [stdout]   59:     0x7f90164bd6a5 - std::sys::unix::thread::Thread::new::thread_start::he469335aef763e45
[INFO] [stdout]                                at /rustc/82e1608dfa6e0b5569232559e3d385fea5a93112/library/std/src/sys/unix/thread.rs:108:17
[INFO] [stdout]   60:     0x7f9011585ac3 - <unknown>
[INFO] [stdout]   61:     0x7f9011616bf4 - __clone
[INFO] [stdout]   62:                0x0 - <unknown>
[INFO] [stdout] 
[INFO] [stdout] 
[INFO] [stdout] failures:
[INFO] [stdout]     stack::tests::test_hover_system
[INFO] [stdout] 
[INFO] [stdout] test result: FAILED. 3 passed; 1 failed; 0 ignored; 0 measured; 0 filtered out; finished in 1.01s
[INFO] [stdout] 
[INFO] [stderr] error: test failed, to rerun pass `--lib`
[INFO] running `Command { std: "docker" "inspect" "c56d58453f879b3b3e9bd86ecd87f637f13b7aceac9e06ddc40e511a491ef990", kill_on_drop: false }`
[INFO] running `Command { std: "docker" "rm" "-f" "c56d58453f879b3b3e9bd86ecd87f637f13b7aceac9e06ddc40e511a491ef990", kill_on_drop: false }`
[INFO] [stdout] c56d58453f879b3b3e9bd86ecd87f637f13b7aceac9e06ddc40e511a491ef990
