[INFO] cloning repository https://github.com/WJackKing/prokaryote
[INFO] running `Command { std: "git" "-c" "credential.helper=" "-c" "credential.helper=/workspace/cargo-home/bin/git-credential-null" "clone" "--bare" "https://github.com/WJackKing/prokaryote" "/workspace/cache/git-repos/https%3A%2F%2Fgithub.com%2FWJackKing%2Fprokaryote", kill_on_drop: false }`
[INFO] [stderr] Cloning into bare repository '/workspace/cache/git-repos/https%3A%2F%2Fgithub.com%2FWJackKing%2Fprokaryote'...
[INFO] running `Command { std: "git" "rev-parse" "HEAD", kill_on_drop: false }`
[INFO] [stdout] 297e5092194ceabc552456006ed28ad52cb0cd69
[INFO] testing WJackKing/prokaryote against 1.75.0 for beta-1.76-1
[INFO] running `Command { std: "git" "clone" "/workspace/cache/git-repos/https%3A%2F%2Fgithub.com%2FWJackKing%2Fprokaryote" "/workspace/builds/worker-0-tc1/source", kill_on_drop: false }`
[INFO] [stderr] Cloning into '/workspace/builds/worker-0-tc1/source'...
[INFO] [stderr] done.
[INFO] validating manifest of git repo https://github.com/WJackKing/prokaryote on toolchain 1.75.0
[INFO] running `Command { std: CARGO_HOME="/workspace/cargo-home" RUSTUP_HOME="/workspace/rustup-home" "/workspace/cargo-home/bin/cargo" "+1.75.0" "metadata" "--manifest-path" "Cargo.toml" "--no-deps", kill_on_drop: false }`
[INFO] started tweaking git repo https://github.com/WJackKing/prokaryote
[INFO] finished tweaking git repo https://github.com/WJackKing/prokaryote
[INFO] tweaked toml for git repo https://github.com/WJackKing/prokaryote written to /workspace/builds/worker-0-tc1/source/Cargo.toml
[INFO] crate git repo https://github.com/WJackKing/prokaryote already has a lockfile, it will not be regenerated
[INFO] running `Command { std: CARGO_HOME="/workspace/cargo-home" RUSTUP_HOME="/workspace/rustup-home" "/workspace/cargo-home/bin/cargo" "+1.75.0" "fetch" "--manifest-path" "Cargo.toml", kill_on_drop: false }`
[INFO] running `Command { std: "docker" "create" "-v" "/var/lib/crater-agent-workspace/builds/worker-0-tc1/target:/opt/rustwide/target:rw,Z" "-v" "/var/lib/crater-agent-workspace/builds/worker-0-tc1/source:/opt/rustwide/workdir:ro,Z" "-v" "/var/lib/crater-agent-workspace/cargo-home:/opt/rustwide/cargo-home:ro,Z" "-v" "/var/lib/crater-agent-workspace/rustup-home:/opt/rustwide/rustup-home:ro,Z" "-e" "SOURCE_DIR=/opt/rustwide/workdir" "-e" "CARGO_TARGET_DIR=/opt/rustwide/target" "-e" "CARGO_HOME=/opt/rustwide/cargo-home" "-e" "RUSTUP_HOME=/opt/rustwide/rustup-home" "-w" "/opt/rustwide/workdir" "-m" "1610612736" "--user" "0:0" "--network" "none" "ghcr.io/rust-lang/crates-build-env/linux@sha256:2788e3201cd34a07e3172128adcd8b3090168a8e3bcc40d7c032b9dda1df7d1c" "/opt/rustwide/cargo-home/bin/cargo" "+1.75.0" "metadata" "--no-deps" "--format-version=1", kill_on_drop: false }`
[INFO] [stdout] 6e8c815fe056b475ef8383ad706b6cc990bd994ae33450bddfef69861cbbf26e
[INFO] running `Command { std: "docker" "start" "-a" "6e8c815fe056b475ef8383ad706b6cc990bd994ae33450bddfef69861cbbf26e", kill_on_drop: false }`
[INFO] running `Command { std: "docker" "inspect" "6e8c815fe056b475ef8383ad706b6cc990bd994ae33450bddfef69861cbbf26e", kill_on_drop: false }`
[INFO] running `Command { std: "docker" "rm" "-f" "6e8c815fe056b475ef8383ad706b6cc990bd994ae33450bddfef69861cbbf26e", kill_on_drop: false }`
[INFO] [stdout] 6e8c815fe056b475ef8383ad706b6cc990bd994ae33450bddfef69861cbbf26e
[INFO] running `Command { std: "docker" "create" "-v" "/var/lib/crater-agent-workspace/builds/worker-0-tc1/target:/opt/rustwide/target:rw,Z" "-v" "/var/lib/crater-agent-workspace/builds/worker-0-tc1/source:/opt/rustwide/workdir:ro,Z" "-v" "/var/lib/crater-agent-workspace/cargo-home:/opt/rustwide/cargo-home:ro,Z" "-v" "/var/lib/crater-agent-workspace/rustup-home:/opt/rustwide/rustup-home:ro,Z" "-e" "SOURCE_DIR=/opt/rustwide/workdir" "-e" "CARGO_TARGET_DIR=/opt/rustwide/target" "-e" "CARGO_INCREMENTAL=0" "-e" "RUST_BACKTRACE=full" "-e" "RUSTFLAGS=--cap-lints=warn" "-e" "RUSTDOCFLAGS=--cap-lints=warn" "-e" "CARGO_HOME=/opt/rustwide/cargo-home" "-e" "RUSTUP_HOME=/opt/rustwide/rustup-home" "-w" "/opt/rustwide/workdir" "-m" "1610612736" "--user" "0:0" "--network" "none" "ghcr.io/rust-lang/crates-build-env/linux@sha256:2788e3201cd34a07e3172128adcd8b3090168a8e3bcc40d7c032b9dda1df7d1c" "/opt/rustwide/cargo-home/bin/cargo" "+1.75.0" "build" "--frozen" "--message-format=json", kill_on_drop: false }`
[INFO] [stdout] 6401267bb7de10d96f256fe89d5e50dfd20416245c9135c3504434b40b8517f1
[INFO] running `Command { std: "docker" "start" "-a" "6401267bb7de10d96f256fe89d5e50dfd20416245c9135c3504434b40b8517f1", kill_on_drop: false }`
[INFO] [stderr]    Compiling libc v0.2.40
[INFO] [stderr]    Compiling rand v0.4.2
[INFO] [stderr]    Compiling prokaryote v0.1.0 (/opt/rustwide/workdir)
[INFO] [stdout] warning: `...` range patterns are deprecated
[INFO] [stdout]   --> src/dna/base.rs:27:14
[INFO] [stdout]    |
[INFO] [stdout] 27 |             0...4 => Ok(Base { base }),
[INFO] [stdout]    |              ^^^ help: use `..=` for an inclusive range
[INFO] [stdout]    |
[INFO] [stdout]    = warning: this is accepted in the current edition (Rust 2015) but is a hard error in Rust 2021!
[INFO] [stdout]    = note: for more information, see <https://doc.rust-lang.org/nightly/edition-guide/rust-2021/warnings-promoted-to-error.html>
[INFO] [stdout]    = note: `#[warn(ellipsis_inclusive_range_patterns)]` on by default
[INFO] [stdout] 
[INFO] [stdout] 
[INFO] [stdout] warning: `...` range patterns are deprecated
[INFO] [stdout]   --> src/dna/mod.rs:40:18
[INFO] [stdout]    |
[INFO] [stdout] 40 |                 0...4 => dna.push_num(base).unwrap(),
[INFO] [stdout]    |                  ^^^ help: use `..=` for an inclusive range
[INFO] [stdout]    |
[INFO] [stdout]    = warning: this is accepted in the current edition (Rust 2015) but is a hard error in Rust 2021!
[INFO] [stdout]    = note: for more information, see <https://doc.rust-lang.org/nightly/edition-guide/rust-2021/warnings-promoted-to-error.html>
[INFO] [stdout] 
[INFO] [stdout] 
[INFO] [stdout] warning: `...` range patterns are deprecated
[INFO] [stdout]   --> src/protein/aa.rs:22:14
[INFO] [stdout]    |
[INFO] [stdout] 22 |             0...21 => Ok(Aa { aa }),
[INFO] [stdout]    |              ^^^ help: use `..=` for an inclusive range
[INFO] [stdout]    |
[INFO] [stdout]    = warning: this is accepted in the current edition (Rust 2015) but is a hard error in Rust 2021!
[INFO] [stdout]    = note: for more information, see <https://doc.rust-lang.org/nightly/edition-guide/rust-2021/warnings-promoted-to-error.html>
[INFO] [stdout] 
[INFO] [stdout] 
[INFO] [stdout] warning: `...` range patterns are deprecated
[INFO] [stdout]   --> src/protein/mod.rs:33:18
[INFO] [stdout]    |
[INFO] [stdout] 33 |                 0...21 => p.push_num(a).unwrap(),
[INFO] [stdout]    |                  ^^^ help: use `..=` for an inclusive range
[INFO] [stdout]    |
[INFO] [stdout]    = warning: this is accepted in the current edition (Rust 2015) but is a hard error in Rust 2021!
[INFO] [stdout]    = note: for more information, see <https://doc.rust-lang.org/nightly/edition-guide/rust-2021/warnings-promoted-to-error.html>
[INFO] [stdout] 
[INFO] [stdout] 
[INFO] [stdout] warning: field `dna_io` is never read
[INFO] [stdout]  --> src/orf/mod.rs:4:5
[INFO] [stdout]   |
[INFO] [stdout] 3 | pub struct Orf<'a> {
[INFO] [stdout]   |            --- field in this struct
[INFO] [stdout] 4 |     dna_io: &'a mut Dnaio,
[INFO] [stdout]   |     ^^^^^^
[INFO] [stdout]   |
[INFO] [stdout]   = note: `#[warn(dead_code)]` on by default
[INFO] [stdout] 
[INFO] [stdout] 
[INFO] [stdout] warning: 5 warnings emitted
[INFO] [stdout] 
[INFO] [stdout] 
[INFO] [stderr]     Finished dev [unoptimized + debuginfo] target(s) in 1.56s
[INFO] running `Command { std: "docker" "inspect" "6401267bb7de10d96f256fe89d5e50dfd20416245c9135c3504434b40b8517f1", kill_on_drop: false }`
[INFO] running `Command { std: "docker" "rm" "-f" "6401267bb7de10d96f256fe89d5e50dfd20416245c9135c3504434b40b8517f1", kill_on_drop: false }`
[INFO] [stdout] 6401267bb7de10d96f256fe89d5e50dfd20416245c9135c3504434b40b8517f1
[INFO] running `Command { std: "docker" "create" "-v" "/var/lib/crater-agent-workspace/builds/worker-0-tc1/target:/opt/rustwide/target:rw,Z" "-v" "/var/lib/crater-agent-workspace/builds/worker-0-tc1/source:/opt/rustwide/workdir:ro,Z" "-v" "/var/lib/crater-agent-workspace/cargo-home:/opt/rustwide/cargo-home:ro,Z" "-v" "/var/lib/crater-agent-workspace/rustup-home:/opt/rustwide/rustup-home:ro,Z" "-e" "SOURCE_DIR=/opt/rustwide/workdir" "-e" "CARGO_TARGET_DIR=/opt/rustwide/target" "-e" "CARGO_INCREMENTAL=0" "-e" "RUST_BACKTRACE=full" "-e" "RUSTFLAGS=--cap-lints=warn" "-e" "RUSTDOCFLAGS=--cap-lints=warn" "-e" "CARGO_HOME=/opt/rustwide/cargo-home" "-e" "RUSTUP_HOME=/opt/rustwide/rustup-home" "-w" "/opt/rustwide/workdir" "-m" "1610612736" "--user" "0:0" "--network" "none" "ghcr.io/rust-lang/crates-build-env/linux@sha256:2788e3201cd34a07e3172128adcd8b3090168a8e3bcc40d7c032b9dda1df7d1c" "/opt/rustwide/cargo-home/bin/cargo" "+1.75.0" "test" "--frozen" "--no-run" "--message-format=json", kill_on_drop: false }`
[INFO] [stdout] 313b8dcbcc7dc125a7655acdd4c6ed91671879b95de8fbc0a02a60572d3f295f
[INFO] running `Command { std: "docker" "start" "-a" "313b8dcbcc7dc125a7655acdd4c6ed91671879b95de8fbc0a02a60572d3f295f", kill_on_drop: false }`
[INFO] [stdout] warning: `...` range patterns are deprecated
[INFO] [stdout]   --> src/dna/base.rs:27:14
[INFO] [stdout]    |
[INFO] [stdout] 27 |             0...4 => Ok(Base { base }),
[INFO] [stdout]    |              ^^^ help: use `..=` for an inclusive range
[INFO] [stdout]    |
[INFO] [stdout]    = warning: this is accepted in the current edition (Rust 2015) but is a hard error in Rust 2021!
[INFO] [stdout]    = note: for more information, see <https://doc.rust-lang.org/nightly/edition-guide/rust-2021/warnings-promoted-to-error.html>
[INFO] [stdout]    = note: `#[warn(ellipsis_inclusive_range_patterns)]` on by default
[INFO] [stdout] 
[INFO] [stdout] 
[INFO] [stdout] warning: `...` range patterns are deprecated
[INFO] [stdout]   --> src/dna/mod.rs:40:18
[INFO] [stdout]    |
[INFO] [stdout] 40 |                 0...4 => dna.push_num(base).unwrap(),
[INFO] [stdout]    |                  ^^^ help: use `..=` for an inclusive range
[INFO] [stdout]    |
[INFO] [stdout]    = warning: this is accepted in the current edition (Rust 2015) but is a hard error in Rust 2021!
[INFO] [stdout]    = note: for more information, see <https://doc.rust-lang.org/nightly/edition-guide/rust-2021/warnings-promoted-to-error.html>
[INFO] [stdout] 
[INFO] [stdout] 
[INFO] [stdout] warning: `...` range patterns are deprecated
[INFO] [stdout]   --> src/protein/aa.rs:22:14
[INFO] [stdout]    |
[INFO] [stdout] 22 |             0...21 => Ok(Aa { aa }),
[INFO] [stdout]    |              ^^^ help: use `..=` for an inclusive range
[INFO] [stdout]    |
[INFO] [stdout]    = warning: this is accepted in the current edition (Rust 2015) but is a hard error in Rust 2021!
[INFO] [stdout]    = note: for more information, see <https://doc.rust-lang.org/nightly/edition-guide/rust-2021/warnings-promoted-to-error.html>
[INFO] [stdout] 
[INFO] [stdout] 
[INFO] [stdout] warning: `...` range patterns are deprecated
[INFO] [stdout]   --> src/protein/mod.rs:33:18
[INFO] [stdout]    |
[INFO] [stdout] 33 |                 0...21 => p.push_num(a).unwrap(),
[INFO] [stdout]    |                  ^^^ help: use `..=` for an inclusive range
[INFO] [stdout]    |
[INFO] [stdout]    = warning: this is accepted in the current edition (Rust 2015) but is a hard error in Rust 2021!
[INFO] [stdout]    = note: for more information, see <https://doc.rust-lang.org/nightly/edition-guide/rust-2021/warnings-promoted-to-error.html>
[INFO] [stdout] 
[INFO] [stdout] 
[INFO] [stdout] warning: field `dna_io` is never read
[INFO] [stdout]  --> src/orf/mod.rs:4:5
[INFO] [stdout]   |
[INFO] [stdout] 3 | pub struct Orf<'a> {
[INFO] [stdout]   |            --- field in this struct
[INFO] [stdout] 4 |     dna_io: &'a mut Dnaio,
[INFO] [stdout]   |     ^^^^^^
[INFO] [stdout]   |
[INFO] [stdout]   = note: `#[warn(dead_code)]` on by default
[INFO] [stdout] 
[INFO] [stdout] 
[INFO] [stdout] warning: 5 warnings emitted
[INFO] [stdout] 
[INFO] [stdout] 
[INFO] [stderr]    Compiling prokaryote v0.1.0 (/opt/rustwide/workdir)
[INFO] [stdout] warning: `...` range patterns are deprecated
[INFO] [stdout]   --> src/dna/base.rs:27:14
[INFO] [stdout]    |
[INFO] [stdout] 27 |             0...4 => Ok(Base { base }),
[INFO] [stdout]    |              ^^^ help: use `..=` for an inclusive range
[INFO] [stdout]    |
[INFO] [stdout]    = warning: this is accepted in the current edition (Rust 2015) but is a hard error in Rust 2021!
[INFO] [stdout]    = note: for more information, see <https://doc.rust-lang.org/nightly/edition-guide/rust-2021/warnings-promoted-to-error.html>
[INFO] [stdout]    = note: `#[warn(ellipsis_inclusive_range_patterns)]` on by default
[INFO] [stdout] 
[INFO] [stdout] 
[INFO] [stdout] warning: `...` range patterns are deprecated
[INFO] [stdout]   --> src/dna/mod.rs:40:18
[INFO] [stdout]    |
[INFO] [stdout] 40 |                 0...4 => dna.push_num(base).unwrap(),
[INFO] [stdout]    |                  ^^^ help: use `..=` for an inclusive range
[INFO] [stdout]    |
[INFO] [stdout]    = warning: this is accepted in the current edition (Rust 2015) but is a hard error in Rust 2021!
[INFO] [stdout]    = note: for more information, see <https://doc.rust-lang.org/nightly/edition-guide/rust-2021/warnings-promoted-to-error.html>
[INFO] [stdout] 
[INFO] [stdout] 
[INFO] [stdout] warning: `...` range patterns are deprecated
[INFO] [stdout]   --> src/protein/aa.rs:22:14
[INFO] [stdout]    |
[INFO] [stdout] 22 |             0...21 => Ok(Aa { aa }),
[INFO] [stdout]    |              ^^^ help: use `..=` for an inclusive range
[INFO] [stdout]    |
[INFO] [stdout]    = warning: this is accepted in the current edition (Rust 2015) but is a hard error in Rust 2021!
[INFO] [stdout]    = note: for more information, see <https://doc.rust-lang.org/nightly/edition-guide/rust-2021/warnings-promoted-to-error.html>
[INFO] [stdout] 
[INFO] [stdout] 
[INFO] [stdout] warning: `...` range patterns are deprecated
[INFO] [stdout]   --> src/protein/mod.rs:33:18
[INFO] [stdout]    |
[INFO] [stdout] 33 |                 0...21 => p.push_num(a).unwrap(),
[INFO] [stdout]    |                  ^^^ help: use `..=` for an inclusive range
[INFO] [stdout]    |
[INFO] [stdout]    = warning: this is accepted in the current edition (Rust 2015) but is a hard error in Rust 2021!
[INFO] [stdout]    = note: for more information, see <https://doc.rust-lang.org/nightly/edition-guide/rust-2021/warnings-promoted-to-error.html>
[INFO] [stdout] 
[INFO] [stdout] 
[INFO] [stdout] warning: field `dna_io` is never read
[INFO] [stdout]  --> src/orf/mod.rs:4:5
[INFO] [stdout]   |
[INFO] [stdout] 3 | pub struct Orf<'a> {
[INFO] [stdout]   |            --- field in this struct
[INFO] [stdout] 4 |     dna_io: &'a mut Dnaio,
[INFO] [stdout]   |     ^^^^^^
[INFO] [stdout]   |
[INFO] [stdout]   = note: `#[warn(dead_code)]` on by default
[INFO] [stdout] 
[INFO] [stdout] 
[INFO] [stdout] warning: 5 warnings emitted
[INFO] [stdout] 
[INFO] [stdout] 
[INFO] [stderr]     Finished test [unoptimized + debuginfo] target(s) in 0.47s
[INFO] running `Command { std: "docker" "inspect" "313b8dcbcc7dc125a7655acdd4c6ed91671879b95de8fbc0a02a60572d3f295f", kill_on_drop: false }`
[INFO] running `Command { std: "docker" "rm" "-f" "313b8dcbcc7dc125a7655acdd4c6ed91671879b95de8fbc0a02a60572d3f295f", kill_on_drop: false }`
[INFO] [stdout] 313b8dcbcc7dc125a7655acdd4c6ed91671879b95de8fbc0a02a60572d3f295f
[INFO] running `Command { std: "docker" "create" "-v" "/var/lib/crater-agent-workspace/builds/worker-0-tc1/target:/opt/rustwide/target:rw,Z" "-v" "/var/lib/crater-agent-workspace/builds/worker-0-tc1/source:/opt/rustwide/workdir:ro,Z" "-v" "/var/lib/crater-agent-workspace/cargo-home:/opt/rustwide/cargo-home:ro,Z" "-v" "/var/lib/crater-agent-workspace/rustup-home:/opt/rustwide/rustup-home:ro,Z" "-e" "SOURCE_DIR=/opt/rustwide/workdir" "-e" "CARGO_TARGET_DIR=/opt/rustwide/target" "-e" "CARGO_INCREMENTAL=0" "-e" "RUST_BACKTRACE=full" "-e" "RUSTFLAGS=--cap-lints=warn" "-e" "RUSTDOCFLAGS=--cap-lints=warn" "-e" "CARGO_HOME=/opt/rustwide/cargo-home" "-e" "RUSTUP_HOME=/opt/rustwide/rustup-home" "-w" "/opt/rustwide/workdir" "-m" "1610612736" "--user" "0:0" "--network" "none" "ghcr.io/rust-lang/crates-build-env/linux@sha256:2788e3201cd34a07e3172128adcd8b3090168a8e3bcc40d7c032b9dda1df7d1c" "/opt/rustwide/cargo-home/bin/cargo" "+1.75.0" "test" "--frozen", kill_on_drop: false }`
[INFO] [stdout] e8ab945e3e6d1abc7ed211d79149c51936b7d22575483929990b1c6609c99105
[INFO] running `Command { std: "docker" "start" "-a" "e8ab945e3e6d1abc7ed211d79149c51936b7d22575483929990b1c6609c99105", kill_on_drop: false }`
[INFO] [stderr] warning: `...` range patterns are deprecated
[INFO] [stderr]   --> src/dna/base.rs:27:14
[INFO] [stderr]    |
[INFO] [stderr] 27 |             0...4 => Ok(Base { base }),
[INFO] [stderr]    |              ^^^ help: use `..=` for an inclusive range
[INFO] [stderr]    |
[INFO] [stderr]    = warning: this is accepted in the current edition (Rust 2015) but is a hard error in Rust 2021!
[INFO] [stderr]    = note: for more information, see <https://doc.rust-lang.org/nightly/edition-guide/rust-2021/warnings-promoted-to-error.html>
[INFO] [stderr]    = note: `#[warn(ellipsis_inclusive_range_patterns)]` on by default
[INFO] [stderr] 
[INFO] [stderr] warning: `...` range patterns are deprecated
[INFO] [stderr]   --> src/dna/mod.rs:40:18
[INFO] [stderr]    |
[INFO] [stderr] 40 |                 0...4 => dna.push_num(base).unwrap(),
[INFO] [stderr]    |                  ^^^ help: use `..=` for an inclusive range
[INFO] [stderr]    |
[INFO] [stderr]    = warning: this is accepted in the current edition (Rust 2015) but is a hard error in Rust 2021!
[INFO] [stderr]    = note: for more information, see <https://doc.rust-lang.org/nightly/edition-guide/rust-2021/warnings-promoted-to-error.html>
[INFO] [stderr] 
[INFO] [stderr] warning: `...` range patterns are deprecated
[INFO] [stderr]   --> src/protein/aa.rs:22:14
[INFO] [stderr]    |
[INFO] [stderr] 22 |             0...21 => Ok(Aa { aa }),
[INFO] [stderr]    |              ^^^ help: use `..=` for an inclusive range
[INFO] [stderr]    |
[INFO] [stderr]    = warning: this is accepted in the current edition (Rust 2015) but is a hard error in Rust 2021!
[INFO] [stderr]    = note: for more information, see <https://doc.rust-lang.org/nightly/edition-guide/rust-2021/warnings-promoted-to-error.html>
[INFO] [stderr] 
[INFO] [stderr] warning: `...` range patterns are deprecated
[INFO] [stderr]   --> src/protein/mod.rs:33:18
[INFO] [stderr]    |
[INFO] [stderr] 33 |                 0...21 => p.push_num(a).unwrap(),
[INFO] [stderr]    |                  ^^^ help: use `..=` for an inclusive range
[INFO] [stderr]    |
[INFO] [stderr]    = warning: this is accepted in the current edition (Rust 2015) but is a hard error in Rust 2021!
[INFO] [stderr]    = note: for more information, see <https://doc.rust-lang.org/nightly/edition-guide/rust-2021/warnings-promoted-to-error.html>
[INFO] [stderr] 
[INFO] [stderr] warning: field `dna_io` is never read
[INFO] [stderr]  --> src/orf/mod.rs:4:5
[INFO] [stderr]   |
[INFO] [stderr] 3 | pub struct Orf<'a> {
[INFO] [stderr]   |            --- field in this struct
[INFO] [stderr] 4 |     dna_io: &'a mut Dnaio,
[INFO] [stderr]   |     ^^^^^^
[INFO] [stderr]   |
[INFO] [stderr]   = note: `#[warn(dead_code)]` on by default
[INFO] [stderr] 
[INFO] [stderr] warning: `prokaryote` (lib) generated 5 warnings (run `cargo fix --lib -p prokaryote` to apply 4 suggestions)
[INFO] [stderr] warning: `prokaryote` (lib test) generated 5 warnings (5 duplicates)
[INFO] [stderr]     Finished test [unoptimized + debuginfo] target(s) in 0.01s
[INFO] [stderr]      Running unittests src/lib.rs (/opt/rustwide/target/debug/deps/prokaryote-51c707f7dadc8ae1)
[INFO] [stdout] 
[INFO] [stdout] running 3 tests
[INFO] [stdout] test test::base_work ... ok
[INFO] [stdout] test test::base_panic - should panic ... FAILED
[INFO] [stderr] error: test failed, to rerun pass `--lib`
[INFO] [stdout] test test::dna_work ... ok
[INFO] [stdout] 
[INFO] [stdout] failures:
[INFO] [stdout] 
[INFO] [stdout] ---- test::base_panic stdout ----
[INFO] [stdout] note: test did not panic as expected
[INFO] [stdout] 
[INFO] [stdout] failures:
[INFO] [stdout]     test::base_panic
[INFO] [stdout] 
[INFO] [stdout] test result: FAILED. 2 passed; 1 failed; 0 ignored; 0 measured; 0 filtered out; finished in 0.01s
[INFO] [stdout] 
[INFO] running `Command { std: "docker" "inspect" "e8ab945e3e6d1abc7ed211d79149c51936b7d22575483929990b1c6609c99105", kill_on_drop: false }`
[INFO] running `Command { std: "docker" "rm" "-f" "e8ab945e3e6d1abc7ed211d79149c51936b7d22575483929990b1c6609c99105", kill_on_drop: false }`
[INFO] [stdout] e8ab945e3e6d1abc7ed211d79149c51936b7d22575483929990b1c6609c99105
[INFO] testing WJackKing/prokaryote against beta-2023-12-22 for beta-1.76-1
[INFO] running `Command { std: "git" "clone" "/workspace/cache/git-repos/https%3A%2F%2Fgithub.com%2FWJackKing%2Fprokaryote" "/workspace/builds/worker-0-tc2/source", kill_on_drop: false }`
[INFO] [stderr] Cloning into '/workspace/builds/worker-0-tc2/source'...
[INFO] [stderr] done.
[INFO] validating manifest of git repo https://github.com/WJackKing/prokaryote on toolchain beta-2023-12-22
[INFO] running `Command { std: CARGO_HOME="/workspace/cargo-home" RUSTUP_HOME="/workspace/rustup-home" "/workspace/cargo-home/bin/cargo" "+beta-2023-12-22" "metadata" "--manifest-path" "Cargo.toml" "--no-deps", kill_on_drop: false }`
[INFO] started tweaking git repo https://github.com/WJackKing/prokaryote
[INFO] finished tweaking git repo https://github.com/WJackKing/prokaryote
[INFO] tweaked toml for git repo https://github.com/WJackKing/prokaryote written to /workspace/builds/worker-0-tc2/source/Cargo.toml
[INFO] crate git repo https://github.com/WJackKing/prokaryote already has a lockfile, it will not be regenerated
[INFO] running `Command { std: CARGO_HOME="/workspace/cargo-home" RUSTUP_HOME="/workspace/rustup-home" "/workspace/cargo-home/bin/cargo" "+beta-2023-12-22" "fetch" "--manifest-path" "Cargo.toml", kill_on_drop: false }`
[INFO] running `Command { std: "docker" "create" "-v" "/var/lib/crater-agent-workspace/builds/worker-0-tc2/target:/opt/rustwide/target:rw,Z" "-v" "/var/lib/crater-agent-workspace/builds/worker-0-tc2/source:/opt/rustwide/workdir:ro,Z" "-v" "/var/lib/crater-agent-workspace/cargo-home:/opt/rustwide/cargo-home:ro,Z" "-v" "/var/lib/crater-agent-workspace/rustup-home:/opt/rustwide/rustup-home:ro,Z" "-e" "SOURCE_DIR=/opt/rustwide/workdir" "-e" "CARGO_TARGET_DIR=/opt/rustwide/target" "-e" "CARGO_HOME=/opt/rustwide/cargo-home" "-e" "RUSTUP_HOME=/opt/rustwide/rustup-home" "-w" "/opt/rustwide/workdir" "-m" "1610612736" "--user" "0:0" "--network" "none" "ghcr.io/rust-lang/crates-build-env/linux@sha256:2788e3201cd34a07e3172128adcd8b3090168a8e3bcc40d7c032b9dda1df7d1c" "/opt/rustwide/cargo-home/bin/cargo" "+beta-2023-12-22" "metadata" "--no-deps" "--format-version=1", kill_on_drop: false }`
[INFO] [stdout] bf3f94db8513e6df459ee704d855b75bb5bf81d3d5134cccbd90cd76c65ce249
[INFO] running `Command { std: "docker" "start" "-a" "bf3f94db8513e6df459ee704d855b75bb5bf81d3d5134cccbd90cd76c65ce249", kill_on_drop: false }`
[INFO] running `Command { std: "docker" "inspect" "bf3f94db8513e6df459ee704d855b75bb5bf81d3d5134cccbd90cd76c65ce249", kill_on_drop: false }`
[INFO] running `Command { std: "docker" "rm" "-f" "bf3f94db8513e6df459ee704d855b75bb5bf81d3d5134cccbd90cd76c65ce249", kill_on_drop: false }`
[INFO] [stdout] bf3f94db8513e6df459ee704d855b75bb5bf81d3d5134cccbd90cd76c65ce249
[INFO] running `Command { std: "docker" "create" "-v" "/var/lib/crater-agent-workspace/builds/worker-0-tc2/target:/opt/rustwide/target:rw,Z" "-v" "/var/lib/crater-agent-workspace/builds/worker-0-tc2/source:/opt/rustwide/workdir:ro,Z" "-v" "/var/lib/crater-agent-workspace/cargo-home:/opt/rustwide/cargo-home:ro,Z" "-v" "/var/lib/crater-agent-workspace/rustup-home:/opt/rustwide/rustup-home:ro,Z" "-e" "SOURCE_DIR=/opt/rustwide/workdir" "-e" "CARGO_TARGET_DIR=/opt/rustwide/target" "-e" "CARGO_INCREMENTAL=0" "-e" "RUST_BACKTRACE=full" "-e" "RUSTFLAGS=--cap-lints=warn" "-e" "RUSTDOCFLAGS=--cap-lints=warn" "-e" "CARGO_HOME=/opt/rustwide/cargo-home" "-e" "RUSTUP_HOME=/opt/rustwide/rustup-home" "-w" "/opt/rustwide/workdir" "-m" "1610612736" "--user" "0:0" "--network" "none" "ghcr.io/rust-lang/crates-build-env/linux@sha256:2788e3201cd34a07e3172128adcd8b3090168a8e3bcc40d7c032b9dda1df7d1c" "/opt/rustwide/cargo-home/bin/cargo" "+beta-2023-12-22" "build" "--frozen" "--message-format=json", kill_on_drop: false }`
[INFO] [stdout] 2b7cff7fef52cb2759d2f08c59a4535c6e6ccb1248444789833aa0bce7f19cca
[INFO] running `Command { std: "docker" "start" "-a" "2b7cff7fef52cb2759d2f08c59a4535c6e6ccb1248444789833aa0bce7f19cca", kill_on_drop: false }`
[INFO] [stderr]    Compiling libc v0.2.40
[INFO] [stderr]    Compiling rand v0.4.2
[INFO] [stderr]    Compiling prokaryote v0.1.0 (/opt/rustwide/workdir)
[INFO] [stdout] warning: `...` range patterns are deprecated
[INFO] [stdout]   --> src/dna/base.rs:27:14
[INFO] [stdout]    |
[INFO] [stdout] 27 |             0...4 => Ok(Base { base }),
[INFO] [stdout]    |              ^^^ help: use `..=` for an inclusive range
[INFO] [stdout]    |
[INFO] [stdout]    = warning: this is accepted in the current edition (Rust 2015) but is a hard error in Rust 2021!
[INFO] [stdout]    = note: for more information, see <https://doc.rust-lang.org/nightly/edition-guide/rust-2021/warnings-promoted-to-error.html>
[INFO] [stdout]    = note: `#[warn(ellipsis_inclusive_range_patterns)]` on by default
[INFO] [stdout] 
[INFO] [stdout] 
[INFO] [stdout] warning: `...` range patterns are deprecated
[INFO] [stdout]   --> src/dna/mod.rs:40:18
[INFO] [stdout]    |
[INFO] [stdout] 40 |                 0...4 => dna.push_num(base).unwrap(),
[INFO] [stdout]    |                  ^^^ help: use `..=` for an inclusive range
[INFO] [stdout]    |
[INFO] [stdout]    = warning: this is accepted in the current edition (Rust 2015) but is a hard error in Rust 2021!
[INFO] [stdout]    = note: for more information, see <https://doc.rust-lang.org/nightly/edition-guide/rust-2021/warnings-promoted-to-error.html>
[INFO] [stdout] 
[INFO] [stdout] 
[INFO] [stdout] warning: `...` range patterns are deprecated
[INFO] [stdout]   --> src/protein/aa.rs:22:14
[INFO] [stdout]    |
[INFO] [stdout] 22 |             0...21 => Ok(Aa { aa }),
[INFO] [stdout]    |              ^^^ help: use `..=` for an inclusive range
[INFO] [stdout]    |
[INFO] [stdout]    = warning: this is accepted in the current edition (Rust 2015) but is a hard error in Rust 2021!
[INFO] [stdout]    = note: for more information, see <https://doc.rust-lang.org/nightly/edition-guide/rust-2021/warnings-promoted-to-error.html>
[INFO] [stdout] 
[INFO] [stdout] 
[INFO] [stdout] warning: `...` range patterns are deprecated
[INFO] [stdout]   --> src/protein/mod.rs:33:18
[INFO] [stdout]    |
[INFO] [stdout] 33 |                 0...21 => p.push_num(a).unwrap(),
[INFO] [stdout]    |                  ^^^ help: use `..=` for an inclusive range
[INFO] [stdout]    |
[INFO] [stdout]    = warning: this is accepted in the current edition (Rust 2015) but is a hard error in Rust 2021!
[INFO] [stdout]    = note: for more information, see <https://doc.rust-lang.org/nightly/edition-guide/rust-2021/warnings-promoted-to-error.html>
[INFO] [stdout] 
[INFO] [stdout] 
[INFO] [stdout] warning: field `dna_io` is never read
[INFO] [stdout]  --> src/orf/mod.rs:4:5
[INFO] [stdout]   |
[INFO] [stdout] 3 | pub struct Orf<'a> {
[INFO] [stdout]   |            --- field in this struct
[INFO] [stdout] 4 |     dna_io: &'a mut Dnaio,
[INFO] [stdout]   |     ^^^^^^
[INFO] [stdout]   |
[INFO] [stdout]   = note: `#[warn(dead_code)]` on by default
[INFO] [stdout] 
[INFO] [stdout] 
[INFO] [stdout] warning: 5 warnings emitted
[INFO] [stdout] 
[INFO] [stdout] 
[INFO] [stderr]     Finished dev [unoptimized + debuginfo] target(s) in 1.26s
[INFO] running `Command { std: "docker" "inspect" "2b7cff7fef52cb2759d2f08c59a4535c6e6ccb1248444789833aa0bce7f19cca", kill_on_drop: false }`
[INFO] running `Command { std: "docker" "rm" "-f" "2b7cff7fef52cb2759d2f08c59a4535c6e6ccb1248444789833aa0bce7f19cca", kill_on_drop: false }`
[INFO] [stdout] 2b7cff7fef52cb2759d2f08c59a4535c6e6ccb1248444789833aa0bce7f19cca
[INFO] running `Command { std: "docker" "create" "-v" "/var/lib/crater-agent-workspace/builds/worker-0-tc2/target:/opt/rustwide/target:rw,Z" "-v" "/var/lib/crater-agent-workspace/builds/worker-0-tc2/source:/opt/rustwide/workdir:ro,Z" "-v" "/var/lib/crater-agent-workspace/cargo-home:/opt/rustwide/cargo-home:ro,Z" "-v" "/var/lib/crater-agent-workspace/rustup-home:/opt/rustwide/rustup-home:ro,Z" "-e" "SOURCE_DIR=/opt/rustwide/workdir" "-e" "CARGO_TARGET_DIR=/opt/rustwide/target" "-e" "CARGO_INCREMENTAL=0" "-e" "RUST_BACKTRACE=full" "-e" "RUSTFLAGS=--cap-lints=warn" "-e" "RUSTDOCFLAGS=--cap-lints=warn" "-e" "CARGO_HOME=/opt/rustwide/cargo-home" "-e" "RUSTUP_HOME=/opt/rustwide/rustup-home" "-w" "/opt/rustwide/workdir" "-m" "1610612736" "--user" "0:0" "--network" "none" "ghcr.io/rust-lang/crates-build-env/linux@sha256:2788e3201cd34a07e3172128adcd8b3090168a8e3bcc40d7c032b9dda1df7d1c" "/opt/rustwide/cargo-home/bin/cargo" "+beta-2023-12-22" "test" "--frozen" "--no-run" "--message-format=json", kill_on_drop: false }`
[INFO] [stdout] d7831a87dc01a12365a5e8e66027f07868bb770c7dbf82b8bae81bf87b206ee1
[INFO] running `Command { std: "docker" "start" "-a" "d7831a87dc01a12365a5e8e66027f07868bb770c7dbf82b8bae81bf87b206ee1", kill_on_drop: false }`
[INFO] [stdout] warning: `...` range patterns are deprecated
[INFO] [stdout]   --> src/dna/base.rs:27:14
[INFO] [stdout]    |
[INFO] [stdout] 27 |             0...4 => Ok(Base { base }),
[INFO] [stdout]    |              ^^^ help: use `..=` for an inclusive range
[INFO] [stdout]    |
[INFO] [stdout]    = warning: this is accepted in the current edition (Rust 2015) but is a hard error in Rust 2021!
[INFO] [stdout]    = note: for more information, see <https://doc.rust-lang.org/nightly/edition-guide/rust-2021/warnings-promoted-to-error.html>
[INFO] [stdout]    = note: `#[warn(ellipsis_inclusive_range_patterns)]` on by default
[INFO] [stdout] 
[INFO] [stdout] 
[INFO] [stdout] warning: `...` range patterns are deprecated
[INFO] [stdout]   --> src/dna/mod.rs:40:18
[INFO] [stdout]    |
[INFO] [stdout] 40 |                 0...4 => dna.push_num(base).unwrap(),
[INFO] [stdout]    |                  ^^^ help: use `..=` for an inclusive range
[INFO] [stdout]    |
[INFO] [stdout]    = warning: this is accepted in the current edition (Rust 2015) but is a hard error in Rust 2021!
[INFO] [stdout]    = note: for more information, see <https://doc.rust-lang.org/nightly/edition-guide/rust-2021/warnings-promoted-to-error.html>
[INFO] [stdout] 
[INFO] [stdout] 
[INFO] [stdout] warning: `...` range patterns are deprecated
[INFO] [stdout]   --> src/protein/aa.rs:22:14
[INFO] [stdout]    |
[INFO] [stdout] 22 |             0...21 => Ok(Aa { aa }),
[INFO] [stdout]    |              ^^^ help: use `..=` for an inclusive range
[INFO] [stdout]    |
[INFO] [stdout]    = warning: this is accepted in the current edition (Rust 2015) but is a hard error in Rust 2021!
[INFO] [stdout]    = note: for more information, see <https://doc.rust-lang.org/nightly/edition-guide/rust-2021/warnings-promoted-to-error.html>
[INFO] [stdout] 
[INFO] [stdout] 
[INFO] [stderr]    Compiling prokaryote v0.1.0 (/opt/rustwide/workdir)
[INFO] [stdout] warning: `...` range patterns are deprecated
[INFO] [stdout]   --> src/protein/mod.rs:33:18
[INFO] [stdout]    |
[INFO] [stdout] 33 |                 0...21 => p.push_num(a).unwrap(),
[INFO] [stdout]    |                  ^^^ help: use `..=` for an inclusive range
[INFO] [stdout]    |
[INFO] [stdout]    = warning: this is accepted in the current edition (Rust 2015) but is a hard error in Rust 2021!
[INFO] [stdout]    = note: for more information, see <https://doc.rust-lang.org/nightly/edition-guide/rust-2021/warnings-promoted-to-error.html>
[INFO] [stdout] 
[INFO] [stdout] 
[INFO] [stdout] warning: field `dna_io` is never read
[INFO] [stdout]  --> src/orf/mod.rs:4:5
[INFO] [stdout]   |
[INFO] [stdout] 3 | pub struct Orf<'a> {
[INFO] [stdout]   |            --- field in this struct
[INFO] [stdout] 4 |     dna_io: &'a mut Dnaio,
[INFO] [stdout]   |     ^^^^^^
[INFO] [stdout]   |
[INFO] [stdout]   = note: `#[warn(dead_code)]` on by default
[INFO] [stdout] 
[INFO] [stdout] 
[INFO] [stdout] warning: 5 warnings emitted
[INFO] [stdout] 
[INFO] [stdout] 
[INFO] [stdout] warning: `...` range patterns are deprecated
[INFO] [stdout]   --> src/dna/base.rs:27:14
[INFO] [stdout]    |
[INFO] [stdout] 27 |             0...4 => Ok(Base { base }),
[INFO] [stdout]    |              ^^^ help: use `..=` for an inclusive range
[INFO] [stdout]    |
[INFO] [stdout]    = warning: this is accepted in the current edition (Rust 2015) but is a hard error in Rust 2021!
[INFO] [stdout]    = note: for more information, see <https://doc.rust-lang.org/nightly/edition-guide/rust-2021/warnings-promoted-to-error.html>
[INFO] [stdout]    = note: `#[warn(ellipsis_inclusive_range_patterns)]` on by default
[INFO] [stdout] 
[INFO] [stdout] 
[INFO] [stdout] warning: `...` range patterns are deprecated
[INFO] [stdout]   --> src/dna/mod.rs:40:18
[INFO] [stdout]    |
[INFO] [stdout] 40 |                 0...4 => dna.push_num(base).unwrap(),
[INFO] [stdout]    |                  ^^^ help: use `..=` for an inclusive range
[INFO] [stdout]    |
[INFO] [stdout]    = warning: this is accepted in the current edition (Rust 2015) but is a hard error in Rust 2021!
[INFO] [stdout]    = note: for more information, see <https://doc.rust-lang.org/nightly/edition-guide/rust-2021/warnings-promoted-to-error.html>
[INFO] [stdout] 
[INFO] [stdout] 
[INFO] [stdout] warning: `...` range patterns are deprecated
[INFO] [stdout]   --> src/protein/aa.rs:22:14
[INFO] [stdout]    |
[INFO] [stdout] 22 |             0...21 => Ok(Aa { aa }),
[INFO] [stdout]    |              ^^^ help: use `..=` for an inclusive range
[INFO] [stdout]    |
[INFO] [stdout]    = warning: this is accepted in the current edition (Rust 2015) but is a hard error in Rust 2021!
[INFO] [stdout]    = note: for more information, see <https://doc.rust-lang.org/nightly/edition-guide/rust-2021/warnings-promoted-to-error.html>
[INFO] [stdout] 
[INFO] [stdout] 
[INFO] [stdout] warning: `...` range patterns are deprecated
[INFO] [stdout]   --> src/protein/mod.rs:33:18
[INFO] [stdout]    |
[INFO] [stdout] 33 |                 0...21 => p.push_num(a).unwrap(),
[INFO] [stdout]    |                  ^^^ help: use `..=` for an inclusive range
[INFO] [stdout]    |
[INFO] [stdout]    = warning: this is accepted in the current edition (Rust 2015) but is a hard error in Rust 2021!
[INFO] [stdout]    = note: for more information, see <https://doc.rust-lang.org/nightly/edition-guide/rust-2021/warnings-promoted-to-error.html>
[INFO] [stdout] 
[INFO] [stdout] 
[INFO] [stdout] warning: field `dna_io` is never read
[INFO] [stdout]  --> src/orf/mod.rs:4:5
[INFO] [stdout]   |
[INFO] [stdout] 3 | pub struct Orf<'a> {
[INFO] [stdout]   |            --- field in this struct
[INFO] [stdout] 4 |     dna_io: &'a mut Dnaio,
[INFO] [stdout]   |     ^^^^^^
[INFO] [stdout]   |
[INFO] [stdout]   = note: `#[warn(dead_code)]` on by default
[INFO] [stdout] 
[INFO] [stdout] 
[INFO] [stdout] warning: 5 warnings emitted
[INFO] [stdout] 
[INFO] [stdout] 
[INFO] [stderr]     Finished test [unoptimized + debuginfo] target(s) in 0.34s
[INFO] running `Command { std: "docker" "inspect" "d7831a87dc01a12365a5e8e66027f07868bb770c7dbf82b8bae81bf87b206ee1", kill_on_drop: false }`
[INFO] running `Command { std: "docker" "rm" "-f" "d7831a87dc01a12365a5e8e66027f07868bb770c7dbf82b8bae81bf87b206ee1", kill_on_drop: false }`
[INFO] [stdout] d7831a87dc01a12365a5e8e66027f07868bb770c7dbf82b8bae81bf87b206ee1
[INFO] running `Command { std: "docker" "create" "-v" "/var/lib/crater-agent-workspace/builds/worker-0-tc2/target:/opt/rustwide/target:rw,Z" "-v" "/var/lib/crater-agent-workspace/builds/worker-0-tc2/source:/opt/rustwide/workdir:ro,Z" "-v" "/var/lib/crater-agent-workspace/cargo-home:/opt/rustwide/cargo-home:ro,Z" "-v" "/var/lib/crater-agent-workspace/rustup-home:/opt/rustwide/rustup-home:ro,Z" "-e" "SOURCE_DIR=/opt/rustwide/workdir" "-e" "CARGO_TARGET_DIR=/opt/rustwide/target" "-e" "CARGO_INCREMENTAL=0" "-e" "RUST_BACKTRACE=full" "-e" "RUSTFLAGS=--cap-lints=warn" "-e" "RUSTDOCFLAGS=--cap-lints=warn" "-e" "CARGO_HOME=/opt/rustwide/cargo-home" "-e" "RUSTUP_HOME=/opt/rustwide/rustup-home" "-w" "/opt/rustwide/workdir" "-m" "1610612736" "--user" "0:0" "--network" "none" "ghcr.io/rust-lang/crates-build-env/linux@sha256:2788e3201cd34a07e3172128adcd8b3090168a8e3bcc40d7c032b9dda1df7d1c" "/opt/rustwide/cargo-home/bin/cargo" "+beta-2023-12-22" "test" "--frozen", kill_on_drop: false }`
[INFO] [stdout] c8925e82cc021f3eb22806d2802141700a47b9c5db8a23c69189e183c7d31048
[INFO] running `Command { std: "docker" "start" "-a" "c8925e82cc021f3eb22806d2802141700a47b9c5db8a23c69189e183c7d31048", kill_on_drop: false }`
[INFO] [stderr] warning: `...` range patterns are deprecated
[INFO] [stderr]   --> src/dna/base.rs:27:14
[INFO] [stderr]    |
[INFO] [stderr] 27 |             0...4 => Ok(Base { base }),
[INFO] [stderr]    |              ^^^ help: use `..=` for an inclusive range
[INFO] [stderr]    |
[INFO] [stderr]    = warning: this is accepted in the current edition (Rust 2015) but is a hard error in Rust 2021!
[INFO] [stderr]    = note: for more information, see <https://doc.rust-lang.org/nightly/edition-guide/rust-2021/warnings-promoted-to-error.html>
[INFO] [stderr]    = note: `#[warn(ellipsis_inclusive_range_patterns)]` on by default
[INFO] [stderr] 
[INFO] [stderr] warning: `...` range patterns are deprecated
[INFO] [stderr]   --> src/dna/mod.rs:40:18
[INFO] [stderr]    |
[INFO] [stderr] 40 |                 0...4 => dna.push_num(base).unwrap(),
[INFO] [stderr]    |                  ^^^ help: use `..=` for an inclusive range
[INFO] [stderr]    |
[INFO] [stderr]    = warning: this is accepted in the current edition (Rust 2015) but is a hard error in Rust 2021!
[INFO] [stderr]    = note: for more information, see <https://doc.rust-lang.org/nightly/edition-guide/rust-2021/warnings-promoted-to-error.html>
[INFO] [stderr] 
[INFO] [stderr] warning: `...` range patterns are deprecated
[INFO] [stderr]   --> src/protein/aa.rs:22:14
[INFO] [stderr]    |
[INFO] [stderr] 22 |             0...21 => Ok(Aa { aa }),
[INFO] [stderr]    |              ^^^ help: use `..=` for an inclusive range
[INFO] [stderr]    |
[INFO] [stderr]    = warning: this is accepted in the current edition (Rust 2015) but is a hard error in Rust 2021!
[INFO] [stderr]    = note: for more information, see <https://doc.rust-lang.org/nightly/edition-guide/rust-2021/warnings-promoted-to-error.html>
[INFO] [stderr] 
[INFO] [stderr] warning: `...` range patterns are deprecated
[INFO] [stderr]   --> src/protein/mod.rs:33:18
[INFO] [stderr]    |
[INFO] [stderr] 33 |                 0...21 => p.push_num(a).unwrap(),
[INFO] [stderr]    |                  ^^^ help: use `..=` for an inclusive range
[INFO] [stderr]    |
[INFO] [stderr]    = warning: this is accepted in the current edition (Rust 2015) but is a hard error in Rust 2021!
[INFO] [stderr]    = note: for more information, see <https://doc.rust-lang.org/nightly/edition-guide/rust-2021/warnings-promoted-to-error.html>
[INFO] [stderr] 
[INFO] [stderr] warning: field `dna_io` is never read
[INFO] [stderr]  --> src/orf/mod.rs:4:5
[INFO] [stderr]   |
[INFO] [stderr] 3 | pub struct Orf<'a> {
[INFO] [stderr]   |            --- field in this struct
[INFO] [stderr] 4 |     dna_io: &'a mut Dnaio,
[INFO] [stderr]   |     ^^^^^^
[INFO] [stderr]   |
[INFO] [stderr]   = note: `#[warn(dead_code)]` on by default
[INFO] [stderr] 
[INFO] [stderr] warning: `prokaryote` (lib) generated 5 warnings (run `cargo fix --lib -p prokaryote` to apply 4 suggestions)
[INFO] [stderr] warning: `prokaryote` (lib test) generated 5 warnings (5 duplicates)
[INFO] [stderr]     Finished test [unoptimized + debuginfo] target(s) in 0.02s
[INFO] [stderr]      Running unittests src/lib.rs (/opt/rustwide/target/debug/deps/prokaryote-87a4146e8e3fd4b5)
[INFO] [stdout] 
[INFO] [stdout] running 3 tests
[INFO] [stdout] test test::base_work ... ok
[INFO] [stdout] test test::base_panic - should panic ... FAILED
[INFO] [stdout] test test::dna_work ... ok
[INFO] [stdout] 
[INFO] [stdout] failures:
[INFO] [stdout] 
[INFO] [stdout] ---- test::base_panic stdout ----
[INFO] [stdout] note: test did not panic as expected
[INFO] [stdout] 
[INFO] [stdout] failures:
[INFO] [stdout]     test::base_panic
[INFO] [stdout] 
[INFO] [stdout] test result: FAILED. 2 passed; 1 failed; 0 ignored; 0 measured; 0 filtered out; finished in 0.00s
[INFO] [stdout] 
[INFO] [stderr] error: test failed, to rerun pass `--lib`
[INFO] running `Command { std: "docker" "inspect" "c8925e82cc021f3eb22806d2802141700a47b9c5db8a23c69189e183c7d31048", kill_on_drop: false }`
[INFO] running `Command { std: "docker" "rm" "-f" "c8925e82cc021f3eb22806d2802141700a47b9c5db8a23c69189e183c7d31048", kill_on_drop: false }`
[INFO] [stdout] c8925e82cc021f3eb22806d2802141700a47b9c5db8a23c69189e183c7d31048
