[INFO] cloning repository https://github.com/VloBoo/alovak
[INFO] running `Command { std: "git" "-c" "credential.helper=" "-c" "credential.helper=/workspace/cargo-home/bin/git-credential-null" "clone" "--bare" "https://github.com/VloBoo/alovak" "/workspace/cache/git-repos/https%3A%2F%2Fgithub.com%2FVloBoo%2Falovak", kill_on_drop: false }`
[INFO] [stderr] Cloning into bare repository '/workspace/cache/git-repos/https%3A%2F%2Fgithub.com%2FVloBoo%2Falovak'...
[INFO] running `Command { std: "git" "rev-parse" "HEAD", kill_on_drop: false }`
[INFO] [stdout] f0f050bc07ce35a146f80d11a03d94f802fb9dba
[INFO] testing VloBoo/alovak against 1.75.0 for beta-1.76-1
[INFO] running `Command { std: "git" "clone" "/workspace/cache/git-repos/https%3A%2F%2Fgithub.com%2FVloBoo%2Falovak" "/workspace/builds/worker-2-tc1/source", kill_on_drop: false }`
[INFO] [stderr] Cloning into '/workspace/builds/worker-2-tc1/source'...
[INFO] [stderr] done.
[INFO] validating manifest of git repo https://github.com/VloBoo/alovak on toolchain 1.75.0
[INFO] running `Command { std: CARGO_HOME="/workspace/cargo-home" RUSTUP_HOME="/workspace/rustup-home" "/workspace/cargo-home/bin/cargo" "+1.75.0" "metadata" "--manifest-path" "Cargo.toml" "--no-deps", kill_on_drop: false }`
[INFO] started tweaking git repo https://github.com/VloBoo/alovak
[INFO] finished tweaking git repo https://github.com/VloBoo/alovak
[INFO] tweaked toml for git repo https://github.com/VloBoo/alovak written to /workspace/builds/worker-2-tc1/source/Cargo.toml
[INFO] crate git repo https://github.com/VloBoo/alovak already has a lockfile, it will not be regenerated
[INFO] running `Command { std: CARGO_HOME="/workspace/cargo-home" RUSTUP_HOME="/workspace/rustup-home" "/workspace/cargo-home/bin/cargo" "+1.75.0" "fetch" "--manifest-path" "Cargo.toml", kill_on_drop: false }`
[INFO] [stderr] warning: dependency (ash) specified without providing a local path, Git repository, version, or workspace dependency to use. This will be considered an error in future versions
[INFO] running `Command { std: "docker" "create" "-v" "/var/lib/crater-agent-workspace/builds/worker-2-tc1/target:/opt/rustwide/target:rw,Z" "-v" "/var/lib/crater-agent-workspace/builds/worker-2-tc1/source:/opt/rustwide/workdir:ro,Z" "-v" "/var/lib/crater-agent-workspace/cargo-home:/opt/rustwide/cargo-home:ro,Z" "-v" "/var/lib/crater-agent-workspace/rustup-home:/opt/rustwide/rustup-home:ro,Z" "-e" "SOURCE_DIR=/opt/rustwide/workdir" "-e" "CARGO_TARGET_DIR=/opt/rustwide/target" "-e" "CARGO_HOME=/opt/rustwide/cargo-home" "-e" "RUSTUP_HOME=/opt/rustwide/rustup-home" "-w" "/opt/rustwide/workdir" "-m" "1610612736" "--user" "0:0" "--network" "none" "ghcr.io/rust-lang/crates-build-env/linux@sha256:2788e3201cd34a07e3172128adcd8b3090168a8e3bcc40d7c032b9dda1df7d1c" "/opt/rustwide/cargo-home/bin/cargo" "+1.75.0" "metadata" "--no-deps" "--format-version=1", kill_on_drop: false }`
[INFO] [stdout] 9a826a59814593f11c85c626ecf4cd4807e9abef9aa833ca2028a47907bbaec8
[INFO] running `Command { std: "docker" "start" "-a" "9a826a59814593f11c85c626ecf4cd4807e9abef9aa833ca2028a47907bbaec8", kill_on_drop: false }`
[INFO] running `Command { std: "docker" "inspect" "9a826a59814593f11c85c626ecf4cd4807e9abef9aa833ca2028a47907bbaec8", kill_on_drop: false }`
[INFO] running `Command { std: "docker" "rm" "-f" "9a826a59814593f11c85c626ecf4cd4807e9abef9aa833ca2028a47907bbaec8", kill_on_drop: false }`
[INFO] [stdout] 9a826a59814593f11c85c626ecf4cd4807e9abef9aa833ca2028a47907bbaec8
[INFO] running `Command { std: "docker" "create" "-v" "/var/lib/crater-agent-workspace/builds/worker-2-tc1/target:/opt/rustwide/target:rw,Z" "-v" "/var/lib/crater-agent-workspace/builds/worker-2-tc1/source:/opt/rustwide/workdir:ro,Z" "-v" "/var/lib/crater-agent-workspace/cargo-home:/opt/rustwide/cargo-home:ro,Z" "-v" "/var/lib/crater-agent-workspace/rustup-home:/opt/rustwide/rustup-home:ro,Z" "-e" "SOURCE_DIR=/opt/rustwide/workdir" "-e" "CARGO_TARGET_DIR=/opt/rustwide/target" "-e" "CARGO_INCREMENTAL=0" "-e" "RUST_BACKTRACE=full" "-e" "RUSTFLAGS=--cap-lints=warn" "-e" "RUSTDOCFLAGS=--cap-lints=warn" "-e" "CARGO_HOME=/opt/rustwide/cargo-home" "-e" "RUSTUP_HOME=/opt/rustwide/rustup-home" "-w" "/opt/rustwide/workdir" "-m" "1610612736" "--user" "0:0" "--network" "none" "ghcr.io/rust-lang/crates-build-env/linux@sha256:2788e3201cd34a07e3172128adcd8b3090168a8e3bcc40d7c032b9dda1df7d1c" "/opt/rustwide/cargo-home/bin/cargo" "+1.75.0" "build" "--frozen" "--message-format=json", kill_on_drop: false }`
[INFO] [stdout] 6c334e560d07a882e39b72fd0da30c901d09e18e7ac5c89fbf1c1093815c2a5b
[INFO] running `Command { std: "docker" "start" "-a" "6c334e560d07a882e39b72fd0da30c901d09e18e7ac5c89fbf1c1093815c2a5b", kill_on_drop: false }`
[INFO] [stderr] warning: dependency (ash) specified without providing a local path, Git repository, version, or workspace dependency to use. This will be considered an error in future versions
[INFO] [stderr]    Compiling ash v0.37.3+1.3.251
[INFO] [stderr]    Compiling alovak v0.0.2 (/opt/rustwide/workdir)
[INFO] [stdout] warning: unused import: `ash::vk::Bool32`
[INFO] [stdout]  --> src/render/render_builder.rs:3:5
[INFO] [stdout]   |
[INFO] [stdout] 3 | use ash::vk::Bool32;
[INFO] [stdout]   |     ^^^^^^^^^^^^^^^
[INFO] [stdout]   |
[INFO] [stdout]   = note: `#[warn(unused_imports)]` on by default
[INFO] [stdout] 
[INFO] [stdout] 
[INFO] [stdout] warning: unused import: `vk::Queue`
[INFO] [stdout]  --> src/render/render_builder.rs:5:19
[INFO] [stdout]   |
[INFO] [stdout] 5 | pub use ash::{vk, vk::Queue, Device, Entry, Instance};
[INFO] [stdout]   |                   ^^^^^^^^^
[INFO] [stdout] 
[INFO] [stdout] 
[INFO] [stdout] warning: unused variable: `physical_device_properties`
[INFO] [stdout]   --> src/render/render_builder.rs:86:29
[INFO] [stdout]    |
[INFO] [stdout] 86 |                         let physical_device_properties =
[INFO] [stdout]    |                             ^^^^^^^^^^^^^^^^^^^^^^^^^^ help: if this is intentional, prefix it with an underscore: `_physical_device_properties`
[INFO] [stdout]    |
[INFO] [stdout]    = note: `#[warn(unused_variables)]` on by default
[INFO] [stdout] 
[INFO] [stdout] 
[INFO] [stdout] warning: unused variable: `queue_family_present`
[INFO] [stdout]   --> src/render/render_builder.rs:90:33
[INFO] [stdout]    |
[INFO] [stdout] 90 |                         let mut queue_family_present: Option<u32> = Some(1);
[INFO] [stdout]    |                                 ^^^^^^^^^^^^^^^^^^^^ help: if this is intentional, prefix it with an underscore: `_queue_family_present`
[INFO] [stdout] 
[INFO] [stdout] 
[INFO] [stdout] warning: variable does not need to be mutable
[INFO] [stdout]   --> src/render/render_builder.rs:90:29
[INFO] [stdout]    |
[INFO] [stdout] 90 |                         let mut queue_family_present: Option<u32> = Some(1);
[INFO] [stdout]    |                             ----^^^^^^^^^^^^^^^^^^^^
[INFO] [stdout]    |                             |
[INFO] [stdout]    |                             help: remove this `mut`
[INFO] [stdout]    |
[INFO] [stdout]    = note: `#[warn(unused_mut)]` on by default
[INFO] [stdout] 
[INFO] [stdout] 
[INFO] [stdout] warning: unnecessary `unsafe` block
[INFO] [stdout]   --> src/render.rs:20:9
[INFO] [stdout]    |
[INFO] [stdout] 20 |         unsafe {
[INFO] [stdout]    |         ^^^^^^ unnecessary `unsafe` block
[INFO] [stdout]    |
[INFO] [stdout]    = note: `#[warn(unused_unsafe)]` on by default
[INFO] [stdout] 
[INFO] [stdout] 
[INFO] [stdout] warning: fields `surface`, `surface_format`, and `present_mode` are never read
[INFO] [stdout]   --> src/render/render_builder.rs:12:5
[INFO] [stdout]    |
[INFO] [stdout] 9  | pub struct RenderBuilder {
[INFO] [stdout]    |            ------------- fields in this struct
[INFO] [stdout] ...
[INFO] [stdout] 12 |     surface: Option<vk::SurfaceKHR>,
[INFO] [stdout]    |     ^^^^^^^
[INFO] [stdout] 13 |     surface_format: Option<vk::SurfaceFormatKHR>,
[INFO] [stdout]    |     ^^^^^^^^^^^^^^
[INFO] [stdout] 14 |     present_mode: Option<vk::PresentModeKHR>,
[INFO] [stdout]    |     ^^^^^^^^^^^^
[INFO] [stdout]    |
[INFO] [stdout]    = note: `#[warn(dead_code)]` on by default
[INFO] [stdout] 
[INFO] [stdout] 
[INFO] [stdout] warning: 7 warnings emitted
[INFO] [stdout] 
[INFO] [stdout] 
[INFO] [stderr]     Finished dev [unoptimized + debuginfo] target(s) in 12.97s
[INFO] running `Command { std: "docker" "inspect" "6c334e560d07a882e39b72fd0da30c901d09e18e7ac5c89fbf1c1093815c2a5b", kill_on_drop: false }`
[INFO] running `Command { std: "docker" "rm" "-f" "6c334e560d07a882e39b72fd0da30c901d09e18e7ac5c89fbf1c1093815c2a5b", kill_on_drop: false }`
[INFO] [stdout] 6c334e560d07a882e39b72fd0da30c901d09e18e7ac5c89fbf1c1093815c2a5b
[INFO] running `Command { std: "docker" "create" "-v" "/var/lib/crater-agent-workspace/builds/worker-2-tc1/target:/opt/rustwide/target:rw,Z" "-v" "/var/lib/crater-agent-workspace/builds/worker-2-tc1/source:/opt/rustwide/workdir:ro,Z" "-v" "/var/lib/crater-agent-workspace/cargo-home:/opt/rustwide/cargo-home:ro,Z" "-v" "/var/lib/crater-agent-workspace/rustup-home:/opt/rustwide/rustup-home:ro,Z" "-e" "SOURCE_DIR=/opt/rustwide/workdir" "-e" "CARGO_TARGET_DIR=/opt/rustwide/target" "-e" "CARGO_INCREMENTAL=0" "-e" "RUST_BACKTRACE=full" "-e" "RUSTFLAGS=--cap-lints=warn" "-e" "RUSTDOCFLAGS=--cap-lints=warn" "-e" "CARGO_HOME=/opt/rustwide/cargo-home" "-e" "RUSTUP_HOME=/opt/rustwide/rustup-home" "-w" "/opt/rustwide/workdir" "-m" "1610612736" "--user" "0:0" "--network" "none" "ghcr.io/rust-lang/crates-build-env/linux@sha256:2788e3201cd34a07e3172128adcd8b3090168a8e3bcc40d7c032b9dda1df7d1c" "/opt/rustwide/cargo-home/bin/cargo" "+1.75.0" "test" "--frozen" "--no-run" "--message-format=json", kill_on_drop: false }`
[INFO] [stdout] e4c4b7e35ed5d4240774c3df6644f91bd2990ce0b08c7255c1ee9900a519f065
[INFO] running `Command { std: "docker" "start" "-a" "e4c4b7e35ed5d4240774c3df6644f91bd2990ce0b08c7255c1ee9900a519f065", kill_on_drop: false }`
[INFO] [stderr] warning: dependency (ash) specified without providing a local path, Git repository, version, or workspace dependency to use. This will be considered an error in future versions
[INFO] [stdout] warning: unused import: `ash::vk::Bool32`
[INFO] [stdout]  --> src/render/render_builder.rs:3:5
[INFO] [stdout]   |
[INFO] [stdout] 3 | use ash::vk::Bool32;
[INFO] [stdout]   |     ^^^^^^^^^^^^^^^
[INFO] [stdout]   |
[INFO] [stdout]   = note: `#[warn(unused_imports)]` on by default
[INFO] [stdout] 
[INFO] [stdout] 
[INFO] [stdout] warning: unused import: `vk::Queue`
[INFO] [stdout]  --> src/render/render_builder.rs:5:19
[INFO] [stdout]   |
[INFO] [stdout] 5 | pub use ash::{vk, vk::Queue, Device, Entry, Instance};
[INFO] [stdout]   |                   ^^^^^^^^^
[INFO] [stdout] 
[INFO] [stdout] 
[INFO] [stdout] warning: unused variable: `physical_device_properties`
[INFO] [stdout]   --> src/render/render_builder.rs:86:29
[INFO] [stdout]    |
[INFO] [stdout] 86 |                         let physical_device_properties =
[INFO] [stdout]    |                             ^^^^^^^^^^^^^^^^^^^^^^^^^^ help: if this is intentional, prefix it with an underscore: `_physical_device_properties`
[INFO] [stdout]    |
[INFO] [stdout]    = note: `#[warn(unused_variables)]` on by default
[INFO] [stdout] 
[INFO] [stdout] 
[INFO] [stdout] warning: unused variable: `queue_family_present`
[INFO] [stdout]   --> src/render/render_builder.rs:90:33
[INFO] [stdout]    |
[INFO] [stdout] 90 |                         let mut queue_family_present: Option<u32> = Some(1);
[INFO] [stdout]    |                                 ^^^^^^^^^^^^^^^^^^^^ help: if this is intentional, prefix it with an underscore: `_queue_family_present`
[INFO] [stdout] 
[INFO] [stdout] 
[INFO] [stdout] warning: variable does not need to be mutable
[INFO] [stdout]   --> src/render/render_builder.rs:90:29
[INFO] [stdout]    |
[INFO] [stdout] 90 |                         let mut queue_family_present: Option<u32> = Some(1);
[INFO] [stdout]    |                             ----^^^^^^^^^^^^^^^^^^^^
[INFO] [stdout]    |                             |
[INFO] [stdout]    |                             help: remove this `mut`
[INFO] [stdout]    |
[INFO] [stdout]    = note: `#[warn(unused_mut)]` on by default
[INFO] [stdout] 
[INFO] [stdout] 
[INFO] [stdout] warning: unnecessary `unsafe` block
[INFO] [stdout]   --> src/render.rs:20:9
[INFO] [stdout]    |
[INFO] [stdout] 20 |         unsafe {
[INFO] [stdout]    |         ^^^^^^ unnecessary `unsafe` block
[INFO] [stdout]    |
[INFO] [stdout]    = note: `#[warn(unused_unsafe)]` on by default
[INFO] [stdout] 
[INFO] [stdout] 
[INFO] [stdout] warning: fields `surface`, `surface_format`, and `present_mode` are never read
[INFO] [stdout]   --> src/render/render_builder.rs:12:5
[INFO] [stdout]    |
[INFO] [stdout] 9  | pub struct RenderBuilder {
[INFO] [stdout]    |            ------------- fields in this struct
[INFO] [stdout] ...
[INFO] [stdout] 12 |     surface: Option<vk::SurfaceKHR>,
[INFO] [stdout]    |     ^^^^^^^
[INFO] [stdout] 13 |     surface_format: Option<vk::SurfaceFormatKHR>,
[INFO] [stdout]    |     ^^^^^^^^^^^^^^
[INFO] [stdout] 14 |     present_mode: Option<vk::PresentModeKHR>,
[INFO] [stdout]    |     ^^^^^^^^^^^^
[INFO] [stdout]    |
[INFO] [stdout]    = note: `#[warn(dead_code)]` on by default
[INFO] [stdout] 
[INFO] [stdout] 
[INFO] [stdout] warning: 7 warnings emitted
[INFO] [stdout] 
[INFO] [stdout] 
[INFO] [stderr]    Compiling alovak v0.0.2 (/opt/rustwide/workdir)
[INFO] [stdout] warning: unused import: `ash::vk::Bool32`
[INFO] [stdout]  --> src/render/render_builder.rs:3:5
[INFO] [stdout]   |
[INFO] [stdout] 3 | use ash::vk::Bool32;
[INFO] [stdout]   |     ^^^^^^^^^^^^^^^
[INFO] [stdout]   |
[INFO] [stdout]   = note: `#[warn(unused_imports)]` on by default
[INFO] [stdout] 
[INFO] [stdout] 
[INFO] [stdout] warning: unused import: `vk::Queue`
[INFO] [stdout]  --> src/render/render_builder.rs:5:19
[INFO] [stdout]   |
[INFO] [stdout] 5 | pub use ash::{vk, vk::Queue, Device, Entry, Instance};
[INFO] [stdout]   |                   ^^^^^^^^^
[INFO] [stdout] 
[INFO] [stdout] 
[INFO] [stdout] warning: unused variable: `physical_device_properties`
[INFO] [stdout]   --> src/render/render_builder.rs:86:29
[INFO] [stdout]    |
[INFO] [stdout] 86 |                         let physical_device_properties =
[INFO] [stdout]    |                             ^^^^^^^^^^^^^^^^^^^^^^^^^^ help: if this is intentional, prefix it with an underscore: `_physical_device_properties`
[INFO] [stdout]    |
[INFO] [stdout]    = note: `#[warn(unused_variables)]` on by default
[INFO] [stdout] 
[INFO] [stdout] 
[INFO] [stdout] warning: unused variable: `queue_family_present`
[INFO] [stdout]   --> src/render/render_builder.rs:90:33
[INFO] [stdout]    |
[INFO] [stdout] 90 |                         let mut queue_family_present: Option<u32> = Some(1);
[INFO] [stdout]    |                                 ^^^^^^^^^^^^^^^^^^^^ help: if this is intentional, prefix it with an underscore: `_queue_family_present`
[INFO] [stdout] 
[INFO] [stdout] 
[INFO] [stdout] warning: variable does not need to be mutable
[INFO] [stdout]   --> src/render/render_builder.rs:90:29
[INFO] [stdout]    |
[INFO] [stdout] 90 |                         let mut queue_family_present: Option<u32> = Some(1);
[INFO] [stdout]    |                             ----^^^^^^^^^^^^^^^^^^^^
[INFO] [stdout]    |                             |
[INFO] [stdout]    |                             help: remove this `mut`
[INFO] [stdout]    |
[INFO] [stdout]    = note: `#[warn(unused_mut)]` on by default
[INFO] [stdout] 
[INFO] [stdout] 
[INFO] [stdout] warning: unnecessary `unsafe` block
[INFO] [stdout]   --> src/render.rs:20:9
[INFO] [stdout]    |
[INFO] [stdout] 20 |         unsafe {
[INFO] [stdout]    |         ^^^^^^ unnecessary `unsafe` block
[INFO] [stdout]    |
[INFO] [stdout]    = note: `#[warn(unused_unsafe)]` on by default
[INFO] [stdout] 
[INFO] [stdout] 
[INFO] [stdout] warning: fields `surface`, `surface_format`, and `present_mode` are never read
[INFO] [stdout]   --> src/render/render_builder.rs:12:5
[INFO] [stdout]    |
[INFO] [stdout] 9  | pub struct RenderBuilder {
[INFO] [stdout]    |            ------------- fields in this struct
[INFO] [stdout] ...
[INFO] [stdout] 12 |     surface: Option<vk::SurfaceKHR>,
[INFO] [stdout]    |     ^^^^^^^
[INFO] [stdout] 13 |     surface_format: Option<vk::SurfaceFormatKHR>,
[INFO] [stdout]    |     ^^^^^^^^^^^^^^
[INFO] [stdout] 14 |     present_mode: Option<vk::PresentModeKHR>,
[INFO] [stdout]    |     ^^^^^^^^^^^^
[INFO] [stdout]    |
[INFO] [stdout]    = note: `#[warn(dead_code)]` on by default
[INFO] [stdout] 
[INFO] [stdout] 
[INFO] [stdout] warning: 7 warnings emitted
[INFO] [stdout] 
[INFO] [stdout] 
[INFO] [stderr]     Finished test [unoptimized + debuginfo] target(s) in 0.86s
[INFO] running `Command { std: "docker" "inspect" "e4c4b7e35ed5d4240774c3df6644f91bd2990ce0b08c7255c1ee9900a519f065", kill_on_drop: false }`
[INFO] running `Command { std: "docker" "rm" "-f" "e4c4b7e35ed5d4240774c3df6644f91bd2990ce0b08c7255c1ee9900a519f065", kill_on_drop: false }`
[INFO] [stdout] e4c4b7e35ed5d4240774c3df6644f91bd2990ce0b08c7255c1ee9900a519f065
[INFO] running `Command { std: "docker" "create" "-v" "/var/lib/crater-agent-workspace/builds/worker-2-tc1/target:/opt/rustwide/target:rw,Z" "-v" "/var/lib/crater-agent-workspace/builds/worker-2-tc1/source:/opt/rustwide/workdir:ro,Z" "-v" "/var/lib/crater-agent-workspace/cargo-home:/opt/rustwide/cargo-home:ro,Z" "-v" "/var/lib/crater-agent-workspace/rustup-home:/opt/rustwide/rustup-home:ro,Z" "-e" "SOURCE_DIR=/opt/rustwide/workdir" "-e" "CARGO_TARGET_DIR=/opt/rustwide/target" "-e" "CARGO_INCREMENTAL=0" "-e" "RUST_BACKTRACE=full" "-e" "RUSTFLAGS=--cap-lints=warn" "-e" "RUSTDOCFLAGS=--cap-lints=warn" "-e" "CARGO_HOME=/opt/rustwide/cargo-home" "-e" "RUSTUP_HOME=/opt/rustwide/rustup-home" "-w" "/opt/rustwide/workdir" "-m" "1610612736" "--user" "0:0" "--network" "none" "ghcr.io/rust-lang/crates-build-env/linux@sha256:2788e3201cd34a07e3172128adcd8b3090168a8e3bcc40d7c032b9dda1df7d1c" "/opt/rustwide/cargo-home/bin/cargo" "+1.75.0" "test" "--frozen", kill_on_drop: false }`
[INFO] [stdout] 355a2a5b2cc66a3d7170aa452e9d3baac07f53f3c1269a27c83c0ce33960a0ef
[INFO] running `Command { std: "docker" "start" "-a" "355a2a5b2cc66a3d7170aa452e9d3baac07f53f3c1269a27c83c0ce33960a0ef", kill_on_drop: false }`
[INFO] [stderr] warning: dependency (ash) specified without providing a local path, Git repository, version, or workspace dependency to use. This will be considered an error in future versions
[INFO] [stderr] warning: unused import: `ash::vk::Bool32`
[INFO] [stderr]  --> src/render/render_builder.rs:3:5
[INFO] [stderr]   |
[INFO] [stderr] 3 | use ash::vk::Bool32;
[INFO] [stderr]   |     ^^^^^^^^^^^^^^^
[INFO] [stderr]   |
[INFO] [stderr]   = note: `#[warn(unused_imports)]` on by default
[INFO] [stderr] 
[INFO] [stderr] warning: unused import: `vk::Queue`
[INFO] [stderr]  --> src/render/render_builder.rs:5:19
[INFO] [stderr]   |
[INFO] [stderr] 5 | pub use ash::{vk, vk::Queue, Device, Entry, Instance};
[INFO] [stderr]   |                   ^^^^^^^^^
[INFO] [stderr] 
[INFO] [stderr] warning: unused variable: `physical_device_properties`
[INFO] [stderr]   --> src/render/render_builder.rs:86:29
[INFO] [stderr]    |
[INFO] [stderr] 86 |                         let physical_device_properties =
[INFO] [stderr]    |                             ^^^^^^^^^^^^^^^^^^^^^^^^^^ help: if this is intentional, prefix it with an underscore: `_physical_device_properties`
[INFO] [stderr]    |
[INFO] [stderr]    = note: `#[warn(unused_variables)]` on by default
[INFO] [stderr] 
[INFO] [stderr] warning: unused variable: `queue_family_present`
[INFO] [stderr]   --> src/render/render_builder.rs:90:33
[INFO] [stderr]    |
[INFO] [stderr] 90 |                         let mut queue_family_present: Option<u32> = Some(1);
[INFO] [stderr]    |                                 ^^^^^^^^^^^^^^^^^^^^ help: if this is intentional, prefix it with an underscore: `_queue_family_present`
[INFO] [stderr] 
[INFO] [stderr] warning: variable does not need to be mutable
[INFO] [stderr]   --> src/render/render_builder.rs:90:29
[INFO] [stderr]    |
[INFO] [stderr] 90 |                         let mut queue_family_present: Option<u32> = Some(1);
[INFO] [stderr]    |                             ----^^^^^^^^^^^^^^^^^^^^
[INFO] [stderr]    |                             |
[INFO] [stderr]    |                             help: remove this `mut`
[INFO] [stderr]    |
[INFO] [stderr]    = note: `#[warn(unused_mut)]` on by default
[INFO] [stderr] 
[INFO] [stderr] warning: unnecessary `unsafe` block
[INFO] [stderr]   --> src/render.rs:20:9
[INFO] [stderr]    |
[INFO] [stderr] 20 |         unsafe {
[INFO] [stderr]    |         ^^^^^^ unnecessary `unsafe` block
[INFO] [stderr]    |
[INFO] [stderr]    = note: `#[warn(unused_unsafe)]` on by default
[INFO] [stderr] 
[INFO] [stderr] warning: fields `surface`, `surface_format`, and `present_mode` are never read
[INFO] [stderr]   --> src/render/render_builder.rs:12:5
[INFO] [stderr]    |
[INFO] [stderr] 9  | pub struct RenderBuilder {
[INFO] [stderr]    |            ------------- fields in this struct
[INFO] [stderr] ...
[INFO] [stderr] 12 |     surface: Option<vk::SurfaceKHR>,
[INFO] [stderr]    |     ^^^^^^^
[INFO] [stderr] 13 |     surface_format: Option<vk::SurfaceFormatKHR>,
[INFO] [stderr]    |     ^^^^^^^^^^^^^^
[INFO] [stderr] 14 |     present_mode: Option<vk::PresentModeKHR>,
[INFO] [stderr]    |     ^^^^^^^^^^^^
[INFO] [stderr]    |
[INFO] [stderr]    = note: `#[warn(dead_code)]` on by default
[INFO] [stderr] 
[INFO] [stderr] warning: `alovak` (lib) generated 7 warnings (run `cargo fix --lib -p alovak` to apply 5 suggestions)
[INFO] [stderr] warning: `alovak` (lib test) generated 7 warnings (7 duplicates)
[INFO] [stderr]     Finished test [unoptimized + debuginfo] target(s) in 0.03s
[INFO] [stderr]      Running unittests src/lib.rs (/opt/rustwide/target/debug/deps/alovak-577d3deb1fa44365)
[INFO] [stdout] 
[INFO] [stdout] running 0 tests
[INFO] [stdout] 
[INFO] [stdout] test result: ok. 0 passed; 0 failed; 0 ignored; 0 measured; 0 filtered out; finished in 0.00s
[INFO] [stdout] 
[INFO] [stderr]      Running tests/test.rs (/opt/rustwide/target/debug/deps/test-581a4bc4b5573dcb)
[INFO] [stdout] 
[INFO] [stdout] running 1 test
[INFO] [stdout] test main_test ... FAILED
[INFO] [stdout] 
[INFO] [stdout] failures:
[INFO] [stdout] 
[INFO] [stdout] ---- main_test stdout ----
[INFO] [stdout] 
[INFO] [stdout]  false 
[INFO] [stdout] 
[INFO] [stdout] thread 'main_test' panicked at tests/test.rs:5:33:
[INFO] [stdout] called `Result::unwrap()` on an `Err` value: ()
[INFO] [stdout] stack backtrace:
[INFO] [stdout]    0:     0x56306f4a639c - std::backtrace_rs::backtrace::libunwind::trace::ha637c64ce894333a
[INFO] [stdout]                                at /rustc/82e1608dfa6e0b5569232559e3d385fea5a93112/library/std/src/../../backtrace/src/backtrace/libunwind.rs:104:5
[INFO] [stdout]    1:     0x56306f4a639c - std::backtrace_rs::backtrace::trace_unsynchronized::h47f62dea28e0c88d
[INFO] [stdout]                                at /rustc/82e1608dfa6e0b5569232559e3d385fea5a93112/library/std/src/../../backtrace/src/backtrace/mod.rs:66:5
[INFO] [stdout]    2:     0x56306f4a639c - std::sys_common::backtrace::_print_fmt::h9eef0abe20ede486
[INFO] [stdout]                                at /rustc/82e1608dfa6e0b5569232559e3d385fea5a93112/library/std/src/sys_common/backtrace.rs:67:5
[INFO] [stdout]    3:     0x56306f4a639c - <std::sys_common::backtrace::_print::DisplayBacktrace as core::fmt::Display>::fmt::hed7f999df88cc644
[INFO] [stdout]                                at /rustc/82e1608dfa6e0b5569232559e3d385fea5a93112/library/std/src/sys_common/backtrace.rs:44:22
[INFO] [stdout]    4:     0x56306f4cfee0 - core::fmt::rt::Argument::fmt::h1539a9308b8d058d
[INFO] [stdout]                                at /rustc/82e1608dfa6e0b5569232559e3d385fea5a93112/library/core/src/fmt/rt.rs:142:9
[INFO] [stdout]    5:     0x56306f4cfee0 - core::fmt::write::h3a39390d8560d9c9
[INFO] [stdout]                                at /rustc/82e1608dfa6e0b5569232559e3d385fea5a93112/library/core/src/fmt/mod.rs:1120:17
[INFO] [stdout]    6:     0x56306f4a3d4f - std::io::Write::write_fmt::h040b369f3a0f9cbc
[INFO] [stdout]                                at /rustc/82e1608dfa6e0b5569232559e3d385fea5a93112/library/std/src/io/mod.rs:1762:15
[INFO] [stdout]    7:     0x56306f4a6184 - std::sys_common::backtrace::_print::h894006fb5c6f3d45
[INFO] [stdout]                                at /rustc/82e1608dfa6e0b5569232559e3d385fea5a93112/library/std/src/sys_common/backtrace.rs:47:5
[INFO] [stdout]    8:     0x56306f4a6184 - std::sys_common::backtrace::print::h23a2d212c6fff936
[INFO] [stdout]                                at /rustc/82e1608dfa6e0b5569232559e3d385fea5a93112/library/std/src/sys_common/backtrace.rs:34:9
[INFO] [stdout]    9:     0x56306f4a7e47 - std::panicking::default_hook::{{closure}}::h8a1d2ee00185001a
[INFO] [stdout]   10:     0x56306f4a7b33 - std::panicking::default_hook::h6038f2eba384e475
[INFO] [stdout]                                at /rustc/82e1608dfa6e0b5569232559e3d385fea5a93112/library/std/src/panicking.rs:289:9
[INFO] [stdout]   11:     0x56306f456077 - <alloc::boxed::Box<F,A> as core::ops::function::Fn<Args>>::call::h0ad024c9bdc6d768
[INFO] [stdout]                                at /rustc/82e1608dfa6e0b5569232559e3d385fea5a93112/library/alloc/src/boxed.rs:2021:9
[INFO] [stdout]   12:     0x56306f456077 - test::test_main::{{closure}}::h7500b54257359db6
[INFO] [stdout]                                at /rustc/82e1608dfa6e0b5569232559e3d385fea5a93112/library/test/src/lib.rs:138:21
[INFO] [stdout]   13:     0x56306f4a8458 - <alloc::boxed::Box<F,A> as core::ops::function::Fn<Args>>::call::h1f8f335eaa9cfaee
[INFO] [stdout]                                at /rustc/82e1608dfa6e0b5569232559e3d385fea5a93112/library/alloc/src/boxed.rs:2021:9
[INFO] [stdout]   14:     0x56306f4a8458 - std::panicking::rust_panic_with_hook::h2b5517d590cab22e
[INFO] [stdout]                                at /rustc/82e1608dfa6e0b5569232559e3d385fea5a93112/library/std/src/panicking.rs:783:13
[INFO] [stdout]   15:     0x56306f4a81ae - std::panicking::begin_panic_handler::{{closure}}::h233112c06e0ef43e
[INFO] [stdout]                                at /rustc/82e1608dfa6e0b5569232559e3d385fea5a93112/library/std/src/panicking.rs:657:13
[INFO] [stdout]   16:     0x56306f4a6866 - std::sys_common::backtrace::__rust_end_short_backtrace::h6e893f24d7ebbff8
[INFO] [stdout]                                at /rustc/82e1608dfa6e0b5569232559e3d385fea5a93112/library/std/src/sys_common/backtrace.rs:170:18
[INFO] [stdout]   17:     0x56306f4a7f12 - rust_begin_unwind
[INFO] [stdout]                                at /rustc/82e1608dfa6e0b5569232559e3d385fea5a93112/library/std/src/panicking.rs:645:5
[INFO] [stdout]   18:     0x56306f420cf5 - core::panicking::panic_fmt::hbf0e066aabfa482c
[INFO] [stdout]                                at /rustc/82e1608dfa6e0b5569232559e3d385fea5a93112/library/core/src/panicking.rs:72:14
[INFO] [stdout]   19:     0x56306f421283 - core::result::unwrap_failed::hddb4fea594200c52
[INFO] [stdout]                                at /rustc/82e1608dfa6e0b5569232559e3d385fea5a93112/library/core/src/result.rs:1653:5
[INFO] [stdout]   20:     0x56306f421b6c - core::result::Result<T,E>::unwrap::hb4b8f73045f8b5a6
[INFO] [stdout]                                at /rustc/82e1608dfa6e0b5569232559e3d385fea5a93112/library/core/src/result.rs:1077:23
[INFO] [stdout]   21:     0x56306f422699 - test::main_test::h30a9ed450af6d666
[INFO] [stdout]                                at /opt/rustwide/workdir/tests/test.rs:5:19
[INFO] [stdout]   22:     0x56306f422667 - test::main_test::{{closure}}::h1bbda84d9080b7ad
[INFO] [stdout]                                at /opt/rustwide/workdir/tests/test.rs:4:15
[INFO] [stdout]   23:     0x56306f421856 - core::ops::function::FnOnce::call_once::h1019c8d2e2bd55d3
[INFO] [stdout]                                at /rustc/82e1608dfa6e0b5569232559e3d385fea5a93112/library/core/src/ops/function.rs:250:5
[INFO] [stdout]   24:     0x56306f45b6cf - core::ops::function::FnOnce::call_once::h2b5d431d5046312d
[INFO] [stdout]                                at /rustc/82e1608dfa6e0b5569232559e3d385fea5a93112/library/core/src/ops/function.rs:250:5
[INFO] [stdout]   25:     0x56306f45b6cf - test::__rust_begin_short_backtrace::h7714669af176e207
[INFO] [stdout]                                at /rustc/82e1608dfa6e0b5569232559e3d385fea5a93112/library/test/src/lib.rs:628:18
[INFO] [stdout]   26:     0x56306f45a6e5 - test::run_test_in_process::{{closure}}::h85218797dcbcec12
[INFO] [stdout]                                at /rustc/82e1608dfa6e0b5569232559e3d385fea5a93112/library/test/src/lib.rs:651:60
[INFO] [stdout]   27:     0x56306f45a6e5 - <core::panic::unwind_safe::AssertUnwindSafe<F> as core::ops::function::FnOnce<()>>::call_once::h76c106ea31c14d7b
[INFO] [stdout]                                at /rustc/82e1608dfa6e0b5569232559e3d385fea5a93112/library/core/src/panic/unwind_safe.rs:272:9
[INFO] [stdout]   28:     0x56306f45a6e5 - std::panicking::try::do_call::h3bd5d0f6620ee946
[INFO] [stdout]                                at /rustc/82e1608dfa6e0b5569232559e3d385fea5a93112/library/std/src/panicking.rs:552:40
[INFO] [stdout]   29:     0x56306f45a6e5 - std::panicking::try::h232e535e4744fe31
[INFO] [stdout]                                at /rustc/82e1608dfa6e0b5569232559e3d385fea5a93112/library/std/src/panicking.rs:516:19
[INFO] [stdout]   30:     0x56306f45a6e5 - std::panic::catch_unwind::h3ce3bd6ca8dbac68
[INFO] [stdout]                                at /rustc/82e1608dfa6e0b5569232559e3d385fea5a93112/library/std/src/panic.rs:142:14
[INFO] [stdout]   31:     0x56306f45a6e5 - test::run_test_in_process::hc97b257c9621286a
[INFO] [stdout]                                at /rustc/82e1608dfa6e0b5569232559e3d385fea5a93112/library/test/src/lib.rs:651:27
[INFO] [stdout]   32:     0x56306f45a6e5 - test::run_test::{{closure}}::h2aa798823a438d38
[INFO] [stdout]                                at /rustc/82e1608dfa6e0b5569232559e3d385fea5a93112/library/test/src/lib.rs:574:43
[INFO] [stdout]   33:     0x56306f4229a6 - test::run_test::{{closure}}::h87d231c78fb59832
[INFO] [stdout]                                at /rustc/82e1608dfa6e0b5569232559e3d385fea5a93112/library/test/src/lib.rs:602:41
[INFO] [stdout]   34:     0x56306f4229a6 - std::sys_common::backtrace::__rust_begin_short_backtrace::he6df152596625789
[INFO] [stdout]                                at /rustc/82e1608dfa6e0b5569232559e3d385fea5a93112/library/std/src/sys_common/backtrace.rs:154:18
[INFO] [stdout]   35:     0x56306f427a57 - std::thread::Builder::spawn_unchecked_::{{closure}}::{{closure}}::ha94be15d1e0acf36
[INFO] [stdout]                                at /rustc/82e1608dfa6e0b5569232559e3d385fea5a93112/library/std/src/thread/mod.rs:529:17
[INFO] [stdout]   36:     0x56306f427a57 - <core::panic::unwind_safe::AssertUnwindSafe<F> as core::ops::function::FnOnce<()>>::call_once::h9dc6bd6372f16606
[INFO] [stdout]                                at /rustc/82e1608dfa6e0b5569232559e3d385fea5a93112/library/core/src/panic/unwind_safe.rs:272:9
[INFO] [stdout]   37:     0x56306f427a57 - std::panicking::try::do_call::h9057517f80303cd4
[INFO] [stdout]                                at /rustc/82e1608dfa6e0b5569232559e3d385fea5a93112/library/std/src/panicking.rs:552:40
[INFO] [stdout]   38:     0x56306f427a57 - std::panicking::try::he3a30b11ee45340c
[INFO] [stdout]                                at /rustc/82e1608dfa6e0b5569232559e3d385fea5a93112/library/std/src/panicking.rs:516:19
[INFO] [stdout]   39:     0x56306f427a57 - std::panic::catch_unwind::h410458cfd3528b8b
[INFO] [stdout]                                at /rustc/82e1608dfa6e0b5569232559e3d385fea5a93112/library/std/src/panic.rs:142:14
[INFO] [stdout]   40:     0x56306f427a57 - std::thread::Builder::spawn_unchecked_::{{closure}}::h72ac3bdb567b737b
[INFO] [stdout]                                at /rustc/82e1608dfa6e0b5569232559e3d385fea5a93112/library/std/src/thread/mod.rs:528:30
[INFO] [stdout]   41:     0x56306f427a57 - core::ops::function::FnOnce::call_once{{vtable.shim}}::h38f34da3654a8344
[INFO] [stdout]                                at /rustc/82e1608dfa6e0b5569232559e3d385fea5a93112/library/core/src/ops/function.rs:250:5
[INFO] [stdout]   42:     0x56306f4acee5 - <alloc::boxed::Box<F,A> as core::ops::function::FnOnce<Args>>::call_once::hc7eafaff61e32df9
[INFO] [stdout]                                at /rustc/82e1608dfa6e0b5569232559e3d385fea5a93112/library/alloc/src/boxed.rs:2007:9
[INFO] [stdout]   43:     0x56306f4acee5 - <alloc::boxed::Box<F,A> as core::ops::function::FnOnce<Args>>::call_once::h6ba4a5de48dd2304
[INFO] [stdout]                                at /rustc/82e1608dfa6e0b5569232559e3d385fea5a93112/library/alloc/src/boxed.rs:2007:9
[INFO] [stdout]   44:     0x56306f4acee5 - std::sys::unix::thread::Thread::new::thread_start::he469335aef763e45
[INFO] [stdout]                                at /rustc/82e1608dfa6e0b5569232559e3d385fea5a93112/library/std/src/sys/unix/thread.rs:108:17
[INFO] [stdout]   45:     0x7f221760dac3 - <unknown>
[INFO] [stdout]   46:     0x7f221769ebf4 - __clone
[INFO] [stdout]   47:                0x0 - <unknown>
[INFO] [stdout] 
[INFO] [stdout] 
[INFO] [stdout] failures:
[INFO] [stdout]     main_test
[INFO] [stdout] 
[INFO] [stdout] test result: FAILED. 0 passed; 1 failed; 0 ignored; 0 measured; 0 filtered out; finished in 0.05s
[INFO] [stdout] 
[INFO] [stderr] error: test failed, to rerun pass `--test test`
[INFO] running `Command { std: "docker" "inspect" "355a2a5b2cc66a3d7170aa452e9d3baac07f53f3c1269a27c83c0ce33960a0ef", kill_on_drop: false }`
[INFO] running `Command { std: "docker" "rm" "-f" "355a2a5b2cc66a3d7170aa452e9d3baac07f53f3c1269a27c83c0ce33960a0ef", kill_on_drop: false }`
[INFO] [stdout] 355a2a5b2cc66a3d7170aa452e9d3baac07f53f3c1269a27c83c0ce33960a0ef
