[INFO] cloning repository https://github.com/VirgileHenry/csg
[INFO] running `Command { std: "git" "-c" "credential.helper=" "-c" "credential.helper=/workspace/cargo-home/bin/git-credential-null" "clone" "--bare" "https://github.com/VirgileHenry/csg" "/workspace/cache/git-repos/https%3A%2F%2Fgithub.com%2FVirgileHenry%2Fcsg", kill_on_drop: false }`
[INFO] [stderr] Cloning into bare repository '/workspace/cache/git-repos/https%3A%2F%2Fgithub.com%2FVirgileHenry%2Fcsg'...
[INFO] running `Command { std: "git" "rev-parse" "HEAD", kill_on_drop: false }`
[INFO] [stdout] c9d4dc728f4e803da78709a523761e546cfee16a
[INFO] testing VirgileHenry/csg against 1.75.0 for beta-1.76-1
[INFO] running `Command { std: "git" "clone" "/workspace/cache/git-repos/https%3A%2F%2Fgithub.com%2FVirgileHenry%2Fcsg" "/workspace/builds/worker-3-tc1/source", kill_on_drop: false }`
[INFO] [stderr] Cloning into '/workspace/builds/worker-3-tc1/source'...
[INFO] [stderr] done.
[INFO] validating manifest of git repo https://github.com/VirgileHenry/csg on toolchain 1.75.0
[INFO] running `Command { std: CARGO_HOME="/workspace/cargo-home" RUSTUP_HOME="/workspace/rustup-home" "/workspace/cargo-home/bin/cargo" "+1.75.0" "metadata" "--manifest-path" "Cargo.toml" "--no-deps", kill_on_drop: false }`
[INFO] started tweaking git repo https://github.com/VirgileHenry/csg
[INFO] finished tweaking git repo https://github.com/VirgileHenry/csg
[INFO] tweaked toml for git repo https://github.com/VirgileHenry/csg written to /workspace/builds/worker-3-tc1/source/Cargo.toml
[INFO] crate git repo https://github.com/VirgileHenry/csg already has a lockfile, it will not be regenerated
[INFO] running `Command { std: CARGO_HOME="/workspace/cargo-home" RUSTUP_HOME="/workspace/rustup-home" "/workspace/cargo-home/bin/cargo" "+1.75.0" "fetch" "--manifest-path" "Cargo.toml", kill_on_drop: false }`
[INFO] [stderr]     Updating crates.io index
[INFO] [stderr]  Downloading crates ...
[INFO] [stderr]   Downloaded binary-stream v3.4.0
[INFO] [stderr]   Downloaded serde-binary v0.5.0
[INFO] running `Command { std: "docker" "create" "-v" "/var/lib/crater-agent-workspace/builds/worker-3-tc1/target:/opt/rustwide/target:rw,Z" "-v" "/var/lib/crater-agent-workspace/builds/worker-3-tc1/source:/opt/rustwide/workdir:ro,Z" "-v" "/var/lib/crater-agent-workspace/cargo-home:/opt/rustwide/cargo-home:ro,Z" "-v" "/var/lib/crater-agent-workspace/rustup-home:/opt/rustwide/rustup-home:ro,Z" "-e" "SOURCE_DIR=/opt/rustwide/workdir" "-e" "CARGO_TARGET_DIR=/opt/rustwide/target" "-e" "CARGO_HOME=/opt/rustwide/cargo-home" "-e" "RUSTUP_HOME=/opt/rustwide/rustup-home" "-w" "/opt/rustwide/workdir" "-m" "1610612736" "--user" "0:0" "--network" "none" "ghcr.io/rust-lang/crates-build-env/linux@sha256:2788e3201cd34a07e3172128adcd8b3090168a8e3bcc40d7c032b9dda1df7d1c" "/opt/rustwide/cargo-home/bin/cargo" "+1.75.0" "metadata" "--no-deps" "--format-version=1", kill_on_drop: false }`
[INFO] [stdout] 7398acef0cf7414340670317b3bc16780d3f37732980ad63ea63456ed26d0b7c
[INFO] running `Command { std: "docker" "start" "-a" "7398acef0cf7414340670317b3bc16780d3f37732980ad63ea63456ed26d0b7c", kill_on_drop: false }`
[INFO] running `Command { std: "docker" "inspect" "7398acef0cf7414340670317b3bc16780d3f37732980ad63ea63456ed26d0b7c", kill_on_drop: false }`
[INFO] running `Command { std: "docker" "rm" "-f" "7398acef0cf7414340670317b3bc16780d3f37732980ad63ea63456ed26d0b7c", kill_on_drop: false }`
[INFO] [stdout] 7398acef0cf7414340670317b3bc16780d3f37732980ad63ea63456ed26d0b7c
[INFO] running `Command { std: "docker" "create" "-v" "/var/lib/crater-agent-workspace/builds/worker-3-tc1/target:/opt/rustwide/target:rw,Z" "-v" "/var/lib/crater-agent-workspace/builds/worker-3-tc1/source:/opt/rustwide/workdir:ro,Z" "-v" "/var/lib/crater-agent-workspace/cargo-home:/opt/rustwide/cargo-home:ro,Z" "-v" "/var/lib/crater-agent-workspace/rustup-home:/opt/rustwide/rustup-home:ro,Z" "-e" "SOURCE_DIR=/opt/rustwide/workdir" "-e" "CARGO_TARGET_DIR=/opt/rustwide/target" "-e" "CARGO_INCREMENTAL=0" "-e" "RUST_BACKTRACE=full" "-e" "RUSTFLAGS=--cap-lints=warn" "-e" "RUSTDOCFLAGS=--cap-lints=warn" "-e" "CARGO_HOME=/opt/rustwide/cargo-home" "-e" "RUSTUP_HOME=/opt/rustwide/rustup-home" "-w" "/opt/rustwide/workdir" "-m" "1610612736" "--user" "0:0" "--network" "none" "ghcr.io/rust-lang/crates-build-env/linux@sha256:2788e3201cd34a07e3172128adcd8b3090168a8e3bcc40d7c032b9dda1df7d1c" "/opt/rustwide/cargo-home/bin/cargo" "+1.75.0" "build" "--frozen" "--message-format=json", kill_on_drop: false }`
[INFO] [stdout] 02a0651b0a9cffa074c0f58a0f26d65010dd136f1e74c2952a4da68edf3643d2
[INFO] running `Command { std: "docker" "start" "-a" "02a0651b0a9cffa074c0f58a0f26d65010dd136f1e74c2952a4da68edf3643d2", kill_on_drop: false }`
[INFO] [stderr]    Compiling proc-macro2 v1.0.70
[INFO] [stderr]    Compiling unicode-ident v1.0.12
[INFO] [stderr]    Compiling serde v1.0.193
[INFO] [stderr]    Compiling thiserror v1.0.50
[INFO] [stderr]    Compiling serde_json v1.0.108
[INFO] [stderr]    Compiling ryu v1.0.15
[INFO] [stderr]    Compiling itoa v1.0.9
[INFO] [stderr]    Compiling quote v1.0.33
[INFO] [stderr]    Compiling syn v2.0.39
[INFO] [stderr]    Compiling serde_derive v1.0.193
[INFO] [stderr]    Compiling thiserror-impl v1.0.50
[INFO] [stderr]    Compiling binary-stream v3.4.0
[INFO] [stderr]    Compiling serde-binary v0.5.0
[INFO] [stderr]    Compiling glam v0.24.2
[INFO] [stderr]    Compiling csg v0.1.0 (/opt/rustwide/workdir)
[INFO] [stderr]     Finished dev [unoptimized + debuginfo] target(s) in 10.99s
[INFO] running `Command { std: "docker" "inspect" "02a0651b0a9cffa074c0f58a0f26d65010dd136f1e74c2952a4da68edf3643d2", kill_on_drop: false }`
[INFO] running `Command { std: "docker" "rm" "-f" "02a0651b0a9cffa074c0f58a0f26d65010dd136f1e74c2952a4da68edf3643d2", kill_on_drop: false }`
[INFO] [stdout] 02a0651b0a9cffa074c0f58a0f26d65010dd136f1e74c2952a4da68edf3643d2
[INFO] running `Command { std: "docker" "create" "-v" "/var/lib/crater-agent-workspace/builds/worker-3-tc1/target:/opt/rustwide/target:rw,Z" "-v" "/var/lib/crater-agent-workspace/builds/worker-3-tc1/source:/opt/rustwide/workdir:ro,Z" "-v" "/var/lib/crater-agent-workspace/cargo-home:/opt/rustwide/cargo-home:ro,Z" "-v" "/var/lib/crater-agent-workspace/rustup-home:/opt/rustwide/rustup-home:ro,Z" "-e" "SOURCE_DIR=/opt/rustwide/workdir" "-e" "CARGO_TARGET_DIR=/opt/rustwide/target" "-e" "CARGO_INCREMENTAL=0" "-e" "RUST_BACKTRACE=full" "-e" "RUSTFLAGS=--cap-lints=warn" "-e" "RUSTDOCFLAGS=--cap-lints=warn" "-e" "CARGO_HOME=/opt/rustwide/cargo-home" "-e" "RUSTUP_HOME=/opt/rustwide/rustup-home" "-w" "/opt/rustwide/workdir" "-m" "1610612736" "--user" "0:0" "--network" "none" "ghcr.io/rust-lang/crates-build-env/linux@sha256:2788e3201cd34a07e3172128adcd8b3090168a8e3bcc40d7c032b9dda1df7d1c" "/opt/rustwide/cargo-home/bin/cargo" "+1.75.0" "test" "--frozen" "--no-run" "--message-format=json", kill_on_drop: false }`
[INFO] [stdout] ece8810688ecbc3aa7bc36fcf598aef94e4b02f35eab3c76cb93e9a09198fb55
[INFO] running `Command { std: "docker" "start" "-a" "ece8810688ecbc3aa7bc36fcf598aef94e4b02f35eab3c76cb93e9a09198fb55", kill_on_drop: false }`
[INFO] [stderr]    Compiling csg v0.1.0 (/opt/rustwide/workdir)
[INFO] [stderr]     Finished test [unoptimized + debuginfo] target(s) in 1.09s
[INFO] running `Command { std: "docker" "inspect" "ece8810688ecbc3aa7bc36fcf598aef94e4b02f35eab3c76cb93e9a09198fb55", kill_on_drop: false }`
[INFO] running `Command { std: "docker" "rm" "-f" "ece8810688ecbc3aa7bc36fcf598aef94e4b02f35eab3c76cb93e9a09198fb55", kill_on_drop: false }`
[INFO] [stdout] ece8810688ecbc3aa7bc36fcf598aef94e4b02f35eab3c76cb93e9a09198fb55
[INFO] running `Command { std: "docker" "create" "-v" "/var/lib/crater-agent-workspace/builds/worker-3-tc1/target:/opt/rustwide/target:rw,Z" "-v" "/var/lib/crater-agent-workspace/builds/worker-3-tc1/source:/opt/rustwide/workdir:ro,Z" "-v" "/var/lib/crater-agent-workspace/cargo-home:/opt/rustwide/cargo-home:ro,Z" "-v" "/var/lib/crater-agent-workspace/rustup-home:/opt/rustwide/rustup-home:ro,Z" "-e" "SOURCE_DIR=/opt/rustwide/workdir" "-e" "CARGO_TARGET_DIR=/opt/rustwide/target" "-e" "CARGO_INCREMENTAL=0" "-e" "RUST_BACKTRACE=full" "-e" "RUSTFLAGS=--cap-lints=warn" "-e" "RUSTDOCFLAGS=--cap-lints=warn" "-e" "CARGO_HOME=/opt/rustwide/cargo-home" "-e" "RUSTUP_HOME=/opt/rustwide/rustup-home" "-w" "/opt/rustwide/workdir" "-m" "1610612736" "--user" "0:0" "--network" "none" "ghcr.io/rust-lang/crates-build-env/linux@sha256:2788e3201cd34a07e3172128adcd8b3090168a8e3bcc40d7c032b9dda1df7d1c" "/opt/rustwide/cargo-home/bin/cargo" "+1.75.0" "test" "--frozen", kill_on_drop: false }`
[INFO] [stdout] d524fba31700321112ce180885a5e40b9c0c56f86f01d61195350c98eb24d49c
[INFO] running `Command { std: "docker" "start" "-a" "d524fba31700321112ce180885a5e40b9c0c56f86f01d61195350c98eb24d49c", kill_on_drop: false }`
[INFO] [stderr]     Finished test [unoptimized + debuginfo] target(s) in 0.01s
[INFO] [stderr]      Running unittests src/lib.rs (/opt/rustwide/target/debug/deps/csg-8bcdfb4222194bdf)
[INFO] [stdout] 
[INFO] [stdout] running 2 tests
[INFO] [stdout] test test::serialization::serialize_json ... ok
[INFO] [stdout] test test::serialization::serialize_binary ... FAILED
[INFO] [stdout] 
[INFO] [stdout] failures:
[INFO] [stdout] 
[INFO] [stdout] ---- test::serialization::serialize_binary stdout ----
[INFO] [stdout] thread 'test::serialization::serialize_binary' panicked at /opt/rustwide/cargo-home/registry/src/index.crates.io-6f17d22bba15001f/serde-binary-0.5.0/src/deserializer.rs:19:9:
[INFO] [stdout] deserialization of any type for binary data format is not supported
[INFO] [stdout] stack backtrace:
[INFO] [stdout]    0:     0x56372567104c - std::backtrace_rs::backtrace::libunwind::trace::ha637c64ce894333a
[INFO] [stdout]                                at /rustc/82e1608dfa6e0b5569232559e3d385fea5a93112/library/std/src/../../backtrace/src/backtrace/libunwind.rs:104:5
[INFO] [stdout]    1:     0x56372567104c - std::backtrace_rs::backtrace::trace_unsynchronized::h47f62dea28e0c88d
[INFO] [stdout]                                at /rustc/82e1608dfa6e0b5569232559e3d385fea5a93112/library/std/src/../../backtrace/src/backtrace/mod.rs:66:5
[INFO] [stdout]    2:     0x56372567104c - std::sys_common::backtrace::_print_fmt::h9eef0abe20ede486
[INFO] [stdout]                                at /rustc/82e1608dfa6e0b5569232559e3d385fea5a93112/library/std/src/sys_common/backtrace.rs:67:5
[INFO] [stdout]    3:     0x56372567104c - <std::sys_common::backtrace::_print::DisplayBacktrace as core::fmt::Display>::fmt::hed7f999df88cc644
[INFO] [stdout]                                at /rustc/82e1608dfa6e0b5569232559e3d385fea5a93112/library/std/src/sys_common/backtrace.rs:44:22
[INFO] [stdout]    4:     0x56372569b910 - core::fmt::rt::Argument::fmt::h1539a9308b8d058d
[INFO] [stdout]                                at /rustc/82e1608dfa6e0b5569232559e3d385fea5a93112/library/core/src/fmt/rt.rs:142:9
[INFO] [stdout]    5:     0x56372569b910 - core::fmt::write::h3a39390d8560d9c9
[INFO] [stdout]                                at /rustc/82e1608dfa6e0b5569232559e3d385fea5a93112/library/core/src/fmt/mod.rs:1120:17
[INFO] [stdout]    6:     0x56372566e9ff - std::io::Write::write_fmt::h040b369f3a0f9cbc
[INFO] [stdout]                                at /rustc/82e1608dfa6e0b5569232559e3d385fea5a93112/library/std/src/io/mod.rs:1762:15
[INFO] [stdout]    7:     0x563725670e34 - std::sys_common::backtrace::_print::h894006fb5c6f3d45
[INFO] [stdout]                                at /rustc/82e1608dfa6e0b5569232559e3d385fea5a93112/library/std/src/sys_common/backtrace.rs:47:5
[INFO] [stdout]    8:     0x563725670e34 - std::sys_common::backtrace::print::h23a2d212c6fff936
[INFO] [stdout]                                at /rustc/82e1608dfa6e0b5569232559e3d385fea5a93112/library/std/src/sys_common/backtrace.rs:34:9
[INFO] [stdout]    9:     0x563725672af7 - std::panicking::default_hook::{{closure}}::h8a1d2ee00185001a
[INFO] [stdout]   10:     0x5637256727e3 - std::panicking::default_hook::h6038f2eba384e475
[INFO] [stdout]                                at /rustc/82e1608dfa6e0b5569232559e3d385fea5a93112/library/std/src/panicking.rs:289:9
[INFO] [stdout]   11:     0x563725641197 - <alloc::boxed::Box<F,A> as core::ops::function::Fn<Args>>::call::h0ad024c9bdc6d768
[INFO] [stdout]                                at /rustc/82e1608dfa6e0b5569232559e3d385fea5a93112/library/alloc/src/boxed.rs:2021:9
[INFO] [stdout]   12:     0x563725641197 - test::test_main::{{closure}}::h7500b54257359db6
[INFO] [stdout]                                at /rustc/82e1608dfa6e0b5569232559e3d385fea5a93112/library/test/src/lib.rs:138:21
[INFO] [stdout]   13:     0x563725673108 - <alloc::boxed::Box<F,A> as core::ops::function::Fn<Args>>::call::h1f8f335eaa9cfaee
[INFO] [stdout]                                at /rustc/82e1608dfa6e0b5569232559e3d385fea5a93112/library/alloc/src/boxed.rs:2021:9
[INFO] [stdout]   14:     0x563725673108 - std::panicking::rust_panic_with_hook::h2b5517d590cab22e
[INFO] [stdout]                                at /rustc/82e1608dfa6e0b5569232559e3d385fea5a93112/library/std/src/panicking.rs:783:13
[INFO] [stdout]   15:     0x563725672e29 - std::panicking::begin_panic_handler::{{closure}}::h233112c06e0ef43e
[INFO] [stdout]                                at /rustc/82e1608dfa6e0b5569232559e3d385fea5a93112/library/std/src/panicking.rs:649:13
[INFO] [stdout]   16:     0x563725671516 - std::sys_common::backtrace::__rust_end_short_backtrace::h6e893f24d7ebbff8
[INFO] [stdout]                                at /rustc/82e1608dfa6e0b5569232559e3d385fea5a93112/library/std/src/sys_common/backtrace.rs:170:18
[INFO] [stdout]   17:     0x563725672bc2 - rust_begin_unwind
[INFO] [stdout]                                at /rustc/82e1608dfa6e0b5569232559e3d385fea5a93112/library/std/src/panicking.rs:645:5
[INFO] [stdout]   18:     0x5637255adcf5 - core::panicking::panic_fmt::hbf0e066aabfa482c
[INFO] [stdout]                                at /rustc/82e1608dfa6e0b5569232559e3d385fea5a93112/library/core/src/panicking.rs:72:14
[INFO] [stdout]   19:     0x5637255c7822 - <&mut serde_binary::deserializer::Deserializer as serde::de::Deserializer>::deserialize_any::h1743aab5e12bb792
[INFO] [stdout]                                at /opt/rustwide/cargo-home/registry/src/index.crates.io-6f17d22bba15001f/serde-binary-0.5.0/src/deserializer.rs:19:9
[INFO] [stdout]   20:     0x5637255ca115 - <&mut serde_binary::deserializer::Deserializer as serde::de::Deserializer>::deserialize_ignored_any::he33cffcc248a76b2
[INFO] [stdout]                                at /opt/rustwide/cargo-home/registry/src/index.crates.io-6f17d22bba15001f/serde-binary-0.5.0/src/deserializer.rs:240:9
[INFO] [stdout]   21:     0x5637255e6b36 - <serde::de::ignored_any::IgnoredAny as serde::de::Deserialize>::deserialize::h4ddf5b6316288b70
[INFO] [stdout]                                at /opt/rustwide/cargo-home/registry/src/index.crates.io-6f17d22bba15001f/serde-1.0.193/src/de/ignored_any.rs:236:9
[INFO] [stdout]   22:     0x5637255cd645 - <core::marker::PhantomData<T> as serde::de::DeserializeSeed>::deserialize::h8df097dc3ab004e9
[INFO] [stdout]                                at /opt/rustwide/cargo-home/registry/src/index.crates.io-6f17d22bba15001f/serde-1.0.193/src/de/mod.rs:794:9
[INFO] [stdout]   23:     0x5637255c7268 - <serde_binary::deserializer::SizeAccess as serde::de::MapAccess>::next_value_seed::hc9aafd90c68c908d
[INFO] [stdout]                                at /opt/rustwide/cargo-home/registry/src/index.crates.io-6f17d22bba15001f/serde-binary-0.5.0/src/deserializer.rs:295:9
[INFO] [stdout]   24:     0x5637255c6056 - serde::de::MapAccess::next_value::h23aee270ba61c50c
[INFO] [stdout]                                at /opt/rustwide/cargo-home/registry/src/index.crates.io-6f17d22bba15001f/serde-1.0.193/src/de/mod.rs:1867:9
[INFO] [stdout]   25:     0x5637255eb392 - <csg::primitives::sphere::_::<impl serde::de::Deserialize for csg::primitives::sphere::Sphere>::deserialize::__Visitor as serde::de::Visitor>::visit_map::hdc3f456dce34fa66
[INFO] [stdout]                                at /opt/rustwide/workdir/src/primitives/sphere.rs:19:47
[INFO] [stdout]   26:     0x5637255c7f2b - <&mut serde_binary::deserializer::Deserializer as serde::de::Deserializer>::deserialize_map::hbb575fe4f0fbf21f
[INFO] [stdout]                                at /opt/rustwide/cargo-home/registry/src/index.crates.io-6f17d22bba15001f/serde-binary-0.5.0/src/deserializer.rs:202:9
[INFO] [stdout]   27:     0x5637255c9f09 - <&mut serde_binary::deserializer::Deserializer as serde::de::Deserializer>::deserialize_struct::hb2dfbfc9832dc256
[INFO] [stdout]                                at /opt/rustwide/cargo-home/registry/src/index.crates.io-6f17d22bba15001f/serde-binary-0.5.0/src/deserializer.rs:214:9
[INFO] [stdout]   28:     0x5637255eadff - csg::primitives::sphere::_::<impl serde::de::Deserialize for csg::primitives::sphere::Sphere>::deserialize::h9783469565366dc3
[INFO] [stdout]                                at /opt/rustwide/workdir/src/primitives/sphere.rs:19:47
[INFO] [stdout]   29:     0x5637255cd505 - <core::marker::PhantomData<T> as serde::de::DeserializeSeed>::deserialize::h4ce49980167624d6
[INFO] [stdout]                                at /opt/rustwide/cargo-home/registry/src/index.crates.io-6f17d22bba15001f/serde-1.0.193/src/de/mod.rs:794:9
[INFO] [stdout]   30:     0x5637255c6995 - <serde_binary::deserializer::Enum as serde::de::VariantAccess>::newtype_variant_seed::h10d2d659c2517656
[INFO] [stdout]                                at /opt/rustwide/cargo-home/registry/src/index.crates.io-6f17d22bba15001f/serde-binary-0.5.0/src/deserializer.rs:333:9
[INFO] [stdout]   31:     0x5637255c5796 - serde::de::VariantAccess::newtype_variant::h2ec805a9cc937a01
[INFO] [stdout]                                at /opt/rustwide/cargo-home/registry/src/index.crates.io-6f17d22bba15001f/serde-1.0.193/src/de/mod.rs:2121:9
[INFO] [stdout]   32:     0x5637255d8f20 - <csg::primitives::_::<impl serde::de::Deserialize for csg::primitives::Primitive>::deserialize::__Visitor as serde::de::Visitor>::visit_enum::h9c9ff0b92af9a225
[INFO] [stdout]                                at /opt/rustwide/workdir/src/primitives.rs:19:47
[INFO] [stdout]   33:     0x5637255c9d49 - <&mut serde_binary::deserializer::Deserializer as serde::de::Deserializer>::deserialize_enum::hfb67be3193e1a267
[INFO] [stdout]                                at /opt/rustwide/cargo-home/registry/src/index.crates.io-6f17d22bba15001f/serde-binary-0.5.0/src/deserializer.rs:226:9
[INFO] [stdout]   34:     0x5637255d8aef - csg::primitives::_::<impl serde::de::Deserialize for csg::primitives::Primitive>::deserialize::hc76e57c6338e5b91
[INFO] [stdout]                                at /opt/rustwide/workdir/src/primitives.rs:19:47
[INFO] [stdout]   35:     0x5637255cd835 - <core::marker::PhantomData<T> as serde::de::DeserializeSeed>::deserialize::ha74b29dd4b695a87
[INFO] [stdout]                                at /opt/rustwide/cargo-home/registry/src/index.crates.io-6f17d22bba15001f/serde-1.0.193/src/de/mod.rs:794:9
[INFO] [stdout]   36:     0x5637255c69d5 - <serde_binary::deserializer::Enum as serde::de::VariantAccess>::newtype_variant_seed::h35e52381429b8d7e
[INFO] [stdout]                                at /opt/rustwide/cargo-home/registry/src/index.crates.io-6f17d22bba15001f/serde-binary-0.5.0/src/deserializer.rs:333:9
[INFO] [stdout]   37:     0x5637255c5816 - serde::de::VariantAccess::newtype_variant::h6c7d39d635fb1450
[INFO] [stdout]                                at /opt/rustwide/cargo-home/registry/src/index.crates.io-6f17d22bba15001f/serde-1.0.193/src/de/mod.rs:2121:9
[INFO] [stdout]   38:     0x5637255e9ae0 - <csg::object::_::<impl serde::de::Deserialize for csg::object::Object>::deserialize::__Visitor as serde::de::Visitor>::visit_enum::h01f34dd518c563ec
[INFO] [stdout]                                at /opt/rustwide/workdir/src/object.rs:20:47
[INFO] [stdout]   39:     0x5637255c9a29 - <&mut serde_binary::deserializer::Deserializer as serde::de::Deserializer>::deserialize_enum::h6c2b41b34e1c0457
[INFO] [stdout]                                at /opt/rustwide/cargo-home/registry/src/index.crates.io-6f17d22bba15001f/serde-binary-0.5.0/src/deserializer.rs:226:9
[INFO] [stdout]   40:     0x5637255e972f - csg::object::_::<impl serde::de::Deserialize for csg::object::Object>::deserialize::hf999487e3a8d93fd
[INFO] [stdout]                                at /opt/rustwide/workdir/src/object.rs:20:47
[INFO] [stdout]   41:     0x5637255cd595 - <core::marker::PhantomData<T> as serde::de::DeserializeSeed>::deserialize::h515a6e641247bde8
[INFO] [stdout]                                at /opt/rustwide/cargo-home/registry/src/index.crates.io-6f17d22bba15001f/serde-1.0.193/src/de/mod.rs:794:9
[INFO] [stdout]   42:     0x5637255c774d - <serde_binary::deserializer::SizeAccess as serde::de::SeqAccess>::next_element_seed::hf1e594b951d23320
[INFO] [stdout]                                at /opt/rustwide/cargo-home/registry/src/index.crates.io-6f17d22bba15001f/serde-binary-0.5.0/src/deserializer.rs:269:13
[INFO] [stdout]   43:     0x5637255c6236 - serde::de::SeqAccess::next_element::h661cb0c8d4d1845d
[INFO] [stdout]                                at /opt/rustwide/cargo-home/registry/src/index.crates.io-6f17d22bba15001f/serde-1.0.193/src/de/mod.rs:1728:9
[INFO] [stdout]   44:     0x5637255e4dd5 - <serde::de::impls::<impl serde::de::Deserialize for alloc::vec::Vec<T>>::deserialize::VecVisitor<T> as serde::de::Visitor>::visit_seq::hd0c0568edc54be61
[INFO] [stdout]                                at /opt/rustwide/cargo-home/registry/src/index.crates.io-6f17d22bba15001f/serde-1.0.193/src/de/impls.rs:1071:46
[INFO] [stdout]   45:     0x5637255c83eb - <&mut serde_binary::deserializer::Deserializer as serde::de::Deserializer>::deserialize_seq::h1fe7ce3551f371c1
[INFO] [stdout]                                at /opt/rustwide/cargo-home/registry/src/index.crates.io-6f17d22bba15001f/serde-binary-0.5.0/src/deserializer.rs:174:9
[INFO] [stdout]   46:     0x5637255cc895 - serde::de::impls::<impl serde::de::Deserialize for alloc::vec::Vec<T>>::deserialize::h0f9d0bbed5eab736
[INFO] [stdout]                                at /opt/rustwide/cargo-home/registry/src/index.crates.io-6f17d22bba15001f/serde-1.0.193/src/de/impls.rs:1082:9
[INFO] [stdout]   47:     0x5637255cd925 - <core::marker::PhantomData<T> as serde::de::DeserializeSeed>::deserialize::hccc6f80fd540b2b0
[INFO] [stdout]                                at /opt/rustwide/cargo-home/registry/src/index.crates.io-6f17d22bba15001f/serde-1.0.193/src/de/mod.rs:794:9
[INFO] [stdout]   48:     0x5637255c71a8 - <serde_binary::deserializer::SizeAccess as serde::de::MapAccess>::next_value_seed::h3acac14bb46a8723
[INFO] [stdout]                                at /opt/rustwide/cargo-home/registry/src/index.crates.io-6f17d22bba15001f/serde-binary-0.5.0/src/deserializer.rs:295:9
[INFO] [stdout]   49:     0x5637255c6096 - serde::de::MapAccess::next_value::h7fe8122edd943831
[INFO] [stdout]                                at /opt/rustwide/cargo-home/registry/src/index.crates.io-6f17d22bba15001f/serde-1.0.193/src/de/mod.rs:1867:9
[INFO] [stdout]   50:     0x5637255dde55 - <csg::operations::union::_::<impl serde::de::Deserialize for csg::operations::union::Union>::deserialize::__Visitor as serde::de::Visitor>::visit_map::h795558844c108a16
[INFO] [stdout]                                at /opt/rustwide/workdir/src/operations/union.rs:11:47
[INFO] [stdout]   51:     0x5637255c7a6b - <&mut serde_binary::deserializer::Deserializer as serde::de::Deserializer>::deserialize_map::h0f7fea187eafc44b
[INFO] [stdout]                                at /opt/rustwide/cargo-home/registry/src/index.crates.io-6f17d22bba15001f/serde-binary-0.5.0/src/deserializer.rs:202:9
[INFO] [stdout]   52:     0x5637255c9e49 - <&mut serde_binary::deserializer::Deserializer as serde::de::Deserializer>::deserialize_struct::h370b57f6f2f02378
[INFO] [stdout]                                at /opt/rustwide/cargo-home/registry/src/index.crates.io-6f17d22bba15001f/serde-binary-0.5.0/src/deserializer.rs:214:9
[INFO] [stdout]   53:     0x5637255dd40f - csg::operations::union::_::<impl serde::de::Deserialize for csg::operations::union::Union>::deserialize::hc6d3056f9e30e113
[INFO] [stdout]                                at /opt/rustwide/workdir/src/operations/union.rs:11:47
[INFO] [stdout]   54:     0x5637255cd9e5 - <core::marker::PhantomData<T> as serde::de::DeserializeSeed>::deserialize::hd9a22b4c97ab867f
[INFO] [stdout]                                at /opt/rustwide/cargo-home/registry/src/index.crates.io-6f17d22bba15001f/serde-1.0.193/src/de/mod.rs:794:9
[INFO] [stdout]   55:     0x5637255c6a75 - <serde_binary::deserializer::Enum as serde::de::VariantAccess>::newtype_variant_seed::haff2332c3f38a420
[INFO] [stdout]                                at /opt/rustwide/cargo-home/registry/src/index.crates.io-6f17d22bba15001f/serde-binary-0.5.0/src/deserializer.rs:333:9
[INFO] [stdout]   56:     0x5637255c58f6 - serde::de::VariantAccess::newtype_variant::he52bf3c34565f1ca
[INFO] [stdout]                                at /opt/rustwide/cargo-home/registry/src/index.crates.io-6f17d22bba15001f/serde-1.0.193/src/de/mod.rs:2121:9
[INFO] [stdout]   57:     0x5637255ea5b0 - <csg::operations::_::<impl serde::de::Deserialize for csg::operations::Op>::deserialize::__Visitor as serde::de::Visitor>::visit_enum::h791df4774e015c87
[INFO] [stdout]                                at /opt/rustwide/workdir/src/operations.rs:12:47
[INFO] [stdout]   58:     0x5637255c9ac9 - <&mut serde_binary::deserializer::Deserializer as serde::de::Deserializer>::deserialize_enum::h74d1b949f1832716
[INFO] [stdout]                                at /opt/rustwide/cargo-home/registry/src/index.crates.io-6f17d22bba15001f/serde-binary-0.5.0/src/deserializer.rs:226:9
[INFO] [stdout]   59:     0x5637255ea17d - csg::operations::_::<impl serde::de::Deserialize for csg::operations::Op>::deserialize::h3946ca781e446af6
[INFO] [stdout]                                at /opt/rustwide/workdir/src/operations.rs:12:47
[INFO] [stdout]   60:     0x5637255cda45 - <core::marker::PhantomData<T> as serde::de::DeserializeSeed>::deserialize::he1e4aceeb6fe8a55
[INFO] [stdout]                                at /opt/rustwide/cargo-home/registry/src/index.crates.io-6f17d22bba15001f/serde-1.0.193/src/de/mod.rs:794:9
[INFO] [stdout]   61:     0x5637255c6ad5 - <serde_binary::deserializer::Enum as serde::de::VariantAccess>::newtype_variant_seed::hecb15dfb56db6508
[INFO] [stdout]                                at /opt/rustwide/cargo-home/registry/src/index.crates.io-6f17d22bba15001f/serde-binary-0.5.0/src/deserializer.rs:333:9
[INFO] [stdout]   62:     0x5637255c57f6 - serde::de::VariantAccess::newtype_variant::h5ee1fc5f62b52dcc
[INFO] [stdout]                                at /opt/rustwide/cargo-home/registry/src/index.crates.io-6f17d22bba15001f/serde-1.0.193/src/de/mod.rs:2121:9
[INFO] [stdout]   63:     0x5637255e9b14 - <csg::object::_::<impl serde::de::Deserialize for csg::object::Object>::deserialize::__Visitor as serde::de::Visitor>::visit_enum::h01f34dd518c563ec
[INFO] [stdout]                                at /opt/rustwide/workdir/src/object.rs:20:47
[INFO] [stdout]   64:     0x5637255c9a29 - <&mut serde_binary::deserializer::Deserializer as serde::de::Deserializer>::deserialize_enum::h6c2b41b34e1c0457
[INFO] [stdout]                                at /opt/rustwide/cargo-home/registry/src/index.crates.io-6f17d22bba15001f/serde-binary-0.5.0/src/deserializer.rs:226:9
[INFO] [stdout]   65:     0x5637255e972f - csg::object::_::<impl serde::de::Deserialize for csg::object::Object>::deserialize::hf999487e3a8d93fd
[INFO] [stdout]                                at /opt/rustwide/workdir/src/object.rs:20:47
[INFO] [stdout]   66:     0x5637255d263e - serde_binary::from_slice::ha345d5ca976add8c
[INFO] [stdout]                                at /opt/rustwide/cargo-home/registry/src/index.crates.io-6f17d22bba15001f/serde-binary-0.5.0/src/lib.rs:49:20
[INFO] [stdout]   67:     0x5637255db84c - csg::test::serialization::assert_object_is_serialize_bin_consistent::hc5c9d8fb743b0d9b
[INFO] [stdout]                                at /opt/rustwide/workdir/src/test/serialization.rs:29:15
[INFO] [stdout]   68:     0x5637255de9ba - csg::test::serialization::serialize_binary::h60a942928c71b84c
[INFO] [stdout]                                at /opt/rustwide/workdir/src/test/serialization.rs:58:5
[INFO] [stdout]   69:     0x5637255de6c7 - csg::test::serialization::serialize_binary::{{closure}}::h3f4189d261f45762
[INFO] [stdout]                                at /opt/rustwide/workdir/src/test/serialization.rs:51:22
[INFO] [stdout]   70:     0x5637255d2ff6 - core::ops::function::FnOnce::call_once::hcc4e75cbff3e03d3
[INFO] [stdout]                                at /rustc/82e1608dfa6e0b5569232559e3d385fea5a93112/library/core/src/ops/function.rs:250:5
[INFO] [stdout]   71:     0x5637256467ef - core::ops::function::FnOnce::call_once::h2b5d431d5046312d
[INFO] [stdout]                                at /rustc/82e1608dfa6e0b5569232559e3d385fea5a93112/library/core/src/ops/function.rs:250:5
[INFO] [stdout]   72:     0x5637256467ef - test::__rust_begin_short_backtrace::h7714669af176e207
[INFO] [stdout]                                at /rustc/82e1608dfa6e0b5569232559e3d385fea5a93112/library/test/src/lib.rs:628:18
[INFO] [stdout]   73:     0x563725645805 - test::run_test_in_process::{{closure}}::h85218797dcbcec12
[INFO] [stdout]                                at /rustc/82e1608dfa6e0b5569232559e3d385fea5a93112/library/test/src/lib.rs:651:60
[INFO] [stdout]   74:     0x563725645805 - <core::panic::unwind_safe::AssertUnwindSafe<F> as core::ops::function::FnOnce<()>>::call_once::h76c106ea31c14d7b
[INFO] [stdout]                                at /rustc/82e1608dfa6e0b5569232559e3d385fea5a93112/library/core/src/panic/unwind_safe.rs:272:9
[INFO] [stdout]   75:     0x563725645805 - std::panicking::try::do_call::h3bd5d0f6620ee946
[INFO] [stdout]                                at /rustc/82e1608dfa6e0b5569232559e3d385fea5a93112/library/std/src/panicking.rs:552:40
[INFO] [stdout]   76:     0x563725645805 - std::panicking::try::h232e535e4744fe31
[INFO] [stdout]                                at /rustc/82e1608dfa6e0b5569232559e3d385fea5a93112/library/std/src/panicking.rs:516:19
[INFO] [stdout]   77:     0x563725645805 - std::panic::catch_unwind::h3ce3bd6ca8dbac68
[INFO] [stdout]                                at /rustc/82e1608dfa6e0b5569232559e3d385fea5a93112/library/std/src/panic.rs:142:14
[INFO] [stdout]   78:     0x563725645805 - test::run_test_in_process::hc97b257c9621286a
[INFO] [stdout]                                at /rustc/82e1608dfa6e0b5569232559e3d385fea5a93112/library/test/src/lib.rs:651:27
[INFO] [stdout]   79:     0x563725645805 - test::run_test::{{closure}}::h2aa798823a438d38
[INFO] [stdout]                                at /rustc/82e1608dfa6e0b5569232559e3d385fea5a93112/library/test/src/lib.rs:574:43
[INFO] [stdout]   80:     0x56372560dac6 - test::run_test::{{closure}}::h87d231c78fb59832
[INFO] [stdout]                                at /rustc/82e1608dfa6e0b5569232559e3d385fea5a93112/library/test/src/lib.rs:602:41
[INFO] [stdout]   81:     0x56372560dac6 - std::sys_common::backtrace::__rust_begin_short_backtrace::he6df152596625789
[INFO] [stdout]                                at /rustc/82e1608dfa6e0b5569232559e3d385fea5a93112/library/std/src/sys_common/backtrace.rs:154:18
[INFO] [stdout]   82:     0x563725612b77 - std::thread::Builder::spawn_unchecked_::{{closure}}::{{closure}}::ha94be15d1e0acf36
[INFO] [stdout]                                at /rustc/82e1608dfa6e0b5569232559e3d385fea5a93112/library/std/src/thread/mod.rs:529:17
[INFO] [stdout]   83:     0x563725612b77 - <core::panic::unwind_safe::AssertUnwindSafe<F> as core::ops::function::FnOnce<()>>::call_once::h9dc6bd6372f16606
[INFO] [stdout]                                at /rustc/82e1608dfa6e0b5569232559e3d385fea5a93112/library/core/src/panic/unwind_safe.rs:272:9
[INFO] [stdout]   84:     0x563725612b77 - std::panicking::try::do_call::h9057517f80303cd4
[INFO] [stdout]                                at /rustc/82e1608dfa6e0b5569232559e3d385fea5a93112/library/std/src/panicking.rs:552:40
[INFO] [stdout]   85:     0x563725612b77 - std::panicking::try::he3a30b11ee45340c
[INFO] [stdout]                                at /rustc/82e1608dfa6e0b5569232559e3d385fea5a93112/library/std/src/panicking.rs:516:19
[INFO] [stdout]   86:     0x563725612b77 - std::panic::catch_unwind::h410458cfd3528b8b
[INFO] [stdout]                                at /rustc/82e1608dfa6e0b5569232559e3d385fea5a93112/library/std/src/panic.rs:142:14
[INFO] [stdout]   87:     0x563725612b77 - std::thread::Builder::spawn_unchecked_::{{closure}}::h72ac3bdb567b737b
[INFO] [stdout]                                at /rustc/82e1608dfa6e0b5569232559e3d385fea5a93112/library/std/src/thread/mod.rs:528:30
[INFO] [stdout]   88:     0x563725612b77 - core::ops::function::FnOnce::call_once{{vtable.shim}}::h38f34da3654a8344
[INFO] [stdout]                                at /rustc/82e1608dfa6e0b5569232559e3d385fea5a93112/library/core/src/ops/function.rs:250:5
[INFO] [stdout]   89:     0x563725677b95 - <alloc::boxed::Box<F,A> as core::ops::function::FnOnce<Args>>::call_once::hc7eafaff61e32df9
[INFO] [stdout]                                at /rustc/82e1608dfa6e0b5569232559e3d385fea5a93112/library/alloc/src/boxed.rs:2007:9
[INFO] [stdout]   90:     0x563725677b95 - <alloc::boxed::Box<F,A> as core::ops::function::FnOnce<Args>>::call_once::h6ba4a5de48dd2304
[INFO] [stdout]                                at /rustc/82e1608dfa6e0b5569232559e3d385fea5a93112/library/alloc/src/boxed.rs:2007:9
[INFO] [stdout]   91:     0x563725677b95 - std::sys::unix::thread::Thread::new::thread_start::he469335aef763e45
[INFO] [stdout]                                at /rustc/82e1608dfa6e0b5569232559e3d385fea5a93112/library/std/src/sys/unix/thread.rs:108:17
[INFO] [stdout]   92:     0x7f61b40bcac3 - <unknown>
[INFO] [stdout]   93:     0x7f61b414dbf4 - __clone
[INFO] [stdout]   94:                0x0 - <unknown>
[INFO] [stdout] 
[INFO] [stdout] 
[INFO] [stdout] failures:
[INFO] [stdout]     test::serialization::serialize_binary
[INFO] [stdout] 
[INFO] [stdout] test result: FAILED. 1 passed; 1 failed; 0 ignored; 0 measured; 0 filtered out; finished in 0.02s
[INFO] [stdout] 
[INFO] [stderr] error: test failed, to rerun pass `--lib`
[INFO] running `Command { std: "docker" "inspect" "d524fba31700321112ce180885a5e40b9c0c56f86f01d61195350c98eb24d49c", kill_on_drop: false }`
[INFO] running `Command { std: "docker" "rm" "-f" "d524fba31700321112ce180885a5e40b9c0c56f86f01d61195350c98eb24d49c", kill_on_drop: false }`
[INFO] [stdout] d524fba31700321112ce180885a5e40b9c0c56f86f01d61195350c98eb24d49c
[INFO] testing VirgileHenry/csg against beta-2023-12-22 for beta-1.76-1
[INFO] running `Command { std: "git" "clone" "/workspace/cache/git-repos/https%3A%2F%2Fgithub.com%2FVirgileHenry%2Fcsg" "/workspace/builds/worker-3-tc2/source", kill_on_drop: false }`
[INFO] [stderr] Cloning into '/workspace/builds/worker-3-tc2/source'...
[INFO] [stderr] done.
[INFO] validating manifest of git repo https://github.com/VirgileHenry/csg on toolchain beta-2023-12-22
[INFO] running `Command { std: CARGO_HOME="/workspace/cargo-home" RUSTUP_HOME="/workspace/rustup-home" "/workspace/cargo-home/bin/cargo" "+beta-2023-12-22" "metadata" "--manifest-path" "Cargo.toml" "--no-deps", kill_on_drop: false }`
[INFO] started tweaking git repo https://github.com/VirgileHenry/csg
[INFO] finished tweaking git repo https://github.com/VirgileHenry/csg
[INFO] tweaked toml for git repo https://github.com/VirgileHenry/csg written to /workspace/builds/worker-3-tc2/source/Cargo.toml
[INFO] crate git repo https://github.com/VirgileHenry/csg already has a lockfile, it will not be regenerated
[INFO] running `Command { std: CARGO_HOME="/workspace/cargo-home" RUSTUP_HOME="/workspace/rustup-home" "/workspace/cargo-home/bin/cargo" "+beta-2023-12-22" "fetch" "--manifest-path" "Cargo.toml", kill_on_drop: false }`
[INFO] running `Command { std: "docker" "create" "-v" "/var/lib/crater-agent-workspace/builds/worker-3-tc2/target:/opt/rustwide/target:rw,Z" "-v" "/var/lib/crater-agent-workspace/builds/worker-3-tc2/source:/opt/rustwide/workdir:ro,Z" "-v" "/var/lib/crater-agent-workspace/cargo-home:/opt/rustwide/cargo-home:ro,Z" "-v" "/var/lib/crater-agent-workspace/rustup-home:/opt/rustwide/rustup-home:ro,Z" "-e" "SOURCE_DIR=/opt/rustwide/workdir" "-e" "CARGO_TARGET_DIR=/opt/rustwide/target" "-e" "CARGO_HOME=/opt/rustwide/cargo-home" "-e" "RUSTUP_HOME=/opt/rustwide/rustup-home" "-w" "/opt/rustwide/workdir" "-m" "1610612736" "--user" "0:0" "--network" "none" "ghcr.io/rust-lang/crates-build-env/linux@sha256:2788e3201cd34a07e3172128adcd8b3090168a8e3bcc40d7c032b9dda1df7d1c" "/opt/rustwide/cargo-home/bin/cargo" "+beta-2023-12-22" "metadata" "--no-deps" "--format-version=1", kill_on_drop: false }`
[INFO] [stdout] 5e51df26dc0efee2317601c5997316e4328609db25dc7520ab8603bb0a2d64b9
[INFO] running `Command { std: "docker" "start" "-a" "5e51df26dc0efee2317601c5997316e4328609db25dc7520ab8603bb0a2d64b9", kill_on_drop: false }`
[INFO] running `Command { std: "docker" "inspect" "5e51df26dc0efee2317601c5997316e4328609db25dc7520ab8603bb0a2d64b9", kill_on_drop: false }`
[INFO] running `Command { std: "docker" "rm" "-f" "5e51df26dc0efee2317601c5997316e4328609db25dc7520ab8603bb0a2d64b9", kill_on_drop: false }`
[INFO] [stdout] 5e51df26dc0efee2317601c5997316e4328609db25dc7520ab8603bb0a2d64b9
[INFO] running `Command { std: "docker" "create" "-v" "/var/lib/crater-agent-workspace/builds/worker-3-tc2/target:/opt/rustwide/target:rw,Z" "-v" "/var/lib/crater-agent-workspace/builds/worker-3-tc2/source:/opt/rustwide/workdir:ro,Z" "-v" "/var/lib/crater-agent-workspace/cargo-home:/opt/rustwide/cargo-home:ro,Z" "-v" "/var/lib/crater-agent-workspace/rustup-home:/opt/rustwide/rustup-home:ro,Z" "-e" "SOURCE_DIR=/opt/rustwide/workdir" "-e" "CARGO_TARGET_DIR=/opt/rustwide/target" "-e" "CARGO_INCREMENTAL=0" "-e" "RUST_BACKTRACE=full" "-e" "RUSTFLAGS=--cap-lints=warn" "-e" "RUSTDOCFLAGS=--cap-lints=warn" "-e" "CARGO_HOME=/opt/rustwide/cargo-home" "-e" "RUSTUP_HOME=/opt/rustwide/rustup-home" "-w" "/opt/rustwide/workdir" "-m" "1610612736" "--user" "0:0" "--network" "none" "ghcr.io/rust-lang/crates-build-env/linux@sha256:2788e3201cd34a07e3172128adcd8b3090168a8e3bcc40d7c032b9dda1df7d1c" "/opt/rustwide/cargo-home/bin/cargo" "+beta-2023-12-22" "build" "--frozen" "--message-format=json", kill_on_drop: false }`
[INFO] [stdout] 01721c911b4297cbd098dfd401d2e1821f723c85553500447c7eac22a15b53ed
[INFO] running `Command { std: "docker" "start" "-a" "01721c911b4297cbd098dfd401d2e1821f723c85553500447c7eac22a15b53ed", kill_on_drop: false }`
[INFO] [stderr]    Compiling proc-macro2 v1.0.70
[INFO] [stderr]    Compiling unicode-ident v1.0.12
[INFO] [stderr]    Compiling serde v1.0.193
[INFO] [stderr]    Compiling thiserror v1.0.50
[INFO] [stderr]    Compiling serde_json v1.0.108
[INFO] [stderr]    Compiling itoa v1.0.9
[INFO] [stderr]    Compiling ryu v1.0.15
[INFO] [stderr]    Compiling quote v1.0.33
[INFO] [stderr]    Compiling syn v2.0.39
[INFO] [stderr]    Compiling serde_derive v1.0.193
[INFO] [stderr]    Compiling thiserror-impl v1.0.50
[INFO] [stderr]    Compiling binary-stream v3.4.0
[INFO] [stderr]    Compiling glam v0.24.2
[INFO] [stderr]    Compiling serde-binary v0.5.0
[INFO] [stderr]    Compiling csg v0.1.0 (/opt/rustwide/workdir)
[INFO] [stderr]     Finished dev [unoptimized + debuginfo] target(s) in 7.98s
[INFO] running `Command { std: "docker" "inspect" "01721c911b4297cbd098dfd401d2e1821f723c85553500447c7eac22a15b53ed", kill_on_drop: false }`
[INFO] running `Command { std: "docker" "rm" "-f" "01721c911b4297cbd098dfd401d2e1821f723c85553500447c7eac22a15b53ed", kill_on_drop: false }`
[INFO] [stdout] 01721c911b4297cbd098dfd401d2e1821f723c85553500447c7eac22a15b53ed
[INFO] running `Command { std: "docker" "create" "-v" "/var/lib/crater-agent-workspace/builds/worker-3-tc2/target:/opt/rustwide/target:rw,Z" "-v" "/var/lib/crater-agent-workspace/builds/worker-3-tc2/source:/opt/rustwide/workdir:ro,Z" "-v" "/var/lib/crater-agent-workspace/cargo-home:/opt/rustwide/cargo-home:ro,Z" "-v" "/var/lib/crater-agent-workspace/rustup-home:/opt/rustwide/rustup-home:ro,Z" "-e" "SOURCE_DIR=/opt/rustwide/workdir" "-e" "CARGO_TARGET_DIR=/opt/rustwide/target" "-e" "CARGO_INCREMENTAL=0" "-e" "RUST_BACKTRACE=full" "-e" "RUSTFLAGS=--cap-lints=warn" "-e" "RUSTDOCFLAGS=--cap-lints=warn" "-e" "CARGO_HOME=/opt/rustwide/cargo-home" "-e" "RUSTUP_HOME=/opt/rustwide/rustup-home" "-w" "/opt/rustwide/workdir" "-m" "1610612736" "--user" "0:0" "--network" "none" "ghcr.io/rust-lang/crates-build-env/linux@sha256:2788e3201cd34a07e3172128adcd8b3090168a8e3bcc40d7c032b9dda1df7d1c" "/opt/rustwide/cargo-home/bin/cargo" "+beta-2023-12-22" "test" "--frozen" "--no-run" "--message-format=json", kill_on_drop: false }`
[INFO] [stdout] 529e4ff284a669d2d07555bf19df3ebc30fe9c3e39ed628414d3e17981e8a587
[INFO] running `Command { std: "docker" "start" "-a" "529e4ff284a669d2d07555bf19df3ebc30fe9c3e39ed628414d3e17981e8a587", kill_on_drop: false }`
[INFO] [stderr]    Compiling csg v0.1.0 (/opt/rustwide/workdir)
[INFO] [stderr]     Finished test [unoptimized + debuginfo] target(s) in 0.79s
[INFO] running `Command { std: "docker" "inspect" "529e4ff284a669d2d07555bf19df3ebc30fe9c3e39ed628414d3e17981e8a587", kill_on_drop: false }`
[INFO] running `Command { std: "docker" "rm" "-f" "529e4ff284a669d2d07555bf19df3ebc30fe9c3e39ed628414d3e17981e8a587", kill_on_drop: false }`
[INFO] [stdout] 529e4ff284a669d2d07555bf19df3ebc30fe9c3e39ed628414d3e17981e8a587
[INFO] running `Command { std: "docker" "create" "-v" "/var/lib/crater-agent-workspace/builds/worker-3-tc2/target:/opt/rustwide/target:rw,Z" "-v" "/var/lib/crater-agent-workspace/builds/worker-3-tc2/source:/opt/rustwide/workdir:ro,Z" "-v" "/var/lib/crater-agent-workspace/cargo-home:/opt/rustwide/cargo-home:ro,Z" "-v" "/var/lib/crater-agent-workspace/rustup-home:/opt/rustwide/rustup-home:ro,Z" "-e" "SOURCE_DIR=/opt/rustwide/workdir" "-e" "CARGO_TARGET_DIR=/opt/rustwide/target" "-e" "CARGO_INCREMENTAL=0" "-e" "RUST_BACKTRACE=full" "-e" "RUSTFLAGS=--cap-lints=warn" "-e" "RUSTDOCFLAGS=--cap-lints=warn" "-e" "CARGO_HOME=/opt/rustwide/cargo-home" "-e" "RUSTUP_HOME=/opt/rustwide/rustup-home" "-w" "/opt/rustwide/workdir" "-m" "1610612736" "--user" "0:0" "--network" "none" "ghcr.io/rust-lang/crates-build-env/linux@sha256:2788e3201cd34a07e3172128adcd8b3090168a8e3bcc40d7c032b9dda1df7d1c" "/opt/rustwide/cargo-home/bin/cargo" "+beta-2023-12-22" "test" "--frozen", kill_on_drop: false }`
[INFO] [stdout] 4485179f9b14fd607991ff6abfe18472bfb04ecc3db32f883a937770f7992784
[INFO] running `Command { std: "docker" "start" "-a" "4485179f9b14fd607991ff6abfe18472bfb04ecc3db32f883a937770f7992784", kill_on_drop: false }`
[INFO] [stderr]     Finished test [unoptimized + debuginfo] target(s) in 0.01s
[INFO] [stderr]      Running unittests src/lib.rs (/opt/rustwide/target/debug/deps/csg-0787802728cdb14e)
[INFO] [stdout] 
[INFO] [stdout] running 2 tests
[INFO] [stdout] test test::serialization::serialize_json ... ok
[INFO] [stdout] test test::serialization::serialize_binary ... FAILED
[INFO] [stdout] 
[INFO] [stdout] failures:
[INFO] [stdout] 
[INFO] [stdout] ---- test::serialization::serialize_binary stdout ----
[INFO] [stdout] thread 'test::serialization::serialize_binary' panicked at /opt/rustwide/cargo-home/registry/src/index.crates.io-6f17d22bba15001f/serde-binary-0.5.0/src/deserializer.rs:19:9:
[INFO] [stdout] deserialization of any type for binary data format is not supported
[INFO] [stdout] stack backtrace:
[INFO] [stdout]    0:     0x562fbb8b4bc6 - std::backtrace_rs::backtrace::libunwind::trace::h261606ad26a499c1
[INFO] [stdout]                                at /rustc/0e09125c6c3c2fd70d7de961bcf0e51575235fad/library/std/src/../../backtrace/src/backtrace/libunwind.rs:104:5
[INFO] [stdout]    1:     0x562fbb8b4bc6 - std::backtrace_rs::backtrace::trace_unsynchronized::hd183f0625477fb28
[INFO] [stdout]                                at /rustc/0e09125c6c3c2fd70d7de961bcf0e51575235fad/library/std/src/../../backtrace/src/backtrace/mod.rs:66:5
[INFO] [stdout]    2:     0x562fbb8b4bc6 - std::sys_common::backtrace::_print_fmt::hd7f8fef21b4eda67
[INFO] [stdout]                                at /rustc/0e09125c6c3c2fd70d7de961bcf0e51575235fad/library/std/src/sys_common/backtrace.rs:68:5
[INFO] [stdout]    3:     0x562fbb8b4bc6 - <std::sys_common::backtrace::_print::DisplayBacktrace as core::fmt::Display>::fmt::h623d9b51f2f453f1
[INFO] [stdout]                                at /rustc/0e09125c6c3c2fd70d7de961bcf0e51575235fad/library/std/src/sys_common/backtrace.rs:44:22
[INFO] [stdout]    4:     0x562fbb8de780 - core::fmt::rt::Argument::fmt::h9f417ac76a86f368
[INFO] [stdout]                                at /rustc/0e09125c6c3c2fd70d7de961bcf0e51575235fad/library/core/src/fmt/rt.rs:142:9
[INFO] [stdout]    5:     0x562fbb8de780 - core::fmt::write::hc9b6faf4ac2aeff7
[INFO] [stdout]                                at /rustc/0e09125c6c3c2fd70d7de961bcf0e51575235fad/library/core/src/fmt/mod.rs:1120:17
[INFO] [stdout]    6:     0x562fbb8b262f - std::io::Write::write_fmt::he04625a3a989fec3
[INFO] [stdout]                                at /rustc/0e09125c6c3c2fd70d7de961bcf0e51575235fad/library/std/src/io/mod.rs:1810:15
[INFO] [stdout]    7:     0x562fbb8b49a4 - std::sys_common::backtrace::_print::hd5d66399c7df88a2
[INFO] [stdout]                                at /rustc/0e09125c6c3c2fd70d7de961bcf0e51575235fad/library/std/src/sys_common/backtrace.rs:47:5
[INFO] [stdout]    8:     0x562fbb8b49a4 - std::sys_common::backtrace::print::he81ed2da642d37e5
[INFO] [stdout]                                at /rustc/0e09125c6c3c2fd70d7de961bcf0e51575235fad/library/std/src/sys_common/backtrace.rs:34:9
[INFO] [stdout]    9:     0x562fbb8b6717 - std::panicking::default_hook::{{closure}}::h85773f4fa117163d
[INFO] [stdout]   10:     0x562fbb8b63fd - std::panicking::default_hook::h6a1694a91d09b278
[INFO] [stdout]                                at /rustc/0e09125c6c3c2fd70d7de961bcf0e51575235fad/library/std/src/panicking.rs:289:9
[INFO] [stdout]   11:     0x562fbb8845b7 - <alloc::boxed::Box<F,A> as core::ops::function::Fn<Args>>::call::h616ac37fa3cd6c8f
[INFO] [stdout]                                at /rustc/0e09125c6c3c2fd70d7de961bcf0e51575235fad/library/alloc/src/boxed.rs:2029:9
[INFO] [stdout]   12:     0x562fbb8845b7 - test::test_main::{{closure}}::h00d84697cefdcbb6
[INFO] [stdout]                                at /rustc/0e09125c6c3c2fd70d7de961bcf0e51575235fad/library/test/src/lib.rs:138:21
[INFO] [stdout]   13:     0x562fbb8b6d36 - <alloc::boxed::Box<F,A> as core::ops::function::Fn<Args>>::call::hcb3fe3b9bb537ba8
[INFO] [stdout]                                at /rustc/0e09125c6c3c2fd70d7de961bcf0e51575235fad/library/alloc/src/boxed.rs:2029:9
[INFO] [stdout]   14:     0x562fbb8b6d36 - std::panicking::rust_panic_with_hook::h0a7ad96e90f7145b
[INFO] [stdout]                                at /rustc/0e09125c6c3c2fd70d7de961bcf0e51575235fad/library/std/src/panicking.rs:783:13
[INFO] [stdout]   15:     0x562fbb8b6a49 - std::panicking::begin_panic_handler::{{closure}}::h7919090525c6485e
[INFO] [stdout]                                at /rustc/0e09125c6c3c2fd70d7de961bcf0e51575235fad/library/std/src/panicking.rs:649:13
[INFO] [stdout]   16:     0x562fbb8b50c6 - std::sys_common::backtrace::__rust_end_short_backtrace::hf3289479464f7dfe
[INFO] [stdout]                                at /rustc/0e09125c6c3c2fd70d7de961bcf0e51575235fad/library/std/src/sys_common/backtrace.rs:171:18
[INFO] [stdout]   17:     0x562fbb8b67e0 - rust_begin_unwind
[INFO] [stdout]                                at /rustc/0e09125c6c3c2fd70d7de961bcf0e51575235fad/library/std/src/panicking.rs:645:5
[INFO] [stdout]   18:     0x562fbb7eecd5 - core::panicking::panic_fmt::hcc9f77c5c132af55
[INFO] [stdout]                                at /rustc/0e09125c6c3c2fd70d7de961bcf0e51575235fad/library/core/src/panicking.rs:72:14
[INFO] [stdout]   19:     0x562fbb808bb0 - <&mut serde_binary::deserializer::Deserializer as serde::de::Deserializer>::deserialize_any::h531a927a2785c865
[INFO] [stdout]                                at /opt/rustwide/cargo-home/registry/src/index.crates.io-6f17d22bba15001f/serde-binary-0.5.0/src/deserializer.rs:19:9
[INFO] [stdout]   20:     0x562fbb80b645 - <&mut serde_binary::deserializer::Deserializer as serde::de::Deserializer>::deserialize_ignored_any::ha2c9ee22b4fdb875
[INFO] [stdout]                                at /opt/rustwide/cargo-home/registry/src/index.crates.io-6f17d22bba15001f/serde-binary-0.5.0/src/deserializer.rs:240:9
[INFO] [stdout]   21:     0x562fbb82b1c6 - <serde::de::ignored_any::IgnoredAny as serde::de::Deserialize>::deserialize::h328143f19b9d6e11
[INFO] [stdout]                                at /opt/rustwide/cargo-home/registry/src/index.crates.io-6f17d22bba15001f/serde-1.0.193/src/de/ignored_any.rs:236:9
[INFO] [stdout]   22:     0x562fbb8087b5 - <core::marker::PhantomData<T> as serde::de::DeserializeSeed>::deserialize::h819f7b67c9f00517
[INFO] [stdout]                                at /opt/rustwide/cargo-home/registry/src/index.crates.io-6f17d22bba15001f/serde-1.0.193/src/de/mod.rs:794:9
[INFO] [stdout]   23:     0x562fbb807d68 - <serde_binary::deserializer::SizeAccess as serde::de::MapAccess>::next_value_seed::hec8e4829e881954c
[INFO] [stdout]                                at /opt/rustwide/cargo-home/registry/src/index.crates.io-6f17d22bba15001f/serde-binary-0.5.0/src/deserializer.rs:295:9
[INFO] [stdout]   24:     0x562fbb806cc6 - serde::de::MapAccess::next_value::h850e85d331216943
[INFO] [stdout]                                at /opt/rustwide/cargo-home/registry/src/index.crates.io-6f17d22bba15001f/serde-1.0.193/src/de/mod.rs:1867:9
[INFO] [stdout]   25:     0x562fbb82dcfa - <csg::primitives::sphere::_::<impl serde::de::Deserialize for csg::primitives::sphere::Sphere>::deserialize::__Visitor as serde::de::Visitor>::visit_map::hf8e71dab73c69f58
[INFO] [stdout]                                at /opt/rustwide/workdir/src/primitives/sphere.rs:19:47
[INFO] [stdout]   26:     0x562fbb809085 - <&mut serde_binary::deserializer::Deserializer as serde::de::Deserializer>::deserialize_map::h84c57ef98ae5fd0c
[INFO] [stdout]                                at /opt/rustwide/cargo-home/registry/src/index.crates.io-6f17d22bba15001f/serde-binary-0.5.0/src/deserializer.rs:202:9
[INFO] [stdout]   27:     0x562fbb80b439 - <&mut serde_binary::deserializer::Deserializer as serde::de::Deserializer>::deserialize_struct::heb23d0bec84f6165
[INFO] [stdout]                                at /opt/rustwide/cargo-home/registry/src/index.crates.io-6f17d22bba15001f/serde-binary-0.5.0/src/deserializer.rs:214:9
[INFO] [stdout]   28:     0x562fbb82d1af - csg::primitives::sphere::_::<impl serde::de::Deserialize for csg::primitives::sphere::Sphere>::deserialize::h7ae0c71c081f3972
[INFO] [stdout]                                at /opt/rustwide/workdir/src/primitives/sphere.rs:19:47
[INFO] [stdout]   29:     0x562fbb808b25 - <core::marker::PhantomData<T> as serde::de::DeserializeSeed>::deserialize::hfcd46fb5103e3879
[INFO] [stdout]                                at /opt/rustwide/cargo-home/registry/src/index.crates.io-6f17d22bba15001f/serde-1.0.193/src/de/mod.rs:794:9
[INFO] [stdout]   30:     0x562fbb807495 - <serde_binary::deserializer::Enum as serde::de::VariantAccess>::newtype_variant_seed::h273514227d34dd10
[INFO] [stdout]                                at /opt/rustwide/cargo-home/registry/src/index.crates.io-6f17d22bba15001f/serde-binary-0.5.0/src/deserializer.rs:333:9
[INFO] [stdout]   31:     0x562fbb806976 - serde::de::VariantAccess::newtype_variant::h21b7347a9564de77
[INFO] [stdout]                                at /opt/rustwide/cargo-home/registry/src/index.crates.io-6f17d22bba15001f/serde-1.0.193/src/de/mod.rs:2121:9
[INFO] [stdout]   32:     0x562fbb81767a - <csg::primitives::_::<impl serde::de::Deserialize for csg::primitives::Primitive>::deserialize::__Visitor as serde::de::Visitor>::visit_enum::hb5bdb4084cfb6f52
[INFO] [stdout]                                at /opt/rustwide/workdir/src/primitives.rs:19:47
[INFO] [stdout]   33:     0x562fbb80aeb9 - <&mut serde_binary::deserializer::Deserializer as serde::de::Deserializer>::deserialize_enum::h35ff7e762b3588d5
[INFO] [stdout]                                at /opt/rustwide/cargo-home/registry/src/index.crates.io-6f17d22bba15001f/serde-binary-0.5.0/src/deserializer.rs:226:9
[INFO] [stdout]   34:     0x562fbb81722f - csg::primitives::_::<impl serde::de::Deserialize for csg::primitives::Primitive>::deserialize::h982ea1a01c661e09
[INFO] [stdout]                                at /opt/rustwide/workdir/src/primitives.rs:19:47
[INFO] [stdout]   35:     0x562fbb8084c5 - <core::marker::PhantomData<T> as serde::de::DeserializeSeed>::deserialize::h2c82d35eaee3cf39
[INFO] [stdout]                                at /opt/rustwide/cargo-home/registry/src/index.crates.io-6f17d22bba15001f/serde-1.0.193/src/de/mod.rs:794:9
[INFO] [stdout]   36:     0x562fbb8075d5 - <serde_binary::deserializer::Enum as serde::de::VariantAccess>::newtype_variant_seed::he0704aae18360772
[INFO] [stdout]                                at /opt/rustwide/cargo-home/registry/src/index.crates.io-6f17d22bba15001f/serde-binary-0.5.0/src/deserializer.rs:333:9
[INFO] [stdout]   37:     0x562fbb806996 - serde::de::VariantAccess::newtype_variant::h30111725a6c1cbb8
[INFO] [stdout]                                at /opt/rustwide/cargo-home/registry/src/index.crates.io-6f17d22bba15001f/serde-1.0.193/src/de/mod.rs:2121:9
[INFO] [stdout]   38:     0x562fbb826e2a - <csg::object::_::<impl serde::de::Deserialize for csg::object::Object>::deserialize::__Visitor as serde::de::Visitor>::visit_enum::h953b381360e2c238
[INFO] [stdout]                                at /opt/rustwide/workdir/src/object.rs:20:47
[INFO] [stdout]   39:     0x562fbb80af59 - <&mut serde_binary::deserializer::Deserializer as serde::de::Deserializer>::deserialize_enum::h36e03d99cea1053d
[INFO] [stdout]                                at /opt/rustwide/cargo-home/registry/src/index.crates.io-6f17d22bba15001f/serde-binary-0.5.0/src/deserializer.rs:226:9
[INFO] [stdout]   40:     0x562fbb826a1f - csg::object::_::<impl serde::de::Deserialize for csg::object::Object>::deserialize::h1943f9861dc3f4f1
[INFO] [stdout]                                at /opt/rustwide/workdir/src/object.rs:20:47
[INFO] [stdout]   41:     0x562fbb808425 - <core::marker::PhantomData<T> as serde::de::DeserializeSeed>::deserialize::h1d6a310734ed95c8
[INFO] [stdout]                                at /opt/rustwide/cargo-home/registry/src/index.crates.io-6f17d22bba15001f/serde-1.0.193/src/de/mod.rs:794:9
[INFO] [stdout]   42:     0x562fbb80814d - <serde_binary::deserializer::SizeAccess as serde::de::SeqAccess>::next_element_seed::hc1015bcee088fab1
[INFO] [stdout]                                at /opt/rustwide/cargo-home/registry/src/index.crates.io-6f17d22bba15001f/serde-binary-0.5.0/src/deserializer.rs:269:13
[INFO] [stdout]   43:     0x562fbb806e66 - serde::de::SeqAccess::next_element::h10de1fa3b01426d3
[INFO] [stdout]                                at /opt/rustwide/cargo-home/registry/src/index.crates.io-6f17d22bba15001f/serde-1.0.193/src/de/mod.rs:1728:9
[INFO] [stdout]   44:     0x562fbb8285f3 - <serde::de::impls::<impl serde::de::Deserialize for alloc::vec::Vec<T>>::deserialize::VecVisitor<T> as serde::de::Visitor>::visit_seq::h03c86eaa1ddf6564
[INFO] [stdout]                                at /opt/rustwide/cargo-home/registry/src/index.crates.io-6f17d22bba15001f/serde-1.0.193/src/de/impls.rs:1071:46
[INFO] [stdout]   45:     0x562fbb8096c5 - <&mut serde_binary::deserializer::Deserializer as serde::de::Deserializer>::deserialize_seq::h1a219b5343e227db
[INFO] [stdout]                                at /opt/rustwide/cargo-home/registry/src/index.crates.io-6f17d22bba15001f/serde-binary-0.5.0/src/deserializer.rs:174:9
[INFO] [stdout]   46:     0x562fbb82aa05 - serde::de::impls::<impl serde::de::Deserialize for alloc::vec::Vec<T>>::deserialize::h464c9cd5dd79175c
[INFO] [stdout]                                at /opt/rustwide/cargo-home/registry/src/index.crates.io-6f17d22bba15001f/serde-1.0.193/src/de/impls.rs:1082:9
[INFO] [stdout]   47:     0x562fbb8088e5 - <core::marker::PhantomData<T> as serde::de::DeserializeSeed>::deserialize::hb9e9836567c1c8f2
[INFO] [stdout]                                at /opt/rustwide/cargo-home/registry/src/index.crates.io-6f17d22bba15001f/serde-1.0.193/src/de/mod.rs:794:9
[INFO] [stdout]   48:     0x562fbb807cd8 - <serde_binary::deserializer::SizeAccess as serde::de::MapAccess>::next_value_seed::h858bbb93cdeb0093
[INFO] [stdout]                                at /opt/rustwide/cargo-home/registry/src/index.crates.io-6f17d22bba15001f/serde-binary-0.5.0/src/deserializer.rs:295:9
[INFO] [stdout]   49:     0x562fbb806ce6 - serde::de::MapAccess::next_value::h8db67394146d276f
[INFO] [stdout]                                at /opt/rustwide/cargo-home/registry/src/index.crates.io-6f17d22bba15001f/serde-1.0.193/src/de/mod.rs:1867:9
[INFO] [stdout]   50:     0x562fbb811541 - <csg::operations::union::_::<impl serde::de::Deserialize for csg::operations::union::Union>::deserialize::__Visitor as serde::de::Visitor>::visit_map::hd7a8c9692439a636
[INFO] [stdout]                                at /opt/rustwide/workdir/src/operations/union.rs:11:47
[INFO] [stdout]   51:     0x562fbb808e05 - <&mut serde_binary::deserializer::Deserializer as serde::de::Deserializer>::deserialize_map::h370246d59bea2711
[INFO] [stdout]                                at /opt/rustwide/cargo-home/registry/src/index.crates.io-6f17d22bba15001f/serde-binary-0.5.0/src/deserializer.rs:202:9
[INFO] [stdout]   52:     0x562fbb80b3f9 - <&mut serde_binary::deserializer::Deserializer as serde::de::Deserializer>::deserialize_struct::h7920a00108ceeee0
[INFO] [stdout]                                at /opt/rustwide/cargo-home/registry/src/index.crates.io-6f17d22bba15001f/serde-binary-0.5.0/src/deserializer.rs:214:9
[INFO] [stdout]   53:     0x562fbb810a7f - csg::operations::union::_::<impl serde::de::Deserialize for csg::operations::union::Union>::deserialize::h4b1c1f2031a2611d
[INFO] [stdout]                                at /opt/rustwide/workdir/src/operations/union.rs:11:47
[INFO] [stdout]   54:     0x562fbb8083c5 - <core::marker::PhantomData<T> as serde::de::DeserializeSeed>::deserialize::h16c363f757df73ac
[INFO] [stdout]                                at /opt/rustwide/cargo-home/registry/src/index.crates.io-6f17d22bba15001f/serde-1.0.193/src/de/mod.rs:794:9
[INFO] [stdout]   55:     0x562fbb807595 - <serde_binary::deserializer::Enum as serde::de::VariantAccess>::newtype_variant_seed::hd8106dbd261cb0c6
[INFO] [stdout]                                at /opt/rustwide/cargo-home/registry/src/index.crates.io-6f17d22bba15001f/serde-binary-0.5.0/src/deserializer.rs:333:9
[INFO] [stdout]   56:     0x562fbb8069b6 - serde::de::VariantAccess::newtype_variant::h35a3f263b70a79a7
[INFO] [stdout]                                at /opt/rustwide/cargo-home/registry/src/index.crates.io-6f17d22bba15001f/serde-1.0.193/src/de/mod.rs:2121:9
[INFO] [stdout]   57:     0x562fbb82090a - <csg::operations::_::<impl serde::de::Deserialize for csg::operations::Op>::deserialize::__Visitor as serde::de::Visitor>::visit_enum::h04f936d190f6f2b0
[INFO] [stdout]                                at /opt/rustwide/workdir/src/operations.rs:12:47
[INFO] [stdout]   58:     0x562fbb80b099 - <&mut serde_binary::deserializer::Deserializer as serde::de::Deserializer>::deserialize_enum::ha21dfceea3620d02
[INFO] [stdout]                                at /opt/rustwide/cargo-home/registry/src/index.crates.io-6f17d22bba15001f/serde-binary-0.5.0/src/deserializer.rs:226:9
[INFO] [stdout]   59:     0x562fbb82062d - csg::operations::_::<impl serde::de::Deserialize for csg::operations::Op>::deserialize::h761817f6d4d52f52
[INFO] [stdout]                                at /opt/rustwide/workdir/src/operations.rs:12:47
[INFO] [stdout]   60:     0x562fbb808aa5 - <core::marker::PhantomData<T> as serde::de::DeserializeSeed>::deserialize::he779639198282e60
[INFO] [stdout]                                at /opt/rustwide/cargo-home/registry/src/index.crates.io-6f17d22bba15001f/serde-1.0.193/src/de/mod.rs:794:9
[INFO] [stdout]   61:     0x562fbb8074f5 - <serde_binary::deserializer::Enum as serde::de::VariantAccess>::newtype_variant_seed::h4b490cdf41f7ce59
[INFO] [stdout]                                at /opt/rustwide/cargo-home/registry/src/index.crates.io-6f17d22bba15001f/serde-binary-0.5.0/src/deserializer.rs:333:9
[INFO] [stdout]   62:     0x562fbb806ab6 - serde::de::VariantAccess::newtype_variant::hda5322568582071e
[INFO] [stdout]                                at /opt/rustwide/cargo-home/registry/src/index.crates.io-6f17d22bba15001f/serde-1.0.193/src/de/mod.rs:2121:9
[INFO] [stdout]   63:     0x562fbb826e5e - <csg::object::_::<impl serde::de::Deserialize for csg::object::Object>::deserialize::__Visitor as serde::de::Visitor>::visit_enum::h953b381360e2c238
[INFO] [stdout]                                at /opt/rustwide/workdir/src/object.rs:20:47
[INFO] [stdout]   64:     0x562fbb80af59 - <&mut serde_binary::deserializer::Deserializer as serde::de::Deserializer>::deserialize_enum::h36e03d99cea1053d
[INFO] [stdout]                                at /opt/rustwide/cargo-home/registry/src/index.crates.io-6f17d22bba15001f/serde-binary-0.5.0/src/deserializer.rs:226:9
[INFO] [stdout]   65:     0x562fbb826a1f - csg::object::_::<impl serde::de::Deserialize for csg::object::Object>::deserialize::h1943f9861dc3f4f1
[INFO] [stdout]                                at /opt/rustwide/workdir/src/object.rs:20:47
[INFO] [stdout]   66:     0x562fbb80dfae - serde_binary::from_slice::hae57a0bd7d62560f
[INFO] [stdout]                                at /opt/rustwide/cargo-home/registry/src/index.crates.io-6f17d22bba15001f/serde-binary-0.5.0/src/lib.rs:49:20
[INFO] [stdout]   67:     0x562fbb81599c - csg::test::serialization::assert_object_is_serialize_bin_consistent::hedab79b9c9c63c0f
[INFO] [stdout]                                at /opt/rustwide/workdir/src/test/serialization.rs:29:15
[INFO] [stdout]   68:     0x562fbb817e2a - csg::test::serialization::serialize_binary::h6aa5287dfe6b5075
[INFO] [stdout]                                at /opt/rustwide/workdir/src/test/serialization.rs:58:5
[INFO] [stdout]   69:     0x562fbb817b37 - csg::test::serialization::serialize_binary::{{closure}}::hf24498064ccf661f
[INFO] [stdout]                                at /opt/rustwide/workdir/src/test/serialization.rs:51:22
[INFO] [stdout]   70:     0x562fbb818476 - core::ops::function::FnOnce::call_once::h8c79f4a43431dd90
[INFO] [stdout]                                at /rustc/0e09125c6c3c2fd70d7de961bcf0e51575235fad/library/core/src/ops/function.rs:250:5
[INFO] [stdout]   71:     0x562fbb889e8f - core::ops::function::FnOnce::call_once::hd64d26f405258157
[INFO] [stdout]                                at /rustc/0e09125c6c3c2fd70d7de961bcf0e51575235fad/library/core/src/ops/function.rs:250:5
[INFO] [stdout]   72:     0x562fbb889e8f - test::__rust_begin_short_backtrace::he21b0b7a6d731bf9
[INFO] [stdout]                                at /rustc/0e09125c6c3c2fd70d7de961bcf0e51575235fad/library/test/src/lib.rs:627:18
[INFO] [stdout]   73:     0x562fbb888c11 - test::run_test_in_process::{{closure}}::hf5c73986d7bdfde2
[INFO] [stdout]                                at /rustc/0e09125c6c3c2fd70d7de961bcf0e51575235fad/library/test/src/lib.rs:650:60
[INFO] [stdout]   74:     0x562fbb888c11 - <core::panic::unwind_safe::AssertUnwindSafe<F> as core::ops::function::FnOnce<()>>::call_once::h330011ad032aadc0
[INFO] [stdout]                                at /rustc/0e09125c6c3c2fd70d7de961bcf0e51575235fad/library/core/src/panic/unwind_safe.rs:272:9
[INFO] [stdout]   75:     0x562fbb888c11 - std::panicking::try::do_call::he61b0a958b795a41
[INFO] [stdout]                                at /rustc/0e09125c6c3c2fd70d7de961bcf0e51575235fad/library/std/src/panicking.rs:552:40
[INFO] [stdout]   76:     0x562fbb888c11 - std::panicking::try::h7309da130f906eb7
[INFO] [stdout]                                at /rustc/0e09125c6c3c2fd70d7de961bcf0e51575235fad/library/std/src/panicking.rs:516:19
[INFO] [stdout]   77:     0x562fbb888c11 - std::panic::catch_unwind::hc5c3a06fdaf0a92a
[INFO] [stdout]                                at /rustc/0e09125c6c3c2fd70d7de961bcf0e51575235fad/library/std/src/panic.rs:142:14
[INFO] [stdout]   78:     0x562fbb888c11 - test::run_test_in_process::h7e7b7c71c3324e0f
[INFO] [stdout]                                at /rustc/0e09125c6c3c2fd70d7de961bcf0e51575235fad/library/test/src/lib.rs:650:27
[INFO] [stdout]   79:     0x562fbb888c11 - test::run_test::{{closure}}::h1f509f28f5cf20b1
[INFO] [stdout]                                at /rustc/0e09125c6c3c2fd70d7de961bcf0e51575235fad/library/test/src/lib.rs:573:43
[INFO] [stdout]   80:     0x562fbb84ff46 - test::run_test::{{closure}}::h1754218abf443f6d
[INFO] [stdout]                                at /rustc/0e09125c6c3c2fd70d7de961bcf0e51575235fad/library/test/src/lib.rs:601:41
[INFO] [stdout]   81:     0x562fbb84ff46 - std::sys_common::backtrace::__rust_begin_short_backtrace::h2ee174b9d5954948
[INFO] [stdout]                                at /rustc/0e09125c6c3c2fd70d7de961bcf0e51575235fad/library/std/src/sys_common/backtrace.rs:155:18
[INFO] [stdout]   82:     0x562fbb854fa7 - std::thread::Builder::spawn_unchecked_::{{closure}}::{{closure}}::hf60bee9c1a17ef09
[INFO] [stdout]                                at /rustc/0e09125c6c3c2fd70d7de961bcf0e51575235fad/library/std/src/thread/mod.rs:529:17
[INFO] [stdout]   83:     0x562fbb854fa7 - <core::panic::unwind_safe::AssertUnwindSafe<F> as core::ops::function::FnOnce<()>>::call_once::h33d0dddec5216160
[INFO] [stdout]                                at /rustc/0e09125c6c3c2fd70d7de961bcf0e51575235fad/library/core/src/panic/unwind_safe.rs:272:9
[INFO] [stdout]   84:     0x562fbb854fa7 - std::panicking::try::do_call::h144b3048b546f835
[INFO] [stdout]                                at /rustc/0e09125c6c3c2fd70d7de961bcf0e51575235fad/library/std/src/panicking.rs:552:40
[INFO] [stdout]   85:     0x562fbb854fa7 - std::panicking::try::h978244d04646189f
[INFO] [stdout]                                at /rustc/0e09125c6c3c2fd70d7de961bcf0e51575235fad/library/std/src/panicking.rs:516:19
[INFO] [stdout]   86:     0x562fbb854fa7 - std::panic::catch_unwind::hdf436369d188fe86
[INFO] [stdout]                                at /rustc/0e09125c6c3c2fd70d7de961bcf0e51575235fad/library/std/src/panic.rs:142:14
[INFO] [stdout]   87:     0x562fbb854fa7 - std::thread::Builder::spawn_unchecked_::{{closure}}::h87329cbdd33c79ec
[INFO] [stdout]                                at /rustc/0e09125c6c3c2fd70d7de961bcf0e51575235fad/library/std/src/thread/mod.rs:528:30
[INFO] [stdout]   88:     0x562fbb854fa7 - core::ops::function::FnOnce::call_once{{vtable.shim}}::h401abbe67897d450
[INFO] [stdout]                                at /rustc/0e09125c6c3c2fd70d7de961bcf0e51575235fad/library/core/src/ops/function.rs:250:5
[INFO] [stdout]   89:     0x562fbb8bb7e5 - <alloc::boxed::Box<F,A> as core::ops::function::FnOnce<Args>>::call_once::h5d7c8f150ab9c84c
[INFO] [stdout]                                at /rustc/0e09125c6c3c2fd70d7de961bcf0e51575235fad/library/alloc/src/boxed.rs:2015:9
[INFO] [stdout]   90:     0x562fbb8bb7e5 - <alloc::boxed::Box<F,A> as core::ops::function::FnOnce<Args>>::call_once::h570d5b005c242c15
[INFO] [stdout]                                at /rustc/0e09125c6c3c2fd70d7de961bcf0e51575235fad/library/alloc/src/boxed.rs:2015:9
[INFO] [stdout]   91:     0x562fbb8bb7e5 - std::sys::unix::thread::Thread::new::thread_start::h36b0a20c0b2361ad
[INFO] [stdout]                                at /rustc/0e09125c6c3c2fd70d7de961bcf0e51575235fad/library/std/src/sys/unix/thread.rs:108:17
[INFO] [stdout]   92:     0x7f166e432ac3 - <unknown>
[INFO] [stdout]   93:     0x7f166e4c3bf4 - __clone
[INFO] [stdout]   94:                0x0 - <unknown>
[INFO] [stdout] 
[INFO] [stdout] 
[INFO] [stdout] failures:
[INFO] [stdout]     test::serialization::serialize_binary
[INFO] [stdout] 
[INFO] [stdout] test result: FAILED. 1 passed; 1 failed; 0 ignored; 0 measured; 0 filtered out; finished in 0.01s
[INFO] [stdout] 
[INFO] [stderr] error: test failed, to rerun pass `--lib`
[INFO] running `Command { std: "docker" "inspect" "4485179f9b14fd607991ff6abfe18472bfb04ecc3db32f883a937770f7992784", kill_on_drop: false }`
[INFO] running `Command { std: "docker" "rm" "-f" "4485179f9b14fd607991ff6abfe18472bfb04ecc3db32f883a937770f7992784", kill_on_drop: false }`
[INFO] [stdout] 4485179f9b14fd607991ff6abfe18472bfb04ecc3db32f883a937770f7992784
