[INFO] cloning repository https://github.com/VictorBulba/test-grafbase
[INFO] running `Command { std: "git" "-c" "credential.helper=" "-c" "credential.helper=/workspace/cargo-home/bin/git-credential-null" "clone" "--bare" "https://github.com/VictorBulba/test-grafbase" "/workspace/cache/git-repos/https%3A%2F%2Fgithub.com%2FVictorBulba%2Ftest-grafbase", kill_on_drop: false }`
[INFO] [stderr] Cloning into bare repository '/workspace/cache/git-repos/https%3A%2F%2Fgithub.com%2FVictorBulba%2Ftest-grafbase'...
[INFO] running `Command { std: "git" "rev-parse" "HEAD", kill_on_drop: false }`
[INFO] [stdout] 0a436b2c383b0663fe37a1acdf6d5f33787e3940
[INFO] testing VictorBulba/test-grafbase against 1.75.0 for beta-1.76-1
[INFO] running `Command { std: "git" "clone" "/workspace/cache/git-repos/https%3A%2F%2Fgithub.com%2FVictorBulba%2Ftest-grafbase" "/workspace/builds/worker-4-tc1/source", kill_on_drop: false }`
[INFO] [stderr] Cloning into '/workspace/builds/worker-4-tc1/source'...
[INFO] [stderr] done.
[INFO] validating manifest of git repo https://github.com/VictorBulba/test-grafbase on toolchain 1.75.0
[INFO] running `Command { std: CARGO_HOME="/workspace/cargo-home" RUSTUP_HOME="/workspace/rustup-home" "/workspace/cargo-home/bin/cargo" "+1.75.0" "metadata" "--manifest-path" "Cargo.toml" "--no-deps", kill_on_drop: false }`
[INFO] started tweaking git repo https://github.com/VictorBulba/test-grafbase
[INFO] finished tweaking git repo https://github.com/VictorBulba/test-grafbase
[INFO] tweaked toml for git repo https://github.com/VictorBulba/test-grafbase written to /workspace/builds/worker-4-tc1/source/Cargo.toml
[INFO] crate git repo https://github.com/VictorBulba/test-grafbase already has a lockfile, it will not be regenerated
[INFO] running `Command { std: CARGO_HOME="/workspace/cargo-home" RUSTUP_HOME="/workspace/rustup-home" "/workspace/cargo-home/bin/cargo" "+1.75.0" "fetch" "--manifest-path" "Cargo.toml", kill_on_drop: false }`
[INFO] [stderr]  Downloading crates ...
[INFO] [stderr]   Downloaded matchit v0.4.2
[INFO] [stderr]   Downloaded hyper v0.14.21
[INFO] running `Command { std: "docker" "create" "-v" "/var/lib/crater-agent-workspace/builds/worker-4-tc1/target:/opt/rustwide/target:rw,Z" "-v" "/var/lib/crater-agent-workspace/builds/worker-4-tc1/source:/opt/rustwide/workdir:ro,Z" "-v" "/var/lib/crater-agent-workspace/cargo-home:/opt/rustwide/cargo-home:ro,Z" "-v" "/var/lib/crater-agent-workspace/rustup-home:/opt/rustwide/rustup-home:ro,Z" "-e" "SOURCE_DIR=/opt/rustwide/workdir" "-e" "CARGO_TARGET_DIR=/opt/rustwide/target" "-e" "CARGO_HOME=/opt/rustwide/cargo-home" "-e" "RUSTUP_HOME=/opt/rustwide/rustup-home" "-w" "/opt/rustwide/workdir" "-m" "1610612736" "--user" "0:0" "--network" "none" "ghcr.io/rust-lang/crates-build-env/linux@sha256:2788e3201cd34a07e3172128adcd8b3090168a8e3bcc40d7c032b9dda1df7d1c" "/opt/rustwide/cargo-home/bin/cargo" "+1.75.0" "metadata" "--no-deps" "--format-version=1", kill_on_drop: false }`
[INFO] [stdout] 9dd895aeb1757de835dc25d6064a98f2ae60bb9ee3886ceedeb7f3ab63fff9e4
[INFO] running `Command { std: "docker" "start" "-a" "9dd895aeb1757de835dc25d6064a98f2ae60bb9ee3886ceedeb7f3ab63fff9e4", kill_on_drop: false }`
[INFO] running `Command { std: "docker" "inspect" "9dd895aeb1757de835dc25d6064a98f2ae60bb9ee3886ceedeb7f3ab63fff9e4", kill_on_drop: false }`
[INFO] running `Command { std: "docker" "rm" "-f" "9dd895aeb1757de835dc25d6064a98f2ae60bb9ee3886ceedeb7f3ab63fff9e4", kill_on_drop: false }`
[INFO] [stdout] 9dd895aeb1757de835dc25d6064a98f2ae60bb9ee3886ceedeb7f3ab63fff9e4
[INFO] running `Command { std: "docker" "create" "-v" "/var/lib/crater-agent-workspace/builds/worker-4-tc1/target:/opt/rustwide/target:rw,Z" "-v" "/var/lib/crater-agent-workspace/builds/worker-4-tc1/source:/opt/rustwide/workdir:ro,Z" "-v" "/var/lib/crater-agent-workspace/cargo-home:/opt/rustwide/cargo-home:ro,Z" "-v" "/var/lib/crater-agent-workspace/rustup-home:/opt/rustwide/rustup-home:ro,Z" "-e" "SOURCE_DIR=/opt/rustwide/workdir" "-e" "CARGO_TARGET_DIR=/opt/rustwide/target" "-e" "CARGO_INCREMENTAL=0" "-e" "RUST_BACKTRACE=full" "-e" "RUSTFLAGS=--cap-lints=warn" "-e" "RUSTDOCFLAGS=--cap-lints=warn" "-e" "CARGO_HOME=/opt/rustwide/cargo-home" "-e" "RUSTUP_HOME=/opt/rustwide/rustup-home" "-w" "/opt/rustwide/workdir" "-m" "1610612736" "--user" "0:0" "--network" "none" "ghcr.io/rust-lang/crates-build-env/linux@sha256:2788e3201cd34a07e3172128adcd8b3090168a8e3bcc40d7c032b9dda1df7d1c" "/opt/rustwide/cargo-home/bin/cargo" "+1.75.0" "build" "--frozen" "--message-format=json", kill_on_drop: false }`
[INFO] [stdout] e87f53c83d6117eda12e5449e7c6518e67400fb4e2cc25419a09ff4d62a97b85
[INFO] running `Command { std: "docker" "start" "-a" "e87f53c83d6117eda12e5449e7c6518e67400fb4e2cc25419a09ff4d62a97b85", kill_on_drop: false }`
[INFO] [stderr]    Compiling proc-macro2 v1.0.47
[INFO] [stderr]    Compiling quote v1.0.21
[INFO] [stderr]    Compiling unicode-ident v1.0.5
[INFO] [stderr]    Compiling syn v1.0.103
[INFO] [stderr]    Compiling log v0.4.14
[INFO] [stderr]    Compiling once_cell v1.16.0
[INFO] [stderr]    Compiling itoa v1.0.4
[INFO] [stderr]    Compiling serde_derive v1.0.147
[INFO] [stderr]    Compiling serde v1.0.147
[INFO] [stderr]    Compiling wasm-bindgen-shared v0.2.83
[INFO] [stderr]    Compiling libc v0.2.137
[INFO] [stderr]    Compiling serde_json v1.0.87
[INFO] [stderr]    Compiling bumpalo v3.7.0
[INFO] [stderr]    Compiling memchr v2.4.1
[INFO] [stderr]    Compiling pin-project-lite v0.2.7
[INFO] [stderr]    Compiling uncased v0.9.7
[INFO] [stderr]    Compiling futures-core v0.3.25
[INFO] [stderr]    Compiling wasm-bindgen v0.2.83
[INFO] [stderr]    Compiling cc v1.0.74
[INFO] [stderr]    Compiling bytes v1.1.0
[INFO] [stderr]    Compiling pkg-config v0.3.26
[INFO] [stderr]    Compiling futures-task v0.3.25
[INFO] [stderr]    Compiling siphasher v0.3.10
[INFO] [stderr]    Compiling tokio v1.21.2
[INFO] [stderr]    Compiling rand_core v0.6.4
[INFO] [stderr]    Compiling futures-util v0.3.25
[INFO] [stderr]    Compiling futures-sink v0.3.25
[INFO] [stderr]    Compiling slab v0.4.4
[INFO] [stderr]    Compiling rand v0.8.5
[INFO] [stderr]    Compiling pin-utils v0.1.0
[INFO] [stderr]    Compiling phf_shared v0.11.1
[INFO] [stderr]    Compiling futures-io v0.3.25
[INFO] [stderr]    Compiling regex-syntax v0.6.27
[INFO] [stderr]    Compiling fnv v1.0.7
[INFO] [stderr]    Compiling tracing-core v0.1.30
[INFO] [stderr]    Compiling num-traits v0.2.14
[INFO] [stderr]    Compiling indexmap v1.9.1
[INFO] [stderr]    Compiling http v0.2.8
[INFO] [stderr]    Compiling futures-channel v0.3.25
[INFO] [stderr]    Compiling foreign-types-shared v0.1.1
[INFO] [stderr]    Compiling openssl v0.10.42
[INFO] [stderr]    Compiling tinyvec_macros v0.1.0
[INFO] [stderr]    Compiling matches v0.1.9
[INFO] [stderr]    Compiling tinyvec v1.3.1
[INFO] [stderr]    Compiling foreign-types v0.3.2
[INFO] [stderr]    Compiling phf v0.11.1
[INFO] [stderr]    Compiling num-integer v0.1.44
[INFO] [stderr]    Compiling tracing v0.1.35
[INFO] [stderr]    Compiling httparse v1.8.0
[INFO] [stderr]    Compiling native-tls v0.2.10
[INFO] [stderr]    Compiling phf_generator v0.11.1
[INFO] [stderr]    Compiling mio v0.8.5
[INFO] [stderr]    Compiling socket2 v0.4.7
[INFO] [stderr]    Compiling phf_codegen v0.11.1
[INFO] [stderr]    Compiling hashbrown v0.12.3
[INFO] [stderr]    Compiling percent-encoding v2.1.0
[INFO] [stderr]    Compiling async-trait v0.1.58
[INFO] [stderr]    Compiling form_urlencoded v1.0.1
[INFO] [stderr]    Compiling thiserror v1.0.37
[INFO] [stderr]    Compiling openssl-probe v0.1.5
[INFO] [stderr]    Compiling unicode-bidi v0.3.6
[INFO] [stderr]    Compiling try-lock v0.2.3
[INFO] [stderr]    Compiling want v0.3.0
[INFO] [stderr]    Compiling encoding_rs v0.8.31
[INFO] [stderr]    Compiling openssl-sys v0.9.77
[INFO] [stderr]    Compiling http-body v0.4.5
[INFO] [stderr]    Compiling unicode-normalization v0.1.19
[INFO] [stderr]    Compiling tower-service v0.3.2
[INFO] [stderr]    Compiling httpdate v1.0.2
[INFO] [stderr]    Compiling regex v1.6.0
[INFO] [stderr]    Compiling ipnet v2.5.0
[INFO] [stderr]    Compiling mime v0.3.16
[INFO] [stderr]    Compiling matchit v0.4.2
[INFO] [stderr]    Compiling base64 v0.13.1
[INFO] [stderr]    Compiling chrono v0.4.19
[INFO] [stderr]    Compiling idna v0.2.3
[INFO] [stderr]    Compiling parse-zoneinfo v0.3.0
[INFO] [stderr]    Compiling chrono-tz-build v0.0.3
[INFO] [stderr]    Compiling url v2.2.2
[INFO] [stderr]    Compiling chrono-tz v0.6.3
[INFO] [stderr]    Compiling wasm-bindgen-backend v0.2.83
[INFO] [stderr]    Compiling tokio-util v0.7.4
[INFO] [stderr]    Compiling futures-macro v0.3.25
[INFO] [stderr]    Compiling openssl-macros v0.1.0
[INFO] [stderr]    Compiling thiserror-impl v1.0.37
[INFO] [stderr]    Compiling pin-project-internal v1.0.12
[INFO] [stderr]    Compiling wasm-bindgen-macro-support v0.2.83
[INFO] [stderr]    Compiling wasm-bindgen-macro v0.2.83
[INFO] [stderr]    Compiling pin-project v1.0.12
[INFO] [stderr]    Compiling tokio-native-tls v0.3.0
[INFO] [stderr]    Compiling h2 v0.3.15
[INFO] [stderr]    Compiling serde_urlencoded v0.7.1
[INFO] [stderr]    Compiling hyper v0.14.21
[INFO] [stderr]    Compiling js-sys v0.3.60
[INFO] [stderr]    Compiling console_error_panic_hook v0.1.6
[INFO] [stderr]    Compiling hyper-tls v0.5.0
[INFO] [stderr]    Compiling reqwest v0.11.12
[INFO] [stderr]    Compiling web-sys v0.3.60
[INFO] [stderr]    Compiling wasm-bindgen-futures v0.4.33
[INFO] [stderr]    Compiling worker-kv v0.5.1
[INFO] [stderr]    Compiling worker-sys v0.0.6
[INFO] [stderr]    Compiling wasm-streams v0.2.3
[INFO] [stderr]    Compiling worker-macros v0.0.6
[INFO] [stderr]    Compiling worker v0.0.11
[INFO] [stderr]    Compiling worker v0.1.0 (/opt/rustwide/workdir)
[INFO] [stdout] warning: field `username` is never read
[INFO] [stdout]  --> src/db/user/mod.rs:6:16
[INFO] [stdout]   |
[INFO] [stdout] 4 | pub(crate) struct User {
[INFO] [stdout]   |                   ---- field in this struct
[INFO] [stdout] 5 |     pub(crate) id: String,
[INFO] [stdout] 6 |     pub(crate) username: String,
[INFO] [stdout]   |                ^^^^^^^^
[INFO] [stdout]   |
[INFO] [stdout]   = note: `#[warn(dead_code)]` on by default
[INFO] [stdout] 
[INFO] [stdout] 
[INFO] [stdout] warning: 1 warning emitted
[INFO] [stdout] 
[INFO] [stdout] 
[INFO] [stderr]     Finished dev [unoptimized + debuginfo] target(s) in 16.91s
[INFO] running `Command { std: "docker" "inspect" "e87f53c83d6117eda12e5449e7c6518e67400fb4e2cc25419a09ff4d62a97b85", kill_on_drop: false }`
[INFO] running `Command { std: "docker" "rm" "-f" "e87f53c83d6117eda12e5449e7c6518e67400fb4e2cc25419a09ff4d62a97b85", kill_on_drop: false }`
[INFO] [stdout] e87f53c83d6117eda12e5449e7c6518e67400fb4e2cc25419a09ff4d62a97b85
[INFO] running `Command { std: "docker" "create" "-v" "/var/lib/crater-agent-workspace/builds/worker-4-tc1/target:/opt/rustwide/target:rw,Z" "-v" "/var/lib/crater-agent-workspace/builds/worker-4-tc1/source:/opt/rustwide/workdir:ro,Z" "-v" "/var/lib/crater-agent-workspace/cargo-home:/opt/rustwide/cargo-home:ro,Z" "-v" "/var/lib/crater-agent-workspace/rustup-home:/opt/rustwide/rustup-home:ro,Z" "-e" "SOURCE_DIR=/opt/rustwide/workdir" "-e" "CARGO_TARGET_DIR=/opt/rustwide/target" "-e" "CARGO_INCREMENTAL=0" "-e" "RUST_BACKTRACE=full" "-e" "RUSTFLAGS=--cap-lints=warn" "-e" "RUSTDOCFLAGS=--cap-lints=warn" "-e" "CARGO_HOME=/opt/rustwide/cargo-home" "-e" "RUSTUP_HOME=/opt/rustwide/rustup-home" "-w" "/opt/rustwide/workdir" "-m" "1610612736" "--user" "0:0" "--network" "none" "ghcr.io/rust-lang/crates-build-env/linux@sha256:2788e3201cd34a07e3172128adcd8b3090168a8e3bcc40d7c032b9dda1df7d1c" "/opt/rustwide/cargo-home/bin/cargo" "+1.75.0" "test" "--frozen" "--no-run" "--message-format=json", kill_on_drop: false }`
[INFO] [stdout] 33de943cfc6b27629296a89ec8cbeb72d820282934f6ee8b5aa4ee7b169be352
[INFO] running `Command { std: "docker" "start" "-a" "33de943cfc6b27629296a89ec8cbeb72d820282934f6ee8b5aa4ee7b169be352", kill_on_drop: false }`
[INFO] [stderr]    Compiling worker v0.1.0 (/opt/rustwide/workdir)
[INFO] [stdout] warning: field `username` is never read
[INFO] [stdout]  --> src/db/user/mod.rs:6:16
[INFO] [stdout]   |
[INFO] [stdout] 4 | pub(crate) struct User {
[INFO] [stdout]   |                   ---- field in this struct
[INFO] [stdout] 5 |     pub(crate) id: String,
[INFO] [stdout] 6 |     pub(crate) username: String,
[INFO] [stdout]   |                ^^^^^^^^
[INFO] [stdout]   |
[INFO] [stdout]   = note: `#[warn(dead_code)]` on by default
[INFO] [stdout] 
[INFO] [stdout] 
[INFO] [stdout] warning: 1 warning emitted
[INFO] [stdout] 
[INFO] [stdout] 
[INFO] [stdout] warning: field `username` is never read
[INFO] [stdout]  --> src/db/user/mod.rs:6:16
[INFO] [stdout]   |
[INFO] [stdout] 4 | pub(crate) struct User {
[INFO] [stdout]   |                   ---- field in this struct
[INFO] [stdout] 5 |     pub(crate) id: String,
[INFO] [stdout] 6 |     pub(crate) username: String,
[INFO] [stdout]   |                ^^^^^^^^
[INFO] [stdout]   |
[INFO] [stdout]   = note: `#[warn(dead_code)]` on by default
[INFO] [stdout] 
[INFO] [stdout] 
[INFO] [stdout] warning: 1 warning emitted
[INFO] [stdout] 
[INFO] [stdout] 
[INFO] [stderr]     Finished test [unoptimized + debuginfo] target(s) in 0.60s
[INFO] running `Command { std: "docker" "inspect" "33de943cfc6b27629296a89ec8cbeb72d820282934f6ee8b5aa4ee7b169be352", kill_on_drop: false }`
[INFO] running `Command { std: "docker" "rm" "-f" "33de943cfc6b27629296a89ec8cbeb72d820282934f6ee8b5aa4ee7b169be352", kill_on_drop: false }`
[INFO] [stdout] 33de943cfc6b27629296a89ec8cbeb72d820282934f6ee8b5aa4ee7b169be352
[INFO] running `Command { std: "docker" "create" "-v" "/var/lib/crater-agent-workspace/builds/worker-4-tc1/target:/opt/rustwide/target:rw,Z" "-v" "/var/lib/crater-agent-workspace/builds/worker-4-tc1/source:/opt/rustwide/workdir:ro,Z" "-v" "/var/lib/crater-agent-workspace/cargo-home:/opt/rustwide/cargo-home:ro,Z" "-v" "/var/lib/crater-agent-workspace/rustup-home:/opt/rustwide/rustup-home:ro,Z" "-e" "SOURCE_DIR=/opt/rustwide/workdir" "-e" "CARGO_TARGET_DIR=/opt/rustwide/target" "-e" "CARGO_INCREMENTAL=0" "-e" "RUST_BACKTRACE=full" "-e" "RUSTFLAGS=--cap-lints=warn" "-e" "RUSTDOCFLAGS=--cap-lints=warn" "-e" "CARGO_HOME=/opt/rustwide/cargo-home" "-e" "RUSTUP_HOME=/opt/rustwide/rustup-home" "-w" "/opt/rustwide/workdir" "-m" "1610612736" "--user" "0:0" "--network" "none" "ghcr.io/rust-lang/crates-build-env/linux@sha256:2788e3201cd34a07e3172128adcd8b3090168a8e3bcc40d7c032b9dda1df7d1c" "/opt/rustwide/cargo-home/bin/cargo" "+1.75.0" "test" "--frozen", kill_on_drop: false }`
[INFO] [stdout] 8dd9cbcf7a05b96386745f645ae0796a24aec1c16f26b94cb3bd7dcb0bed084a
[INFO] running `Command { std: "docker" "start" "-a" "8dd9cbcf7a05b96386745f645ae0796a24aec1c16f26b94cb3bd7dcb0bed084a", kill_on_drop: false }`
[INFO] [stderr] warning: field `username` is never read
[INFO] [stderr]  --> src/db/user/mod.rs:6:16
[INFO] [stderr]   |
[INFO] [stderr] 4 | pub(crate) struct User {
[INFO] [stderr]   |                   ---- field in this struct
[INFO] [stderr] 5 |     pub(crate) id: String,
[INFO] [stderr] 6 |     pub(crate) username: String,
[INFO] [stderr]   |                ^^^^^^^^
[INFO] [stderr]   |
[INFO] [stderr]   = note: `#[warn(dead_code)]` on by default
[INFO] [stderr] 
[INFO] [stderr] warning: `worker` (lib) generated 1 warning
[INFO] [stderr] warning: `worker` (lib test) generated 1 warning (1 duplicate)
[INFO] [stderr]     Finished test [unoptimized + debuginfo] target(s) in 0.09s
[INFO] [stderr]      Running unittests src/lib.rs (/opt/rustwide/target/debug/deps/worker-7c43ece2e8bd8aa8)
[INFO] [stdout] 
[INFO] [stdout] running 0 tests
[INFO] [stdout] 
[INFO] [stdout] test result: ok. 0 passed; 0 failed; 0 ignored; 0 measured; 0 filtered out; finished in 0.00s
[INFO] [stdout] 
[INFO] [stderr]    Doc-tests worker
[INFO] [stderr] error[E0464]: multiple candidates for `rlib` dependency `worker` found
[INFO] [stderr]  --> src/db/user/mod.rs:1:5
[INFO] [stderr]   |
[INFO] [stderr] 1 | use worker::RouteContext;
[INFO] [stderr]   |     ^^^^^^
[INFO] [stderr]   |
[INFO] [stderr]   = note: candidate #1: /opt/rustwide/target/debug/deps/libworker-56e38c54caccf22a.rlib
[INFO] [stderr]   = note: candidate #2: /opt/rustwide/target/debug/deps/libworker.rlib
[INFO] [stderr] 
[INFO] [stderr] error[E0464]: multiple candidates for `rlib` dependency `worker` found
[INFO] [stderr]  --> src/graphql.rs:1:5
[INFO] [stderr]   |
[INFO] [stderr] 1 | use worker::RouteContext;
[INFO] [stderr]   |     ^^^^^^
[INFO] [stderr]   |
[INFO] [stderr]   = note: candidate #1: /opt/rustwide/target/debug/deps/libworker-56e38c54caccf22a.rlib
[INFO] [stderr]   = note: candidate #2: /opt/rustwide/target/debug/deps/libworker.rlib
[INFO] [stderr] 
[INFO] [stderr] error[E0464]: multiple candidates for `rlib` dependency `worker` found
[INFO] [stderr]  --> src/lib.rs:5:5
[INFO] [stderr]   |
[INFO] [stderr] 5 | use worker::{Context, Env, Request, Response, RouteContext, Router};
[INFO] [stderr]   |     ^^^^^^
[INFO] [stderr]   |
[INFO] [stderr]   = note: candidate #1: /opt/rustwide/target/debug/deps/libworker-56e38c54caccf22a.rlib
[INFO] [stderr]   = note: candidate #2: /opt/rustwide/target/debug/deps/libworker.rlib
[INFO] [stderr] 
[INFO] [stderr] error[E0464]: multiple candidates for `rlib` dependency `worker` found
[INFO] [stderr]  --> src/lib.rs:7:3
[INFO] [stderr]   |
[INFO] [stderr] 7 | #[worker::event(fetch)]
[INFO] [stderr]   |   ^^^^^^
[INFO] [stderr]   |
[INFO] [stderr]   = note: candidate #1: /opt/rustwide/target/debug/deps/libworker-56e38c54caccf22a.rlib
[INFO] [stderr]   = note: candidate #2: /opt/rustwide/target/debug/deps/libworker.rlib
[INFO] [stderr] 
[INFO] [stderr] error: cannot determine resolution for the attribute macro `worker::event`
[INFO] [stderr]  --> src/lib.rs:7:3
[INFO] [stderr]   |
[INFO] [stderr] 7 | #[worker::event(fetch)]
[INFO] [stderr]   |   ^^^^^^^^^^^^^
[INFO] [stderr]   |
[INFO] [stderr]   = note: import resolution is stuck, try simplifying macro imports
[INFO] [stderr] 
[INFO] [stderr] error[E0464]: multiple candidates for `rlib` dependency `worker` found
[INFO] [stderr]  --> src/lib.rs:8:61
[INFO] [stderr]   |
[INFO] [stderr] 8 | pub async fn main(req: Request, env: Env, _ctx: Context) -> worker::Result<Response> {
[INFO] [stderr]   |                                                             ^^^^^^
[INFO] [stderr]   |
[INFO] [stderr]   = note: candidate #1: /opt/rustwide/target/debug/deps/libworker-56e38c54caccf22a.rlib
[INFO] [stderr]   = note: candidate #2: /opt/rustwide/target/debug/deps/libworker.rlib
[INFO] [stderr] 
[INFO] [stderr] error[E0464]: multiple candidates for `rlib` dependency `worker` found
[INFO] [stderr]   --> src/lib.rs:33:63
[INFO] [stderr]    |
[INFO] [stderr] 33 | async fn get_user_bio(req: Request, ctx: RouteContext<()>) -> worker::Result<Response> {
[INFO] [stderr]    |                                                               ^^^^^^
[INFO] [stderr]    |
[INFO] [stderr]    = note: candidate #1: /opt/rustwide/target/debug/deps/libworker-56e38c54caccf22a.rlib
[INFO] [stderr]    = note: candidate #2: /opt/rustwide/target/debug/deps/libworker.rlib
[INFO] [stderr] 
[INFO] [stderr] error[E0464]: multiple candidates for `rlib` dependency `worker` found
[INFO] [stderr]   --> src/lib.rs:47:66
[INFO] [stderr]    |
[INFO] [stderr] 47 | async fn create_user(mut req: Request, ctx: RouteContext<()>) -> worker::Result<Response> {
[INFO] [stderr]    |                                                                  ^^^^^^
[INFO] [stderr]    |
[INFO] [stderr]    = note: candidate #1: /opt/rustwide/target/debug/deps/libworker-56e38c54caccf22a.rlib
[INFO] [stderr]    = note: candidate #2: /opt/rustwide/target/debug/deps/libworker.rlib
[INFO] [stderr] 
[INFO] [stderr] error[E0464]: multiple candidates for `rlib` dependency `worker` found
[INFO] [stderr]   --> src/lib.rs:73:70
[INFO] [stderr]    |
[INFO] [stderr] 73 | async fn update_user_bio(mut req: Request, ctx: RouteContext<()>) -> worker::Result<Response> {
[INFO] [stderr]    |                                                                      ^^^^^^
[INFO] [stderr]    |
[INFO] [stderr]    = note: candidate #1: /opt/rustwide/target/debug/deps/libworker-56e38c54caccf22a.rlib
[INFO] [stderr]    = note: candidate #2: /opt/rustwide/target/debug/deps/libworker.rlib
[INFO] [stderr] 
[INFO] [stderr] error: aborting due to 9 previous errors
[INFO] [stderr] 
[INFO] [stderr] For more information about this error, try `rustc --explain E0464`.
[INFO] [stderr] error: doctest failed, to rerun pass `--doc`
[INFO] [stderr] 
[INFO] [stderr] Caused by:
[INFO] [stderr]   process didn't exit successfully: `/opt/rustwide/rustup-home/toolchains/1.75.0-x86_64-unknown-linux-gnu/bin/rustdoc --edition=2018 --crate-type cdylib --crate-type rlib --crate-name worker --test src/lib.rs --test-run-directory /opt/rustwide/workdir -L dependency=/opt/rustwide/target/debug/deps -L dependency=/opt/rustwide/target/debug/deps --extern cfg_if=/opt/rustwide/target/debug/deps/libcfg_if-61dc7a6799e72b18.rlib --extern console_error_panic_hook=/opt/rustwide/target/debug/deps/libconsole_error_panic_hook-9593c399df75c58c.rlib --extern reqwest=/opt/rustwide/target/debug/deps/libreqwest-1690a8c13ae2244d.rlib --extern serde=/opt/rustwide/target/debug/deps/libserde-61d6a6b26e8586cb.rlib --extern serde_json=/opt/rustwide/target/debug/deps/libserde_json-5b1fed6219043aea.rlib --extern serde_urlencoded=/opt/rustwide/target/debug/deps/libserde_urlencoded-c94399d00945756f.rlib --extern worker=/opt/rustwide/target/debug/deps/libworker-56e38c54caccf22a.rlib --extern worker=/opt/rustwide/target/debug/deps/libworker.rlib -C embed-bitcode=no --cfg 'feature="console_error_panic_hook"' --cfg 'feature="default"' --cap-lints=warn --error-format human` (exit status: 1)
[INFO] [stderr] note: test exited abnormally; to see the full output pass --nocapture to the harness.
[INFO] running `Command { std: "docker" "inspect" "8dd9cbcf7a05b96386745f645ae0796a24aec1c16f26b94cb3bd7dcb0bed084a", kill_on_drop: false }`
[INFO] running `Command { std: "docker" "rm" "-f" "8dd9cbcf7a05b96386745f645ae0796a24aec1c16f26b94cb3bd7dcb0bed084a", kill_on_drop: false }`
[INFO] [stdout] 8dd9cbcf7a05b96386745f645ae0796a24aec1c16f26b94cb3bd7dcb0bed084a
[INFO] testing VictorBulba/test-grafbase against beta-2023-12-22 for beta-1.76-1
[INFO] running `Command { std: "git" "clone" "/workspace/cache/git-repos/https%3A%2F%2Fgithub.com%2FVictorBulba%2Ftest-grafbase" "/workspace/builds/worker-4-tc2/source", kill_on_drop: false }`
[INFO] [stderr] Cloning into '/workspace/builds/worker-4-tc2/source'...
[INFO] [stderr] done.
[INFO] validating manifest of git repo https://github.com/VictorBulba/test-grafbase on toolchain beta-2023-12-22
[INFO] running `Command { std: CARGO_HOME="/workspace/cargo-home" RUSTUP_HOME="/workspace/rustup-home" "/workspace/cargo-home/bin/cargo" "+beta-2023-12-22" "metadata" "--manifest-path" "Cargo.toml" "--no-deps", kill_on_drop: false }`
[INFO] started tweaking git repo https://github.com/VictorBulba/test-grafbase
[INFO] finished tweaking git repo https://github.com/VictorBulba/test-grafbase
[INFO] tweaked toml for git repo https://github.com/VictorBulba/test-grafbase written to /workspace/builds/worker-4-tc2/source/Cargo.toml
[INFO] crate git repo https://github.com/VictorBulba/test-grafbase already has a lockfile, it will not be regenerated
[INFO] running `Command { std: CARGO_HOME="/workspace/cargo-home" RUSTUP_HOME="/workspace/rustup-home" "/workspace/cargo-home/bin/cargo" "+beta-2023-12-22" "fetch" "--manifest-path" "Cargo.toml", kill_on_drop: false }`
[INFO] running `Command { std: "docker" "create" "-v" "/var/lib/crater-agent-workspace/builds/worker-4-tc2/target:/opt/rustwide/target:rw,Z" "-v" "/var/lib/crater-agent-workspace/builds/worker-4-tc2/source:/opt/rustwide/workdir:ro,Z" "-v" "/var/lib/crater-agent-workspace/cargo-home:/opt/rustwide/cargo-home:ro,Z" "-v" "/var/lib/crater-agent-workspace/rustup-home:/opt/rustwide/rustup-home:ro,Z" "-e" "SOURCE_DIR=/opt/rustwide/workdir" "-e" "CARGO_TARGET_DIR=/opt/rustwide/target" "-e" "CARGO_HOME=/opt/rustwide/cargo-home" "-e" "RUSTUP_HOME=/opt/rustwide/rustup-home" "-w" "/opt/rustwide/workdir" "-m" "1610612736" "--user" "0:0" "--network" "none" "ghcr.io/rust-lang/crates-build-env/linux@sha256:2788e3201cd34a07e3172128adcd8b3090168a8e3bcc40d7c032b9dda1df7d1c" "/opt/rustwide/cargo-home/bin/cargo" "+beta-2023-12-22" "metadata" "--no-deps" "--format-version=1", kill_on_drop: false }`
[INFO] [stdout] 0f0507b8f5bc74c4257d78ebc561425b76ca7c0d05a50f5f466e15d913b77de4
[INFO] running `Command { std: "docker" "start" "-a" "0f0507b8f5bc74c4257d78ebc561425b76ca7c0d05a50f5f466e15d913b77de4", kill_on_drop: false }`
[INFO] running `Command { std: "docker" "inspect" "0f0507b8f5bc74c4257d78ebc561425b76ca7c0d05a50f5f466e15d913b77de4", kill_on_drop: false }`
[INFO] running `Command { std: "docker" "rm" "-f" "0f0507b8f5bc74c4257d78ebc561425b76ca7c0d05a50f5f466e15d913b77de4", kill_on_drop: false }`
[INFO] [stdout] 0f0507b8f5bc74c4257d78ebc561425b76ca7c0d05a50f5f466e15d913b77de4
[INFO] running `Command { std: "docker" "create" "-v" "/var/lib/crater-agent-workspace/builds/worker-4-tc2/target:/opt/rustwide/target:rw,Z" "-v" "/var/lib/crater-agent-workspace/builds/worker-4-tc2/source:/opt/rustwide/workdir:ro,Z" "-v" "/var/lib/crater-agent-workspace/cargo-home:/opt/rustwide/cargo-home:ro,Z" "-v" "/var/lib/crater-agent-workspace/rustup-home:/opt/rustwide/rustup-home:ro,Z" "-e" "SOURCE_DIR=/opt/rustwide/workdir" "-e" "CARGO_TARGET_DIR=/opt/rustwide/target" "-e" "CARGO_INCREMENTAL=0" "-e" "RUST_BACKTRACE=full" "-e" "RUSTFLAGS=--cap-lints=warn" "-e" "RUSTDOCFLAGS=--cap-lints=warn" "-e" "CARGO_HOME=/opt/rustwide/cargo-home" "-e" "RUSTUP_HOME=/opt/rustwide/rustup-home" "-w" "/opt/rustwide/workdir" "-m" "1610612736" "--user" "0:0" "--network" "none" "ghcr.io/rust-lang/crates-build-env/linux@sha256:2788e3201cd34a07e3172128adcd8b3090168a8e3bcc40d7c032b9dda1df7d1c" "/opt/rustwide/cargo-home/bin/cargo" "+beta-2023-12-22" "build" "--frozen" "--message-format=json", kill_on_drop: false }`
[INFO] [stdout] 759b453128844d67dd5e10df33e740f75c8132826fa05d6506ad4ecced1f205e
[INFO] running `Command { std: "docker" "start" "-a" "759b453128844d67dd5e10df33e740f75c8132826fa05d6506ad4ecced1f205e", kill_on_drop: false }`
[INFO] [stderr]    Compiling proc-macro2 v1.0.47
[INFO] [stderr]    Compiling quote v1.0.21
[INFO] [stderr]    Compiling unicode-ident v1.0.5
[INFO] [stderr]    Compiling syn v1.0.103
[INFO] [stderr]    Compiling log v0.4.14
[INFO] [stderr]    Compiling once_cell v1.16.0
[INFO] [stderr]    Compiling itoa v1.0.4
[INFO] [stderr]    Compiling serde_derive v1.0.147
[INFO] [stderr]    Compiling wasm-bindgen-shared v0.2.83
[INFO] [stderr]    Compiling serde v1.0.147
[INFO] [stderr]    Compiling libc v0.2.137
[INFO] [stderr]    Compiling bumpalo v3.7.0
[INFO] [stderr]    Compiling serde_json v1.0.87
[INFO] [stderr]    Compiling pin-project-lite v0.2.7
[INFO] [stderr]    Compiling memchr v2.4.1
[INFO] [stderr]    Compiling uncased v0.9.7
[INFO] [stderr]    Compiling wasm-bindgen v0.2.83
[INFO] [stderr]    Compiling futures-core v0.3.25
[INFO] [stderr]    Compiling bytes v1.1.0
[INFO] [stderr]    Compiling cc v1.0.74
[INFO] [stderr]    Compiling pkg-config v0.3.26
[INFO] [stderr]    Compiling siphasher v0.3.10
[INFO] [stderr]    Compiling futures-task v0.3.25
[INFO] [stderr]    Compiling tokio v1.21.2
[INFO] [stderr]    Compiling futures-sink v0.3.25
[INFO] [stderr]    Compiling rand_core v0.6.4
[INFO] [stderr]    Compiling futures-util v0.3.25
[INFO] [stderr]    Compiling pin-utils v0.1.0
[INFO] [stderr]    Compiling fnv v1.0.7
[INFO] [stderr]    Compiling slab v0.4.4
[INFO] [stderr]    Compiling phf_shared v0.11.1
[INFO] [stderr]    Compiling regex-syntax v0.6.27
[INFO] [stderr]    Compiling rand v0.8.5
[INFO] [stderr]    Compiling futures-io v0.3.25
[INFO] [stderr]    Compiling tracing-core v0.1.30
[INFO] [stderr]    Compiling indexmap v1.9.1
[INFO] [stderr]    Compiling http v0.2.8
[INFO] [stderr]    Compiling num-traits v0.2.14
[INFO] [stderr]    Compiling openssl v0.10.42
[INFO] [stderr]    Compiling tinyvec_macros v0.1.0
[INFO] [stderr]    Compiling foreign-types-shared v0.1.1
[INFO] [stderr]    Compiling matches v0.1.9
[INFO] [stderr]    Compiling futures-channel v0.3.25
[INFO] [stderr]    Compiling foreign-types v0.3.2
[INFO] [stderr]    Compiling tinyvec v1.3.1
[INFO] [stderr]    Compiling phf v0.11.1
[INFO] [stderr]    Compiling num-integer v0.1.44
[INFO] [stderr]    Compiling httparse v1.8.0
[INFO] [stderr]    Compiling native-tls v0.2.10
[INFO] [stderr]    Compiling percent-encoding v2.1.0
[INFO] [stderr]    Compiling socket2 v0.4.7
[INFO] [stderr]    Compiling mio v0.8.5
[INFO] [stderr]    Compiling phf_generator v0.11.1
[INFO] [stderr]    Compiling tracing v0.1.35
[INFO] [stderr]    Compiling hashbrown v0.12.3
[INFO] [stderr]    Compiling phf_codegen v0.11.1
[INFO] [stderr]    Compiling form_urlencoded v1.0.1
[INFO] [stderr]    Compiling openssl-probe v0.1.5
[INFO] [stderr]    Compiling try-lock v0.2.3
[INFO] [stderr]    Compiling async-trait v0.1.58
[INFO] [stderr]    Compiling thiserror v1.0.37
[INFO] [stderr]    Compiling unicode-bidi v0.3.6
[INFO] [stderr]    Compiling want v0.3.0
[INFO] [stderr]    Compiling httpdate v1.0.2
[INFO] [stderr]    Compiling tower-service v0.3.2
[INFO] [stderr]    Compiling http-body v0.4.5
[INFO] [stderr]    Compiling openssl-sys v0.9.77
[INFO] [stderr]    Compiling encoding_rs v0.8.31
[INFO] [stderr]    Compiling unicode-normalization v0.1.19
[INFO] [stderr]    Compiling mime v0.3.16
[INFO] [stderr]    Compiling base64 v0.13.1
[INFO] [stderr]    Compiling matchit v0.4.2
[INFO] [stderr]    Compiling ipnet v2.5.0
[INFO] [stderr]    Compiling regex v1.6.0
[INFO] [stderr]    Compiling chrono v0.4.19
[INFO] [stderr]    Compiling idna v0.2.3
[INFO] [stderr]    Compiling parse-zoneinfo v0.3.0
[INFO] [stderr]    Compiling chrono-tz-build v0.0.3
[INFO] [stderr]    Compiling url v2.2.2
[INFO] [stderr]    Compiling chrono-tz v0.6.3
[INFO] [stderr]    Compiling wasm-bindgen-backend v0.2.83
[INFO] [stderr]    Compiling tokio-util v0.7.4
[INFO] [stderr]    Compiling futures-macro v0.3.25
[INFO] [stderr]    Compiling openssl-macros v0.1.0
[INFO] [stderr]    Compiling thiserror-impl v1.0.37
[INFO] [stderr]    Compiling pin-project-internal v1.0.12
[INFO] [stderr]    Compiling wasm-bindgen-macro-support v0.2.83
[INFO] [stderr]    Compiling wasm-bindgen-macro v0.2.83
[INFO] [stderr]    Compiling pin-project v1.0.12
[INFO] [stderr]    Compiling tokio-native-tls v0.3.0
[INFO] [stderr]    Compiling h2 v0.3.15
[INFO] [stderr]    Compiling serde_urlencoded v0.7.1
[INFO] [stderr]    Compiling hyper v0.14.21
[INFO] [stderr]    Compiling js-sys v0.3.60
[INFO] [stderr]    Compiling console_error_panic_hook v0.1.6
[INFO] [stderr]    Compiling hyper-tls v0.5.0
[INFO] [stderr]    Compiling reqwest v0.11.12
[INFO] [stderr]    Compiling web-sys v0.3.60
[INFO] [stderr]    Compiling wasm-bindgen-futures v0.4.33
[INFO] [stderr]    Compiling worker-kv v0.5.1
[INFO] [stderr]    Compiling worker-sys v0.0.6
[INFO] [stderr]    Compiling wasm-streams v0.2.3
[INFO] [stderr]    Compiling worker-macros v0.0.6
[INFO] [stderr]    Compiling worker v0.0.11
[INFO] [stderr]    Compiling worker v0.1.0 (/opt/rustwide/workdir)
[INFO] [stdout] warning: field `username` is never read
[INFO] [stdout]  --> src/db/user/mod.rs:6:16
[INFO] [stdout]   |
[INFO] [stdout] 4 | pub(crate) struct User {
[INFO] [stdout]   |                   ---- field in this struct
[INFO] [stdout] 5 |     pub(crate) id: String,
[INFO] [stdout] 6 |     pub(crate) username: String,
[INFO] [stdout]   |                ^^^^^^^^
[INFO] [stdout]   |
[INFO] [stdout]   = note: `#[warn(dead_code)]` on by default
[INFO] [stdout] 
[INFO] [stdout] 
[INFO] [stdout] warning: 1 warning emitted
[INFO] [stdout] 
[INFO] [stdout] 
[INFO] [stderr]     Finished dev [unoptimized + debuginfo] target(s) in 15.57s
[INFO] running `Command { std: "docker" "inspect" "759b453128844d67dd5e10df33e740f75c8132826fa05d6506ad4ecced1f205e", kill_on_drop: false }`
[INFO] running `Command { std: "docker" "rm" "-f" "759b453128844d67dd5e10df33e740f75c8132826fa05d6506ad4ecced1f205e", kill_on_drop: false }`
[INFO] [stdout] 759b453128844d67dd5e10df33e740f75c8132826fa05d6506ad4ecced1f205e
[INFO] running `Command { std: "docker" "create" "-v" "/var/lib/crater-agent-workspace/builds/worker-4-tc2/target:/opt/rustwide/target:rw,Z" "-v" "/var/lib/crater-agent-workspace/builds/worker-4-tc2/source:/opt/rustwide/workdir:ro,Z" "-v" "/var/lib/crater-agent-workspace/cargo-home:/opt/rustwide/cargo-home:ro,Z" "-v" "/var/lib/crater-agent-workspace/rustup-home:/opt/rustwide/rustup-home:ro,Z" "-e" "SOURCE_DIR=/opt/rustwide/workdir" "-e" "CARGO_TARGET_DIR=/opt/rustwide/target" "-e" "CARGO_INCREMENTAL=0" "-e" "RUST_BACKTRACE=full" "-e" "RUSTFLAGS=--cap-lints=warn" "-e" "RUSTDOCFLAGS=--cap-lints=warn" "-e" "CARGO_HOME=/opt/rustwide/cargo-home" "-e" "RUSTUP_HOME=/opt/rustwide/rustup-home" "-w" "/opt/rustwide/workdir" "-m" "1610612736" "--user" "0:0" "--network" "none" "ghcr.io/rust-lang/crates-build-env/linux@sha256:2788e3201cd34a07e3172128adcd8b3090168a8e3bcc40d7c032b9dda1df7d1c" "/opt/rustwide/cargo-home/bin/cargo" "+beta-2023-12-22" "test" "--frozen" "--no-run" "--message-format=json", kill_on_drop: false }`
[INFO] [stdout] d374ffd2a16b214996caf483bcc92563ff9a8c9ec6ed56b71c5d42a34efef6dc
[INFO] running `Command { std: "docker" "start" "-a" "d374ffd2a16b214996caf483bcc92563ff9a8c9ec6ed56b71c5d42a34efef6dc", kill_on_drop: false }`
[INFO] [stdout] warning: field `username` is never read
[INFO] [stdout]  --> src/db/user/mod.rs:6:16
[INFO] [stdout]   |
[INFO] [stdout] 4 | pub(crate) struct User {
[INFO] [stdout]   |                   ---- field in this struct
[INFO] [stdout] 5 |     pub(crate) id: String,
[INFO] [stdout] 6 |     pub(crate) username: String,
[INFO] [stdout]   |                ^^^^^^^^
[INFO] [stdout]   |
[INFO] [stdout]   = note: `#[warn(dead_code)]` on by default
[INFO] [stdout] 
[INFO] [stdout] 
[INFO] [stderr]    Compiling worker v0.1.0 (/opt/rustwide/workdir)
[INFO] [stdout] warning: 1 warning emitted
[INFO] [stdout] 
[INFO] [stdout] 
[INFO] [stdout] warning: field `username` is never read
[INFO] [stdout]  --> src/db/user/mod.rs:6:16
[INFO] [stdout]   |
[INFO] [stdout] 4 | pub(crate) struct User {
[INFO] [stdout]   |                   ---- field in this struct
[INFO] [stdout] 5 |     pub(crate) id: String,
[INFO] [stdout] 6 |     pub(crate) username: String,
[INFO] [stdout]   |                ^^^^^^^^
[INFO] [stdout]   |
[INFO] [stdout]   = note: `#[warn(dead_code)]` on by default
[INFO] [stdout] 
[INFO] [stdout] 
[INFO] [stdout] warning: 1 warning emitted
[INFO] [stdout] 
[INFO] [stdout] 
[INFO] [stderr]     Finished test [unoptimized + debuginfo] target(s) in 0.54s
[INFO] running `Command { std: "docker" "inspect" "d374ffd2a16b214996caf483bcc92563ff9a8c9ec6ed56b71c5d42a34efef6dc", kill_on_drop: false }`
[INFO] running `Command { std: "docker" "rm" "-f" "d374ffd2a16b214996caf483bcc92563ff9a8c9ec6ed56b71c5d42a34efef6dc", kill_on_drop: false }`
[INFO] [stdout] d374ffd2a16b214996caf483bcc92563ff9a8c9ec6ed56b71c5d42a34efef6dc
[INFO] running `Command { std: "docker" "create" "-v" "/var/lib/crater-agent-workspace/builds/worker-4-tc2/target:/opt/rustwide/target:rw,Z" "-v" "/var/lib/crater-agent-workspace/builds/worker-4-tc2/source:/opt/rustwide/workdir:ro,Z" "-v" "/var/lib/crater-agent-workspace/cargo-home:/opt/rustwide/cargo-home:ro,Z" "-v" "/var/lib/crater-agent-workspace/rustup-home:/opt/rustwide/rustup-home:ro,Z" "-e" "SOURCE_DIR=/opt/rustwide/workdir" "-e" "CARGO_TARGET_DIR=/opt/rustwide/target" "-e" "CARGO_INCREMENTAL=0" "-e" "RUST_BACKTRACE=full" "-e" "RUSTFLAGS=--cap-lints=warn" "-e" "RUSTDOCFLAGS=--cap-lints=warn" "-e" "CARGO_HOME=/opt/rustwide/cargo-home" "-e" "RUSTUP_HOME=/opt/rustwide/rustup-home" "-w" "/opt/rustwide/workdir" "-m" "1610612736" "--user" "0:0" "--network" "none" "ghcr.io/rust-lang/crates-build-env/linux@sha256:2788e3201cd34a07e3172128adcd8b3090168a8e3bcc40d7c032b9dda1df7d1c" "/opt/rustwide/cargo-home/bin/cargo" "+beta-2023-12-22" "test" "--frozen", kill_on_drop: false }`
[INFO] [stdout] fdae029179dd101a7f28315e8c64f31c64236f875b1ddaf52b49b34987a21b6d
[INFO] running `Command { std: "docker" "start" "-a" "fdae029179dd101a7f28315e8c64f31c64236f875b1ddaf52b49b34987a21b6d", kill_on_drop: false }`
[INFO] [stderr] warning: field `username` is never read
[INFO] [stderr]  --> src/db/user/mod.rs:6:16
[INFO] [stderr]   |
[INFO] [stderr] 4 | pub(crate) struct User {
[INFO] [stderr]   |                   ---- field in this struct
[INFO] [stderr] 5 |     pub(crate) id: String,
[INFO] [stderr] 6 |     pub(crate) username: String,
[INFO] [stderr]   |                ^^^^^^^^
[INFO] [stderr]   |
[INFO] [stderr]   = note: `#[warn(dead_code)]` on by default
[INFO] [stderr] 
[INFO] [stderr] warning: `worker` (lib) generated 1 warning
[INFO] [stderr] warning: `worker` (lib test) generated 1 warning (1 duplicate)
[INFO] [stderr]     Finished test [unoptimized + debuginfo] target(s) in 0.08s
[INFO] [stderr]      Running unittests src/lib.rs (/opt/rustwide/target/debug/deps/worker-67c2585aaa95d633)
[INFO] [stdout] 
[INFO] [stdout] running 0 tests
[INFO] [stdout] 
[INFO] [stdout] test result: ok. 0 passed; 0 failed; 0 ignored; 0 measured; 0 filtered out; finished in 0.00s
[INFO] [stdout] 
[INFO] [stderr]    Doc-tests worker
[INFO] [stderr] error[E0464]: multiple candidates for `rlib` dependency `worker` found
[INFO] [stderr]  --> src/db/user/mod.rs:1:5
[INFO] [stderr]   |
[INFO] [stderr] 1 | use worker::RouteContext;
[INFO] [stderr]   |     ^^^^^^
[INFO] [stderr]   |
[INFO] [stderr]   = note: candidate #1: /opt/rustwide/target/debug/deps/libworker.rlib
[INFO] [stderr]   = note: candidate #2: /opt/rustwide/target/debug/deps/libworker-618fe173a9571d01.rlib
[INFO] [stderr] 
[INFO] [stderr] error[E0464]: multiple candidates for `rlib` dependency `worker` found
[INFO] [stderr]  --> src/graphql.rs:1:5
[INFO] [stderr]   |
[INFO] [stderr] 1 | use worker::RouteContext;
[INFO] [stderr]   |     ^^^^^^
[INFO] [stderr]   |
[INFO] [stderr]   = note: candidate #1: /opt/rustwide/target/debug/deps/libworker.rlib
[INFO] [stderr]   = note: candidate #2: /opt/rustwide/target/debug/deps/libworker-618fe173a9571d01.rlib
[INFO] [stderr] 
[INFO] [stderr] error[E0464]: multiple candidates for `rlib` dependency `worker` found
[INFO] [stderr]  --> src/lib.rs:5:5
[INFO] [stderr]   |
[INFO] [stderr] 5 | use worker::{Context, Env, Request, Response, RouteContext, Router};
[INFO] [stderr]   |     ^^^^^^
[INFO] [stderr]   |
[INFO] [stderr]   = note: candidate #1: /opt/rustwide/target/debug/deps/libworker.rlib
[INFO] [stderr]   = note: candidate #2: /opt/rustwide/target/debug/deps/libworker-618fe173a9571d01.rlib
[INFO] [stderr] 
[INFO] [stderr] error[E0464]: multiple candidates for `rlib` dependency `worker` found
[INFO] [stderr]  --> src/lib.rs:7:3
[INFO] [stderr]   |
[INFO] [stderr] 7 | #[worker::event(fetch)]
[INFO] [stderr]   |   ^^^^^^
[INFO] [stderr]   |
[INFO] [stderr]   = note: candidate #1: /opt/rustwide/target/debug/deps/libworker.rlib
[INFO] [stderr]   = note: candidate #2: /opt/rustwide/target/debug/deps/libworker-618fe173a9571d01.rlib
[INFO] [stderr] 
[INFO] [stderr] error: cannot determine resolution for the attribute macro `worker::event`
[INFO] [stderr]  --> src/lib.rs:7:3
[INFO] [stderr]   |
[INFO] [stderr] 7 | #[worker::event(fetch)]
[INFO] [stderr]   |   ^^^^^^^^^^^^^
[INFO] [stderr]   |
[INFO] [stderr]   = note: import resolution is stuck, try simplifying macro imports
[INFO] [stderr] 
[INFO] [stderr] error[E0464]: multiple candidates for `rlib` dependency `worker` found
[INFO] [stderr]  --> src/lib.rs:8:61
[INFO] [stderr]   |
[INFO] [stderr] 8 | pub async fn main(req: Request, env: Env, _ctx: Context) -> worker::Result<Response> {
[INFO] [stderr]   |                                                             ^^^^^^
[INFO] [stderr]   |
[INFO] [stderr]   = note: candidate #1: /opt/rustwide/target/debug/deps/libworker.rlib
[INFO] [stderr]   = note: candidate #2: /opt/rustwide/target/debug/deps/libworker-618fe173a9571d01.rlib
[INFO] [stderr] 
[INFO] [stderr] error[E0464]: multiple candidates for `rlib` dependency `worker` found
[INFO] [stderr]   --> src/lib.rs:33:63
[INFO] [stderr]    |
[INFO] [stderr] 33 | async fn get_user_bio(req: Request, ctx: RouteContext<()>) -> worker::Result<Response> {
[INFO] [stderr]    |                                                               ^^^^^^
[INFO] [stderr]    |
[INFO] [stderr]    = note: candidate #1: /opt/rustwide/target/debug/deps/libworker.rlib
[INFO] [stderr]    = note: candidate #2: /opt/rustwide/target/debug/deps/libworker-618fe173a9571d01.rlib
[INFO] [stderr] 
[INFO] [stderr] error[E0464]: multiple candidates for `rlib` dependency `worker` found
[INFO] [stderr]   --> src/lib.rs:47:66
[INFO] [stderr]    |
[INFO] [stderr] 47 | async fn create_user(mut req: Request, ctx: RouteContext<()>) -> worker::Result<Response> {
[INFO] [stderr]    |                                                                  ^^^^^^
[INFO] [stderr]    |
[INFO] [stderr]    = note: candidate #1: /opt/rustwide/target/debug/deps/libworker.rlib
[INFO] [stderr]    = note: candidate #2: /opt/rustwide/target/debug/deps/libworker-618fe173a9571d01.rlib
[INFO] [stderr] 
[INFO] [stderr] error[E0464]: multiple candidates for `rlib` dependency `worker` found
[INFO] [stderr]   --> src/lib.rs:73:70
[INFO] [stderr]    |
[INFO] [stderr] 73 | async fn update_user_bio(mut req: Request, ctx: RouteContext<()>) -> worker::Result<Response> {
[INFO] [stderr]    |                                                                      ^^^^^^
[INFO] [stderr]    |
[INFO] [stderr]    = note: candidate #1: /opt/rustwide/target/debug/deps/libworker.rlib
[INFO] [stderr]    = note: candidate #2: /opt/rustwide/target/debug/deps/libworker-618fe173a9571d01.rlib
[INFO] [stderr] 
[INFO] [stderr] error: aborting due to 9 previous errors
[INFO] [stderr] 
[INFO] [stderr] For more information about this error, try `rustc --explain E0464`.
[INFO] [stderr] error: doctest failed, to rerun pass `--doc`
[INFO] [stderr] 
[INFO] [stderr] Caused by:
[INFO] [stderr]   process didn't exit successfully: `/opt/rustwide/rustup-home/toolchains/beta-2023-12-22-x86_64-unknown-linux-gnu/bin/rustdoc --edition=2018 --crate-type cdylib --crate-type rlib --crate-name worker --test src/lib.rs --test-run-directory /opt/rustwide/workdir -L dependency=/opt/rustwide/target/debug/deps -L dependency=/opt/rustwide/target/debug/deps --extern cfg_if=/opt/rustwide/target/debug/deps/libcfg_if-e7002d307f97bc56.rlib --extern console_error_panic_hook=/opt/rustwide/target/debug/deps/libconsole_error_panic_hook-cb7d002657e068b2.rlib --extern reqwest=/opt/rustwide/target/debug/deps/libreqwest-f9efde0a1b9a6b0c.rlib --extern serde=/opt/rustwide/target/debug/deps/libserde-a8acc823867ed2dc.rlib --extern serde_json=/opt/rustwide/target/debug/deps/libserde_json-cc425da60c3ac879.rlib --extern serde_urlencoded=/opt/rustwide/target/debug/deps/libserde_urlencoded-bc08d954c384ddbf.rlib --extern worker=/opt/rustwide/target/debug/deps/libworker-618fe173a9571d01.rlib --extern worker=/opt/rustwide/target/debug/deps/libworker.rlib -C embed-bitcode=no --cfg 'feature="console_error_panic_hook"' --cfg 'feature="default"' --cap-lints=warn --error-format human` (exit status: 1)
[INFO] [stderr] note: test exited abnormally; to see the full output pass --nocapture to the harness.
[INFO] running `Command { std: "docker" "inspect" "fdae029179dd101a7f28315e8c64f31c64236f875b1ddaf52b49b34987a21b6d", kill_on_drop: false }`
[INFO] running `Command { std: "docker" "rm" "-f" "fdae029179dd101a7f28315e8c64f31c64236f875b1ddaf52b49b34987a21b6d", kill_on_drop: false }`
[INFO] [stdout] fdae029179dd101a7f28315e8c64f31c64236f875b1ddaf52b49b34987a21b6d
