[INFO] cloning repository https://github.com/User65k/flash_rust_ws
[INFO] running `Command { std: "git" "-c" "credential.helper=" "-c" "credential.helper=/workspace/cargo-home/bin/git-credential-null" "clone" "--bare" "https://github.com/User65k/flash_rust_ws" "/workspace/cache/git-repos/https%3A%2F%2Fgithub.com%2FUser65k%2Fflash_rust_ws", kill_on_drop: false }`
[INFO] [stderr] Cloning into bare repository '/workspace/cache/git-repos/https%3A%2F%2Fgithub.com%2FUser65k%2Fflash_rust_ws'...
[INFO] running `Command { std: "git" "rev-parse" "HEAD", kill_on_drop: false }`
[INFO] [stdout] 9f569576207cd81ae30cd4c2a600b2ba0895b456
[INFO] testing User65k/flash_rust_ws against 1.75.0 for beta-1.76-1
[INFO] running `Command { std: "git" "clone" "/workspace/cache/git-repos/https%3A%2F%2Fgithub.com%2FUser65k%2Fflash_rust_ws" "/workspace/builds/worker-7-tc1/source", kill_on_drop: false }`
[INFO] [stderr] Cloning into '/workspace/builds/worker-7-tc1/source'...
[INFO] [stderr] done.
[INFO] validating manifest of git repo https://github.com/User65k/flash_rust_ws on toolchain 1.75.0
[INFO] running `Command { std: CARGO_HOME="/workspace/cargo-home" RUSTUP_HOME="/workspace/rustup-home" "/workspace/cargo-home/bin/cargo" "+1.75.0" "metadata" "--manifest-path" "Cargo.toml" "--no-deps", kill_on_drop: false }`
[INFO] started tweaking git repo https://github.com/User65k/flash_rust_ws
[INFO] finished tweaking git repo https://github.com/User65k/flash_rust_ws
[INFO] tweaked toml for git repo https://github.com/User65k/flash_rust_ws written to /workspace/builds/worker-7-tc1/source/Cargo.toml
[INFO] running `Command { std: CARGO_HOME="/workspace/cargo-home" RUSTUP_HOME="/workspace/rustup-home" "/workspace/cargo-home/bin/cargo" "+1.75.0" "generate-lockfile" "--manifest-path" "Cargo.toml", kill_on_drop: false }`
[INFO] [stderr]     Updating crates.io index
[INFO] running `Command { std: CARGO_HOME="/workspace/cargo-home" RUSTUP_HOME="/workspace/rustup-home" "/workspace/cargo-home/bin/cargo" "+1.75.0" "fetch" "--manifest-path" "Cargo.toml", kill_on_drop: false }`
[INFO] [stderr]  Downloading crates ...
[INFO] [stderr]   Downloaded libsystemd v0.6.0
[INFO] [stderr]   Downloaded hyper-staticfile v0.9.5
[INFO] [stderr]   Downloaded async-acme v0.4.0
[INFO] [stderr]   Downloaded generic-async-http-client v0.4.0
[INFO] [stderr]   Downloaded async-stream-connection v1.0.1
[INFO] [stderr]   Downloaded websocket-codec v0.5.2
[INFO] [stderr]   Downloaded async-fcgi v0.4.3
[INFO] running `Command { std: "docker" "create" "-v" "/var/lib/crater-agent-workspace/builds/worker-7-tc1/target:/opt/rustwide/target:rw,Z" "-v" "/var/lib/crater-agent-workspace/builds/worker-7-tc1/source:/opt/rustwide/workdir:ro,Z" "-v" "/var/lib/crater-agent-workspace/cargo-home:/opt/rustwide/cargo-home:ro,Z" "-v" "/var/lib/crater-agent-workspace/rustup-home:/opt/rustwide/rustup-home:ro,Z" "-e" "SOURCE_DIR=/opt/rustwide/workdir" "-e" "CARGO_TARGET_DIR=/opt/rustwide/target" "-e" "CARGO_HOME=/opt/rustwide/cargo-home" "-e" "RUSTUP_HOME=/opt/rustwide/rustup-home" "-w" "/opt/rustwide/workdir" "-m" "1610612736" "--user" "0:0" "--network" "none" "ghcr.io/rust-lang/crates-build-env/linux@sha256:2788e3201cd34a07e3172128adcd8b3090168a8e3bcc40d7c032b9dda1df7d1c" "/opt/rustwide/cargo-home/bin/cargo" "+1.75.0" "metadata" "--no-deps" "--format-version=1", kill_on_drop: false }`
[INFO] [stdout] f120c81ecc9826ba1b36c016e9f3d7c6778ebeaa632a76810f1cb2c72f2a5857
[INFO] running `Command { std: "docker" "start" "-a" "f120c81ecc9826ba1b36c016e9f3d7c6778ebeaa632a76810f1cb2c72f2a5857", kill_on_drop: false }`
[INFO] running `Command { std: "docker" "inspect" "f120c81ecc9826ba1b36c016e9f3d7c6778ebeaa632a76810f1cb2c72f2a5857", kill_on_drop: false }`
[INFO] running `Command { std: "docker" "rm" "-f" "f120c81ecc9826ba1b36c016e9f3d7c6778ebeaa632a76810f1cb2c72f2a5857", kill_on_drop: false }`
[INFO] [stdout] f120c81ecc9826ba1b36c016e9f3d7c6778ebeaa632a76810f1cb2c72f2a5857
[INFO] running `Command { std: "docker" "create" "-v" "/var/lib/crater-agent-workspace/builds/worker-7-tc1/target:/opt/rustwide/target:rw,Z" "-v" "/var/lib/crater-agent-workspace/builds/worker-7-tc1/source:/opt/rustwide/workdir:ro,Z" "-v" "/var/lib/crater-agent-workspace/cargo-home:/opt/rustwide/cargo-home:ro,Z" "-v" "/var/lib/crater-agent-workspace/rustup-home:/opt/rustwide/rustup-home:ro,Z" "-e" "SOURCE_DIR=/opt/rustwide/workdir" "-e" "CARGO_TARGET_DIR=/opt/rustwide/target" "-e" "CARGO_INCREMENTAL=0" "-e" "RUST_BACKTRACE=full" "-e" "RUSTFLAGS=--cap-lints=warn" "-e" "RUSTDOCFLAGS=--cap-lints=warn" "-e" "CARGO_HOME=/opt/rustwide/cargo-home" "-e" "RUSTUP_HOME=/opt/rustwide/rustup-home" "-w" "/opt/rustwide/workdir" "-m" "1610612736" "--user" "0:0" "--network" "none" "ghcr.io/rust-lang/crates-build-env/linux@sha256:2788e3201cd34a07e3172128adcd8b3090168a8e3bcc40d7c032b9dda1df7d1c" "/opt/rustwide/cargo-home/bin/cargo" "+1.75.0" "build" "--frozen" "--message-format=json", kill_on_drop: false }`
[INFO] [stdout] 630c2a3633625eae08b35636f420cad7631fd5a63ce4a1341ebb740b32a6a212
[INFO] running `Command { std: "docker" "start" "-a" "630c2a3633625eae08b35636f420cad7631fd5a63ce4a1341ebb740b32a6a212", kill_on_drop: false }`
[INFO] [stderr]    Compiling proc-macro2 v1.0.75
[INFO] [stderr]    Compiling unicode-ident v1.0.12
[INFO] [stderr]    Compiling libc v0.2.151
[INFO] [stderr]    Compiling serde v1.0.194
[INFO] [stderr]    Compiling itoa v1.0.10
[INFO] [stderr]    Compiling version_check v0.9.4
[INFO] [stderr]    Compiling pin-project-lite v0.2.13
[INFO] [stderr]    Compiling memchr v2.7.1
[INFO] [stderr]    Compiling num-traits v0.2.17
[INFO] [stderr]    Compiling syn v1.0.109
[INFO] [stderr]    Compiling bytes v1.5.0
[INFO] [stderr]    Compiling slab v0.4.9
[INFO] [stderr]    Compiling thiserror v1.0.56
[INFO] [stderr]    Compiling once_cell v1.19.0
[INFO] [stderr]    Compiling quote v1.0.35
[INFO] [stderr]    Compiling futures-sink v0.3.30
[INFO] [stderr]    Compiling futures-core v0.3.30
[INFO] [stderr]    Compiling syn v2.0.48
[INFO] [stderr]    Compiling cc v1.0.83
[INFO] [stderr]    Compiling powerfmt v0.2.0
[INFO] [stderr]    Compiling time-core v0.1.2
[INFO] [stderr]    Compiling futures-io v0.3.30
[INFO] [stderr]    Compiling fnv v1.0.7
[INFO] [stderr]    Compiling typenum v1.17.0
[INFO] [stderr]    Compiling deranged v0.3.11
[INFO] [stderr]    Compiling time-macros v0.2.16
[INFO] [stderr]    Compiling futures-channel v0.3.30
[INFO] [stderr]    Compiling generic-array v0.14.7
[INFO] [stderr]    Compiling getrandom v0.2.11
[INFO] [stderr]    Compiling num_cpus v1.16.0
[INFO] [stderr]    Compiling mio v0.8.10
[INFO] [stderr]    Compiling signal-hook-registry v1.4.1
[INFO] [stderr]    Compiling socket2 v0.5.5
[INFO] [stderr]    Compiling ring v0.17.7
[INFO] [stderr]    Compiling futures-task v0.3.30
[INFO] [stderr]    Compiling pin-utils v0.1.0
[INFO] [stderr]    Compiling hashbrown v0.14.3
[INFO] [stderr]    Compiling minimal-lexical v0.2.1
[INFO] [stderr]    Compiling untrusted v0.9.0
[INFO] [stderr]    Compiling spin v0.9.8
[INFO] [stderr]    Compiling equivalent v1.0.1
[INFO] [stderr]    Compiling nom v7.1.3
[INFO] [stderr]    Compiling http v0.2.11
[INFO] [stderr]    Compiling time v0.3.31
[INFO] [stderr]    Compiling indexmap v2.1.0
[INFO] [stderr]    Compiling tracing-core v0.1.32
[INFO] [stderr]    Compiling percent-encoding v2.3.1
[INFO] [stderr]    Compiling unicode-xid v0.2.4
[INFO] [stderr]    Compiling httparse v1.8.0
[INFO] [stderr]    Compiling tracing v0.1.40
[INFO] [stderr]    Compiling unicase v2.7.0
[INFO] [stderr]    Compiling synstructure v0.12.6
[INFO] [stderr]    Compiling num-integer v0.1.45
[INFO] [stderr]    Compiling rustls v0.21.10
[INFO] [stderr]    Compiling rusticata-macros v4.1.0
[INFO] [stderr]    Compiling form_urlencoded v1.2.1
[INFO] [stderr]    Compiling http-body v0.4.6
[INFO] [stderr]    Compiling num-bigint v0.4.4
[INFO] [stderr]    Compiling try-lock v0.2.5
[INFO] [stderr]    Compiling tinyvec_macros v0.1.1
[INFO] [stderr]    Compiling serde_json v1.0.111
[INFO] [stderr]    Compiling ryu v1.0.16
[INFO] [stderr]    Compiling want v0.3.1
[INFO] [stderr]    Compiling tinyvec v1.6.0
[INFO] [stderr]    Compiling crypto-common v0.1.6
[INFO] [stderr]    Compiling block-buffer v0.10.4
[INFO] [stderr]    Compiling ring v0.16.20
[INFO] [stderr]    Compiling memoffset v0.7.1
[INFO] [stderr]    Compiling lock_api v0.4.11
[INFO] [stderr]    Compiling httpdate v1.0.3
[INFO] [stderr]    Compiling serde_derive v1.0.194
[INFO] [stderr]    Compiling thiserror-impl v1.0.56
[INFO] [stderr]    Compiling tokio-macros v2.2.0
[INFO] [stderr]    Compiling futures-macro v0.3.30
[INFO] [stderr]    Compiling displaydoc v0.2.4
[INFO] [stderr]    Compiling parking_lot_core v0.9.9
[INFO] [stderr]    Compiling rustls-webpki v0.101.7
[INFO] [stderr]    Compiling tokio v1.35.1
[INFO] [stderr]    Compiling sct v0.7.1
[INFO] [stderr]    Compiling asn1-rs-impl v0.1.0
[INFO] [stderr]    Compiling asn1-rs-derive v0.4.0
[INFO] [stderr]    Compiling futures-util v0.3.30
[INFO] [stderr]    Compiling oid-registry v0.6.1
[INFO] [stderr]    Compiling base64 v0.21.5
[INFO] [stderr]    Compiling subtle v2.5.0
[INFO] [stderr]    Compiling tower-service v0.3.2
[INFO] [stderr]    Compiling digest v0.10.7
[INFO] [stderr]    Compiling unicode-normalization v0.1.22
[INFO] [stderr]    Compiling mime_guess v2.0.4
[INFO] [stderr]    Compiling asn1-rs v0.5.2
[INFO] [stderr]    Compiling rand_core v0.6.4
[INFO] [stderr]    Compiling async-trait v0.1.77
[INFO] [stderr]    Compiling unicode-bidi v0.3.14
[INFO] [stderr]    Compiling ppv-lite86 v0.2.17
[INFO] [stderr]    Compiling spin v0.5.2
[INFO] [stderr]    Compiling anyhow v1.0.79
[INFO] [stderr]    Compiling smallvec v1.11.2
[INFO] [stderr]    Compiling untrusted v0.7.1
[INFO] [stderr]    Compiling scopeguard v1.2.0
[INFO] [stderr]    Compiling destructure_traitobject v0.2.0
[INFO] [stderr]    Compiling unsafe-any-ors v1.0.0
[INFO] [stderr]    Compiling der-parser v8.2.0
[INFO] [stderr]    Compiling futures-executor v0.3.30
[INFO] [stderr]    Compiling rand_chacha v0.3.1
[INFO] [stderr]    Compiling futures v0.3.30
[INFO] [stderr]    Compiling idna v0.5.0
[INFO] [stderr]    Compiling pem v3.0.3
[INFO] [stderr]    Compiling yasna v0.5.2
[INFO] [stderr]    Compiling ordered-float v2.10.1
[INFO] [stderr]    Compiling cpufeatures v0.2.12
[INFO] [stderr]    Compiling iana-time-zone v0.1.59
[INFO] [stderr]    Compiling mime v0.3.17
[INFO] [stderr]    Compiling webpki-roots v0.25.3
[INFO] [stderr]    Compiling tokio-util v0.7.10
[INFO] [stderr]    Compiling data-encoding v2.5.0
[INFO] [stderr]    Compiling bitflags v1.3.2
[INFO] [stderr]    Compiling winnow v0.5.32
[INFO] [stderr]    Compiling nix v0.26.4
[INFO] [stderr]    Compiling x509-parser v0.15.1
[INFO] [stderr]    Compiling h2 v0.3.22
[INFO] [stderr]    Compiling rcgen v0.11.3
[INFO] [stderr]    Compiling log v0.4.20
[INFO] [stderr]    Compiling toml_datetime v0.6.5
[INFO] [stderr]    Compiling serde_urlencoded v0.7.1
[INFO] [stderr]    Compiling serde_spanned v0.6.5
[INFO] [stderr]    Compiling serde_qs v0.12.0
[INFO] [stderr]    Compiling toml_edit v0.21.0
[INFO] [stderr]    Compiling async-stream-connection v1.0.1
[INFO] [stderr]    Compiling uuid v1.6.1
[INFO] [stderr]    Compiling serde-value v0.7.0
[INFO] [stderr]    Compiling hyper v0.14.28
[INFO] [stderr]    Compiling chrono v0.4.31
[INFO] [stderr]    Compiling sha2 v0.10.8
[INFO] [stderr]    Compiling url v2.5.0
[INFO] [stderr]    Compiling rand v0.8.5
[INFO] [stderr]    Compiling tokio-rustls v0.24.1
[INFO] [stderr]    Compiling futures-rustls v0.24.0
[INFO] [stderr]    Compiling parking_lot v0.12.1
[INFO] [stderr]    Compiling typemap-ors v1.0.0
[INFO] [stderr]    Compiling hmac v0.12.1
[INFO] [stderr]    Compiling rustls-pemfile v1.0.4
[INFO] [stderr]    Compiling derivative v2.2.0
[INFO] [stderr]    Compiling pin-project-internal v1.1.3
[INFO] [stderr]    Compiling thread-id v4.2.1
[INFO] [stderr]    Compiling log-mdc v0.1.0
[INFO] [stderr]    Compiling humantime v2.1.0
[INFO] [stderr]    Compiling arc-swap v1.6.0
[INFO] [stderr]    Compiling http-range v0.1.5
[INFO] [stderr]    Compiling libsystemd v0.6.0
[INFO] [stderr]    Compiling toml v0.8.8
[INFO] [stderr]    Compiling async-fcgi v0.4.3
[INFO] [stderr]    Compiling generic-async-http-client v0.4.0
[INFO] [stderr]    Compiling hyper-staticfile v0.9.5
[INFO] [stderr]    Compiling pin-project v1.1.3
[INFO] [stderr]    Compiling users v0.11.0
[INFO] [stderr]    Compiling async-acme v0.4.0
[INFO] [stderr]    Compiling md5 v0.7.0
[INFO] [stderr]    Compiling xml-rs v0.8.19
[INFO] [stderr]    Compiling log4rs v1.2.0
[INFO] [stderr]    Compiling flash_rust_ws v0.4.4 (/opt/rustwide/workdir)
[INFO] [stdout] warning: unused import: `async_fcgi::client::con_pool::ConPool as FCGIAppPool`
[INFO] [stdout]   --> src/dispatch/fcgi/mod.rs:24:9
[INFO] [stdout]    |
[INFO] [stdout] 24 | pub use async_fcgi::client::con_pool::ConPool as FCGIAppPool;
[INFO] [stdout]    |         ^^^^^^^^^^^^^^^^^^^^^^^^^^^^^^^^^^^^^^^^^^^^^^^^^^^^
[INFO] [stdout]    |
[INFO] [stdout]    = note: `#[warn(unused_imports)]` on by default
[INFO] [stdout] 
[INFO] [stdout] 
[INFO] [stdout] warning: unused import: `async_stream_connection::Addr`
[INFO] [stdout]   --> src/dispatch/fcgi/mod.rs:25:9
[INFO] [stdout]    |
[INFO] [stdout] 25 | pub use async_stream_connection::Addr;
[INFO] [stdout]    |         ^^^^^^^^^^^^^^^^^^^^^^^^^^^^^
[INFO] [stdout] 
[INFO] [stdout] 
[INFO] [stdout] warning: 2 warnings emitted
[INFO] [stdout] 
[INFO] [stdout] 
[INFO] [stderr]     Finished dev [unoptimized + debuginfo] target(s) in 28.44s
[INFO] running `Command { std: "docker" "inspect" "630c2a3633625eae08b35636f420cad7631fd5a63ce4a1341ebb740b32a6a212", kill_on_drop: false }`
[INFO] running `Command { std: "docker" "rm" "-f" "630c2a3633625eae08b35636f420cad7631fd5a63ce4a1341ebb740b32a6a212", kill_on_drop: false }`
[INFO] [stdout] 630c2a3633625eae08b35636f420cad7631fd5a63ce4a1341ebb740b32a6a212
[INFO] running `Command { std: "docker" "create" "-v" "/var/lib/crater-agent-workspace/builds/worker-7-tc1/target:/opt/rustwide/target:rw,Z" "-v" "/var/lib/crater-agent-workspace/builds/worker-7-tc1/source:/opt/rustwide/workdir:ro,Z" "-v" "/var/lib/crater-agent-workspace/cargo-home:/opt/rustwide/cargo-home:ro,Z" "-v" "/var/lib/crater-agent-workspace/rustup-home:/opt/rustwide/rustup-home:ro,Z" "-e" "SOURCE_DIR=/opt/rustwide/workdir" "-e" "CARGO_TARGET_DIR=/opt/rustwide/target" "-e" "CARGO_INCREMENTAL=0" "-e" "RUST_BACKTRACE=full" "-e" "RUSTFLAGS=--cap-lints=warn" "-e" "RUSTDOCFLAGS=--cap-lints=warn" "-e" "CARGO_HOME=/opt/rustwide/cargo-home" "-e" "RUSTUP_HOME=/opt/rustwide/rustup-home" "-w" "/opt/rustwide/workdir" "-m" "1610612736" "--user" "0:0" "--network" "none" "ghcr.io/rust-lang/crates-build-env/linux@sha256:2788e3201cd34a07e3172128adcd8b3090168a8e3bcc40d7c032b9dda1df7d1c" "/opt/rustwide/cargo-home/bin/cargo" "+1.75.0" "test" "--frozen" "--no-run" "--message-format=json", kill_on_drop: false }`
[INFO] [stdout] 1ac7680d5dc72502aa05552ffb8c5771ae6249f7a7a2c0f6979d56922a7b3c68
[INFO] running `Command { std: "docker" "start" "-a" "1ac7680d5dc72502aa05552ffb8c5771ae6249f7a7a2c0f6979d56922a7b3c68", kill_on_drop: false }`
[INFO] [stderr]    Compiling flash_rust_ws v0.4.4 (/opt/rustwide/workdir)
[INFO] [stderr]     Finished test [unoptimized + debuginfo] target(s) in 10.63s
[INFO] running `Command { std: "docker" "inspect" "1ac7680d5dc72502aa05552ffb8c5771ae6249f7a7a2c0f6979d56922a7b3c68", kill_on_drop: false }`
[INFO] running `Command { std: "docker" "rm" "-f" "1ac7680d5dc72502aa05552ffb8c5771ae6249f7a7a2c0f6979d56922a7b3c68", kill_on_drop: false }`
[INFO] [stdout] 1ac7680d5dc72502aa05552ffb8c5771ae6249f7a7a2c0f6979d56922a7b3c68
[INFO] running `Command { std: "docker" "create" "-v" "/var/lib/crater-agent-workspace/builds/worker-7-tc1/target:/opt/rustwide/target:rw,Z" "-v" "/var/lib/crater-agent-workspace/builds/worker-7-tc1/source:/opt/rustwide/workdir:ro,Z" "-v" "/var/lib/crater-agent-workspace/cargo-home:/opt/rustwide/cargo-home:ro,Z" "-v" "/var/lib/crater-agent-workspace/rustup-home:/opt/rustwide/rustup-home:ro,Z" "-e" "SOURCE_DIR=/opt/rustwide/workdir" "-e" "CARGO_TARGET_DIR=/opt/rustwide/target" "-e" "CARGO_INCREMENTAL=0" "-e" "RUST_BACKTRACE=full" "-e" "RUSTFLAGS=--cap-lints=warn" "-e" "RUSTDOCFLAGS=--cap-lints=warn" "-e" "CARGO_HOME=/opt/rustwide/cargo-home" "-e" "RUSTUP_HOME=/opt/rustwide/rustup-home" "-w" "/opt/rustwide/workdir" "-m" "1610612736" "--user" "0:0" "--network" "none" "ghcr.io/rust-lang/crates-build-env/linux@sha256:2788e3201cd34a07e3172128adcd8b3090168a8e3bcc40d7c032b9dda1df7d1c" "/opt/rustwide/cargo-home/bin/cargo" "+1.75.0" "test" "--frozen", kill_on_drop: false }`
[INFO] [stdout] 5ebf927b7d051cc0f99e21c652c3b365d98ac74fd4d734d0477ff94ee9f9e8c3
[INFO] running `Command { std: "docker" "start" "-a" "5ebf927b7d051cc0f99e21c652c3b365d98ac74fd4d734d0477ff94ee9f9e8c3", kill_on_drop: false }`
[INFO] [stderr]     Finished test [unoptimized + debuginfo] target(s) in 0.21s
[INFO] [stderr]      Running unittests src/main.rs (/opt/rustwide/target/debug/deps/flash_rust_ws-3e1fec3941994d17)
[INFO] [stdout] 
[INFO] [stdout] running 83 tests
[INFO] [stdout] test auth::digest::tests::auth_required ... ok
[INFO] [stdout] test auth::digest::tests::auth_error ... ok
[INFO] [stdout] test auth::digest::tests::nonce ... ok
[INFO] [stdout] test auth::tests::get_map ... ok
[INFO] [stdout] test auth::digest::tests::auth_success ... ok
[INFO] [stdout] test auth::digest::tests::auth_success_sess ... ok
[INFO] [stdout] test auth::digest::tests::auth_success_multi ... ok
[INFO] [stdout] test auth::digest::tests::auth_success_qop_auth ... ok
[INFO] [stdout] test auth::digest::tests::auth_wrong_pw ... ok
[INFO] [stdout] test auth::tests::get_map_errors ... ok
[INFO] [stdout] test auth::digest::tests::auth_wrong_realm ... ok
[INFO] [stdout] test auth::tests::strip_prefix_from_header ... ok
[INFO] [stdout] test auth::digest::tests::auth_wrong_user ... ok
[INFO] [stdout] test config::tests::dir_nonexistent ... ok
[INFO] [stdout] test config::tests::root_mount ... ok
[INFO] [stdout] test config::tests::keyword_mount ... ok
[INFO] [stdout] test config::tests::bad_header ... ok
[INFO] [stdout] test dispatch::dav::tests::basic_config ... ok
[INFO] [stdout] test config::tests::toml_to_struct ... ok
[INFO] [stdout] test dispatch::dav::tests::dir_nonexistent ... ok
[INFO] [stdout] test config::tests::wwwroot_parsing ... ok
[INFO] [stdout] test dispatch::dav::tests::get_file ... ok
[INFO] [stdout] test dispatch::dav::tests::options ... ok
[INFO] [stdout] test dispatch::fcgi::test::basic_config ... ok
[INFO] [stdout] test dispatch::dav::tests::mkcol_propfind ... ok
[INFO] [stdout] test dispatch::fcgi::test::dont_resolve_file ... ok
[INFO] [stdout] test dispatch::fcgi::test::params_flup_example ... ok
[INFO] [stdout] test dispatch::dav::tests::put_move_delete ... ok
[INFO] [stdout] test dispatch::fcgi::test::params_php_example ... ok
[INFO] [stdout] test dispatch::fcgi::test::resolve_file ... ok
[INFO] [stdout] test dispatch::fcgi::test::file_request_dont_add_index ... ok
[INFO] [stdout] test dispatch::fcgi::test::parse_addr ... ok
[INFO] [stdout] test dispatch::fcgi::test::resolve_file_with_path_info ... ok
[INFO] [stdout] test dispatch::fcgi::test::simple_fcgi_post ... ok
[INFO] [stdout] test dispatch::fcgi::test::resolve_index ... ok
[INFO] [stdout] test dispatch::fcgi::test::test_resolve_path ... ok
[INFO] [stdout] test dispatch::proxy::tests::basic_config ... ok
[INFO] [stdout] test dispatch::proxy::tests::add_headers ... ok
[INFO] [stdout] test dispatch::proxy::tests::force_dir_false ... ok
[INFO] [stdout] test dispatch::proxy::tests::remove_hop_headers ... ok
[INFO] [stdout] test dispatch::proxy::tests::simple_fwd ... ok
[INFO] [stdout] test dispatch::proxy::tests::web_mount_is_a_folder ... ok
[INFO] [stdout] test dispatch::staticf::tests::allowlist_blocks ... ok
[INFO] [stdout] test dispatch::staticf::tests::allowlist_allows ... ok
[INFO] [stdout] test dispatch::staticf::tests::basic_config ... ok
[INFO] [stdout] test dispatch::staticf::tests::dir_redir ... ok
[INFO] [stdout] test dispatch::staticf::tests::index_file ... ok
[INFO] [stdout] test dispatch::staticf::tests::redir_test ... ok
[INFO] [stdout] test dispatch::staticf::tests::no_index ... ok
[INFO] [stdout] test dispatch::staticf::tests::redirects_to_sanitized_path ... ok
[INFO] [stdout] test dispatch::staticf::tests::resolve_file ... ok
[INFO] [stdout] test dispatch::staticf::tests::resolve_nested_file ... ok
[INFO] [stdout] test dispatch::staticf::tests::symlink_dir ... ok
[INFO] [stdout] test dispatch::test::mount::full_folder_names_as_mounts ... ok
[INFO] [stdout] test dispatch::test::mount::longest_mount ... ok
[INFO] [stdout] test dispatch::test::mount::no_mounts ... ok
[INFO] [stdout] test dispatch::staticf::tests::symlink_file ... ok
[INFO] [stdout] test dispatch::test::mount::path_trav_outside_mounts ... ok
[INFO] [stdout] test dispatch::test::mount::path_trav_outside_webroot ... ok
[INFO] [stdout] test dispatch::test::mount::redirect ... ok
[INFO] [stdout] test dispatch::test::mount::redirect_w_status ... ok
[INFO] [stdout] test dispatch::test::mount::rustsec_2022_0072_part1 ... ok
[INFO] [stdout] test dispatch::test::mount::rustsec_2022_0072_part2 ... ok
[INFO] [stdout] test dispatch::test::mount::test_barely_mounted ... ok
[INFO] [stdout] test dispatch::test::mount::test_mount_params ... ok
[INFO] [stdout] test dispatch::test::mount::top_mount ... ok
[INFO] [stdout] test dispatch::test::mount::uri_encode ... ok
[INFO] [stdout] test dispatch::test::mount::webroot ... ok
[INFO] [stdout] test dispatch::test::vhost::default_vhost ... ok
[INFO] [stdout] test dispatch::test::vhost::specific_vhost ... ok
[INFO] [stdout] test dispatch::test::vhost::unknown_vhost ... ok
[INFO] [stdout] test dispatch::webpath::tests::cow ... ok
[INFO] [stdout] test dispatch::webpath::tests::ito_abs_url ... ok
[INFO] [stdout] test dispatch::webpath::tests::normalize ... ok
[INFO] [stdout] test dispatch::webpath::tests::rustsec_2022_0072 ... ok
[INFO] [stdout] test transport::tls::rustls::todo ... ok
[INFO] [stdout] test tests::http_get ... ok
[INFO] [stdout] test config::tests::config_file ... FAILED
[INFO] [stdout] test config::tests::cant_listen ... ok
[INFO] [stdout] test config::tests::dir_is_file ... ok
[INFO] [stdout] test config::tests::tls_plain_mix ... ok
[INFO] [stdout] test config::tests::vhost_conflict ... ok
[INFO] [stdout] test dispatch::fcgi::test::wrong_cfg ... ok
[INFO] [stdout] 
[INFO] [stdout] failures:
[INFO] [stdout] 
[INFO] [stdout] ---- config::tests::config_file stdout ----
[INFO] [stdout] thread 'config::tests::config_file' panicked at src/config.rs:652:56:
[INFO] [stdout] could not create cfg file: Os { code: 30, kind: ReadOnlyFilesystem, message: "Read-only file system" }
[INFO] [stdout] stack backtrace:
[INFO] [stdout]    0:     0x55c685cafc1c - std::backtrace_rs::backtrace::libunwind::trace::ha637c64ce894333a
[INFO] [stdout]                                at /rustc/82e1608dfa6e0b5569232559e3d385fea5a93112/library/std/src/../../backtrace/src/backtrace/libunwind.rs:104:5
[INFO] [stdout]    1:     0x55c685cafc1c - std::backtrace_rs::backtrace::trace_unsynchronized::h47f62dea28e0c88d
[INFO] [stdout]                                at /rustc/82e1608dfa6e0b5569232559e3d385fea5a93112/library/std/src/../../backtrace/src/backtrace/mod.rs:66:5
[INFO] [stdout]    2:     0x55c685cafc1c - std::sys_common::backtrace::_print_fmt::h9eef0abe20ede486
[INFO] [stdout]                                at /rustc/82e1608dfa6e0b5569232559e3d385fea5a93112/library/std/src/sys_common/backtrace.rs:67:5
[INFO] [stdout]    3:     0x55c685cafc1c - <std::sys_common::backtrace::_print::DisplayBacktrace as core::fmt::Display>::fmt::hed7f999df88cc644
[INFO] [stdout]                                at /rustc/82e1608dfa6e0b5569232559e3d385fea5a93112/library/std/src/sys_common/backtrace.rs:44:22
[INFO] [stdout]    4:     0x55c685ce20f0 - core::fmt::rt::Argument::fmt::h1539a9308b8d058d
[INFO] [stdout]                                at /rustc/82e1608dfa6e0b5569232559e3d385fea5a93112/library/core/src/fmt/rt.rs:142:9
[INFO] [stdout]    5:     0x55c685ce20f0 - core::fmt::write::h3a39390d8560d9c9
[INFO] [stdout]                                at /rustc/82e1608dfa6e0b5569232559e3d385fea5a93112/library/core/src/fmt/mod.rs:1120:17
[INFO] [stdout]    6:     0x55c685cac11f - std::io::Write::write_fmt::h040b369f3a0f9cbc
[INFO] [stdout]                                at /rustc/82e1608dfa6e0b5569232559e3d385fea5a93112/library/std/src/io/mod.rs:1762:15
[INFO] [stdout]    7:     0x55c685cafa04 - std::sys_common::backtrace::_print::h894006fb5c6f3d45
[INFO] [stdout]                                at /rustc/82e1608dfa6e0b5569232559e3d385fea5a93112/library/std/src/sys_common/backtrace.rs:47:5
[INFO] [stdout]    8:     0x55c685cafa04 - std::sys_common::backtrace::print::h23a2d212c6fff936
[INFO] [stdout]                                at /rustc/82e1608dfa6e0b5569232559e3d385fea5a93112/library/std/src/sys_common/backtrace.rs:34:9
[INFO] [stdout]    9:     0x55c685cb16c7 - std::panicking::default_hook::{{closure}}::h8a1d2ee00185001a
[INFO] [stdout]   10:     0x55c685cb13b3 - std::panicking::default_hook::h6038f2eba384e475
[INFO] [stdout]                                at /rustc/82e1608dfa6e0b5569232559e3d385fea5a93112/library/std/src/panicking.rs:289:9
[INFO] [stdout]   11:     0x55c68553d9c7 - <alloc::boxed::Box<F,A> as core::ops::function::Fn<Args>>::call::h0ad024c9bdc6d768
[INFO] [stdout]                                at /rustc/82e1608dfa6e0b5569232559e3d385fea5a93112/library/alloc/src/boxed.rs:2021:9
[INFO] [stdout]   12:     0x55c68553d9c7 - test::test_main::{{closure}}::h7500b54257359db6
[INFO] [stdout]                                at /rustc/82e1608dfa6e0b5569232559e3d385fea5a93112/library/test/src/lib.rs:138:21
[INFO] [stdout]   13:     0x55c685cb1cd8 - <alloc::boxed::Box<F,A> as core::ops::function::Fn<Args>>::call::h1f8f335eaa9cfaee
[INFO] [stdout]                                at /rustc/82e1608dfa6e0b5569232559e3d385fea5a93112/library/alloc/src/boxed.rs:2021:9
[INFO] [stdout]   14:     0x55c685cb1cd8 - std::panicking::rust_panic_with_hook::h2b5517d590cab22e
[INFO] [stdout]                                at /rustc/82e1608dfa6e0b5569232559e3d385fea5a93112/library/std/src/panicking.rs:783:13
[INFO] [stdout]   15:     0x55c685cb1a2e - std::panicking::begin_panic_handler::{{closure}}::h233112c06e0ef43e
[INFO] [stdout]                                at /rustc/82e1608dfa6e0b5569232559e3d385fea5a93112/library/std/src/panicking.rs:657:13
[INFO] [stdout]   16:     0x55c685cb00e6 - std::sys_common::backtrace::__rust_end_short_backtrace::h6e893f24d7ebbff8
[INFO] [stdout]                                at /rustc/82e1608dfa6e0b5569232559e3d385fea5a93112/library/std/src/sys_common/backtrace.rs:170:18
[INFO] [stdout]   17:     0x55c685cb1792 - rust_begin_unwind
[INFO] [stdout]                                at /rustc/82e1608dfa6e0b5569232559e3d385fea5a93112/library/std/src/panicking.rs:645:5
[INFO] [stdout]   18:     0x55c684e60235 - core::panicking::panic_fmt::hbf0e066aabfa482c
[INFO] [stdout]                                at /rustc/82e1608dfa6e0b5569232559e3d385fea5a93112/library/core/src/panicking.rs:72:14
[INFO] [stdout]   19:     0x55c684e60863 - core::result::unwrap_failed::hddb4fea594200c52
[INFO] [stdout]                                at /rustc/82e1608dfa6e0b5569232559e3d385fea5a93112/library/core/src/result.rs:1653:5
[INFO] [stdout]   20:     0x55c6852dabbd - core::result::Result<T,E>::expect::he31d6d9816fc1d25
[INFO] [stdout]                                at /rustc/82e1608dfa6e0b5569232559e3d385fea5a93112/library/core/src/result.rs:1034:23
[INFO] [stdout]   21:     0x55c6850a65ef - flash_rust_ws::config::tests::config_file::h2e3ca5ee4914918b
[INFO] [stdout]                                at /opt/rustwide/workdir/src/config.rs:652:24
[INFO] [stdout]   22:     0x55c6850a6597 - flash_rust_ws::config::tests::config_file::{{closure}}::hd2ab2560d773df9e
[INFO] [stdout]                                at /opt/rustwide/workdir/src/config.rs:649:21
[INFO] [stdout]   23:     0x55c684f025c6 - core::ops::function::FnOnce::call_once::h977b6cee6a975c30
[INFO] [stdout]                                at /rustc/82e1608dfa6e0b5569232559e3d385fea5a93112/library/core/src/ops/function.rs:250:5
[INFO] [stdout]   24:     0x55c68554301f - core::ops::function::FnOnce::call_once::h2b5d431d5046312d
[INFO] [stdout]                                at /rustc/82e1608dfa6e0b5569232559e3d385fea5a93112/library/core/src/ops/function.rs:250:5
[INFO] [stdout]   25:     0x55c68554301f - test::__rust_begin_short_backtrace::h7714669af176e207
[INFO] [stdout]                                at /rustc/82e1608dfa6e0b5569232559e3d385fea5a93112/library/test/src/lib.rs:628:18
[INFO] [stdout]   26:     0x55c685542035 - test::run_test_in_process::{{closure}}::h85218797dcbcec12
[INFO] [stdout]                                at /rustc/82e1608dfa6e0b5569232559e3d385fea5a93112/library/test/src/lib.rs:651:60
[INFO] [stdout]   27:     0x55c685542035 - <core::panic::unwind_safe::AssertUnwindSafe<F> as core::ops::function::FnOnce<()>>::call_once::h76c106ea31c14d7b
[INFO] [stdout]                                at /rustc/82e1608dfa6e0b5569232559e3d385fea5a93112/library/core/src/panic/unwind_safe.rs:272:9
[INFO] [stdout]   28:     0x55c685542035 - std::panicking::try::do_call::h3bd5d0f6620ee946
[INFO] [stdout]                                at /rustc/82e1608dfa6e0b5569232559e3d385fea5a93112/library/std/src/panicking.rs:552:40
[INFO] [stdout]   29:     0x55c685542035 - std::panicking::try::h232e535e4744fe31
[INFO] [stdout]                                at /rustc/82e1608dfa6e0b5569232559e3d385fea5a93112/library/std/src/panicking.rs:516:19
[INFO] [stdout]   30:     0x55c685542035 - std::panic::catch_unwind::h3ce3bd6ca8dbac68
[INFO] [stdout]                                at /rustc/82e1608dfa6e0b5569232559e3d385fea5a93112/library/std/src/panic.rs:142:14
[INFO] [stdout]   31:     0x55c685542035 - test::run_test_in_process::hc97b257c9621286a
[INFO] [stdout]                                at /rustc/82e1608dfa6e0b5569232559e3d385fea5a93112/library/test/src/lib.rs:651:27
[INFO] [stdout]   32:     0x55c685542035 - test::run_test::{{closure}}::h2aa798823a438d38
[INFO] [stdout]                                at /rustc/82e1608dfa6e0b5569232559e3d385fea5a93112/library/test/src/lib.rs:574:43
[INFO] [stdout]   33:     0x55c68550a2f6 - test::run_test::{{closure}}::h87d231c78fb59832
[INFO] [stdout]                                at /rustc/82e1608dfa6e0b5569232559e3d385fea5a93112/library/test/src/lib.rs:602:41
[INFO] [stdout]   34:     0x55c68550a2f6 - std::sys_common::backtrace::__rust_begin_short_backtrace::he6df152596625789
[INFO] [stdout]                                at /rustc/82e1608dfa6e0b5569232559e3d385fea5a93112/library/std/src/sys_common/backtrace.rs:154:18
[INFO] [stdout]   35:     0x55c68550f3a7 - std::thread::Builder::spawn_unchecked_::{{closure}}::{{closure}}::ha94be15d1e0acf36
[INFO] [stdout]                                at /rustc/82e1608dfa6e0b5569232559e3d385fea5a93112/library/std/src/thread/mod.rs:529:17
[INFO] [stdout]   36:     0x55c68550f3a7 - <core::panic::unwind_safe::AssertUnwindSafe<F> as core::ops::function::FnOnce<()>>::call_once::h9dc6bd6372f16606
[INFO] [stdout]                                at /rustc/82e1608dfa6e0b5569232559e3d385fea5a93112/library/core/src/panic/unwind_safe.rs:272:9
[INFO] [stdout]   37:     0x55c68550f3a7 - std::panicking::try::do_call::h9057517f80303cd4
[INFO] [stdout]                                at /rustc/82e1608dfa6e0b5569232559e3d385fea5a93112/library/std/src/panicking.rs:552:40
[INFO] [stdout]   38:     0x55c68550f3a7 - std::panicking::try::he3a30b11ee45340c
[INFO] [stdout]                                at /rustc/82e1608dfa6e0b5569232559e3d385fea5a93112/library/std/src/panicking.rs:516:19
[INFO] [stdout]   39:     0x55c68550f3a7 - std::panic::catch_unwind::h410458cfd3528b8b
[INFO] [stdout]                                at /rustc/82e1608dfa6e0b5569232559e3d385fea5a93112/library/std/src/panic.rs:142:14
[INFO] [stdout]   40:     0x55c68550f3a7 - std::thread::Builder::spawn_unchecked_::{{closure}}::h72ac3bdb567b737b
[INFO] [stdout]                                at /rustc/82e1608dfa6e0b5569232559e3d385fea5a93112/library/std/src/thread/mod.rs:528:30
[INFO] [stdout]   41:     0x55c68550f3a7 - core::ops::function::FnOnce::call_once{{vtable.shim}}::h38f34da3654a8344
[INFO] [stdout]                                at /rustc/82e1608dfa6e0b5569232559e3d385fea5a93112/library/core/src/ops/function.rs:250:5
[INFO] [stdout]   42:     0x55c685cb8825 - <alloc::boxed::Box<F,A> as core::ops::function::FnOnce<Args>>::call_once::hc7eafaff61e32df9
[INFO] [stdout]                                at /rustc/82e1608dfa6e0b5569232559e3d385fea5a93112/library/alloc/src/boxed.rs:2007:9
[INFO] [stdout]   43:     0x55c685cb8825 - <alloc::boxed::Box<F,A> as core::ops::function::FnOnce<Args>>::call_once::h6ba4a5de48dd2304
[INFO] [stdout]                                at /rustc/82e1608dfa6e0b5569232559e3d385fea5a93112/library/alloc/src/boxed.rs:2007:9
[INFO] [stdout]   44:     0x55c685cb8825 - std::sys::unix::thread::Thread::new::thread_start::he469335aef763e45
[INFO] [stdout]                                at /rustc/82e1608dfa6e0b5569232559e3d385fea5a93112/library/std/src/sys/unix/thread.rs:108:17
[INFO] [stdout]   45:     0x7f67abef3ac3 - <unknown>
[INFO] [stdout]   46:     0x7f67abf84bf4 - __clone
[INFO] [stdout]   47:                0x0 - <unknown>
[INFO] [stdout] 
[INFO] [stdout] 
[INFO] [stdout] failures:
[INFO] [stdout]     config::tests::config_file
[INFO] [stdout] 
[INFO] [stdout] test result: FAILED. 82 passed; 1 failed; 0 ignored; 0 measured; 0 filtered out; finished in 0.06s
[INFO] [stdout] 
[INFO] [stderr] error: test failed, to rerun pass `--bin flash_rust_ws`
[INFO] running `Command { std: "docker" "inspect" "5ebf927b7d051cc0f99e21c652c3b365d98ac74fd4d734d0477ff94ee9f9e8c3", kill_on_drop: false }`
[INFO] running `Command { std: "docker" "rm" "-f" "5ebf927b7d051cc0f99e21c652c3b365d98ac74fd4d734d0477ff94ee9f9e8c3", kill_on_drop: false }`
[INFO] [stdout] 5ebf927b7d051cc0f99e21c652c3b365d98ac74fd4d734d0477ff94ee9f9e8c3
[INFO] testing User65k/flash_rust_ws against beta-2023-12-22 for beta-1.76-1
[INFO] running `Command { std: "git" "clone" "/workspace/cache/git-repos/https%3A%2F%2Fgithub.com%2FUser65k%2Fflash_rust_ws" "/workspace/builds/worker-7-tc2/source", kill_on_drop: false }`
[INFO] [stderr] Cloning into '/workspace/builds/worker-7-tc2/source'...
[INFO] [stderr] done.
[INFO] validating manifest of git repo https://github.com/User65k/flash_rust_ws on toolchain beta-2023-12-22
[INFO] running `Command { std: CARGO_HOME="/workspace/cargo-home" RUSTUP_HOME="/workspace/rustup-home" "/workspace/cargo-home/bin/cargo" "+beta-2023-12-22" "metadata" "--manifest-path" "Cargo.toml" "--no-deps", kill_on_drop: false }`
[INFO] started tweaking git repo https://github.com/User65k/flash_rust_ws
[INFO] finished tweaking git repo https://github.com/User65k/flash_rust_ws
[INFO] tweaked toml for git repo https://github.com/User65k/flash_rust_ws written to /workspace/builds/worker-7-tc2/source/Cargo.toml
[INFO] running `Command { std: CARGO_HOME="/workspace/cargo-home" RUSTUP_HOME="/workspace/rustup-home" "/workspace/cargo-home/bin/cargo" "+beta-2023-12-22" "generate-lockfile" "--manifest-path" "Cargo.toml", kill_on_drop: false }`
[INFO] [stderr]     Updating crates.io index
[INFO] running `Command { std: CARGO_HOME="/workspace/cargo-home" RUSTUP_HOME="/workspace/rustup-home" "/workspace/cargo-home/bin/cargo" "+beta-2023-12-22" "fetch" "--manifest-path" "Cargo.toml", kill_on_drop: false }`
[INFO] running `Command { std: "docker" "create" "-v" "/var/lib/crater-agent-workspace/builds/worker-7-tc2/target:/opt/rustwide/target:rw,Z" "-v" "/var/lib/crater-agent-workspace/builds/worker-7-tc2/source:/opt/rustwide/workdir:ro,Z" "-v" "/var/lib/crater-agent-workspace/cargo-home:/opt/rustwide/cargo-home:ro,Z" "-v" "/var/lib/crater-agent-workspace/rustup-home:/opt/rustwide/rustup-home:ro,Z" "-e" "SOURCE_DIR=/opt/rustwide/workdir" "-e" "CARGO_TARGET_DIR=/opt/rustwide/target" "-e" "CARGO_HOME=/opt/rustwide/cargo-home" "-e" "RUSTUP_HOME=/opt/rustwide/rustup-home" "-w" "/opt/rustwide/workdir" "-m" "1610612736" "--user" "0:0" "--network" "none" "ghcr.io/rust-lang/crates-build-env/linux@sha256:2788e3201cd34a07e3172128adcd8b3090168a8e3bcc40d7c032b9dda1df7d1c" "/opt/rustwide/cargo-home/bin/cargo" "+beta-2023-12-22" "metadata" "--no-deps" "--format-version=1", kill_on_drop: false }`
[INFO] [stdout] dd0aa6dd543f230781db5f1c656444f810084c189f5fecda49805e8bf81040a2
[INFO] running `Command { std: "docker" "start" "-a" "dd0aa6dd543f230781db5f1c656444f810084c189f5fecda49805e8bf81040a2", kill_on_drop: false }`
[INFO] running `Command { std: "docker" "inspect" "dd0aa6dd543f230781db5f1c656444f810084c189f5fecda49805e8bf81040a2", kill_on_drop: false }`
[INFO] running `Command { std: "docker" "rm" "-f" "dd0aa6dd543f230781db5f1c656444f810084c189f5fecda49805e8bf81040a2", kill_on_drop: false }`
[INFO] [stdout] dd0aa6dd543f230781db5f1c656444f810084c189f5fecda49805e8bf81040a2
[INFO] running `Command { std: "docker" "create" "-v" "/var/lib/crater-agent-workspace/builds/worker-7-tc2/target:/opt/rustwide/target:rw,Z" "-v" "/var/lib/crater-agent-workspace/builds/worker-7-tc2/source:/opt/rustwide/workdir:ro,Z" "-v" "/var/lib/crater-agent-workspace/cargo-home:/opt/rustwide/cargo-home:ro,Z" "-v" "/var/lib/crater-agent-workspace/rustup-home:/opt/rustwide/rustup-home:ro,Z" "-e" "SOURCE_DIR=/opt/rustwide/workdir" "-e" "CARGO_TARGET_DIR=/opt/rustwide/target" "-e" "CARGO_INCREMENTAL=0" "-e" "RUST_BACKTRACE=full" "-e" "RUSTFLAGS=--cap-lints=warn" "-e" "RUSTDOCFLAGS=--cap-lints=warn" "-e" "CARGO_HOME=/opt/rustwide/cargo-home" "-e" "RUSTUP_HOME=/opt/rustwide/rustup-home" "-w" "/opt/rustwide/workdir" "-m" "1610612736" "--user" "0:0" "--network" "none" "ghcr.io/rust-lang/crates-build-env/linux@sha256:2788e3201cd34a07e3172128adcd8b3090168a8e3bcc40d7c032b9dda1df7d1c" "/opt/rustwide/cargo-home/bin/cargo" "+beta-2023-12-22" "build" "--frozen" "--message-format=json", kill_on_drop: false }`
[INFO] [stdout] e3ef721d8de0bf0fd27e679ea6ae90802ff61e93ce55bbeeb1509121a7097823
[INFO] running `Command { std: "docker" "start" "-a" "e3ef721d8de0bf0fd27e679ea6ae90802ff61e93ce55bbeeb1509121a7097823", kill_on_drop: false }`
[INFO] [stderr]    Compiling proc-macro2 v1.0.75
[INFO] [stderr]    Compiling unicode-ident v1.0.12
[INFO] [stderr]    Compiling libc v0.2.151
[INFO] [stderr]    Compiling serde v1.0.194
[INFO] [stderr]    Compiling itoa v1.0.10
[INFO] [stderr]    Compiling version_check v0.9.4
[INFO] [stderr]    Compiling memchr v2.7.1
[INFO] [stderr]    Compiling pin-project-lite v0.2.13
[INFO] [stderr]    Compiling num-traits v0.2.17
[INFO] [stderr]    Compiling bytes v1.5.0
[INFO] [stderr]    Compiling syn v1.0.109
[INFO] [stderr]    Compiling slab v0.4.9
[INFO] [stderr]    Compiling thiserror v1.0.56
[INFO] [stderr]    Compiling once_cell v1.19.0
[INFO] [stderr]    Compiling quote v1.0.35
[INFO] [stderr]    Compiling futures-core v0.3.30
[INFO] [stderr]    Compiling futures-sink v0.3.30
[INFO] [stderr]    Compiling syn v2.0.48
[INFO] [stderr]    Compiling cc v1.0.83
[INFO] [stderr]    Compiling fnv v1.0.7
[INFO] [stderr]    Compiling typenum v1.17.0
[INFO] [stderr]    Compiling powerfmt v0.2.0
[INFO] [stderr]    Compiling time-core v0.1.2
[INFO] [stderr]    Compiling futures-io v0.3.30
[INFO] [stderr]    Compiling deranged v0.3.11
[INFO] [stderr]    Compiling time-macros v0.2.16
[INFO] [stderr]    Compiling futures-channel v0.3.30
[INFO] [stderr]    Compiling getrandom v0.2.11
[INFO] [stderr]    Compiling mio v0.8.10
[INFO] [stderr]    Compiling socket2 v0.5.5
[INFO] [stderr]    Compiling num_cpus v1.16.0
[INFO] [stderr]    Compiling signal-hook-registry v1.4.1
[INFO] [stderr]    Compiling ring v0.17.7
[INFO] [stderr]    Compiling generic-array v0.14.7
[INFO] [stderr]    Compiling untrusted v0.9.0
[INFO] [stderr]    Compiling futures-task v0.3.30
[INFO] [stderr]    Compiling minimal-lexical v0.2.1
[INFO] [stderr]    Compiling spin v0.9.8
[INFO] [stderr]    Compiling equivalent v1.0.1
[INFO] [stderr]    Compiling pin-utils v0.1.0
[INFO] [stderr]    Compiling hashbrown v0.14.3
[INFO] [stderr]    Compiling http v0.2.11
[INFO] [stderr]    Compiling nom v7.1.3
[INFO] [stderr]    Compiling time v0.3.31
[INFO] [stderr]    Compiling tracing-core v0.1.32
[INFO] [stderr]    Compiling indexmap v2.1.0
[INFO] [stderr]    Compiling httparse v1.8.0
[INFO] [stderr]    Compiling percent-encoding v2.3.1
[INFO] [stderr]    Compiling unicode-xid v0.2.4
[INFO] [stderr]    Compiling tracing v0.1.40
[INFO] [stderr]    Compiling synstructure v0.12.6
[INFO] [stderr]    Compiling unicase v2.7.0
[INFO] [stderr]    Compiling num-integer v0.1.45
[INFO] [stderr]    Compiling rustls v0.21.10
[INFO] [stderr]    Compiling rusticata-macros v4.1.0
[INFO] [stderr]    Compiling form_urlencoded v1.2.1
[INFO] [stderr]    Compiling http-body v0.4.6
[INFO] [stderr]    Compiling num-bigint v0.4.4
[INFO] [stderr]    Compiling serde_json v1.0.111
[INFO] [stderr]    Compiling ryu v1.0.16
[INFO] [stderr]    Compiling tinyvec_macros v0.1.1
[INFO] [stderr]    Compiling try-lock v0.2.5
[INFO] [stderr]    Compiling tinyvec v1.6.0
[INFO] [stderr]    Compiling want v0.3.1
[INFO] [stderr]    Compiling block-buffer v0.10.4
[INFO] [stderr]    Compiling crypto-common v0.1.6
[INFO] [stderr]    Compiling ring v0.16.20
[INFO] [stderr]    Compiling memoffset v0.7.1
[INFO] [stderr]    Compiling serde_derive v1.0.194
[INFO] [stderr]    Compiling thiserror-impl v1.0.56
[INFO] [stderr]    Compiling tokio-macros v2.2.0
[INFO] [stderr]    Compiling futures-macro v0.3.30
[INFO] [stderr]    Compiling displaydoc v0.2.4
[INFO] [stderr]    Compiling lock_api v0.4.11
[INFO] [stderr]    Compiling httpdate v1.0.3
[INFO] [stderr]    Compiling rustls-webpki v0.101.7
[INFO] [stderr]    Compiling tokio v1.35.1
[INFO] [stderr]    Compiling sct v0.7.1
[INFO] [stderr]    Compiling asn1-rs-impl v0.1.0
[INFO] [stderr]    Compiling futures-util v0.3.30
[INFO] [stderr]    Compiling asn1-rs-derive v0.4.0
[INFO] [stderr]    Compiling tower-service v0.3.2
[INFO] [stderr]    Compiling subtle v2.5.0
[INFO] [stderr]    Compiling oid-registry v0.6.1
[INFO] [stderr]    Compiling base64 v0.21.5
[INFO] [stderr]    Compiling parking_lot_core v0.9.9
[INFO] [stderr]    Compiling digest v0.10.7
[INFO] [stderr]    Compiling unicode-normalization v0.1.22
[INFO] [stderr]    Compiling mime_guess v2.0.4
[INFO] [stderr]    Compiling asn1-rs v0.5.2
[INFO] [stderr]    Compiling rand_core v0.6.4
[INFO] [stderr]    Compiling unicode-bidi v0.3.14
[INFO] [stderr]    Compiling scopeguard v1.2.0
[INFO] [stderr]    Compiling async-trait v0.1.77
[INFO] [stderr]    Compiling untrusted v0.7.1
[INFO] [stderr]    Compiling smallvec v1.11.2
[INFO] [stderr]    Compiling anyhow v1.0.79
[INFO] [stderr]    Compiling spin v0.5.2
[INFO] [stderr]    Compiling destructure_traitobject v0.2.0
[INFO] [stderr]    Compiling ppv-lite86 v0.2.17
[INFO] [stderr]    Compiling unsafe-any-ors v1.0.0
[INFO] [stderr]    Compiling der-parser v8.2.0
[INFO] [stderr]    Compiling futures-executor v0.3.30
[INFO] [stderr]    Compiling futures v0.3.30
[INFO] [stderr]    Compiling rand_chacha v0.3.1
[INFO] [stderr]    Compiling idna v0.5.0
[INFO] [stderr]    Compiling pem v3.0.3
[INFO] [stderr]    Compiling yasna v0.5.2
[INFO] [stderr]    Compiling ordered-float v2.10.1
[INFO] [stderr]    Compiling tokio-util v0.7.10
[INFO] [stderr]    Compiling mime v0.3.17
[INFO] [stderr]    Compiling webpki-roots v0.25.3
[INFO] [stderr]    Compiling data-encoding v2.5.0
[INFO] [stderr]    Compiling bitflags v1.3.2
[INFO] [stderr]    Compiling iana-time-zone v0.1.59
[INFO] [stderr]    Compiling winnow v0.5.32
[INFO] [stderr]    Compiling h2 v0.3.22
[INFO] [stderr]    Compiling cpufeatures v0.2.12
[INFO] [stderr]    Compiling x509-parser v0.15.1
[INFO] [stderr]    Compiling sha2 v0.10.8
[INFO] [stderr]    Compiling chrono v0.4.31
[INFO] [stderr]    Compiling nix v0.26.4
[INFO] [stderr]    Compiling rcgen v0.11.3
[INFO] [stderr]    Compiling log v0.4.20
[INFO] [stderr]    Compiling serde_qs v0.12.0
[INFO] [stderr]    Compiling hyper v0.14.28
[INFO] [stderr]    Compiling serde_urlencoded v0.7.1
[INFO] [stderr]    Compiling serde_spanned v0.6.5
[INFO] [stderr]    Compiling toml_datetime v0.6.5
[INFO] [stderr]    Compiling async-stream-connection v1.0.1
[INFO] [stderr]    Compiling serde-value v0.7.0
[INFO] [stderr]    Compiling toml_edit v0.21.0
[INFO] [stderr]    Compiling uuid v1.6.1
[INFO] [stderr]    Compiling url v2.5.0
[INFO] [stderr]    Compiling futures-rustls v0.24.0
[INFO] [stderr]    Compiling tokio-rustls v0.24.1
[INFO] [stderr]    Compiling parking_lot v0.12.1
[INFO] [stderr]    Compiling rand v0.8.5
[INFO] [stderr]    Compiling typemap-ors v1.0.0
[INFO] [stderr]    Compiling hmac v0.12.1
[INFO] [stderr]    Compiling rustls-pemfile v1.0.4
[INFO] [stderr]    Compiling derivative v2.2.0
[INFO] [stderr]    Compiling pin-project-internal v1.1.3
[INFO] [stderr]    Compiling thread-id v4.2.1
[INFO] [stderr]    Compiling arc-swap v1.6.0
[INFO] [stderr]    Compiling log-mdc v0.1.0
[INFO] [stderr]    Compiling humantime v2.1.0
[INFO] [stderr]    Compiling http-range v0.1.5
[INFO] [stderr]    Compiling toml v0.8.8
[INFO] [stderr]    Compiling generic-async-http-client v0.4.0
[INFO] [stderr]    Compiling hyper-staticfile v0.9.5
[INFO] [stderr]    Compiling async-acme v0.4.0
[INFO] [stderr]    Compiling libsystemd v0.6.0
[INFO] [stderr]    Compiling async-fcgi v0.4.3
[INFO] [stderr]    Compiling pin-project v1.1.3
[INFO] [stderr]    Compiling users v0.11.0
[INFO] [stderr]    Compiling md5 v0.7.0
[INFO] [stderr]    Compiling xml-rs v0.8.19
[INFO] [stderr]    Compiling log4rs v1.2.0
[INFO] [stderr]    Compiling flash_rust_ws v0.4.4 (/opt/rustwide/workdir)
[INFO] [stdout] warning: unused import: `async_fcgi::client::con_pool::ConPool as FCGIAppPool`
[INFO] [stdout]   --> src/dispatch/fcgi/mod.rs:24:9
[INFO] [stdout]    |
[INFO] [stdout] 24 | pub use async_fcgi::client::con_pool::ConPool as FCGIAppPool;
[INFO] [stdout]    |         ^^^^^^^^^^^^^^^^^^^^^^^^^^^^^^^^^^^^^^^^^^^^^^^^^^^^
[INFO] [stdout]    |
[INFO] [stdout]    = note: `#[warn(unused_imports)]` on by default
[INFO] [stdout] 
[INFO] [stdout] 
[INFO] [stdout] warning: unused import: `async_stream_connection::Addr`
[INFO] [stdout]   --> src/dispatch/fcgi/mod.rs:25:9
[INFO] [stdout]    |
[INFO] [stdout] 25 | pub use async_stream_connection::Addr;
[INFO] [stdout]    |         ^^^^^^^^^^^^^^^^^^^^^^^^^^^^^
[INFO] [stdout] 
[INFO] [stdout] 
[INFO] [stdout] warning: 2 warnings emitted
[INFO] [stdout] 
[INFO] [stdout] 
[INFO] [stderr]     Finished dev [unoptimized + debuginfo] target(s) in 27.21s
[INFO] running `Command { std: "docker" "inspect" "e3ef721d8de0bf0fd27e679ea6ae90802ff61e93ce55bbeeb1509121a7097823", kill_on_drop: false }`
[INFO] running `Command { std: "docker" "rm" "-f" "e3ef721d8de0bf0fd27e679ea6ae90802ff61e93ce55bbeeb1509121a7097823", kill_on_drop: false }`
[INFO] [stdout] e3ef721d8de0bf0fd27e679ea6ae90802ff61e93ce55bbeeb1509121a7097823
[INFO] running `Command { std: "docker" "create" "-v" "/var/lib/crater-agent-workspace/builds/worker-7-tc2/target:/opt/rustwide/target:rw,Z" "-v" "/var/lib/crater-agent-workspace/builds/worker-7-tc2/source:/opt/rustwide/workdir:ro,Z" "-v" "/var/lib/crater-agent-workspace/cargo-home:/opt/rustwide/cargo-home:ro,Z" "-v" "/var/lib/crater-agent-workspace/rustup-home:/opt/rustwide/rustup-home:ro,Z" "-e" "SOURCE_DIR=/opt/rustwide/workdir" "-e" "CARGO_TARGET_DIR=/opt/rustwide/target" "-e" "CARGO_INCREMENTAL=0" "-e" "RUST_BACKTRACE=full" "-e" "RUSTFLAGS=--cap-lints=warn" "-e" "RUSTDOCFLAGS=--cap-lints=warn" "-e" "CARGO_HOME=/opt/rustwide/cargo-home" "-e" "RUSTUP_HOME=/opt/rustwide/rustup-home" "-w" "/opt/rustwide/workdir" "-m" "1610612736" "--user" "0:0" "--network" "none" "ghcr.io/rust-lang/crates-build-env/linux@sha256:2788e3201cd34a07e3172128adcd8b3090168a8e3bcc40d7c032b9dda1df7d1c" "/opt/rustwide/cargo-home/bin/cargo" "+beta-2023-12-22" "test" "--frozen" "--no-run" "--message-format=json", kill_on_drop: false }`
[INFO] [stdout] aa10113f45d66a34cee84a021f698680d594d32433d826185d401d3ef0c59302
[INFO] running `Command { std: "docker" "start" "-a" "aa10113f45d66a34cee84a021f698680d594d32433d826185d401d3ef0c59302", kill_on_drop: false }`
[INFO] [stderr]    Compiling flash_rust_ws v0.4.4 (/opt/rustwide/workdir)
[INFO] [stderr]     Finished test [unoptimized + debuginfo] target(s) in 10.43s
[INFO] running `Command { std: "docker" "inspect" "aa10113f45d66a34cee84a021f698680d594d32433d826185d401d3ef0c59302", kill_on_drop: false }`
[INFO] running `Command { std: "docker" "rm" "-f" "aa10113f45d66a34cee84a021f698680d594d32433d826185d401d3ef0c59302", kill_on_drop: false }`
[INFO] [stdout] aa10113f45d66a34cee84a021f698680d594d32433d826185d401d3ef0c59302
[INFO] running `Command { std: "docker" "create" "-v" "/var/lib/crater-agent-workspace/builds/worker-7-tc2/target:/opt/rustwide/target:rw,Z" "-v" "/var/lib/crater-agent-workspace/builds/worker-7-tc2/source:/opt/rustwide/workdir:ro,Z" "-v" "/var/lib/crater-agent-workspace/cargo-home:/opt/rustwide/cargo-home:ro,Z" "-v" "/var/lib/crater-agent-workspace/rustup-home:/opt/rustwide/rustup-home:ro,Z" "-e" "SOURCE_DIR=/opt/rustwide/workdir" "-e" "CARGO_TARGET_DIR=/opt/rustwide/target" "-e" "CARGO_INCREMENTAL=0" "-e" "RUST_BACKTRACE=full" "-e" "RUSTFLAGS=--cap-lints=warn" "-e" "RUSTDOCFLAGS=--cap-lints=warn" "-e" "CARGO_HOME=/opt/rustwide/cargo-home" "-e" "RUSTUP_HOME=/opt/rustwide/rustup-home" "-w" "/opt/rustwide/workdir" "-m" "1610612736" "--user" "0:0" "--network" "none" "ghcr.io/rust-lang/crates-build-env/linux@sha256:2788e3201cd34a07e3172128adcd8b3090168a8e3bcc40d7c032b9dda1df7d1c" "/opt/rustwide/cargo-home/bin/cargo" "+beta-2023-12-22" "test" "--frozen", kill_on_drop: false }`
[INFO] [stdout] 90902ded77de3667de44b719e7a82198b09c174be678743eda706b8c0e53fa0a
[INFO] running `Command { std: "docker" "start" "-a" "90902ded77de3667de44b719e7a82198b09c174be678743eda706b8c0e53fa0a", kill_on_drop: false }`
[INFO] [stderr]     Finished test [unoptimized + debuginfo] target(s) in 0.21s
[INFO] [stderr]      Running unittests src/main.rs (/opt/rustwide/target/debug/deps/flash_rust_ws-cfde443e65110279)
[INFO] [stdout] 
[INFO] [stdout] running 83 tests
[INFO] [stdout] test auth::digest::tests::auth_error ... ok
[INFO] [stdout] test auth::digest::tests::auth_required ... ok
[INFO] [stdout] test auth::digest::tests::nonce ... ok
[INFO] [stdout] test auth::tests::get_map ... ok
[INFO] [stdout] test auth::tests::get_map_errors ... ok
[INFO] [stdout] test auth::digest::tests::auth_success_sess ... ok
[INFO] [stdout] test auth::digest::tests::auth_success_multi ... ok
[INFO] [stdout] test auth::tests::strip_prefix_from_header ... ok
[INFO] [stdout] test auth::digest::tests::auth_wrong_realm ... ok
[INFO] [stdout] test auth::digest::tests::auth_success ... ok
[INFO] [stdout] test auth::digest::tests::auth_success_qop_auth ... ok
[INFO] [stdout] test auth::digest::tests::auth_wrong_pw ... ok
[INFO] [stdout] test auth::digest::tests::auth_wrong_user ... ok
[INFO] [stdout] test config::tests::root_mount ... ok
[INFO] [stdout] test config::tests::dir_nonexistent ... ok
[INFO] [stdout] test config::tests::bad_header ... ok
[INFO] [stdout] test config::tests::keyword_mount ... ok
[INFO] [stdout] test dispatch::dav::tests::basic_config ... ok
[INFO] [stdout] test config::tests::toml_to_struct ... ok
[INFO] [stdout] test dispatch::dav::tests::dir_nonexistent ... ok
[INFO] [stdout] test config::tests::wwwroot_parsing ... ok
[INFO] [stdout] test dispatch::dav::tests::get_file ... ok
[INFO] [stdout] test dispatch::dav::tests::options ... ok
[INFO] [stdout] test dispatch::fcgi::test::basic_config ... ok
[INFO] [stdout] test dispatch::fcgi::test::dont_resolve_file ... ok
[INFO] [stdout] test dispatch::dav::tests::put_move_delete ... ok
[INFO] [stdout] test dispatch::fcgi::test::params_flup_example ... ok
[INFO] [stdout] test dispatch::dav::tests::mkcol_propfind ... ok
[INFO] [stdout] test dispatch::fcgi::test::params_php_example ... ok
[INFO] [stdout] test dispatch::fcgi::test::resolve_file ... ok
[INFO] [stdout] test dispatch::fcgi::test::file_request_dont_add_index ... ok
[INFO] [stdout] test dispatch::fcgi::test::parse_addr ... ok
[INFO] [stdout] test dispatch::fcgi::test::resolve_file_with_path_info ... ok
[INFO] [stdout] test dispatch::fcgi::test::test_resolve_path ... ok
[INFO] [stdout] test dispatch::fcgi::test::simple_fcgi_post ... ok
[INFO] [stdout] test dispatch::fcgi::test::resolve_index ... ok
[INFO] [stdout] test dispatch::proxy::tests::basic_config ... ok
[INFO] [stdout] test dispatch::proxy::tests::force_dir_false ... ok
[INFO] [stdout] test dispatch::proxy::tests::add_headers ... ok
[INFO] [stdout] test dispatch::proxy::tests::simple_fwd ... ok
[INFO] [stdout] test dispatch::proxy::tests::remove_hop_headers ... ok
[INFO] [stdout] test dispatch::proxy::tests::web_mount_is_a_folder ... ok
[INFO] [stdout] test dispatch::staticf::tests::allowlist_allows ... ok
[INFO] [stdout] test dispatch::staticf::tests::allowlist_blocks ... ok
[INFO] [stdout] test dispatch::staticf::tests::basic_config ... ok
[INFO] [stdout] test dispatch::staticf::tests::dir_redir ... ok
[INFO] [stdout] test dispatch::staticf::tests::index_file ... ok
[INFO] [stdout] test dispatch::staticf::tests::redir_test ... ok
[INFO] [stdout] test dispatch::staticf::tests::no_index ... ok
[INFO] [stdout] test dispatch::staticf::tests::redirects_to_sanitized_path ... ok
[INFO] [stdout] test dispatch::staticf::tests::resolve_file ... ok
[INFO] [stdout] test dispatch::staticf::tests::resolve_nested_file ... ok
[INFO] [stdout] test dispatch::staticf::tests::symlink_dir ... ok
[INFO] [stdout] test dispatch::test::mount::full_folder_names_as_mounts ... ok
[INFO] [stdout] test dispatch::staticf::tests::symlink_file ... ok
[INFO] [stdout] test dispatch::test::mount::no_mounts ... ok
[INFO] [stdout] test dispatch::test::mount::longest_mount ... ok
[INFO] [stdout] test dispatch::test::mount::path_trav_outside_mounts ... ok
[INFO] [stdout] test dispatch::test::mount::path_trav_outside_webroot ... ok
[INFO] [stdout] test dispatch::test::mount::redirect ... ok
[INFO] [stdout] test dispatch::test::mount::redirect_w_status ... ok
[INFO] [stdout] test dispatch::test::mount::rustsec_2022_0072_part1 ... ok
[INFO] [stdout] test dispatch::test::mount::rustsec_2022_0072_part2 ... ok
[INFO] [stdout] test dispatch::test::mount::test_barely_mounted ... ok
[INFO] [stdout] test dispatch::test::mount::test_mount_params ... ok
[INFO] [stdout] test dispatch::test::mount::top_mount ... ok
[INFO] [stdout] test dispatch::test::mount::webroot ... ok
[INFO] [stdout] test dispatch::test::mount::uri_encode ... ok
[INFO] [stdout] test dispatch::test::vhost::default_vhost ... ok
[INFO] [stdout] test dispatch::test::vhost::specific_vhost ... ok
[INFO] [stdout] test dispatch::webpath::tests::cow ... ok
[INFO] [stdout] test dispatch::test::vhost::unknown_vhost ... ok
[INFO] [stdout] test dispatch::webpath::tests::ito_abs_url ... ok
[INFO] [stdout] test dispatch::webpath::tests::normalize ... ok
[INFO] [stdout] test dispatch::webpath::tests::rustsec_2022_0072 ... ok
[INFO] [stdout] test transport::tls::rustls::todo ... ok
[INFO] [stdout] test tests::http_get ... ok
[INFO] [stdout] test config::tests::config_file ... FAILED
[INFO] [stdout] test config::tests::cant_listen ... ok
[INFO] [stdout] test config::tests::dir_is_file ... ok
[INFO] [stdout] test config::tests::tls_plain_mix ... ok
[INFO] [stdout] test config::tests::vhost_conflict ... ok
[INFO] [stdout] test dispatch::fcgi::test::wrong_cfg ... ok
[INFO] [stdout] 
[INFO] [stdout] failures:
[INFO] [stdout] 
[INFO] [stdout] ---- config::tests::config_file stdout ----
[INFO] [stdout] thread 'config::tests::config_file' panicked at src/config.rs:652:56:
[INFO] [stdout] could not create cfg file: Os { code: 30, kind: ReadOnlyFilesystem, message: "Read-only file system" }
[INFO] [stdout] stack backtrace:
[INFO] [stdout]    0:     0x56159873c896 - std::backtrace_rs::backtrace::libunwind::trace::h261606ad26a499c1
[INFO] [stdout]                                at /rustc/0e09125c6c3c2fd70d7de961bcf0e51575235fad/library/std/src/../../backtrace/src/backtrace/libunwind.rs:104:5
[INFO] [stdout]    1:     0x56159873c896 - std::backtrace_rs::backtrace::trace_unsynchronized::hd183f0625477fb28
[INFO] [stdout]                                at /rustc/0e09125c6c3c2fd70d7de961bcf0e51575235fad/library/std/src/../../backtrace/src/backtrace/mod.rs:66:5
[INFO] [stdout]    2:     0x56159873c896 - std::sys_common::backtrace::_print_fmt::hd7f8fef21b4eda67
[INFO] [stdout]                                at /rustc/0e09125c6c3c2fd70d7de961bcf0e51575235fad/library/std/src/sys_common/backtrace.rs:68:5
[INFO] [stdout]    3:     0x56159873c896 - <std::sys_common::backtrace::_print::DisplayBacktrace as core::fmt::Display>::fmt::h623d9b51f2f453f1
[INFO] [stdout]                                at /rustc/0e09125c6c3c2fd70d7de961bcf0e51575235fad/library/std/src/sys_common/backtrace.rs:44:22
[INFO] [stdout]    4:     0x56159876e040 - core::fmt::rt::Argument::fmt::h9f417ac76a86f368
[INFO] [stdout]                                at /rustc/0e09125c6c3c2fd70d7de961bcf0e51575235fad/library/core/src/fmt/rt.rs:142:9
[INFO] [stdout]    5:     0x56159876e040 - core::fmt::write::hc9b6faf4ac2aeff7
[INFO] [stdout]                                at /rustc/0e09125c6c3c2fd70d7de961bcf0e51575235fad/library/core/src/fmt/mod.rs:1120:17
[INFO] [stdout]    6:     0x561598738d2f - std::io::Write::write_fmt::he04625a3a989fec3
[INFO] [stdout]                                at /rustc/0e09125c6c3c2fd70d7de961bcf0e51575235fad/library/std/src/io/mod.rs:1810:15
[INFO] [stdout]    7:     0x56159873c674 - std::sys_common::backtrace::_print::hd5d66399c7df88a2
[INFO] [stdout]                                at /rustc/0e09125c6c3c2fd70d7de961bcf0e51575235fad/library/std/src/sys_common/backtrace.rs:47:5
[INFO] [stdout]    8:     0x56159873c674 - std::sys_common::backtrace::print::he81ed2da642d37e5
[INFO] [stdout]                                at /rustc/0e09125c6c3c2fd70d7de961bcf0e51575235fad/library/std/src/sys_common/backtrace.rs:34:9
[INFO] [stdout]    9:     0x56159873e3e7 - std::panicking::default_hook::{{closure}}::h85773f4fa117163d
[INFO] [stdout]   10:     0x56159873e0cd - std::panicking::default_hook::h6a1694a91d09b278
[INFO] [stdout]                                at /rustc/0e09125c6c3c2fd70d7de961bcf0e51575235fad/library/std/src/panicking.rs:289:9
[INFO] [stdout]   11:     0x561597fd16b7 - <alloc::boxed::Box<F,A> as core::ops::function::Fn<Args>>::call::h616ac37fa3cd6c8f
[INFO] [stdout]                                at /rustc/0e09125c6c3c2fd70d7de961bcf0e51575235fad/library/alloc/src/boxed.rs:2029:9
[INFO] [stdout]   12:     0x561597fd16b7 - test::test_main::{{closure}}::h00d84697cefdcbb6
[INFO] [stdout]                                at /rustc/0e09125c6c3c2fd70d7de961bcf0e51575235fad/library/test/src/lib.rs:138:21
[INFO] [stdout]   13:     0x56159873ea06 - <alloc::boxed::Box<F,A> as core::ops::function::Fn<Args>>::call::hcb3fe3b9bb537ba8
[INFO] [stdout]                                at /rustc/0e09125c6c3c2fd70d7de961bcf0e51575235fad/library/alloc/src/boxed.rs:2029:9
[INFO] [stdout]   14:     0x56159873ea06 - std::panicking::rust_panic_with_hook::h0a7ad96e90f7145b
[INFO] [stdout]                                at /rustc/0e09125c6c3c2fd70d7de961bcf0e51575235fad/library/std/src/panicking.rs:783:13
[INFO] [stdout]   15:     0x56159873e752 - std::panicking::begin_panic_handler::{{closure}}::h7919090525c6485e
[INFO] [stdout]                                at /rustc/0e09125c6c3c2fd70d7de961bcf0e51575235fad/library/std/src/panicking.rs:657:13
[INFO] [stdout]   16:     0x56159873cd96 - std::sys_common::backtrace::__rust_end_short_backtrace::hf3289479464f7dfe
[INFO] [stdout]                                at /rustc/0e09125c6c3c2fd70d7de961bcf0e51575235fad/library/std/src/sys_common/backtrace.rs:171:18
[INFO] [stdout]   17:     0x56159873e4b0 - rust_begin_unwind
[INFO] [stdout]                                at /rustc/0e09125c6c3c2fd70d7de961bcf0e51575235fad/library/std/src/panicking.rs:645:5
[INFO] [stdout]   18:     0x5615978f62a5 - core::panicking::panic_fmt::hcc9f77c5c132af55
[INFO] [stdout]                                at /rustc/0e09125c6c3c2fd70d7de961bcf0e51575235fad/library/core/src/panicking.rs:72:14
[INFO] [stdout]   19:     0x5615978f68e3 - core::result::unwrap_failed::hbe14f498be1452f9
[INFO] [stdout]                                at /rustc/0e09125c6c3c2fd70d7de961bcf0e51575235fad/library/core/src/result.rs:1649:5
[INFO] [stdout]   20:     0x561597d222cd - core::result::Result<T,E>::expect::hb84ec69a8c234b05
[INFO] [stdout]                                at /rustc/0e09125c6c3c2fd70d7de961bcf0e51575235fad/library/core/src/result.rs:1030:23
[INFO] [stdout]   21:     0x561597d94aff - flash_rust_ws::config::tests::config_file::h0dcd535bb11e4bc6
[INFO] [stdout]                                at /opt/rustwide/workdir/src/config.rs:652:24
[INFO] [stdout]   22:     0x561597d94aa7 - flash_rust_ws::config::tests::config_file::{{closure}}::hfc4400943b11b5c1
[INFO] [stdout]                                at /opt/rustwide/workdir/src/config.rs:649:21
[INFO] [stdout]   23:     0x56159799ae06 - core::ops::function::FnOnce::call_once::hf30000a7bf1e079e
[INFO] [stdout]                                at /rustc/0e09125c6c3c2fd70d7de961bcf0e51575235fad/library/core/src/ops/function.rs:250:5
[INFO] [stdout]   24:     0x561597fd6f8f - core::ops::function::FnOnce::call_once::hd64d26f405258157
[INFO] [stdout]                                at /rustc/0e09125c6c3c2fd70d7de961bcf0e51575235fad/library/core/src/ops/function.rs:250:5
[INFO] [stdout]   25:     0x561597fd6f8f - test::__rust_begin_short_backtrace::he21b0b7a6d731bf9
[INFO] [stdout]                                at /rustc/0e09125c6c3c2fd70d7de961bcf0e51575235fad/library/test/src/lib.rs:627:18
[INFO] [stdout]   26:     0x561597fd5d11 - test::run_test_in_process::{{closure}}::hf5c73986d7bdfde2
[INFO] [stdout]                                at /rustc/0e09125c6c3c2fd70d7de961bcf0e51575235fad/library/test/src/lib.rs:650:60
[INFO] [stdout]   27:     0x561597fd5d11 - <core::panic::unwind_safe::AssertUnwindSafe<F> as core::ops::function::FnOnce<()>>::call_once::h330011ad032aadc0
[INFO] [stdout]                                at /rustc/0e09125c6c3c2fd70d7de961bcf0e51575235fad/library/core/src/panic/unwind_safe.rs:272:9
[INFO] [stdout]   28:     0x561597fd5d11 - std::panicking::try::do_call::he61b0a958b795a41
[INFO] [stdout]                                at /rustc/0e09125c6c3c2fd70d7de961bcf0e51575235fad/library/std/src/panicking.rs:552:40
[INFO] [stdout]   29:     0x561597fd5d11 - std::panicking::try::h7309da130f906eb7
[INFO] [stdout]                                at /rustc/0e09125c6c3c2fd70d7de961bcf0e51575235fad/library/std/src/panicking.rs:516:19
[INFO] [stdout]   30:     0x561597fd5d11 - std::panic::catch_unwind::hc5c3a06fdaf0a92a
[INFO] [stdout]                                at /rustc/0e09125c6c3c2fd70d7de961bcf0e51575235fad/library/std/src/panic.rs:142:14
[INFO] [stdout]   31:     0x561597fd5d11 - test::run_test_in_process::h7e7b7c71c3324e0f
[INFO] [stdout]                                at /rustc/0e09125c6c3c2fd70d7de961bcf0e51575235fad/library/test/src/lib.rs:650:27
[INFO] [stdout]   32:     0x561597fd5d11 - test::run_test::{{closure}}::h1f509f28f5cf20b1
[INFO] [stdout]                                at /rustc/0e09125c6c3c2fd70d7de961bcf0e51575235fad/library/test/src/lib.rs:573:43
[INFO] [stdout]   33:     0x561597f9d046 - test::run_test::{{closure}}::h1754218abf443f6d
[INFO] [stdout]                                at /rustc/0e09125c6c3c2fd70d7de961bcf0e51575235fad/library/test/src/lib.rs:601:41
[INFO] [stdout]   34:     0x561597f9d046 - std::sys_common::backtrace::__rust_begin_short_backtrace::h2ee174b9d5954948
[INFO] [stdout]                                at /rustc/0e09125c6c3c2fd70d7de961bcf0e51575235fad/library/std/src/sys_common/backtrace.rs:155:18
[INFO] [stdout]   35:     0x561597fa20a7 - std::thread::Builder::spawn_unchecked_::{{closure}}::{{closure}}::hf60bee9c1a17ef09
[INFO] [stdout]                                at /rustc/0e09125c6c3c2fd70d7de961bcf0e51575235fad/library/std/src/thread/mod.rs:529:17
[INFO] [stdout]   36:     0x561597fa20a7 - <core::panic::unwind_safe::AssertUnwindSafe<F> as core::ops::function::FnOnce<()>>::call_once::h33d0dddec5216160
[INFO] [stdout]                                at /rustc/0e09125c6c3c2fd70d7de961bcf0e51575235fad/library/core/src/panic/unwind_safe.rs:272:9
[INFO] [stdout]   37:     0x561597fa20a7 - std::panicking::try::do_call::h144b3048b546f835
[INFO] [stdout]                                at /rustc/0e09125c6c3c2fd70d7de961bcf0e51575235fad/library/std/src/panicking.rs:552:40
[INFO] [stdout]   38:     0x561597fa20a7 - std::panicking::try::h978244d04646189f
[INFO] [stdout]                                at /rustc/0e09125c6c3c2fd70d7de961bcf0e51575235fad/library/std/src/panicking.rs:516:19
[INFO] [stdout]   39:     0x561597fa20a7 - std::panic::catch_unwind::hdf436369d188fe86
[INFO] [stdout]                                at /rustc/0e09125c6c3c2fd70d7de961bcf0e51575235fad/library/std/src/panic.rs:142:14
[INFO] [stdout]   40:     0x561597fa20a7 - std::thread::Builder::spawn_unchecked_::{{closure}}::h87329cbdd33c79ec
[INFO] [stdout]                                at /rustc/0e09125c6c3c2fd70d7de961bcf0e51575235fad/library/std/src/thread/mod.rs:528:30
[INFO] [stdout]   41:     0x561597fa20a7 - core::ops::function::FnOnce::call_once{{vtable.shim}}::h401abbe67897d450
[INFO] [stdout]                                at /rustc/0e09125c6c3c2fd70d7de961bcf0e51575235fad/library/core/src/ops/function.rs:250:5
[INFO] [stdout]   42:     0x5615987455b5 - <alloc::boxed::Box<F,A> as core::ops::function::FnOnce<Args>>::call_once::h5d7c8f150ab9c84c
[INFO] [stdout]                                at /rustc/0e09125c6c3c2fd70d7de961bcf0e51575235fad/library/alloc/src/boxed.rs:2015:9
[INFO] [stdout]   43:     0x5615987455b5 - <alloc::boxed::Box<F,A> as core::ops::function::FnOnce<Args>>::call_once::h570d5b005c242c15
[INFO] [stdout]                                at /rustc/0e09125c6c3c2fd70d7de961bcf0e51575235fad/library/alloc/src/boxed.rs:2015:9
[INFO] [stdout]   44:     0x5615987455b5 - std::sys::unix::thread::Thread::new::thread_start::h36b0a20c0b2361ad
[INFO] [stdout]                                at /rustc/0e09125c6c3c2fd70d7de961bcf0e51575235fad/library/std/src/sys/unix/thread.rs:108:17
[INFO] [stdout]   45:     0x7fa1fd28aac3 - <unknown>
[INFO] [stdout]   46:     0x7fa1fd31bbf4 - __clone
[INFO] [stdout]   47:                0x0 - <unknown>
[INFO] [stdout] 
[INFO] [stdout] 
[INFO] [stdout] failures:
[INFO] [stdout]     config::tests::config_file
[INFO] [stdout] 
[INFO] [stdout] test result: FAILED. 82 passed; 1 failed; 0 ignored; 0 measured; 0 filtered out; finished in 0.06s
[INFO] [stdout] 
[INFO] [stderr] error: test failed, to rerun pass `--bin flash_rust_ws`
[INFO] running `Command { std: "docker" "inspect" "90902ded77de3667de44b719e7a82198b09c174be678743eda706b8c0e53fa0a", kill_on_drop: false }`
[INFO] running `Command { std: "docker" "rm" "-f" "90902ded77de3667de44b719e7a82198b09c174be678743eda706b8c0e53fa0a", kill_on_drop: false }`
[INFO] [stdout] 90902ded77de3667de44b719e7a82198b09c174be678743eda706b8c0e53fa0a
