[INFO] cloning repository https://github.com/UncleTom29/solana--staking-platform
[INFO] running `Command { std: "git" "-c" "credential.helper=" "-c" "credential.helper=/workspace/cargo-home/bin/git-credential-null" "clone" "--bare" "https://github.com/UncleTom29/solana--staking-platform" "/workspace/cache/git-repos/https%3A%2F%2Fgithub.com%2FUncleTom29%2Fsolana--staking-platform", kill_on_drop: false }`
[INFO] [stderr] Cloning into bare repository '/workspace/cache/git-repos/https%3A%2F%2Fgithub.com%2FUncleTom29%2Fsolana--staking-platform'...
[INFO] running `Command { std: "git" "rev-parse" "HEAD", kill_on_drop: false }`
[INFO] [stdout] 2db8bdf856bae5f950a1e1e07178c47902015744
[INFO] testing UncleTom29/solana--staking-platform against 1.75.0 for beta-1.76-1
[INFO] running `Command { std: "git" "clone" "/workspace/cache/git-repos/https%3A%2F%2Fgithub.com%2FUncleTom29%2Fsolana--staking-platform" "/workspace/builds/worker-2-tc1/source", kill_on_drop: false }`
[INFO] [stderr] Cloning into '/workspace/builds/worker-2-tc1/source'...
[INFO] [stderr] done.
[INFO] validating manifest of git repo https://github.com/UncleTom29/solana--staking-platform on toolchain 1.75.0
[INFO] running `Command { std: CARGO_HOME="/workspace/cargo-home" RUSTUP_HOME="/workspace/rustup-home" "/workspace/cargo-home/bin/cargo" "+1.75.0" "metadata" "--manifest-path" "Cargo.toml" "--no-deps", kill_on_drop: false }`
[INFO] started tweaking git repo https://github.com/UncleTom29/solana--staking-platform
[INFO] finished tweaking git repo https://github.com/UncleTom29/solana--staking-platform
[INFO] tweaked toml for git repo https://github.com/UncleTom29/solana--staking-platform written to /workspace/builds/worker-2-tc1/source/Cargo.toml
[INFO] crate git repo https://github.com/UncleTom29/solana--staking-platform already has a lockfile, it will not be regenerated
[INFO] running `Command { std: CARGO_HOME="/workspace/cargo-home" RUSTUP_HOME="/workspace/rustup-home" "/workspace/cargo-home/bin/cargo" "+1.75.0" "fetch" "--manifest-path" "Cargo.toml", kill_on_drop: false }`
[INFO] [stderr]     Updating crates.io index
[INFO] [stderr]  Downloading crates ...
[INFO] [stderr]   Downloaded solana-logger v1.8.5
[INFO] [stderr]   Downloaded solana-frozen-abi-macro v1.8.5
[INFO] [stderr]   Downloaded vipers v1.5.3
[INFO] [stderr]   Downloaded solana-sdk-macro v1.8.5
[INFO] [stderr]   Downloaded spl-math v0.1.0
[INFO] [stderr]   Downloaded solana-frozen-abi v1.8.5
[INFO] [stderr]   Downloaded solana-program v1.8.5
[INFO] running `Command { std: "docker" "create" "-v" "/var/lib/crater-agent-workspace/builds/worker-2-tc1/target:/opt/rustwide/target:rw,Z" "-v" "/var/lib/crater-agent-workspace/builds/worker-2-tc1/source:/opt/rustwide/workdir:ro,Z" "-v" "/var/lib/crater-agent-workspace/cargo-home:/opt/rustwide/cargo-home:ro,Z" "-v" "/var/lib/crater-agent-workspace/rustup-home:/opt/rustwide/rustup-home:ro,Z" "-e" "SOURCE_DIR=/opt/rustwide/workdir" "-e" "CARGO_TARGET_DIR=/opt/rustwide/target" "-e" "CARGO_HOME=/opt/rustwide/cargo-home" "-e" "RUSTUP_HOME=/opt/rustwide/rustup-home" "-w" "/opt/rustwide/workdir" "-m" "1610612736" "--user" "0:0" "--network" "none" "ghcr.io/rust-lang/crates-build-env/linux@sha256:2788e3201cd34a07e3172128adcd8b3090168a8e3bcc40d7c032b9dda1df7d1c" "/opt/rustwide/cargo-home/bin/cargo" "+1.75.0" "metadata" "--no-deps" "--format-version=1", kill_on_drop: false }`
[INFO] [stdout] c6628adf9d251bf597a2f7a16f97e9bf0b8cf76494d58ddd4ad7ce3a86166705
[INFO] running `Command { std: "docker" "start" "-a" "c6628adf9d251bf597a2f7a16f97e9bf0b8cf76494d58ddd4ad7ce3a86166705", kill_on_drop: false }`
[INFO] running `Command { std: "docker" "inspect" "c6628adf9d251bf597a2f7a16f97e9bf0b8cf76494d58ddd4ad7ce3a86166705", kill_on_drop: false }`
[INFO] running `Command { std: "docker" "rm" "-f" "c6628adf9d251bf597a2f7a16f97e9bf0b8cf76494d58ddd4ad7ce3a86166705", kill_on_drop: false }`
[INFO] [stdout] c6628adf9d251bf597a2f7a16f97e9bf0b8cf76494d58ddd4ad7ce3a86166705
[INFO] running `Command { std: "docker" "create" "-v" "/var/lib/crater-agent-workspace/builds/worker-2-tc1/target:/opt/rustwide/target:rw,Z" "-v" "/var/lib/crater-agent-workspace/builds/worker-2-tc1/source:/opt/rustwide/workdir:ro,Z" "-v" "/var/lib/crater-agent-workspace/cargo-home:/opt/rustwide/cargo-home:ro,Z" "-v" "/var/lib/crater-agent-workspace/rustup-home:/opt/rustwide/rustup-home:ro,Z" "-e" "SOURCE_DIR=/opt/rustwide/workdir" "-e" "CARGO_TARGET_DIR=/opt/rustwide/target" "-e" "CARGO_INCREMENTAL=0" "-e" "RUST_BACKTRACE=full" "-e" "RUSTFLAGS=--cap-lints=warn" "-e" "RUSTDOCFLAGS=--cap-lints=warn" "-e" "CARGO_HOME=/opt/rustwide/cargo-home" "-e" "RUSTUP_HOME=/opt/rustwide/rustup-home" "-w" "/opt/rustwide/workdir" "-m" "1610612736" "--user" "0:0" "--network" "none" "ghcr.io/rust-lang/crates-build-env/linux@sha256:2788e3201cd34a07e3172128adcd8b3090168a8e3bcc40d7c032b9dda1df7d1c" "/opt/rustwide/cargo-home/bin/cargo" "+1.75.0" "build" "--frozen" "--message-format=json", kill_on_drop: false }`
[INFO] [stdout] 471ef03f86aa8e7722dfcf22ec0d3bcbcf98552433753c0eac14ae59f35b95d3
[INFO] running `Command { std: "docker" "start" "-a" "471ef03f86aa8e7722dfcf22ec0d3bcbcf98552433753c0eac14ae59f35b95d3", kill_on_drop: false }`
[INFO] [stderr]    Compiling proc-macro2 v1.0.32
[INFO] [stderr]    Compiling syn v1.0.82
[INFO] [stderr]    Compiling serde_derive v1.0.130
[INFO] [stderr]    Compiling serde v1.0.130
[INFO] [stderr]    Compiling typenum v1.14.0
[INFO] [stderr]    Compiling block-padding v0.2.1
[INFO] [stderr]    Compiling libc v0.2.108
[INFO] [stderr]    Compiling opaque-debug v0.3.0
[INFO] [stderr]    Compiling cpufeatures v0.2.1
[INFO] [stderr]    Compiling subtle v2.4.1
[INFO] [stderr]    Compiling bs58 v0.3.1
[INFO] [stderr]    Compiling semver-parser v0.7.0
[INFO] [stderr]    Compiling crunchy v0.2.2
[INFO] [stderr]    Compiling memchr v2.4.1
[INFO] [stderr]    Compiling generic-array v0.14.4
[INFO] [stderr]    Compiling ryu v1.0.5
[INFO] [stderr]    Compiling proc-macro2-diagnostics v0.9.1
[INFO] [stderr]    Compiling anyhow v1.0.49
[INFO] [stderr]    Compiling serde_json v1.0.72
[INFO] [stderr]    Compiling unicode-segmentation v1.8.0
[INFO] [stderr]    Compiling semver v0.9.0
[INFO] [stderr]    Compiling yansi v0.5.0
[INFO] [stderr]    Compiling itoa v0.4.8
[INFO] [stderr]    Compiling regex-syntax v0.6.25
[INFO] [stderr]    Compiling log v0.4.14
[INFO] [stderr]    Compiling feature-probe v0.1.1
[INFO] [stderr]    Compiling ppv-lite86 v0.2.15
[INFO] [stderr]    Compiling humantime v2.1.0
[INFO] [stderr]    Compiling rustc_version v0.2.3
[INFO] [stderr]    Compiling termcolor v1.1.2
[INFO] [stderr]    Compiling cc v1.0.72
[INFO] [stderr]    Compiling heck v0.3.3
[INFO] [stderr]    Compiling num-traits v0.2.14
[INFO] [stderr]    Compiling bv v0.11.1
[INFO] [stderr]    Compiling ahash v0.4.7
[INFO] [stderr]    Compiling solana-frozen-abi-macro v1.8.5
[INFO] [stderr]    Compiling solana-frozen-abi v1.8.5
[INFO] [stderr]    Compiling byteorder v1.4.3
[INFO] [stderr]    Compiling arrayref v0.3.6
[INFO] [stderr]    Compiling hashbrown v0.9.1
[INFO] [stderr]    Compiling solana-program v1.8.5
[INFO] [stderr]    Compiling constant_time_eq v0.1.5
[INFO] [stderr]    Compiling quote v1.0.10
[INFO] [stderr]    Compiling keccak v0.1.0
[INFO] [stderr]    Compiling aho-corasick v0.7.18
[INFO] [stderr]    Compiling zeroize v1.4.3
[INFO] [stderr]    Compiling base64 v0.12.3
[INFO] [stderr]    Compiling either v1.6.1
[INFO] [stderr]    Compiling arrayvec v0.5.2
[INFO] [stderr]    Compiling getrandom v0.1.16
[INFO] [stderr]    Compiling atty v0.2.14
[INFO] [stderr]    Compiling memmap2 v0.1.0
[INFO] [stderr]    Compiling itertools v0.9.0
[INFO] [stderr]    Compiling hex v0.4.3
[INFO] [stderr]    Compiling base64 v0.13.0
[INFO] [stderr]    Compiling bs58 v0.4.0
[INFO] [stderr]    Compiling rand_core v0.5.1
[INFO] [stderr]    Compiling rustc-hex v2.1.0
[INFO] [stderr]    Compiling uint v0.8.5
[INFO] [stderr]    Compiling rand_chacha v0.2.2
[INFO] [stderr]    Compiling blake3 v0.3.8
[INFO] [stderr]    Compiling rand v0.7.3
[INFO] [stderr]    Compiling generic-array v0.12.4
[INFO] [stderr]    Compiling digest v0.8.1
[INFO] [stderr]    Compiling curve25519-dalek v2.1.3
[INFO] [stderr]    Compiling regex v1.5.4
[INFO] [stderr]    Compiling env_logger v0.8.4
[INFO] [stderr]    Compiling solana-logger v1.8.5
[INFO] [stderr]    Compiling borsh-schema-derive-internal v0.9.1
[INFO] [stderr]    Compiling borsh-derive-internal v0.9.1
[INFO] [stderr]    Compiling borsh-schema-derive-internal v0.7.2
[INFO] [stderr]    Compiling borsh-derive-internal v0.7.2
[INFO] [stderr]    Compiling borsh-schema-derive-internal v0.8.2
[INFO] [stderr]    Compiling borsh-derive-internal v0.8.2
[INFO] [stderr]    Compiling thiserror-impl v1.0.30
[INFO] [stderr]    Compiling bytemuck_derive v1.0.1
[INFO] [stderr]    Compiling solana-sdk-macro v1.8.5
[INFO] [stderr]    Compiling num-derive v0.3.3
[INFO] [stderr]    Compiling derivative v2.2.0
[INFO] [stderr]    Compiling borsh-derive v0.7.2
[INFO] [stderr]    Compiling bytemuck v1.7.2
[INFO] [stderr]    Compiling borsh v0.7.2
[INFO] [stderr]    Compiling thiserror v1.0.30
[INFO] [stderr]    Compiling toml v0.5.8
[INFO] [stderr]    Compiling serde_bytes v0.11.5
[INFO] [stderr]    Compiling bincode v1.3.3
[INFO] [stderr]    Compiling digest v0.9.0
[INFO] [stderr]    Compiling block-buffer v0.9.0
[INFO] [stderr]    Compiling crypto-mac v0.8.0
[INFO] [stderr]    Compiling libsecp256k1-core v0.2.2
[INFO] [stderr]    Compiling sha2 v0.9.8
[INFO] [stderr]    Compiling hmac v0.8.1
[INFO] [stderr]    Compiling sha3 v0.9.1
[INFO] [stderr]    Compiling hmac-drbg v0.3.0
[INFO] [stderr]    Compiling proc-macro-crate v0.1.5
[INFO] [stderr]    Compiling proc-macro-crate v1.1.0
[INFO] [stderr]    Compiling anchor-syn v0.18.2
[INFO] [stderr]    Compiling borsh-derive v0.9.1
[INFO] [stderr]    Compiling num_enum_derive v0.5.4
[INFO] [stderr]    Compiling borsh-derive v0.8.2
[INFO] [stderr]    Compiling libsecp256k1-gen-ecmult v0.2.1
[INFO] [stderr]    Compiling libsecp256k1-gen-genmult v0.2.1
[INFO] [stderr]    Compiling libsecp256k1 v0.5.0
[INFO] [stderr]    Compiling borsh v0.9.1
[INFO] [stderr]    Compiling num_enum v0.5.4
[INFO] [stderr]    Compiling anchor-attribute-access-control v0.18.2
[INFO] [stderr]    Compiling anchor-attribute-state v0.18.2
[INFO] [stderr]    Compiling anchor-attribute-event v0.18.2
[INFO] [stderr]    Compiling anchor-attribute-error v0.18.2
[INFO] [stderr]    Compiling anchor-attribute-account v0.18.2
[INFO] [stderr]    Compiling anchor-derive-accounts v0.18.2
[INFO] [stderr]    Compiling anchor-attribute-program v0.18.2
[INFO] [stderr]    Compiling anchor-attribute-interface v0.18.2
[INFO] [stderr]    Compiling anchor-lang v0.18.2
[INFO] [stderr]    Compiling spl-token v3.2.0
[INFO] [stderr]    Compiling spl-math v0.1.0
[INFO] [stderr]    Compiling spl-associated-token-account v1.0.3
[INFO] [stderr]    Compiling anchor-spl v0.18.2
[INFO] [stderr]    Compiling vipers v1.5.3
[INFO] [stderr]    Compiling quarry-mint-wrapper v1.10.6 (/opt/rustwide/workdir/programs/quarry-mint-wrapper)
[INFO] [stderr]    Compiling quarry-mine v1.10.6 (/opt/rustwide/workdir/programs/quarry-mine)
[INFO] [stderr]    Compiling quarry-merge-mine v1.10.6 (/opt/rustwide/workdir/programs/quarry-merge-mine)
[INFO] [stderr]    Compiling quarry-operator v1.10.6 (/opt/rustwide/workdir/programs/quarry-operator)
[INFO] [stderr]     Finished dev [unoptimized + debuginfo] target(s) in 27.51s
[INFO] running `Command { std: "docker" "inspect" "471ef03f86aa8e7722dfcf22ec0d3bcbcf98552433753c0eac14ae59f35b95d3", kill_on_drop: false }`
[INFO] running `Command { std: "docker" "rm" "-f" "471ef03f86aa8e7722dfcf22ec0d3bcbcf98552433753c0eac14ae59f35b95d3", kill_on_drop: false }`
[INFO] [stdout] 471ef03f86aa8e7722dfcf22ec0d3bcbcf98552433753c0eac14ae59f35b95d3
[INFO] running `Command { std: "docker" "create" "-v" "/var/lib/crater-agent-workspace/builds/worker-2-tc1/target:/opt/rustwide/target:rw,Z" "-v" "/var/lib/crater-agent-workspace/builds/worker-2-tc1/source:/opt/rustwide/workdir:ro,Z" "-v" "/var/lib/crater-agent-workspace/cargo-home:/opt/rustwide/cargo-home:ro,Z" "-v" "/var/lib/crater-agent-workspace/rustup-home:/opt/rustwide/rustup-home:ro,Z" "-e" "SOURCE_DIR=/opt/rustwide/workdir" "-e" "CARGO_TARGET_DIR=/opt/rustwide/target" "-e" "CARGO_INCREMENTAL=0" "-e" "RUST_BACKTRACE=full" "-e" "RUSTFLAGS=--cap-lints=warn" "-e" "RUSTDOCFLAGS=--cap-lints=warn" "-e" "CARGO_HOME=/opt/rustwide/cargo-home" "-e" "RUSTUP_HOME=/opt/rustwide/rustup-home" "-w" "/opt/rustwide/workdir" "-m" "1610612736" "--user" "0:0" "--network" "none" "ghcr.io/rust-lang/crates-build-env/linux@sha256:2788e3201cd34a07e3172128adcd8b3090168a8e3bcc40d7c032b9dda1df7d1c" "/opt/rustwide/cargo-home/bin/cargo" "+1.75.0" "test" "--frozen" "--no-run" "--message-format=json", kill_on_drop: false }`
[INFO] [stdout] e302c8dbca4e4e8166acd219fd57856e51afb2f74d90c2b7244d00dd55870b70
[INFO] running `Command { std: "docker" "start" "-a" "e302c8dbca4e4e8166acd219fd57856e51afb2f74d90c2b7244d00dd55870b70", kill_on_drop: false }`
[INFO] [stderr]    Compiling getrandom v0.2.3
[INFO] [stderr]    Compiling remove_dir_all v0.5.3
[INFO] [stderr]    Compiling wait-timeout v0.2.0
[INFO] [stderr]    Compiling bit-vec v0.6.3
[INFO] [stderr]    Compiling quick-error v1.2.3
[INFO] [stderr]    Compiling quick-error v2.0.1
[INFO] [stderr]    Compiling quarry-mint-wrapper v1.10.6 (/opt/rustwide/workdir/programs/quarry-mint-wrapper)
[INFO] [stderr]    Compiling quarry-operator v1.10.6 (/opt/rustwide/workdir/programs/quarry-operator)
[INFO] [stderr]    Compiling quarry-merge-mine v1.10.6 (/opt/rustwide/workdir/programs/quarry-merge-mine)
[INFO] [stderr]    Compiling rand_core v0.6.3
[INFO] [stderr]    Compiling bit-set v0.5.2
[INFO] [stderr]    Compiling rand_chacha v0.3.1
[INFO] [stderr]    Compiling rand_xorshift v0.3.0
[INFO] [stderr]    Compiling rand v0.8.4
[INFO] [stderr]    Compiling tempfile v3.2.0
[INFO] [stderr]    Compiling rusty-fork v0.3.0
[INFO] [stderr]    Compiling proptest v1.0.0
[INFO] [stderr]    Compiling quarry-mine v1.10.6 (/opt/rustwide/workdir/programs/quarry-mine)
[INFO] [stdout] warning: constant `DEFAULT_TOKEN_DECIMALS` is never used
[INFO] [stdout]   --> programs/quarry-mine/src/quarry.rs:97:11
[INFO] [stdout]    |
[INFO] [stdout] 97 |     const DEFAULT_TOKEN_DECIMALS: u8 = 6;
[INFO] [stdout]    |           ^^^^^^^^^^^^^^^^^^^^^^
[INFO] [stdout]    |
[INFO] [stdout]    = note: `#[warn(dead_code)]` on by default
[INFO] [stdout] 
[INFO] [stdout] 
[INFO] [stdout] warning: 1 warning emitted
[INFO] [stdout] 
[INFO] [stdout] 
[INFO] [stderr]     Finished test [unoptimized + debuginfo] target(s) in 10.61s
[INFO] running `Command { std: "docker" "inspect" "e302c8dbca4e4e8166acd219fd57856e51afb2f74d90c2b7244d00dd55870b70", kill_on_drop: false }`
[INFO] running `Command { std: "docker" "rm" "-f" "e302c8dbca4e4e8166acd219fd57856e51afb2f74d90c2b7244d00dd55870b70", kill_on_drop: false }`
[INFO] [stdout] e302c8dbca4e4e8166acd219fd57856e51afb2f74d90c2b7244d00dd55870b70
[INFO] running `Command { std: "docker" "create" "-v" "/var/lib/crater-agent-workspace/builds/worker-2-tc1/target:/opt/rustwide/target:rw,Z" "-v" "/var/lib/crater-agent-workspace/builds/worker-2-tc1/source:/opt/rustwide/workdir:ro,Z" "-v" "/var/lib/crater-agent-workspace/cargo-home:/opt/rustwide/cargo-home:ro,Z" "-v" "/var/lib/crater-agent-workspace/rustup-home:/opt/rustwide/rustup-home:ro,Z" "-e" "SOURCE_DIR=/opt/rustwide/workdir" "-e" "CARGO_TARGET_DIR=/opt/rustwide/target" "-e" "CARGO_INCREMENTAL=0" "-e" "RUST_BACKTRACE=full" "-e" "RUSTFLAGS=--cap-lints=warn" "-e" "RUSTDOCFLAGS=--cap-lints=warn" "-e" "CARGO_HOME=/opt/rustwide/cargo-home" "-e" "RUSTUP_HOME=/opt/rustwide/rustup-home" "-w" "/opt/rustwide/workdir" "-m" "1610612736" "--user" "0:0" "--network" "none" "ghcr.io/rust-lang/crates-build-env/linux@sha256:2788e3201cd34a07e3172128adcd8b3090168a8e3bcc40d7c032b9dda1df7d1c" "/opt/rustwide/cargo-home/bin/cargo" "+1.75.0" "test" "--frozen", kill_on_drop: false }`
[INFO] [stdout] 3c94afe3d502f78ec6ded88a1b1b1909f758bf982c4ee3f6069dc409432910f8
[INFO] running `Command { std: "docker" "start" "-a" "3c94afe3d502f78ec6ded88a1b1b1909f758bf982c4ee3f6069dc409432910f8", kill_on_drop: false }`
[INFO] [stderr] warning: constant `DEFAULT_TOKEN_DECIMALS` is never used
[INFO] [stderr]   --> programs/quarry-mine/src/quarry.rs:97:11
[INFO] [stderr]    |
[INFO] [stderr] 97 |     const DEFAULT_TOKEN_DECIMALS: u8 = 6;
[INFO] [stderr]    |           ^^^^^^^^^^^^^^^^^^^^^^
[INFO] [stderr]    |
[INFO] [stderr]    = note: `#[warn(dead_code)]` on by default
[INFO] [stderr] 
[INFO] [stderr] warning: `quarry-mine` (lib test) generated 1 warning
[INFO] [stderr]     Finished test [unoptimized + debuginfo] target(s) in 0.14s
[INFO] [stderr]      Running unittests src/lib.rs (/opt/rustwide/target/debug/deps/quarry_merge_mine-3d9cacba8f73f03e)
[INFO] [stdout] 
[INFO] [stdout] running 1 test
[INFO] [stdout] test test_id ... ok
[INFO] [stdout] 
[INFO] [stdout] test result: ok. 1 passed; 0 failed; 0 ignored; 0 measured; 0 filtered out; finished in 0.00s
[INFO] [stdout] 
[INFO] [stderr]      Running unittests src/lib.rs (/opt/rustwide/target/debug/deps/quarry_mine-cf97b9a1fc155277)
[INFO] [stdout] 
[INFO] [stdout] running 15 tests
[INFO] [stdout] test addresses::fee_setter::test_id ... ok
[INFO] [stdout] test addresses::fee_to::test_id ... ok
[INFO] [stdout] test payroll::tests::test_sanity_check_off_by_one_case ... ok
[INFO] [stdout] test rewarder::tests::test_compute_quarry_annual_rewards_rate ... ok
[INFO] [stdout] test quarry::tests::test_lifecycle_two_miners ... ok
[INFO] [stdout] test quarry::tests::test_lifecycle_one_miner ... ok
[INFO] [stdout] test payroll::tests::test_wpt_with_zero_annual_rewards_rate ... ok
[INFO] [stdout] test rewarder::tests::test_compute_quarry_rewards_rate_with_multiple_quarries_fixed ... ok
[INFO] [stdout] test test_id ... ok
[INFO] [stdout] test payroll::tests::test_rewards_earned_when_zero_tokens_deposited ... ok
[INFO] [stdout] test rewarder::tests::test_compute_rewards_rate_when_total_rewards_shares_is_zero ... ok
[INFO] [stdout] test payroll::tests::test_sanity_check ... ok
[INFO] [stdout] test payroll::tests::test_wpt_when_famine ... ok
[INFO] [stdout] test payroll::tests::test_accumulated_precision_errors_epsilon ... ok
[INFO] [stdout] test rewarder::tests::test_compute_quarry_rewards_rate_with_multiple_quarries ... ok
[INFO] [stdout] 
[INFO] [stdout] test result: ok. 15 passed; 0 failed; 0 ignored; 0 measured; 0 filtered out; finished in 8.54s
[INFO] [stdout] 
[INFO] [stderr]      Running unittests src/lib.rs (/opt/rustwide/target/debug/deps/quarry_mint_wrapper-2155cfb27efddb9f)
[INFO] [stdout] 
[INFO] [stdout] running 1 test
[INFO] [stdout] test test_id ... ok
[INFO] [stdout] 
[INFO] [stdout] test result: ok. 1 passed; 0 failed; 0 ignored; 0 measured; 0 filtered out; finished in 0.00s
[INFO] [stdout] 
[INFO] [stderr]      Running unittests src/lib.rs (/opt/rustwide/target/debug/deps/quarry_operator-e54d3b7a0b0ce15f)
[INFO] [stdout] 
[INFO] [stdout] running 1 test
[INFO] [stderr]    Doc-tests quarry_merge_mine
[INFO] [stdout] test test_id ... ok
[INFO] [stdout] 
[INFO] [stdout] test result: ok. 1 passed; 0 failed; 0 ignored; 0 measured; 0 filtered out; finished in 0.00s
[INFO] [stdout] 
[INFO] [stderr] warning: unknown lint: `rustdoc::missing_doc_code_examples`
[INFO] [stderr]  --> programs/quarry-merge-mine/src/lib.rs:3:1
[INFO] [stderr]   |
[INFO] [stderr] 3 | #![allow(rustdoc::missing_doc_code_examples)]
[INFO] [stderr]   | ^^^^^^^^^^^^^^^^^^^^^^^^^^^^^^^^^^^^^^^^^^^^^
[INFO] [stderr]   |
[INFO] [stderr]   = note: the `rustdoc::missing_doc_code_examples` lint is unstable
[INFO] [stderr]   = note: see issue #101730 <https://github.com/rust-lang/rust/issues/101730> for more information
[INFO] [stderr]   = note: `#[warn(unknown_lints)]` on by default
[INFO] [stderr] 
[INFO] [stderr] warning: 1 warning emitted
[INFO] [stderr] 
[INFO] [stdout] 
[INFO] [stdout] running 2 tests
[INFO] [stdout] test programs/quarry-merge-mine/src/state.rs - state::MergeMiner (line 41) ... FAILED
[INFO] [stdout] test programs/quarry-merge-mine/src/state.rs - state::MergePool (line 8) ... FAILED
[INFO] [stdout] 
[INFO] [stdout] failures:
[INFO] [stdout] 
[INFO] [stdout] ---- programs/quarry-merge-mine/src/state.rs - state::MergeMiner (line 41) stdout ----
[INFO] [stdout] error: expected expression, found `$`
[INFO] [stdout]  --> programs/quarry-merge-mine/src/state.rs:44:4
[INFO] [stdout]   |
[INFO] [stdout] 5 |   &$mm.pool.key().to_bytes(),
[INFO] [stdout]   |    ^ expected expression
[INFO] [stdout] 
[INFO] [stdout] error: aborting due to previous error
[INFO] [stdout] 
[INFO] [stdout] Couldn't compile the test.
[INFO] [stdout] ---- programs/quarry-merge-mine/src/state.rs - state::MergePool (line 8) stdout ----
[INFO] [stdout] error: expected expression, found `$`
[INFO] [stdout]  --> programs/quarry-merge-mine/src/state.rs:11:6
[INFO] [stdout]   |
[INFO] [stdout] 5 |     &$pool.primary_mint.to_bytes(),
[INFO] [stdout]   |      ^ expected expression
[INFO] [stdout] 
[INFO] [stdout] error: aborting due to previous error
[INFO] [stdout] 
[INFO] [stdout] Couldn't compile the test.
[INFO] [stdout] 
[INFO] [stdout] failures:
[INFO] [stdout]     programs/quarry-merge-mine/src/state.rs - state::MergeMiner (line 41)
[INFO] [stdout]     programs/quarry-merge-mine/src/state.rs - state::MergePool (line 8)
[INFO] [stdout] 
[INFO] [stdout] test result: FAILED. 0 passed; 2 failed; 0 ignored; 0 measured; 0 filtered out; finished in 0.04s
[INFO] [stdout] 
[INFO] [stderr] error: doctest failed, to rerun pass `-p quarry-merge-mine --doc`
[INFO] running `Command { std: "docker" "inspect" "3c94afe3d502f78ec6ded88a1b1b1909f758bf982c4ee3f6069dc409432910f8", kill_on_drop: false }`
[INFO] running `Command { std: "docker" "rm" "-f" "3c94afe3d502f78ec6ded88a1b1b1909f758bf982c4ee3f6069dc409432910f8", kill_on_drop: false }`
[INFO] [stdout] 3c94afe3d502f78ec6ded88a1b1b1909f758bf982c4ee3f6069dc409432910f8
