[INFO] cloning repository https://github.com/TylerLafayette/consolation
[INFO] running `Command { std: "git" "-c" "credential.helper=" "-c" "credential.helper=/workspace/cargo-home/bin/git-credential-null" "clone" "--bare" "https://github.com/TylerLafayette/consolation" "/workspace/cache/git-repos/https%3A%2F%2Fgithub.com%2FTylerLafayette%2Fconsolation", kill_on_drop: false }`
[INFO] [stderr] Cloning into bare repository '/workspace/cache/git-repos/https%3A%2F%2Fgithub.com%2FTylerLafayette%2Fconsolation'...
[INFO] running `Command { std: "git" "rev-parse" "HEAD", kill_on_drop: false }`
[INFO] [stdout] 896830a2f04552747da5f11bf57879031ba5d72b
[INFO] testing TylerLafayette/consolation against 1.75.0 for beta-1.76-1
[INFO] running `Command { std: "git" "clone" "/workspace/cache/git-repos/https%3A%2F%2Fgithub.com%2FTylerLafayette%2Fconsolation" "/workspace/builds/worker-2-tc1/source", kill_on_drop: false }`
[INFO] [stderr] Cloning into '/workspace/builds/worker-2-tc1/source'...
[INFO] [stderr] done.
[INFO] validating manifest of git repo https://github.com/TylerLafayette/consolation on toolchain 1.75.0
[INFO] running `Command { std: CARGO_HOME="/workspace/cargo-home" RUSTUP_HOME="/workspace/rustup-home" "/workspace/cargo-home/bin/cargo" "+1.75.0" "metadata" "--manifest-path" "Cargo.toml" "--no-deps", kill_on_drop: false }`
[INFO] started tweaking git repo https://github.com/TylerLafayette/consolation
[INFO] finished tweaking git repo https://github.com/TylerLafayette/consolation
[INFO] tweaked toml for git repo https://github.com/TylerLafayette/consolation written to /workspace/builds/worker-2-tc1/source/Cargo.toml
[INFO] crate git repo https://github.com/TylerLafayette/consolation already has a lockfile, it will not be regenerated
[INFO] running `Command { std: CARGO_HOME="/workspace/cargo-home" RUSTUP_HOME="/workspace/rustup-home" "/workspace/cargo-home/bin/cargo" "+1.75.0" "fetch" "--manifest-path" "Cargo.toml", kill_on_drop: false }`
[INFO] running `Command { std: "docker" "create" "-v" "/var/lib/crater-agent-workspace/builds/worker-2-tc1/target:/opt/rustwide/target:rw,Z" "-v" "/var/lib/crater-agent-workspace/builds/worker-2-tc1/source:/opt/rustwide/workdir:ro,Z" "-v" "/var/lib/crater-agent-workspace/cargo-home:/opt/rustwide/cargo-home:ro,Z" "-v" "/var/lib/crater-agent-workspace/rustup-home:/opt/rustwide/rustup-home:ro,Z" "-e" "SOURCE_DIR=/opt/rustwide/workdir" "-e" "CARGO_TARGET_DIR=/opt/rustwide/target" "-e" "CARGO_HOME=/opt/rustwide/cargo-home" "-e" "RUSTUP_HOME=/opt/rustwide/rustup-home" "-w" "/opt/rustwide/workdir" "-m" "1610612736" "--user" "0:0" "--network" "none" "ghcr.io/rust-lang/crates-build-env/linux@sha256:2788e3201cd34a07e3172128adcd8b3090168a8e3bcc40d7c032b9dda1df7d1c" "/opt/rustwide/cargo-home/bin/cargo" "+1.75.0" "metadata" "--no-deps" "--format-version=1", kill_on_drop: false }`
[INFO] [stdout] eb81bdccb1cb946bddef810e87cab149fac810f1fc8ff5f162e98bf98b0108bd
[INFO] running `Command { std: "docker" "start" "-a" "eb81bdccb1cb946bddef810e87cab149fac810f1fc8ff5f162e98bf98b0108bd", kill_on_drop: false }`
[INFO] running `Command { std: "docker" "inspect" "eb81bdccb1cb946bddef810e87cab149fac810f1fc8ff5f162e98bf98b0108bd", kill_on_drop: false }`
[INFO] running `Command { std: "docker" "rm" "-f" "eb81bdccb1cb946bddef810e87cab149fac810f1fc8ff5f162e98bf98b0108bd", kill_on_drop: false }`
[INFO] [stdout] eb81bdccb1cb946bddef810e87cab149fac810f1fc8ff5f162e98bf98b0108bd
[INFO] running `Command { std: "docker" "create" "-v" "/var/lib/crater-agent-workspace/builds/worker-2-tc1/target:/opt/rustwide/target:rw,Z" "-v" "/var/lib/crater-agent-workspace/builds/worker-2-tc1/source:/opt/rustwide/workdir:ro,Z" "-v" "/var/lib/crater-agent-workspace/cargo-home:/opt/rustwide/cargo-home:ro,Z" "-v" "/var/lib/crater-agent-workspace/rustup-home:/opt/rustwide/rustup-home:ro,Z" "-e" "SOURCE_DIR=/opt/rustwide/workdir" "-e" "CARGO_TARGET_DIR=/opt/rustwide/target" "-e" "CARGO_INCREMENTAL=0" "-e" "RUST_BACKTRACE=full" "-e" "RUSTFLAGS=--cap-lints=warn" "-e" "RUSTDOCFLAGS=--cap-lints=warn" "-e" "CARGO_HOME=/opt/rustwide/cargo-home" "-e" "RUSTUP_HOME=/opt/rustwide/rustup-home" "-w" "/opt/rustwide/workdir" "-m" "1610612736" "--user" "0:0" "--network" "none" "ghcr.io/rust-lang/crates-build-env/linux@sha256:2788e3201cd34a07e3172128adcd8b3090168a8e3bcc40d7c032b9dda1df7d1c" "/opt/rustwide/cargo-home/bin/cargo" "+1.75.0" "build" "--frozen" "--message-format=json", kill_on_drop: false }`
[INFO] [stdout] f1672574ee3af4ac952f718149ccb3a1b4c5437519cda77b1adb990d47fd9bce
[INFO] running `Command { std: "docker" "start" "-a" "f1672574ee3af4ac952f718149ccb3a1b4c5437519cda77b1adb990d47fd9bce", kill_on_drop: false }`
[INFO] [stderr]    Compiling consolation v0.1.0 (/opt/rustwide/workdir)
[INFO] [stdout] warning: field `tags` is never read
[INFO] [stdout]    --> src/irc.rs:198:5
[INFO] [stdout]     |
[INFO] [stdout] 196 | struct IrcMessageRaw {
[INFO] [stdout]     |        ------------- field in this struct
[INFO] [stdout] 197 |     /// A list of key-value pairs of message tags sent by the server.
[INFO] [stdout] 198 |     tags: Vec<(String, String)>,
[INFO] [stdout]     |     ^^^^
[INFO] [stdout]     |
[INFO] [stdout]     = note: `IrcMessageRaw` has derived impls for the traits `Clone` and `Debug`, but these are intentionally ignored during dead code analysis
[INFO] [stdout]     = note: `#[warn(dead_code)]` on by default
[INFO] [stdout] 
[INFO] [stdout] 
[INFO] [stdout] warning: 1 warning emitted
[INFO] [stdout] 
[INFO] [stdout] 
[INFO] [stderr]     Finished dev [unoptimized + debuginfo] target(s) in 0.68s
[INFO] running `Command { std: "docker" "inspect" "f1672574ee3af4ac952f718149ccb3a1b4c5437519cda77b1adb990d47fd9bce", kill_on_drop: false }`
[INFO] running `Command { std: "docker" "rm" "-f" "f1672574ee3af4ac952f718149ccb3a1b4c5437519cda77b1adb990d47fd9bce", kill_on_drop: false }`
[INFO] [stdout] f1672574ee3af4ac952f718149ccb3a1b4c5437519cda77b1adb990d47fd9bce
[INFO] running `Command { std: "docker" "create" "-v" "/var/lib/crater-agent-workspace/builds/worker-2-tc1/target:/opt/rustwide/target:rw,Z" "-v" "/var/lib/crater-agent-workspace/builds/worker-2-tc1/source:/opt/rustwide/workdir:ro,Z" "-v" "/var/lib/crater-agent-workspace/cargo-home:/opt/rustwide/cargo-home:ro,Z" "-v" "/var/lib/crater-agent-workspace/rustup-home:/opt/rustwide/rustup-home:ro,Z" "-e" "SOURCE_DIR=/opt/rustwide/workdir" "-e" "CARGO_TARGET_DIR=/opt/rustwide/target" "-e" "CARGO_INCREMENTAL=0" "-e" "RUST_BACKTRACE=full" "-e" "RUSTFLAGS=--cap-lints=warn" "-e" "RUSTDOCFLAGS=--cap-lints=warn" "-e" "CARGO_HOME=/opt/rustwide/cargo-home" "-e" "RUSTUP_HOME=/opt/rustwide/rustup-home" "-w" "/opt/rustwide/workdir" "-m" "1610612736" "--user" "0:0" "--network" "none" "ghcr.io/rust-lang/crates-build-env/linux@sha256:2788e3201cd34a07e3172128adcd8b3090168a8e3bcc40d7c032b9dda1df7d1c" "/opt/rustwide/cargo-home/bin/cargo" "+1.75.0" "test" "--frozen" "--no-run" "--message-format=json", kill_on_drop: false }`
[INFO] [stdout] a651bc2b9bc01d850eb5f6f3328d70e3972de3ee652cb3811d0e7a6f11281836
[INFO] running `Command { std: "docker" "start" "-a" "a651bc2b9bc01d850eb5f6f3328d70e3972de3ee652cb3811d0e7a6f11281836", kill_on_drop: false }`
[INFO] [stderr]    Compiling consolation v0.1.0 (/opt/rustwide/workdir)
[INFO] [stdout] warning: field `tags` is never read
[INFO] [stdout]    --> src/irc.rs:198:5
[INFO] [stdout]     |
[INFO] [stdout] 196 | struct IrcMessageRaw {
[INFO] [stdout]     |        ------------- field in this struct
[INFO] [stdout] 197 |     /// A list of key-value pairs of message tags sent by the server.
[INFO] [stdout] 198 |     tags: Vec<(String, String)>,
[INFO] [stdout]     |     ^^^^
[INFO] [stdout]     |
[INFO] [stdout]     = note: `IrcMessageRaw` has derived impls for the traits `Clone` and `Debug`, but these are intentionally ignored during dead code analysis
[INFO] [stdout]     = note: `#[warn(dead_code)]` on by default
[INFO] [stdout] 
[INFO] [stdout] 
[INFO] [stdout] warning: 1 warning emitted
[INFO] [stdout] 
[INFO] [stdout] 
[INFO] [stdout] warning: field `tags` is never read
[INFO] [stdout]    --> src/irc.rs:198:5
[INFO] [stdout]     |
[INFO] [stdout] 196 | struct IrcMessageRaw {
[INFO] [stdout]     |        ------------- field in this struct
[INFO] [stdout] 197 |     /// A list of key-value pairs of message tags sent by the server.
[INFO] [stdout] 198 |     tags: Vec<(String, String)>,
[INFO] [stdout]     |     ^^^^
[INFO] [stdout]     |
[INFO] [stdout]     = note: `IrcMessageRaw` has derived impls for the traits `Clone` and `Debug`, but these are intentionally ignored during dead code analysis
[INFO] [stdout]     = note: `#[warn(dead_code)]` on by default
[INFO] [stdout] 
[INFO] [stdout] 
[INFO] [stdout] warning: 1 warning emitted
[INFO] [stdout] 
[INFO] [stdout] 
[INFO] [stderr]     Finished test [unoptimized + debuginfo] target(s) in 0.38s
[INFO] running `Command { std: "docker" "inspect" "a651bc2b9bc01d850eb5f6f3328d70e3972de3ee652cb3811d0e7a6f11281836", kill_on_drop: false }`
[INFO] running `Command { std: "docker" "rm" "-f" "a651bc2b9bc01d850eb5f6f3328d70e3972de3ee652cb3811d0e7a6f11281836", kill_on_drop: false }`
[INFO] [stdout] a651bc2b9bc01d850eb5f6f3328d70e3972de3ee652cb3811d0e7a6f11281836
[INFO] running `Command { std: "docker" "create" "-v" "/var/lib/crater-agent-workspace/builds/worker-2-tc1/target:/opt/rustwide/target:rw,Z" "-v" "/var/lib/crater-agent-workspace/builds/worker-2-tc1/source:/opt/rustwide/workdir:ro,Z" "-v" "/var/lib/crater-agent-workspace/cargo-home:/opt/rustwide/cargo-home:ro,Z" "-v" "/var/lib/crater-agent-workspace/rustup-home:/opt/rustwide/rustup-home:ro,Z" "-e" "SOURCE_DIR=/opt/rustwide/workdir" "-e" "CARGO_TARGET_DIR=/opt/rustwide/target" "-e" "CARGO_INCREMENTAL=0" "-e" "RUST_BACKTRACE=full" "-e" "RUSTFLAGS=--cap-lints=warn" "-e" "RUSTDOCFLAGS=--cap-lints=warn" "-e" "CARGO_HOME=/opt/rustwide/cargo-home" "-e" "RUSTUP_HOME=/opt/rustwide/rustup-home" "-w" "/opt/rustwide/workdir" "-m" "1610612736" "--user" "0:0" "--network" "none" "ghcr.io/rust-lang/crates-build-env/linux@sha256:2788e3201cd34a07e3172128adcd8b3090168a8e3bcc40d7c032b9dda1df7d1c" "/opt/rustwide/cargo-home/bin/cargo" "+1.75.0" "test" "--frozen", kill_on_drop: false }`
[INFO] [stdout] ae4a8b7daaffefe51103126fcf3656eeb4aad88de0758b15a90ba46c7a2942b0
[INFO] running `Command { std: "docker" "start" "-a" "ae4a8b7daaffefe51103126fcf3656eeb4aad88de0758b15a90ba46c7a2942b0", kill_on_drop: false }`
[INFO] [stderr] warning: field `tags` is never read
[INFO] [stderr]    --> src/irc.rs:198:5
[INFO] [stderr]     |
[INFO] [stderr] 196 | struct IrcMessageRaw {
[INFO] [stderr]     |        ------------- field in this struct
[INFO] [stderr] 197 |     /// A list of key-value pairs of message tags sent by the server.
[INFO] [stderr] 198 |     tags: Vec<(String, String)>,
[INFO] [stderr]     |     ^^^^
[INFO] [stderr]     |
[INFO] [stderr]     = note: `IrcMessageRaw` has derived impls for the traits `Clone` and `Debug`, but these are intentionally ignored during dead code analysis
[INFO] [stderr]     = note: `#[warn(dead_code)]` on by default
[INFO] [stderr] 
[INFO] [stderr] warning: `consolation` (lib) generated 1 warning
[INFO] [stderr] warning: `consolation` (lib test) generated 1 warning (1 duplicate)
[INFO] [stderr]     Finished test [unoptimized + debuginfo] target(s) in 0.01s
[INFO] [stderr]      Running unittests src/lib.rs (/opt/rustwide/target/debug/deps/consolation-bf6f171dd6fe7366)
[INFO] [stdout] 
[INFO] [stdout] running 0 tests
[INFO] [stdout] 
[INFO] [stdout] test result: ok. 0 passed; 0 failed; 0 ignored; 0 measured; 0 filtered out; finished in 0.00s
[INFO] [stdout] 
[INFO] [stderr]      Running unittests src/main.rs (/opt/rustwide/target/debug/deps/consolation-40908dbb6ed65b70)
[INFO] [stdout] 
[INFO] [stdout] running 0 tests
[INFO] [stdout] 
[INFO] [stdout] test result: ok. 0 passed; 0 failed; 0 ignored; 0 measured; 0 filtered out; finished in 0.00s
[INFO] [stdout] 
[INFO] [stderr]    Doc-tests consolation
[INFO] [stderr] warning: unknown attribute `norun`. Did you mean `no_run`?
[INFO] [stderr]   --> src/irc.rs:6:1
[INFO] [stderr]    |
[INFO] [stderr] 6  | / /// A builder which is used to configure and initialize an [`Irc`] connection.
[INFO] [stderr] 7  | | ///
[INFO] [stderr] 8  | | /// ## Example
[INFO] [stderr] 9  | | /// ```rust,norun
[INFO] [stderr] ...  |
[INFO] [stderr] 21 | | /// }
[INFO] [stderr] 22 | | /// ```
[INFO] [stderr]    | |_______^
[INFO] [stderr]    |
[INFO] [stderr]    = help: the code block will either not be tested if not marked as a rust one or will be run (which you might not want)
[INFO] [stderr]    = note: `#[warn(rustdoc::invalid_codeblock_attributes)]` on by default
[INFO] [stderr] 
[INFO] [stderr] warning: 1 warning emitted
[INFO] [stderr] 
[INFO] [stdout] 
[INFO] [stdout] running 1 test
[INFO] [stdout] test src/irc.rs - irc::IrcBuilder (line 9) ... FAILED
[INFO] [stdout] 
[INFO] [stdout] failures:
[INFO] [stdout] 
[INFO] [stdout] ---- src/irc.rs - irc::IrcBuilder (line 9) stdout ----
[INFO] [stdout] error[E0433]: failed to resolve: use of undeclared type `IrcBuilder`
[INFO] [stdout]  --> src/irc.rs:10:15
[INFO] [stdout]   |
[INFO] [stdout] 3 | let mut irc = IrcBuilder::default()
[INFO] [stdout]   |               ^^^^^^^^^^ use of undeclared type `IrcBuilder`
[INFO] [stdout]   |
[INFO] [stdout] help: consider importing this struct
[INFO] [stdout]   |
[INFO] [stdout] 2 + use consolation::irc::IrcBuilder;
[INFO] [stdout]   |
[INFO] [stdout] 
[INFO] [stdout] error: aborting due to previous error
[INFO] [stdout] 
[INFO] [stdout] For more information about this error, try `rustc --explain E0433`.
[INFO] [stdout] Couldn't compile the test.
[INFO] [stdout] 
[INFO] [stdout] failures:
[INFO] [stdout]     src/irc.rs - irc::IrcBuilder (line 9)
[INFO] [stdout] 
[INFO] [stdout] test result: FAILED. 0 passed; 1 failed; 0 ignored; 0 measured; 0 filtered out; finished in 0.07s
[INFO] [stdout] 
[INFO] [stderr] error: doctest failed, to rerun pass `--doc`
[INFO] running `Command { std: "docker" "inspect" "ae4a8b7daaffefe51103126fcf3656eeb4aad88de0758b15a90ba46c7a2942b0", kill_on_drop: false }`
[INFO] running `Command { std: "docker" "rm" "-f" "ae4a8b7daaffefe51103126fcf3656eeb4aad88de0758b15a90ba46c7a2942b0", kill_on_drop: false }`
[INFO] [stdout] ae4a8b7daaffefe51103126fcf3656eeb4aad88de0758b15a90ba46c7a2942b0
[INFO] testing TylerLafayette/consolation against beta-2023-12-22 for beta-1.76-1
[INFO] running `Command { std: "git" "clone" "/workspace/cache/git-repos/https%3A%2F%2Fgithub.com%2FTylerLafayette%2Fconsolation" "/workspace/builds/worker-2-tc2/source", kill_on_drop: false }`
[INFO] [stderr] Cloning into '/workspace/builds/worker-2-tc2/source'...
[INFO] [stderr] done.
[INFO] validating manifest of git repo https://github.com/TylerLafayette/consolation on toolchain beta-2023-12-22
[INFO] running `Command { std: CARGO_HOME="/workspace/cargo-home" RUSTUP_HOME="/workspace/rustup-home" "/workspace/cargo-home/bin/cargo" "+beta-2023-12-22" "metadata" "--manifest-path" "Cargo.toml" "--no-deps", kill_on_drop: false }`
[INFO] started tweaking git repo https://github.com/TylerLafayette/consolation
[INFO] finished tweaking git repo https://github.com/TylerLafayette/consolation
[INFO] tweaked toml for git repo https://github.com/TylerLafayette/consolation written to /workspace/builds/worker-2-tc2/source/Cargo.toml
[INFO] crate git repo https://github.com/TylerLafayette/consolation already has a lockfile, it will not be regenerated
[INFO] running `Command { std: CARGO_HOME="/workspace/cargo-home" RUSTUP_HOME="/workspace/rustup-home" "/workspace/cargo-home/bin/cargo" "+beta-2023-12-22" "fetch" "--manifest-path" "Cargo.toml", kill_on_drop: false }`
[INFO] running `Command { std: "docker" "create" "-v" "/var/lib/crater-agent-workspace/builds/worker-2-tc2/target:/opt/rustwide/target:rw,Z" "-v" "/var/lib/crater-agent-workspace/builds/worker-2-tc2/source:/opt/rustwide/workdir:ro,Z" "-v" "/var/lib/crater-agent-workspace/cargo-home:/opt/rustwide/cargo-home:ro,Z" "-v" "/var/lib/crater-agent-workspace/rustup-home:/opt/rustwide/rustup-home:ro,Z" "-e" "SOURCE_DIR=/opt/rustwide/workdir" "-e" "CARGO_TARGET_DIR=/opt/rustwide/target" "-e" "CARGO_HOME=/opt/rustwide/cargo-home" "-e" "RUSTUP_HOME=/opt/rustwide/rustup-home" "-w" "/opt/rustwide/workdir" "-m" "1610612736" "--user" "0:0" "--network" "none" "ghcr.io/rust-lang/crates-build-env/linux@sha256:2788e3201cd34a07e3172128adcd8b3090168a8e3bcc40d7c032b9dda1df7d1c" "/opt/rustwide/cargo-home/bin/cargo" "+beta-2023-12-22" "metadata" "--no-deps" "--format-version=1", kill_on_drop: false }`
[INFO] [stdout] 4d7b4f32f270a4e6523a1859f7739170058a4ba41866e3ddacd34d1fd456978e
[INFO] running `Command { std: "docker" "start" "-a" "4d7b4f32f270a4e6523a1859f7739170058a4ba41866e3ddacd34d1fd456978e", kill_on_drop: false }`
[INFO] running `Command { std: "docker" "inspect" "4d7b4f32f270a4e6523a1859f7739170058a4ba41866e3ddacd34d1fd456978e", kill_on_drop: false }`
[INFO] running `Command { std: "docker" "rm" "-f" "4d7b4f32f270a4e6523a1859f7739170058a4ba41866e3ddacd34d1fd456978e", kill_on_drop: false }`
[INFO] [stdout] 4d7b4f32f270a4e6523a1859f7739170058a4ba41866e3ddacd34d1fd456978e
[INFO] running `Command { std: "docker" "create" "-v" "/var/lib/crater-agent-workspace/builds/worker-2-tc2/target:/opt/rustwide/target:rw,Z" "-v" "/var/lib/crater-agent-workspace/builds/worker-2-tc2/source:/opt/rustwide/workdir:ro,Z" "-v" "/var/lib/crater-agent-workspace/cargo-home:/opt/rustwide/cargo-home:ro,Z" "-v" "/var/lib/crater-agent-workspace/rustup-home:/opt/rustwide/rustup-home:ro,Z" "-e" "SOURCE_DIR=/opt/rustwide/workdir" "-e" "CARGO_TARGET_DIR=/opt/rustwide/target" "-e" "CARGO_INCREMENTAL=0" "-e" "RUST_BACKTRACE=full" "-e" "RUSTFLAGS=--cap-lints=warn" "-e" "RUSTDOCFLAGS=--cap-lints=warn" "-e" "CARGO_HOME=/opt/rustwide/cargo-home" "-e" "RUSTUP_HOME=/opt/rustwide/rustup-home" "-w" "/opt/rustwide/workdir" "-m" "1610612736" "--user" "0:0" "--network" "none" "ghcr.io/rust-lang/crates-build-env/linux@sha256:2788e3201cd34a07e3172128adcd8b3090168a8e3bcc40d7c032b9dda1df7d1c" "/opt/rustwide/cargo-home/bin/cargo" "+beta-2023-12-22" "build" "--frozen" "--message-format=json", kill_on_drop: false }`
[INFO] [stdout] a971d0956608d4ffaeb810b01c487e1b042cf44f166d59ddad94366f203908f3
[INFO] running `Command { std: "docker" "start" "-a" "a971d0956608d4ffaeb810b01c487e1b042cf44f166d59ddad94366f203908f3", kill_on_drop: false }`
[INFO] [stderr]    Compiling consolation v0.1.0 (/opt/rustwide/workdir)
[INFO] [stdout] warning: field `tags` is never read
[INFO] [stdout]    --> src/irc.rs:198:5
[INFO] [stdout]     |
[INFO] [stdout] 196 | struct IrcMessageRaw {
[INFO] [stdout]     |        ------------- field in this struct
[INFO] [stdout] 197 |     /// A list of key-value pairs of message tags sent by the server.
[INFO] [stdout] 198 |     tags: Vec<(String, String)>,
[INFO] [stdout]     |     ^^^^
[INFO] [stdout]     |
[INFO] [stdout]     = note: `IrcMessageRaw` has derived impls for the traits `Clone` and `Debug`, but these are intentionally ignored during dead code analysis
[INFO] [stdout]     = note: `#[warn(dead_code)]` on by default
[INFO] [stdout] 
[INFO] [stdout] 
[INFO] [stdout] warning: 1 warning emitted
[INFO] [stdout] 
[INFO] [stdout] 
[INFO] [stderr]     Finished dev [unoptimized + debuginfo] target(s) in 0.53s
[INFO] running `Command { std: "docker" "inspect" "a971d0956608d4ffaeb810b01c487e1b042cf44f166d59ddad94366f203908f3", kill_on_drop: false }`
[INFO] running `Command { std: "docker" "rm" "-f" "a971d0956608d4ffaeb810b01c487e1b042cf44f166d59ddad94366f203908f3", kill_on_drop: false }`
[INFO] [stdout] a971d0956608d4ffaeb810b01c487e1b042cf44f166d59ddad94366f203908f3
[INFO] running `Command { std: "docker" "create" "-v" "/var/lib/crater-agent-workspace/builds/worker-2-tc2/target:/opt/rustwide/target:rw,Z" "-v" "/var/lib/crater-agent-workspace/builds/worker-2-tc2/source:/opt/rustwide/workdir:ro,Z" "-v" "/var/lib/crater-agent-workspace/cargo-home:/opt/rustwide/cargo-home:ro,Z" "-v" "/var/lib/crater-agent-workspace/rustup-home:/opt/rustwide/rustup-home:ro,Z" "-e" "SOURCE_DIR=/opt/rustwide/workdir" "-e" "CARGO_TARGET_DIR=/opt/rustwide/target" "-e" "CARGO_INCREMENTAL=0" "-e" "RUST_BACKTRACE=full" "-e" "RUSTFLAGS=--cap-lints=warn" "-e" "RUSTDOCFLAGS=--cap-lints=warn" "-e" "CARGO_HOME=/opt/rustwide/cargo-home" "-e" "RUSTUP_HOME=/opt/rustwide/rustup-home" "-w" "/opt/rustwide/workdir" "-m" "1610612736" "--user" "0:0" "--network" "none" "ghcr.io/rust-lang/crates-build-env/linux@sha256:2788e3201cd34a07e3172128adcd8b3090168a8e3bcc40d7c032b9dda1df7d1c" "/opt/rustwide/cargo-home/bin/cargo" "+beta-2023-12-22" "test" "--frozen" "--no-run" "--message-format=json", kill_on_drop: false }`
[INFO] [stdout] ae9d0b43796d7e5cf907824bc9657d2e955306f1c6bff3dfb4b48f0376e81f34
[INFO] running `Command { std: "docker" "start" "-a" "ae9d0b43796d7e5cf907824bc9657d2e955306f1c6bff3dfb4b48f0376e81f34", kill_on_drop: false }`
[INFO] [stderr]    Compiling consolation v0.1.0 (/opt/rustwide/workdir)
[INFO] [stdout] warning: field `tags` is never read
[INFO] [stdout]    --> src/irc.rs:198:5
[INFO] [stdout]     |
[INFO] [stdout] 196 | struct IrcMessageRaw {
[INFO] [stdout]     |        ------------- field in this struct
[INFO] [stdout] 197 |     /// A list of key-value pairs of message tags sent by the server.
[INFO] [stdout] 198 |     tags: Vec<(String, String)>,
[INFO] [stdout]     |     ^^^^
[INFO] [stdout]     |
[INFO] [stdout]     = note: `IrcMessageRaw` has derived impls for the traits `Clone` and `Debug`, but these are intentionally ignored during dead code analysis
[INFO] [stdout]     = note: `#[warn(dead_code)]` on by default
[INFO] [stdout] 
[INFO] [stdout] 
[INFO] [stdout] warning: 1 warning emitted
[INFO] [stdout] 
[INFO] [stdout] 
[INFO] [stdout] warning: field `tags` is never read
[INFO] [stdout]    --> src/irc.rs:198:5
[INFO] [stdout]     |
[INFO] [stdout] 196 | struct IrcMessageRaw {
[INFO] [stdout]     |        ------------- field in this struct
[INFO] [stdout] 197 |     /// A list of key-value pairs of message tags sent by the server.
[INFO] [stdout] 198 |     tags: Vec<(String, String)>,
[INFO] [stdout]     |     ^^^^
[INFO] [stdout]     |
[INFO] [stdout]     = note: `IrcMessageRaw` has derived impls for the traits `Clone` and `Debug`, but these are intentionally ignored during dead code analysis
[INFO] [stdout]     = note: `#[warn(dead_code)]` on by default
[INFO] [stdout] 
[INFO] [stdout] 
[INFO] [stdout] warning: 1 warning emitted
[INFO] [stdout] 
[INFO] [stdout] 
[INFO] [stderr]     Finished test [unoptimized + debuginfo] target(s) in 0.22s
[INFO] running `Command { std: "docker" "inspect" "ae9d0b43796d7e5cf907824bc9657d2e955306f1c6bff3dfb4b48f0376e81f34", kill_on_drop: false }`
[INFO] running `Command { std: "docker" "rm" "-f" "ae9d0b43796d7e5cf907824bc9657d2e955306f1c6bff3dfb4b48f0376e81f34", kill_on_drop: false }`
[INFO] [stdout] ae9d0b43796d7e5cf907824bc9657d2e955306f1c6bff3dfb4b48f0376e81f34
[INFO] running `Command { std: "docker" "create" "-v" "/var/lib/crater-agent-workspace/builds/worker-2-tc2/target:/opt/rustwide/target:rw,Z" "-v" "/var/lib/crater-agent-workspace/builds/worker-2-tc2/source:/opt/rustwide/workdir:ro,Z" "-v" "/var/lib/crater-agent-workspace/cargo-home:/opt/rustwide/cargo-home:ro,Z" "-v" "/var/lib/crater-agent-workspace/rustup-home:/opt/rustwide/rustup-home:ro,Z" "-e" "SOURCE_DIR=/opt/rustwide/workdir" "-e" "CARGO_TARGET_DIR=/opt/rustwide/target" "-e" "CARGO_INCREMENTAL=0" "-e" "RUST_BACKTRACE=full" "-e" "RUSTFLAGS=--cap-lints=warn" "-e" "RUSTDOCFLAGS=--cap-lints=warn" "-e" "CARGO_HOME=/opt/rustwide/cargo-home" "-e" "RUSTUP_HOME=/opt/rustwide/rustup-home" "-w" "/opt/rustwide/workdir" "-m" "1610612736" "--user" "0:0" "--network" "none" "ghcr.io/rust-lang/crates-build-env/linux@sha256:2788e3201cd34a07e3172128adcd8b3090168a8e3bcc40d7c032b9dda1df7d1c" "/opt/rustwide/cargo-home/bin/cargo" "+beta-2023-12-22" "test" "--frozen", kill_on_drop: false }`
[INFO] [stdout] 87c459e1368667c318fdaa08437e134a1f739ff48364a9df7f30694052bd3ede
[INFO] running `Command { std: "docker" "start" "-a" "87c459e1368667c318fdaa08437e134a1f739ff48364a9df7f30694052bd3ede", kill_on_drop: false }`
[INFO] [stderr] warning: field `tags` is never read
[INFO] [stderr]    --> src/irc.rs:198:5
[INFO] [stderr]     |
[INFO] [stderr] 196 | struct IrcMessageRaw {
[INFO] [stderr]     |        ------------- field in this struct
[INFO] [stderr] 197 |     /// A list of key-value pairs of message tags sent by the server.
[INFO] [stderr] 198 |     tags: Vec<(String, String)>,
[INFO] [stderr]     |     ^^^^
[INFO] [stderr]     |
[INFO] [stderr]     = note: `IrcMessageRaw` has derived impls for the traits `Clone` and `Debug`, but these are intentionally ignored during dead code analysis
[INFO] [stderr]     = note: `#[warn(dead_code)]` on by default
[INFO] [stderr] 
[INFO] [stderr] warning: `consolation` (lib) generated 1 warning
[INFO] [stderr] warning: `consolation` (lib test) generated 1 warning (1 duplicate)
[INFO] [stderr]     Finished test [unoptimized + debuginfo] target(s) in 0.00s
[INFO] [stderr]      Running unittests src/lib.rs (/opt/rustwide/target/debug/deps/consolation-4375d3a0a0160e12)
[INFO] [stdout] 
[INFO] [stdout] running 0 tests
[INFO] [stdout] 
[INFO] [stdout] test result: ok. 0 passed; 0 failed; 0 ignored; 0 measured; 0 filtered out; finished in 0.00s
[INFO] [stdout] 
[INFO] [stderr]      Running unittests src/main.rs (/opt/rustwide/target/debug/deps/consolation-7c34d921259846e3)
[INFO] [stdout] 
[INFO] [stdout] running 0 tests
[INFO] [stdout] 
[INFO] [stdout] test result: ok. 0 passed; 0 failed; 0 ignored; 0 measured; 0 filtered out; finished in 0.00s
[INFO] [stdout] 
[INFO] [stderr]    Doc-tests consolation
[INFO] [stderr] warning: unknown attribute `norun`
[INFO] [stderr]   --> src/irc.rs:6:1
[INFO] [stderr]    |
[INFO] [stderr] 6  | / /// A builder which is used to configure and initialize an [`Irc`] connection.
[INFO] [stderr] 7  | | ///
[INFO] [stderr] 8  | | /// ## Example
[INFO] [stderr] 9  | | /// ```rust,norun
[INFO] [stderr] ...  |
[INFO] [stderr] 21 | | /// }
[INFO] [stderr] 22 | | /// ```
[INFO] [stderr]    | |_______^
[INFO] [stderr]    |
[INFO] [stderr]    = help: there is an attribute with a similar name: `no_run`
[INFO] [stderr]    = help: the code block will either not be tested if not marked as a rust one or will be run (which you might not want)
[INFO] [stderr]    = note: `#[warn(rustdoc::invalid_codeblock_attributes)]` on by default
[INFO] [stderr] 
[INFO] [stderr] warning: 1 warning emitted
[INFO] [stderr] 
[INFO] [stdout] 
[INFO] [stdout] running 1 test
[INFO] [stdout] test src/irc.rs - irc::IrcBuilder (line 9) ... FAILED
[INFO] [stdout] 
[INFO] [stdout] failures:
[INFO] [stdout] 
[INFO] [stdout] ---- src/irc.rs - irc::IrcBuilder (line 9) stdout ----
[INFO] [stdout] error[E0433]: failed to resolve: use of undeclared type `IrcBuilder`
[INFO] [stdout]  --> src/irc.rs:10:15
[INFO] [stdout]   |
[INFO] [stdout] 3 | let mut irc = IrcBuilder::default()
[INFO] [stdout]   |               ^^^^^^^^^^ use of undeclared type `IrcBuilder`
[INFO] [stdout]   |
[INFO] [stdout] help: consider importing this struct
[INFO] [stdout]   |
[INFO] [stdout] 2 + use consolation::irc::IrcBuilder;
[INFO] [stdout]   |
[INFO] [stdout] 
[INFO] [stdout] error: aborting due to 1 previous error
[INFO] [stdout] 
[INFO] [stdout] For more information about this error, try `rustc --explain E0433`.
[INFO] [stdout] Couldn't compile the test.
[INFO] [stdout] 
[INFO] [stdout] failures:
[INFO] [stdout]     src/irc.rs - irc::IrcBuilder (line 9)
[INFO] [stdout] 
[INFO] [stdout] test result: FAILED. 0 passed; 1 failed; 0 ignored; 0 measured; 0 filtered out; finished in 0.06s
[INFO] [stdout] 
[INFO] [stderr] error: doctest failed, to rerun pass `--doc`
[INFO] running `Command { std: "docker" "inspect" "87c459e1368667c318fdaa08437e134a1f739ff48364a9df7f30694052bd3ede", kill_on_drop: false }`
[INFO] running `Command { std: "docker" "rm" "-f" "87c459e1368667c318fdaa08437e134a1f739ff48364a9df7f30694052bd3ede", kill_on_drop: false }`
[INFO] [stdout] 87c459e1368667c318fdaa08437e134a1f739ff48364a9df7f30694052bd3ede
