[INFO] cloning repository https://github.com/TuuKeZu/rust-uno-server
[INFO] running `Command { std: "git" "-c" "credential.helper=" "-c" "credential.helper=/workspace/cargo-home/bin/git-credential-null" "clone" "--bare" "https://github.com/TuuKeZu/rust-uno-server" "/workspace/cache/git-repos/https%3A%2F%2Fgithub.com%2FTuuKeZu%2Frust-uno-server", kill_on_drop: false }`
[INFO] [stderr] Cloning into bare repository '/workspace/cache/git-repos/https%3A%2F%2Fgithub.com%2FTuuKeZu%2Frust-uno-server'...
[INFO] running `Command { std: "git" "rev-parse" "HEAD", kill_on_drop: false }`
[INFO] [stdout] c648f200952023cb12406a70c9ea089d794a5953
[INFO] testing TuuKeZu/rust-uno-server against 1.75.0 for beta-1.76-1
[INFO] running `Command { std: "git" "clone" "/workspace/cache/git-repos/https%3A%2F%2Fgithub.com%2FTuuKeZu%2Frust-uno-server" "/workspace/builds/worker-1-tc1/source", kill_on_drop: false }`
[INFO] [stderr] Cloning into '/workspace/builds/worker-1-tc1/source'...
[INFO] [stderr] done.
[INFO] validating manifest of git repo https://github.com/TuuKeZu/rust-uno-server on toolchain 1.75.0
[INFO] running `Command { std: CARGO_HOME="/workspace/cargo-home" RUSTUP_HOME="/workspace/rustup-home" "/workspace/cargo-home/bin/cargo" "+1.75.0" "metadata" "--manifest-path" "Cargo.toml" "--no-deps", kill_on_drop: false }`
[INFO] started tweaking git repo https://github.com/TuuKeZu/rust-uno-server
[INFO] finished tweaking git repo https://github.com/TuuKeZu/rust-uno-server
[INFO] tweaked toml for git repo https://github.com/TuuKeZu/rust-uno-server written to /workspace/builds/worker-1-tc1/source/Cargo.toml
[INFO] crate git repo https://github.com/TuuKeZu/rust-uno-server already has a lockfile, it will not be regenerated
[INFO] running `Command { std: CARGO_HOME="/workspace/cargo-home" RUSTUP_HOME="/workspace/rustup-home" "/workspace/cargo-home/bin/cargo" "+1.75.0" "fetch" "--manifest-path" "Cargo.toml", kill_on_drop: false }`
[INFO] running `Command { std: "docker" "create" "-v" "/var/lib/crater-agent-workspace/builds/worker-1-tc1/target:/opt/rustwide/target:rw,Z" "-v" "/var/lib/crater-agent-workspace/builds/worker-1-tc1/source:/opt/rustwide/workdir:ro,Z" "-v" "/var/lib/crater-agent-workspace/cargo-home:/opt/rustwide/cargo-home:ro,Z" "-v" "/var/lib/crater-agent-workspace/rustup-home:/opt/rustwide/rustup-home:ro,Z" "-e" "SOURCE_DIR=/opt/rustwide/workdir" "-e" "CARGO_TARGET_DIR=/opt/rustwide/target" "-e" "CARGO_HOME=/opt/rustwide/cargo-home" "-e" "RUSTUP_HOME=/opt/rustwide/rustup-home" "-w" "/opt/rustwide/workdir" "-m" "1610612736" "--user" "0:0" "--network" "none" "ghcr.io/rust-lang/crates-build-env/linux@sha256:2788e3201cd34a07e3172128adcd8b3090168a8e3bcc40d7c032b9dda1df7d1c" "/opt/rustwide/cargo-home/bin/cargo" "+1.75.0" "metadata" "--no-deps" "--format-version=1", kill_on_drop: false }`
[INFO] [stdout] 1bf467f1392421838cd22eec7e6eecd3b17ee0a883e200d95bfc14024a4246e6
[INFO] running `Command { std: "docker" "start" "-a" "1bf467f1392421838cd22eec7e6eecd3b17ee0a883e200d95bfc14024a4246e6", kill_on_drop: false }`
[INFO] running `Command { std: "docker" "inspect" "1bf467f1392421838cd22eec7e6eecd3b17ee0a883e200d95bfc14024a4246e6", kill_on_drop: false }`
[INFO] running `Command { std: "docker" "rm" "-f" "1bf467f1392421838cd22eec7e6eecd3b17ee0a883e200d95bfc14024a4246e6", kill_on_drop: false }`
[INFO] [stdout] 1bf467f1392421838cd22eec7e6eecd3b17ee0a883e200d95bfc14024a4246e6
[INFO] running `Command { std: "docker" "create" "-v" "/var/lib/crater-agent-workspace/builds/worker-1-tc1/target:/opt/rustwide/target:rw,Z" "-v" "/var/lib/crater-agent-workspace/builds/worker-1-tc1/source:/opt/rustwide/workdir:ro,Z" "-v" "/var/lib/crater-agent-workspace/cargo-home:/opt/rustwide/cargo-home:ro,Z" "-v" "/var/lib/crater-agent-workspace/rustup-home:/opt/rustwide/rustup-home:ro,Z" "-e" "SOURCE_DIR=/opt/rustwide/workdir" "-e" "CARGO_TARGET_DIR=/opt/rustwide/target" "-e" "CARGO_INCREMENTAL=0" "-e" "RUST_BACKTRACE=full" "-e" "RUSTFLAGS=--cap-lints=warn" "-e" "RUSTDOCFLAGS=--cap-lints=warn" "-e" "CARGO_HOME=/opt/rustwide/cargo-home" "-e" "RUSTUP_HOME=/opt/rustwide/rustup-home" "-w" "/opt/rustwide/workdir" "-m" "1610612736" "--user" "0:0" "--network" "none" "ghcr.io/rust-lang/crates-build-env/linux@sha256:2788e3201cd34a07e3172128adcd8b3090168a8e3bcc40d7c032b9dda1df7d1c" "/opt/rustwide/cargo-home/bin/cargo" "+1.75.0" "build" "--frozen" "--message-format=json", kill_on_drop: false }`
[INFO] [stdout] 03069770da0598e20c619f39b229cbc14b284c1a78005ae9c4e561a763325dca
[INFO] running `Command { std: "docker" "start" "-a" "03069770da0598e20c619f39b229cbc14b284c1a78005ae9c4e561a763325dca", kill_on_drop: false }`
[INFO] [stderr]    Compiling libc v0.2.123
[INFO] [stderr]    Compiling proc-macro2 v1.0.37
[INFO] [stderr]    Compiling unicode-xid v0.2.2
[INFO] [stderr]    Compiling syn v1.0.91
[INFO] [stderr]    Compiling log v0.4.16
[INFO] [stderr]    Compiling memchr v2.4.1
[INFO] [stderr]    Compiling bytes v1.1.0
[INFO] [stderr]    Compiling pin-project-lite v0.2.8
[INFO] [stderr]    Compiling futures-core v0.3.21
[INFO] [stderr]    Compiling itoa v1.0.1
[INFO] [stderr]    Compiling parking_lot_core v0.9.2
[INFO] [stderr]    Compiling scopeguard v1.1.0
[INFO] [stderr]    Compiling smallvec v1.8.0
[INFO] [stderr]    Compiling lock_api v0.4.7
[INFO] [stderr]    Compiling lazy_static v1.4.0
[INFO] [stderr]    Compiling typenum v1.15.0
[INFO] [stderr]    Compiling once_cell v1.10.0
[INFO] [stderr]    Compiling generic-array v0.14.5
[INFO] [stderr]    Compiling futures-sink v0.3.21
[INFO] [stderr]    Compiling futures-task v0.3.21
[INFO] [stderr]    Compiling futures-util v0.3.21
[INFO] [stderr]    Compiling serde_derive v1.0.137
[INFO] [stderr]    Compiling fnv v1.0.7
[INFO] [stderr]    Compiling tracing-core v0.1.26
[INFO] [stderr]    Compiling pin-utils v0.1.0
[INFO] [stderr]    Compiling serde v1.0.137
[INFO] [stderr]    Compiling slab v0.4.6
[INFO] [stderr]    Compiling percent-encoding v2.1.0
[INFO] [stderr]    Compiling tinyvec v1.5.1
[INFO] [stderr]    Compiling indexmap v1.8.1
[INFO] [stderr]    Compiling ppv-lite86 v0.2.16
[INFO] [stderr]    Compiling http v0.2.7
[INFO] [stderr]    Compiling httparse v1.7.0
[INFO] [stderr]    Compiling form_urlencoded v1.0.1
[INFO] [stderr]    Compiling bytestring v1.0.0
[INFO] [stderr]    Compiling regex-syntax v0.6.25
[INFO] [stderr]    Compiling zstd-safe v4.1.4+zstd.1.5.2
[INFO] [stderr]    Compiling cpufeatures v0.2.2
[INFO] [stderr]    Compiling crc32fast v1.3.2
[INFO] [stderr]    Compiling hashbrown v0.11.2
[INFO] [stderr]    Compiling unicode-bidi v0.3.7
[INFO] [stderr]    Compiling local-waker v0.1.2
[INFO] [stderr]    Compiling alloc-no-stdlib v2.0.3
[INFO] [stderr]    Compiling aho-corasick v0.7.18
[INFO] [stderr]    Compiling quote v1.0.18
[INFO] [stderr]    Compiling alloc-stdlib v0.2.1
[INFO] [stderr]    Compiling ahash v0.7.6
[INFO] [stderr]    Compiling crossbeam-utils v0.8.8
[INFO] [stderr]    Compiling mio v0.8.2
[INFO] [stderr]    Compiling socket2 v0.4.4
[INFO] [stderr]    Compiling signal-hook-registry v1.4.0
[INFO] [stderr]    Compiling getrandom v0.2.6
[INFO] [stderr]    Compiling jobserver v0.1.24
[INFO] [stderr]    Compiling firestorm v0.5.0
[INFO] [stderr]    Compiling adler v1.0.2
[INFO] [stderr]    Compiling parking_lot v0.12.0
[INFO] [stderr]    Compiling rand_core v0.6.3
[INFO] [stderr]    Compiling cc v1.0.73
[INFO] [stderr]    Compiling unicode-normalization v0.1.19
[INFO] [stderr]    Compiling base64 v0.13.0
[INFO] [stderr]    Compiling paste v1.0.7
[INFO] [stderr]    Compiling tokio v1.17.0
[INFO] [stderr]    Compiling rand_chacha v0.3.1
[INFO] [stderr]    Compiling encoding_rs v0.8.31
[INFO] [stderr]    Compiling miniz_oxide v0.5.1
[INFO] [stderr]    Compiling rand v0.8.5
[INFO] [stderr]    Compiling brotli-decompressor v2.3.2
[INFO] [stderr]    Compiling actix-utils v3.0.0
[INFO] [stderr]    Compiling cookie v0.16.0
[INFO] [stderr]    Compiling serde_json v1.0.79
[INFO] [stderr]    Compiling ryu v1.0.9
[INFO] [stderr]    Compiling actix-service v2.0.2
[INFO] [stderr]    Compiling idna v0.2.3
[INFO] [stderr]    Compiling num_threads v0.1.5
[INFO] [stderr]    Compiling convert_case v0.4.0
[INFO] [stderr]    Compiling crypto-common v0.1.3
[INFO] [stderr]    Compiling block-buffer v0.10.2
[INFO] [stderr]    Compiling time-macros v0.2.4
[INFO] [stderr]    Compiling flate2 v1.0.23
[INFO] [stderr]    Compiling digest v0.10.3
[INFO] [stderr]    Compiling regex v1.5.5
[INFO] [stderr]    Compiling zstd-sys v1.6.3+zstd.1.5.2
[INFO] [stderr]    Compiling sha-1 v0.10.0
[INFO] [stderr]    Compiling url v2.2.2
[INFO] [stderr]    Compiling num_cpus v1.13.1
[INFO] [stderr]    Compiling rustversion v1.0.6
[INFO] [stderr]    Compiling httpdate v1.0.2
[INFO] [stderr]    Compiling language-tags v0.3.2
[INFO] [stderr]    Compiling mime v0.3.16
[INFO] [stderr]    Compiling brotli v3.3.4
[INFO] [stderr]    Compiling crossbeam-channel v0.5.4
[INFO] [stderr]    Compiling atty v0.2.14
[INFO] [stderr]    Compiling utf-8 v0.7.6
[INFO] [stderr]    Compiling os_str_bytes v6.0.0
[INFO] [stderr]    Compiling termcolor v1.1.3
[INFO] [stderr]    Compiling heck v0.4.0
[INFO] [stderr]    Compiling clap_lex v0.2.0
[INFO] [stderr]    Compiling textwrap v0.15.0
[INFO] [stderr]    Compiling strsim v0.10.0
[INFO] [stderr]    Compiling colored v2.0.0
[INFO] [stderr]    Compiling clap v3.1.15
[INFO] [stderr]    Compiling time v0.3.9
[INFO] [stderr]    Compiling actix-router v0.5.0
[INFO] [stderr]    Compiling futures-macro v0.3.21
[INFO] [stderr]    Compiling tracing-attributes v0.1.20
[INFO] [stderr]    Compiling actix-macros v0.2.3
[INFO] [stderr]    Compiling derive_more v0.99.17
[INFO] [stderr]    Compiling thiserror-impl v1.0.30
[INFO] [stderr]    Compiling actix-rt v2.7.0
[INFO] [stderr]    Compiling tracing v0.1.34
[INFO] [stderr]    Compiling actix-web-codegen v4.0.0
[INFO] [stderr]    Compiling actix_derive v0.6.0
[INFO] [stderr]    Compiling strum_macros v0.24.0
[INFO] [stderr]    Compiling tokio-util v0.7.1
[INFO] [stderr]    Compiling actix-codec v0.5.0
[INFO] [stderr]    Compiling thiserror v1.0.30
[INFO] [stderr]    Compiling tungstenite v0.17.2
[INFO] [stderr]    Compiling h2 v0.3.13
[INFO] [stderr]    Compiling local-channel v0.1.2
[INFO] [stderr]    Compiling actix-server v2.1.1
[INFO] [stderr]    Compiling actix v0.13.0
[INFO] [stderr]    Compiling tokio-tungstenite v0.17.1
[INFO] [stderr]    Compiling serde_urlencoded v0.7.1
[INFO] [stderr]    Compiling uuid v0.8.2
[INFO] [stderr]    Compiling toml v0.5.9
[INFO] [stderr]    Compiling zstd v0.10.0+zstd.1.5.2
[INFO] [stderr]    Compiling actix-http v3.0.4
[INFO] [stderr]    Compiling actix-web v4.0.1
[INFO] [stderr]    Compiling actix-web-actors v4.1.0
[INFO] [stderr]    Compiling uno_server v0.1.1 (/opt/rustwide/workdir)
[INFO] [stdout] warning: unused variable: `disallowed_types`
[INFO] [stdout]    --> src/game.rs:718:13
[INFO] [stdout]     |
[INFO] [stdout] 718 |         let disallowed_types = vec![
[INFO] [stdout]     |             ^^^^^^^^^^^^^^^^ help: if this is intentional, prefix it with an underscore: `_disallowed_types`
[INFO] [stdout]     |
[INFO] [stdout]     = note: `#[warn(unused_variables)]` on by default
[INFO] [stdout] 
[INFO] [stdout] 
[INFO] [stdout] warning: unused variable: `deck`
[INFO] [stdout]    --> src/game.rs:717:31
[INFO] [stdout]     |
[INFO] [stdout] 717 |     fn get_allowed_start_card(deck: &VecDeque<Card>) -> Card {
[INFO] [stdout]     |                               ^^^^ help: if this is intentional, prefix it with an underscore: `_deck`
[INFO] [stdout] 
[INFO] [stdout] 
[INFO] [stdout] warning: 2 warnings emitted
[INFO] [stdout] 
[INFO] [stdout] 
[INFO] [stdout] warning: use of deprecated method `actix_web::App::<T>::data`: Use `.app_data(Data::new(val))` instead.
[INFO] [stdout]   --> src/main.rs:66:14
[INFO] [stdout]    |
[INFO] [stdout] 66 |             .data(chat_server.clone())
[INFO] [stdout]    |              ^^^^
[INFO] [stdout]    |
[INFO] [stdout]    = note: `#[warn(deprecated)]` on by default
[INFO] [stdout] 
[INFO] [stdout] 
[INFO] [stdout] warning: unused variable: `disallowed_types`
[INFO] [stdout]    --> src/game.rs:718:13
[INFO] [stdout]     |
[INFO] [stdout] 718 |         let disallowed_types = vec![
[INFO] [stdout]     |             ^^^^^^^^^^^^^^^^ help: if this is intentional, prefix it with an underscore: `_disallowed_types`
[INFO] [stdout]     |
[INFO] [stdout]     = note: `#[warn(unused_variables)]` on by default
[INFO] [stdout] 
[INFO] [stdout] 
[INFO] [stdout] warning: unused variable: `deck`
[INFO] [stdout]    --> src/game.rs:717:31
[INFO] [stdout]     |
[INFO] [stdout] 717 |     fn get_allowed_start_card(deck: &VecDeque<Card>) -> Card {
[INFO] [stdout]     |                               ^^^^ help: if this is intentional, prefix it with an underscore: `_deck`
[INFO] [stdout] 
[INFO] [stdout] 
[INFO] [stdout] warning: method `is_empty` is never used
[INFO] [stdout]   --> src/game.rs:99:12
[INFO] [stdout]    |
[INFO] [stdout] 81 | impl Players {
[INFO] [stdout]    | ------------ method in this implementation
[INFO] [stdout] ...
[INFO] [stdout] 99 |     pub fn is_empty(&self) -> bool {
[INFO] [stdout]    |            ^^^^^^^^
[INFO] [stdout]    |
[INFO] [stdout]    = note: `#[warn(dead_code)]` on by default
[INFO] [stdout] 
[INFO] [stdout] 
[INFO] [stdout] warning: 4 warnings emitted
[INFO] [stdout] 
[INFO] [stdout] 
[INFO] [stderr]     Finished dev [unoptimized + debuginfo] target(s) in 28.39s
[INFO] running `Command { std: "docker" "inspect" "03069770da0598e20c619f39b229cbc14b284c1a78005ae9c4e561a763325dca", kill_on_drop: false }`
[INFO] running `Command { std: "docker" "rm" "-f" "03069770da0598e20c619f39b229cbc14b284c1a78005ae9c4e561a763325dca", kill_on_drop: false }`
[INFO] [stdout] 03069770da0598e20c619f39b229cbc14b284c1a78005ae9c4e561a763325dca
[INFO] running `Command { std: "docker" "create" "-v" "/var/lib/crater-agent-workspace/builds/worker-1-tc1/target:/opt/rustwide/target:rw,Z" "-v" "/var/lib/crater-agent-workspace/builds/worker-1-tc1/source:/opt/rustwide/workdir:ro,Z" "-v" "/var/lib/crater-agent-workspace/cargo-home:/opt/rustwide/cargo-home:ro,Z" "-v" "/var/lib/crater-agent-workspace/rustup-home:/opt/rustwide/rustup-home:ro,Z" "-e" "SOURCE_DIR=/opt/rustwide/workdir" "-e" "CARGO_TARGET_DIR=/opt/rustwide/target" "-e" "CARGO_INCREMENTAL=0" "-e" "RUST_BACKTRACE=full" "-e" "RUSTFLAGS=--cap-lints=warn" "-e" "RUSTDOCFLAGS=--cap-lints=warn" "-e" "CARGO_HOME=/opt/rustwide/cargo-home" "-e" "RUSTUP_HOME=/opt/rustwide/rustup-home" "-w" "/opt/rustwide/workdir" "-m" "1610612736" "--user" "0:0" "--network" "none" "ghcr.io/rust-lang/crates-build-env/linux@sha256:2788e3201cd34a07e3172128adcd8b3090168a8e3bcc40d7c032b9dda1df7d1c" "/opt/rustwide/cargo-home/bin/cargo" "+1.75.0" "test" "--frozen" "--no-run" "--message-format=json", kill_on_drop: false }`
[INFO] [stdout] 481ba394da18179377d2a2d2c0974aad478666c64402e9d80d50b0bdd2747ea0
[INFO] running `Command { std: "docker" "start" "-a" "481ba394da18179377d2a2d2c0974aad478666c64402e9d80d50b0bdd2747ea0", kill_on_drop: false }`
[INFO] [stdout] warning: unused variable: `disallowed_types`
[INFO] [stdout]    --> src/game.rs:718:13
[INFO] [stdout]     |
[INFO] [stdout] 718 |         let disallowed_types = vec![
[INFO] [stdout]     |             ^^^^^^^^^^^^^^^^ help: if this is intentional, prefix it with an underscore: `_disallowed_types`
[INFO] [stdout]     |
[INFO] [stdout]     = note: `#[warn(unused_variables)]` on by default
[INFO] [stdout] 
[INFO] [stdout] 
[INFO] [stderr]    Compiling uno_server v0.1.1 (/opt/rustwide/workdir)
[INFO] [stdout] warning: unused variable: `deck`
[INFO] [stdout]    --> src/game.rs:717:31
[INFO] [stdout]     |
[INFO] [stdout] 717 |     fn get_allowed_start_card(deck: &VecDeque<Card>) -> Card {
[INFO] [stdout]     |                               ^^^^ help: if this is intentional, prefix it with an underscore: `_deck`
[INFO] [stdout] 
[INFO] [stdout] 
[INFO] [stdout] warning: 2 warnings emitted
[INFO] [stdout] 
[INFO] [stdout] 
[INFO] [stdout] warning: use of deprecated method `actix_web::App::<T>::data`: Use `.app_data(Data::new(val))` instead.
[INFO] [stdout]   --> src/main.rs:66:14
[INFO] [stdout]    |
[INFO] [stdout] 66 |             .data(chat_server.clone())
[INFO] [stdout]    |              ^^^^
[INFO] [stdout]    |
[INFO] [stdout]    = note: `#[warn(deprecated)]` on by default
[INFO] [stdout] 
[INFO] [stdout] 
[INFO] [stdout] warning: unused variable: `disallowed_types`
[INFO] [stdout]    --> src/game.rs:718:13
[INFO] [stdout]     |
[INFO] [stdout] 718 |         let disallowed_types = vec![
[INFO] [stdout]     |             ^^^^^^^^^^^^^^^^ help: if this is intentional, prefix it with an underscore: `_disallowed_types`
[INFO] [stdout]     |
[INFO] [stdout]     = note: `#[warn(unused_variables)]` on by default
[INFO] [stdout] 
[INFO] [stdout] 
[INFO] [stdout] warning: unused variable: `deck`
[INFO] [stdout]    --> src/game.rs:717:31
[INFO] [stdout]     |
[INFO] [stdout] 717 |     fn get_allowed_start_card(deck: &VecDeque<Card>) -> Card {
[INFO] [stdout]     |                               ^^^^ help: if this is intentional, prefix it with an underscore: `_deck`
[INFO] [stdout] 
[INFO] [stdout] 
[INFO] [stdout] warning: method `is_empty` is never used
[INFO] [stdout]   --> src/game.rs:99:12
[INFO] [stdout]    |
[INFO] [stdout] 81 | impl Players {
[INFO] [stdout]    | ------------ method in this implementation
[INFO] [stdout] ...
[INFO] [stdout] 99 |     pub fn is_empty(&self) -> bool {
[INFO] [stdout]    |            ^^^^^^^^
[INFO] [stdout]    |
[INFO] [stdout]    = note: `#[warn(dead_code)]` on by default
[INFO] [stdout] 
[INFO] [stdout] 
[INFO] [stdout] warning: 4 warnings emitted
[INFO] [stdout] 
[INFO] [stdout] 
[INFO] [stdout] warning: unused import: `actix_web::rt::net::TcpStream`
[INFO] [stdout]  --> tests/lobby.rs:2:5
[INFO] [stdout]   |
[INFO] [stdout] 2 | use actix_web::rt::net::TcpStream;
[INFO] [stdout]   |     ^^^^^^^^^^^^^^^^^^^^^^^^^^^^^
[INFO] [stdout]   |
[INFO] [stdout]   = note: `#[warn(unused_imports)]` on by default
[INFO] [stdout] 
[INFO] [stdout] 
[INFO] [stdout] warning: unused import: `futures_util::stream::SplitSink`
[INFO] [stdout]  --> tests/lobby.rs:4:5
[INFO] [stdout]   |
[INFO] [stdout] 4 | use futures_util::stream::SplitSink;
[INFO] [stdout]   |     ^^^^^^^^^^^^^^^^^^^^^^^^^^^^^^^
[INFO] [stdout] 
[INFO] [stdout] 
[INFO] [stdout] warning: unused imports: `MaybeTlsStream`, `WebSocketStream`
[INFO] [stdout]   --> tests/lobby.rs:14:72
[INFO] [stdout]    |
[INFO] [stdout] 14 |     connect_async, tungstenite::protocol::Message, tungstenite::Error, MaybeTlsStream,
[INFO] [stdout]    |                                                                        ^^^^^^^^^^^^^^
[INFO] [stdout] 15 |     WebSocketStream,
[INFO] [stdout]    |     ^^^^^^^^^^^^^^^
[INFO] [stdout] 
[INFO] [stdout] 
[INFO] [stdout] warning: use of deprecated method `actix_web::App::<T>::data`: Use `.app_data(Data::new(val))` instead.
[INFO] [stdout]   --> tests/lobby.rs:37:56
[INFO] [stdout]    |
[INFO] [stdout] 37 |             App::new().service(start_connection_route).data(chat_server)
[INFO] [stdout]    |                                                        ^^^^
[INFO] [stdout]    |
[INFO] [stdout]    = note: `#[warn(deprecated)]` on by default
[INFO] [stdout] 
[INFO] [stdout] 
[INFO] [stdout] warning: unused variable: `write`
[INFO] [stdout]   --> tests/lobby.rs:92:22
[INFO] [stdout]    |
[INFO] [stdout] 92 |             let (mut write, mut read) = ws_stream.split();
[INFO] [stdout]    |                      ^^^^^ help: if this is intentional, prefix it with an underscore: `_write`
[INFO] [stdout]    |
[INFO] [stdout]    = note: `#[warn(unused_variables)]` on by default
[INFO] [stdout] 
[INFO] [stdout] 
[INFO] [stdout] warning: unused variable: `read`
[INFO] [stdout]   --> tests/lobby.rs:92:33
[INFO] [stdout]    |
[INFO] [stdout] 92 |             let (mut write, mut read) = ws_stream.split();
[INFO] [stdout]    |                                 ^^^^ help: if this is intentional, prefix it with an underscore: `_read`
[INFO] [stdout] 
[INFO] [stdout] 
[INFO] [stdout] warning: variable does not need to be mutable
[INFO] [stdout]   --> tests/lobby.rs:92:18
[INFO] [stdout]    |
[INFO] [stdout] 92 |             let (mut write, mut read) = ws_stream.split();
[INFO] [stdout]    |                  ----^^^^^
[INFO] [stdout]    |                  |
[INFO] [stdout]    |                  help: remove this `mut`
[INFO] [stdout]    |
[INFO] [stdout]    = note: `#[warn(unused_mut)]` on by default
[INFO] [stdout] 
[INFO] [stdout] 
[INFO] [stdout] warning: variable does not need to be mutable
[INFO] [stdout]   --> tests/lobby.rs:92:29
[INFO] [stdout]    |
[INFO] [stdout] 92 |             let (mut write, mut read) = ws_stream.split();
[INFO] [stdout]    |                             ----^^^^
[INFO] [stdout]    |                             |
[INFO] [stdout]    |                             help: remove this `mut`
[INFO] [stdout] 
[INFO] [stdout] 
[INFO] [stdout] warning: use of deprecated method `actix_web::App::<T>::data`: Use `.app_data(Data::new(val))` instead.
[INFO] [stdout]   --> src/main.rs:66:14
[INFO] [stdout]    |
[INFO] [stdout] 66 |             .data(chat_server.clone())
[INFO] [stdout]    |              ^^^^
[INFO] [stdout]    |
[INFO] [stdout]    = note: `#[warn(deprecated)]` on by default
[INFO] [stdout] 
[INFO] [stdout] 
[INFO] [stdout] warning: unused variable: `disallowed_types`
[INFO] [stdout]    --> src/game.rs:718:13
[INFO] [stdout]     |
[INFO] [stdout] 718 |         let disallowed_types = vec![
[INFO] [stdout]     |             ^^^^^^^^^^^^^^^^ help: if this is intentional, prefix it with an underscore: `_disallowed_types`
[INFO] [stdout]     |
[INFO] [stdout]     = note: `#[warn(unused_variables)]` on by default
[INFO] [stdout] 
[INFO] [stdout] 
[INFO] [stdout] warning: unused variable: `deck`
[INFO] [stdout]    --> src/game.rs:717:31
[INFO] [stdout]     |
[INFO] [stdout] 717 |     fn get_allowed_start_card(deck: &VecDeque<Card>) -> Card {
[INFO] [stdout]     |                               ^^^^ help: if this is intentional, prefix it with an underscore: `_deck`
[INFO] [stdout] 
[INFO] [stdout] 
[INFO] [stdout] warning: unused variable: `disallowed_types`
[INFO] [stdout]    --> src/game.rs:718:13
[INFO] [stdout]     |
[INFO] [stdout] 718 |         let disallowed_types = vec![
[INFO] [stdout]     |             ^^^^^^^^^^^^^^^^ help: if this is intentional, prefix it with an underscore: `_disallowed_types`
[INFO] [stdout]     |
[INFO] [stdout]     = note: `#[warn(unused_variables)]` on by default
[INFO] [stdout] 
[INFO] [stdout] 
[INFO] [stdout] warning: unused variable: `deck`
[INFO] [stdout]    --> src/game.rs:717:31
[INFO] [stdout]     |
[INFO] [stdout] 717 |     fn get_allowed_start_card(deck: &VecDeque<Card>) -> Card {
[INFO] [stdout]     |                               ^^^^ help: if this is intentional, prefix it with an underscore: `_deck`
[INFO] [stdout] 
[INFO] [stdout] 
[INFO] [stdout] warning: method `is_empty` is never used
[INFO] [stdout]   --> src/game.rs:99:12
[INFO] [stdout]    |
[INFO] [stdout] 81 | impl Players {
[INFO] [stdout]    | ------------ method in this implementation
[INFO] [stdout] ...
[INFO] [stdout] 99 |     pub fn is_empty(&self) -> bool {
[INFO] [stdout]    |            ^^^^^^^^
[INFO] [stdout]    |
[INFO] [stdout]    = note: `#[warn(dead_code)]` on by default
[INFO] [stdout] 
[INFO] [stdout] 
[INFO] [stdout] warning: 2 warnings emitted
[INFO] [stdout] 
[INFO] [stdout] 
[INFO] [stdout] warning: 4 warnings emitted
[INFO] [stdout] 
[INFO] [stdout] 
[INFO] [stdout] warning: 8 warnings emitted
[INFO] [stdout] 
[INFO] [stdout] 
[INFO] [stderr]     Finished test [unoptimized + debuginfo] target(s) in 3.88s
[INFO] running `Command { std: "docker" "inspect" "481ba394da18179377d2a2d2c0974aad478666c64402e9d80d50b0bdd2747ea0", kill_on_drop: false }`
[INFO] running `Command { std: "docker" "rm" "-f" "481ba394da18179377d2a2d2c0974aad478666c64402e9d80d50b0bdd2747ea0", kill_on_drop: false }`
[INFO] [stdout] 481ba394da18179377d2a2d2c0974aad478666c64402e9d80d50b0bdd2747ea0
[INFO] running `Command { std: "docker" "create" "-v" "/var/lib/crater-agent-workspace/builds/worker-1-tc1/target:/opt/rustwide/target:rw,Z" "-v" "/var/lib/crater-agent-workspace/builds/worker-1-tc1/source:/opt/rustwide/workdir:ro,Z" "-v" "/var/lib/crater-agent-workspace/cargo-home:/opt/rustwide/cargo-home:ro,Z" "-v" "/var/lib/crater-agent-workspace/rustup-home:/opt/rustwide/rustup-home:ro,Z" "-e" "SOURCE_DIR=/opt/rustwide/workdir" "-e" "CARGO_TARGET_DIR=/opt/rustwide/target" "-e" "CARGO_INCREMENTAL=0" "-e" "RUST_BACKTRACE=full" "-e" "RUSTFLAGS=--cap-lints=warn" "-e" "RUSTDOCFLAGS=--cap-lints=warn" "-e" "CARGO_HOME=/opt/rustwide/cargo-home" "-e" "RUSTUP_HOME=/opt/rustwide/rustup-home" "-w" "/opt/rustwide/workdir" "-m" "1610612736" "--user" "0:0" "--network" "none" "ghcr.io/rust-lang/crates-build-env/linux@sha256:2788e3201cd34a07e3172128adcd8b3090168a8e3bcc40d7c032b9dda1df7d1c" "/opt/rustwide/cargo-home/bin/cargo" "+1.75.0" "test" "--frozen", kill_on_drop: false }`
[INFO] [stdout] 9e931778e406ab64f781da66861958de020417718d103ffcfb086c7303eb9650
[INFO] running `Command { std: "docker" "start" "-a" "9e931778e406ab64f781da66861958de020417718d103ffcfb086c7303eb9650", kill_on_drop: false }`
[INFO] [stderr] warning: unused variable: `disallowed_types`
[INFO] [stderr]    --> src/game.rs:718:13
[INFO] [stderr]     |
[INFO] [stderr] 718 |         let disallowed_types = vec![
[INFO] [stderr]     |             ^^^^^^^^^^^^^^^^ help: if this is intentional, prefix it with an underscore: `_disallowed_types`
[INFO] [stderr]     |
[INFO] [stderr]     = note: `#[warn(unused_variables)]` on by default
[INFO] [stderr] 
[INFO] [stderr] warning: unused variable: `deck`
[INFO] [stderr]    --> src/game.rs:717:31
[INFO] [stderr]     |
[INFO] [stderr] 717 |     fn get_allowed_start_card(deck: &VecDeque<Card>) -> Card {
[INFO] [stderr]     |                               ^^^^ help: if this is intentional, prefix it with an underscore: `_deck`
[INFO] [stderr] 
[INFO] [stderr] warning: `uno_server` (lib) generated 2 warnings (run `cargo fix --lib -p uno_server` to apply 2 suggestions)
[INFO] [stderr] warning: `uno_server` (lib test) generated 2 warnings (2 duplicates)
[INFO] [stderr] warning: unused import: `actix_web::rt::net::TcpStream`
[INFO] [stderr]  --> tests/lobby.rs:2:5
[INFO] [stderr]   |
[INFO] [stderr] 2 | use actix_web::rt::net::TcpStream;
[INFO] [stderr]   |     ^^^^^^^^^^^^^^^^^^^^^^^^^^^^^
[INFO] [stderr]   |
[INFO] [stderr]   = note: `#[warn(unused_imports)]` on by default
[INFO] [stderr] 
[INFO] [stderr] warning: unused import: `futures_util::stream::SplitSink`
[INFO] [stderr]  --> tests/lobby.rs:4:5
[INFO] [stderr]   |
[INFO] [stderr] 4 | use futures_util::stream::SplitSink;
[INFO] [stderr]   |     ^^^^^^^^^^^^^^^^^^^^^^^^^^^^^^^
[INFO] [stderr] 
[INFO] [stderr] warning: unused imports: `MaybeTlsStream`, `WebSocketStream`
[INFO] [stderr]   --> tests/lobby.rs:14:72
[INFO] [stderr]    |
[INFO] [stderr] 14 |     connect_async, tungstenite::protocol::Message, tungstenite::Error, MaybeTlsStream,
[INFO] [stderr]    |                                                                        ^^^^^^^^^^^^^^
[INFO] [stderr] 15 |     WebSocketStream,
[INFO] [stderr]    |     ^^^^^^^^^^^^^^^
[INFO] [stderr] 
[INFO] [stderr] warning: use of deprecated method `actix_web::App::<T>::data`: Use `.app_data(Data::new(val))` instead.
[INFO] [stderr]   --> tests/lobby.rs:37:56
[INFO] [stderr]    |
[INFO] [stderr] 37 |             App::new().service(start_connection_route).data(chat_server)
[INFO] [stderr]    |                                                        ^^^^
[INFO] [stderr]    |
[INFO] [stderr]    = note: `#[warn(deprecated)]` on by default
[INFO] [stderr] 
[INFO] [stderr] warning: unused variable: `write`
[INFO] [stderr]   --> tests/lobby.rs:92:22
[INFO] [stderr]    |
[INFO] [stderr] 92 |             let (mut write, mut read) = ws_stream.split();
[INFO] [stderr]    |                      ^^^^^ help: if this is intentional, prefix it with an underscore: `_write`
[INFO] [stderr]    |
[INFO] [stderr]    = note: `#[warn(unused_variables)]` on by default
[INFO] [stderr] 
[INFO] [stderr] warning: unused variable: `read`
[INFO] [stderr]   --> tests/lobby.rs:92:33
[INFO] [stderr]    |
[INFO] [stderr] 92 |             let (mut write, mut read) = ws_stream.split();
[INFO] [stderr]    |                                 ^^^^ help: if this is intentional, prefix it with an underscore: `_read`
[INFO] [stderr] 
[INFO] [stderr] warning: variable does not need to be mutable
[INFO] [stderr]   --> tests/lobby.rs:92:18
[INFO] [stderr]    |
[INFO] [stderr] 92 |             let (mut write, mut read) = ws_stream.split();
[INFO] [stderr]    |                  ----^^^^^
[INFO] [stderr]    |                  |
[INFO] [stderr]    |                  help: remove this `mut`
[INFO] [stderr]    |
[INFO] [stderr]    = note: `#[warn(unused_mut)]` on by default
[INFO] [stderr] 
[INFO] [stderr] warning: variable does not need to be mutable
[INFO] [stderr]   --> tests/lobby.rs:92:29
[INFO] [stderr]    |
[INFO] [stderr] 92 |             let (mut write, mut read) = ws_stream.split();
[INFO] [stderr]    |                             ----^^^^
[INFO] [stderr]    |                             |
[INFO] [stderr]    |                             help: remove this `mut`
[INFO] [stderr] 
[INFO] [stderr] warning: use of deprecated method `actix_web::App::<T>::data`: Use `.app_data(Data::new(val))` instead.
[INFO] [stderr]   --> src/main.rs:66:14
[INFO] [stderr]    |
[INFO] [stderr] 66 |             .data(chat_server.clone())
[INFO] [stderr]    |              ^^^^
[INFO] [stderr]    |
[INFO] [stderr]    = note: `#[warn(deprecated)]` on by default
[INFO] [stderr] 
[INFO] [stderr] warning: method `is_empty` is never used
[INFO] [stderr]   --> src/game.rs:99:12
[INFO] [stderr]    |
[INFO] [stderr] 81 | impl Players {
[INFO] [stderr]    | ------------ method in this implementation
[INFO] [stderr] ...
[INFO] [stderr] 99 |     pub fn is_empty(&self) -> bool {
[INFO] [stderr]    |            ^^^^^^^^
[INFO] [stderr]    |
[INFO] [stderr]    = note: `#[warn(dead_code)]` on by default
[INFO] [stderr] 
[INFO] [stderr] warning: `uno_server` (test "lobby") generated 8 warnings (run `cargo fix --test "lobby"` to apply 7 suggestions)
[INFO] [stderr] warning: `uno_server` (bin "uno_server") generated 4 warnings (2 duplicates)
[INFO] [stderr] warning: `uno_server` (bin "uno_server" test) generated 4 warnings (4 duplicates)
[INFO] [stderr]     Finished test [unoptimized + debuginfo] target(s) in 0.08s
[INFO] [stderr]      Running unittests src/lib.rs (/opt/rustwide/target/debug/deps/uno_server-8de42e9456332cc0)
[INFO] [stdout] 
[INFO] [stdout] running 0 tests
[INFO] [stdout] 
[INFO] [stdout] test result: ok. 0 passed; 0 failed; 0 ignored; 0 measured; 0 filtered out; finished in 0.00s
[INFO] [stdout] 
[INFO] [stderr]      Running unittests src/main.rs (/opt/rustwide/target/debug/deps/uno_server-3b2ad954e17fd378)
[INFO] [stdout] 
[INFO] [stdout] running 0 tests
[INFO] [stdout] 
[INFO] [stdout] test result: ok. 0 passed; 0 failed; 0 ignored; 0 measured; 0 filtered out; finished in 0.00s
[INFO] [stdout] 
[INFO] [stderr]      Running tests/lobby.rs (/opt/rustwide/target/debug/deps/lobby-4aee3c54b258d206)
[INFO] [stdout] 
[INFO] [stdout] running 2 tests
[INFO] [stdout] test tests::connection_works ... ok
[INFO] [stdout] test tests::game_start ... FAILED
[INFO] [stdout] 
[INFO] [stdout] failures:
[INFO] [stdout] 
[INFO] [stdout] ---- tests::game_start stdout ----
[INFO] [stdout] [tests/lobby.rs:46] port = 37287
[INFO] [stdout] Connection is waiting to join...
[INFO] [stdout] Connection is waiting to join...
[INFO] [stdout] thread 'tests::game_start' panicked at tests/lobby.rs:161:13:
[INFO] [stdout] Two instances were created withour emiting an error and (or) game was started without permission
[INFO] [stdout] stack backtrace:
[INFO] [stdout]    0:     0x56255572877c - std::backtrace_rs::backtrace::libunwind::trace::ha637c64ce894333a
[INFO] [stdout]                                at /rustc/82e1608dfa6e0b5569232559e3d385fea5a93112/library/std/src/../../backtrace/src/backtrace/libunwind.rs:104:5
[INFO] [stdout]    1:     0x56255572877c - std::backtrace_rs::backtrace::trace_unsynchronized::h47f62dea28e0c88d
[INFO] [stdout]                                at /rustc/82e1608dfa6e0b5569232559e3d385fea5a93112/library/std/src/../../backtrace/src/backtrace/mod.rs:66:5
[INFO] [stdout]    2:     0x56255572877c - std::sys_common::backtrace::_print_fmt::h9eef0abe20ede486
[INFO] [stdout]                                at /rustc/82e1608dfa6e0b5569232559e3d385fea5a93112/library/std/src/sys_common/backtrace.rs:67:5
[INFO] [stdout]    3:     0x56255572877c - <std::sys_common::backtrace::_print::DisplayBacktrace as core::fmt::Display>::fmt::hed7f999df88cc644
[INFO] [stdout]                                at /rustc/82e1608dfa6e0b5569232559e3d385fea5a93112/library/std/src/sys_common/backtrace.rs:44:22
[INFO] [stdout]    4:     0x562555756590 - core::fmt::rt::Argument::fmt::h1539a9308b8d058d
[INFO] [stdout]                                at /rustc/82e1608dfa6e0b5569232559e3d385fea5a93112/library/core/src/fmt/rt.rs:142:9
[INFO] [stdout]    5:     0x562555756590 - core::fmt::write::h3a39390d8560d9c9
[INFO] [stdout]                                at /rustc/82e1608dfa6e0b5569232559e3d385fea5a93112/library/core/src/fmt/mod.rs:1120:17
[INFO] [stdout]    6:     0x56255572576f - std::io::Write::write_fmt::h040b369f3a0f9cbc
[INFO] [stdout]                                at /rustc/82e1608dfa6e0b5569232559e3d385fea5a93112/library/std/src/io/mod.rs:1762:15
[INFO] [stdout]    7:     0x562555728564 - std::sys_common::backtrace::_print::h894006fb5c6f3d45
[INFO] [stdout]                                at /rustc/82e1608dfa6e0b5569232559e3d385fea5a93112/library/std/src/sys_common/backtrace.rs:47:5
[INFO] [stdout]    8:     0x562555728564 - std::sys_common::backtrace::print::h23a2d212c6fff936
[INFO] [stdout]                                at /rustc/82e1608dfa6e0b5569232559e3d385fea5a93112/library/std/src/sys_common/backtrace.rs:34:9
[INFO] [stdout]    9:     0x56255572a227 - std::panicking::default_hook::{{closure}}::h8a1d2ee00185001a
[INFO] [stdout]   10:     0x562555729f13 - std::panicking::default_hook::h6038f2eba384e475
[INFO] [stdout]                                at /rustc/82e1608dfa6e0b5569232559e3d385fea5a93112/library/std/src/panicking.rs:289:9
[INFO] [stdout]   11:     0x562555103057 - <alloc::boxed::Box<F,A> as core::ops::function::Fn<Args>>::call::h0ad024c9bdc6d768
[INFO] [stdout]                                at /rustc/82e1608dfa6e0b5569232559e3d385fea5a93112/library/alloc/src/boxed.rs:2021:9
[INFO] [stdout]   12:     0x562555103057 - test::test_main::{{closure}}::h7500b54257359db6
[INFO] [stdout]                                at /rustc/82e1608dfa6e0b5569232559e3d385fea5a93112/library/test/src/lib.rs:138:21
[INFO] [stdout]   13:     0x56255572a838 - <alloc::boxed::Box<F,A> as core::ops::function::Fn<Args>>::call::h1f8f335eaa9cfaee
[INFO] [stdout]                                at /rustc/82e1608dfa6e0b5569232559e3d385fea5a93112/library/alloc/src/boxed.rs:2021:9
[INFO] [stdout]   14:     0x56255572a838 - std::panicking::rust_panic_with_hook::h2b5517d590cab22e
[INFO] [stdout]                                at /rustc/82e1608dfa6e0b5569232559e3d385fea5a93112/library/std/src/panicking.rs:783:13
[INFO] [stdout]   15:     0x56255572a559 - std::panicking::begin_panic_handler::{{closure}}::h233112c06e0ef43e
[INFO] [stdout]                                at /rustc/82e1608dfa6e0b5569232559e3d385fea5a93112/library/std/src/panicking.rs:649:13
[INFO] [stdout]   16:     0x562555728c46 - std::sys_common::backtrace::__rust_end_short_backtrace::h6e893f24d7ebbff8
[INFO] [stdout]                                at /rustc/82e1608dfa6e0b5569232559e3d385fea5a93112/library/std/src/sys_common/backtrace.rs:170:18
[INFO] [stdout]   17:     0x56255572a2f2 - rust_begin_unwind
[INFO] [stdout]                                at /rustc/82e1608dfa6e0b5569232559e3d385fea5a93112/library/std/src/panicking.rs:645:5
[INFO] [stdout]   18:     0x562554fd04e5 - core::panicking::panic_fmt::hbf0e066aabfa482c
[INFO] [stdout]                                at /rustc/82e1608dfa6e0b5569232559e3d385fea5a93112/library/core/src/panicking.rs:72:14
[INFO] [stdout]   19:     0x56255509b09e - lobby::tests::game_start::{{closure}}::{{closure}}::hc0ae4959c4165f2c
[INFO] [stdout]                                at /opt/rustwide/workdir/tests/lobby.rs:161:13
[INFO] [stdout]   20:     0x5625550618ca - tokio::runtime::task::core::CoreStage<T>::poll::{{closure}}::heb0cfccb9347124e
[INFO] [stdout]                                at /opt/rustwide/cargo-home/registry/src/index.crates.io-6f17d22bba15001f/tokio-1.17.0/src/runtime/task/core.rs:161:17
[INFO] [stdout]   21:     0x56255502aac0 - tokio::loom::std::unsafe_cell::UnsafeCell<T>::with_mut::h981e532788e6b749
[INFO] [stdout]                                at /opt/rustwide/cargo-home/registry/src/index.crates.io-6f17d22bba15001f/tokio-1.17.0/src/loom/std/unsafe_cell.rs:14:9
[INFO] [stdout]   22:     0x562555061587 - tokio::runtime::task::core::CoreStage<T>::poll::hcd7283fb183ee16c
[INFO] [stdout]                                at /opt/rustwide/cargo-home/registry/src/index.crates.io-6f17d22bba15001f/tokio-1.17.0/src/runtime/task/core.rs:151:13
[INFO] [stdout]   23:     0x562555089e24 - tokio::runtime::task::harness::poll_future::{{closure}}::h5e210217f884e1ce
[INFO] [stdout]                                at /opt/rustwide/cargo-home/registry/src/index.crates.io-6f17d22bba15001f/tokio-1.17.0/src/runtime/task/harness.rs:467:19
[INFO] [stdout]   24:     0x5625550c8f73 - <core::panic::unwind_safe::AssertUnwindSafe<F> as core::ops::function::FnOnce<()>>::call_once::h9c81882a2264b332
[INFO] [stdout]                                at /rustc/82e1608dfa6e0b5569232559e3d385fea5a93112/library/core/src/panic/unwind_safe.rs:272:9
[INFO] [stdout]   25:     0x5625550329c5 - std::panicking::try::do_call::hb4d8c6648a2d1e41
[INFO] [stdout]                                at /rustc/82e1608dfa6e0b5569232559e3d385fea5a93112/library/std/src/panicking.rs:552:40
[INFO] [stdout]   26:     0x56255503b52b - __rust_try
[INFO] [stdout]   27:     0x5625550323a8 - std::panicking::try::hf90a81b6d87d1848
[INFO] [stdout]                                at /rustc/82e1608dfa6e0b5569232559e3d385fea5a93112/library/std/src/panicking.rs:516:19
[INFO] [stdout]   28:     0x56255501177a - std::panic::catch_unwind::h0883dbea683a6791
[INFO] [stdout]                                at /rustc/82e1608dfa6e0b5569232559e3d385fea5a93112/library/std/src/panic.rs:142:14
[INFO] [stdout]   29:     0x5625550898bb - tokio::runtime::task::harness::poll_future::he18641098b89ff57
[INFO] [stdout]                                at /opt/rustwide/cargo-home/registry/src/index.crates.io-6f17d22bba15001f/tokio-1.17.0/src/runtime/task/harness.rs:455:18
[INFO] [stdout]   30:     0x56255508a3cf - tokio::runtime::task::harness::Harness<T,S>::poll_inner::h21876c0dfa6e4135
[INFO] [stdout]                                at /opt/rustwide/cargo-home/registry/src/index.crates.io-6f17d22bba15001f/tokio-1.17.0/src/runtime/task/harness.rs:103:27
[INFO] [stdout]   31:     0x56255508c0d3 - tokio::runtime::task::harness::Harness<T,S>::poll::h19d0c79dde7fdcd6
[INFO] [stdout]                                at /opt/rustwide/cargo-home/registry/src/index.crates.io-6f17d22bba15001f/tokio-1.17.0/src/runtime/task/harness.rs:57:15
[INFO] [stdout]   32:     0x562555045b6b - tokio::runtime::task::raw::poll::h06a677dffb38b950
[INFO] [stdout]                                at /opt/rustwide/cargo-home/registry/src/index.crates.io-6f17d22bba15001f/tokio-1.17.0/src/runtime/task/raw.rs:128:5
[INFO] [stdout]   33:     0x562555691e97 - tokio::runtime::task::raw::RawTask::poll::h8cf5edaeff7d9e68
[INFO] [stdout]                                at /opt/rustwide/cargo-home/registry/src/index.crates.io-6f17d22bba15001f/tokio-1.17.0/src/runtime/task/raw.rs:80:18
[INFO] [stdout]   34:     0x562555699082 - tokio::runtime::task::LocalNotified<S>::run::h19707f2abefffb7e
[INFO] [stdout]                                at /opt/rustwide/cargo-home/registry/src/index.crates.io-6f17d22bba15001f/tokio-1.17.0/src/runtime/task/mod.rs:347:9
[INFO] [stdout]   35:     0x562555672f2b - tokio::task::local::LocalSet::tick::{{closure}}::h083e5b4702d60274
[INFO] [stdout]                                at /opt/rustwide/cargo-home/registry/src/index.crates.io-6f17d22bba15001f/tokio-1.17.0/src/task/local.rs:523:54
[INFO] [stdout]   36:     0x562555698cbc - tokio::coop::with_budget::{{closure}}::hf9e0fa694d2de96b
[INFO] [stdout]                                at /opt/rustwide/cargo-home/registry/src/index.crates.io-6f17d22bba15001f/tokio-1.17.0/src/coop.rs:102:9
[INFO] [stdout]   37:     0x56255567b6c9 - std::thread::local::LocalKey<T>::try_with::h800c6ef05813f4a8
[INFO] [stdout]                                at /rustc/82e1608dfa6e0b5569232559e3d385fea5a93112/library/std/src/thread/local.rs:270:16
[INFO] [stdout]   38:     0x56255567a34b - std::thread::local::LocalKey<T>::with::hb8348acd471cbc08
[INFO] [stdout]                                at /rustc/82e1608dfa6e0b5569232559e3d385fea5a93112/library/std/src/thread/local.rs:246:9
[INFO] [stdout]   39:     0x562555672ef0 - tokio::coop::with_budget::h43eac6314b1229f7
[INFO] [stdout]                                at /opt/rustwide/cargo-home/registry/src/index.crates.io-6f17d22bba15001f/tokio-1.17.0/src/coop.rs:95:5
[INFO] [stdout]   40:     0x562555672ef0 - tokio::coop::budget::h7b83d285b797c46a
[INFO] [stdout]                                at /opt/rustwide/cargo-home/registry/src/index.crates.io-6f17d22bba15001f/tokio-1.17.0/src/coop.rs:72:5
[INFO] [stdout]   41:     0x562555672ef0 - tokio::task::local::LocalSet::tick::h4c95de4eb93efe86
[INFO] [stdout]                                at /opt/rustwide/cargo-home/registry/src/index.crates.io-6f17d22bba15001f/tokio-1.17.0/src/task/local.rs:523:31
[INFO] [stdout]   42:     0x562554fe7340 - <tokio::task::local::RunUntil<T> as core::future::future::Future>::poll::{{closure}}::h6cead12ec1db7386
[INFO] [stdout]                                at /opt/rustwide/cargo-home/registry/src/index.crates.io-6f17d22bba15001f/tokio-1.17.0/src/task/local.rs:648:16
[INFO] [stdout]   43:     0x5625550cd6dc - tokio::macros::scoped_tls::ScopedKey<T>::set::h6206cc6efce1759c
[INFO] [stdout]                                at /opt/rustwide/cargo-home/registry/src/index.crates.io-6f17d22bba15001f/tokio-1.17.0/src/macros/scoped_tls.rs:61:9
[INFO] [stdout]   44:     0x562554fe5d73 - tokio::task::local::LocalSet::with::h39e60c70d17efad4
[INFO] [stdout]                                at /opt/rustwide/cargo-home/registry/src/index.crates.io-6f17d22bba15001f/tokio-1.17.0/src/task/local.rs:561:9
[INFO] [stdout]   45:     0x562554fe6e59 - <tokio::task::local::RunUntil<T> as core::future::future::Future>::poll::hb48ff70adb60ebe6
[INFO] [stdout]                                at /opt/rustwide/cargo-home/registry/src/index.crates.io-6f17d22bba15001f/tokio-1.17.0/src/task/local.rs:634:9
[INFO] [stdout]   46:     0x562554fe607a - tokio::task::local::LocalSet::run_until::{{closure}}::h3db860089a8ab0f7
[INFO] [stdout]                                at /opt/rustwide/cargo-home/registry/src/index.crates.io-6f17d22bba15001f/tokio-1.17.0/src/task/local.rs:507:19
[INFO] [stdout]   47:     0x5625550a2a1a - <core::pin::Pin<P> as core::future::future::Future>::poll::hd0e52f8eca9b31b4
[INFO] [stdout]                                at /rustc/82e1608dfa6e0b5569232559e3d385fea5a93112/library/core/src/future/future.rs:125:9
[INFO] [stdout]   48:     0x56255503ae63 - tokio::runtime::basic_scheduler::CoreGuard::block_on::{{closure}}::{{closure}}::{{closure}}::hff793f6ed8c447f5
[INFO] [stdout]                                at /opt/rustwide/cargo-home/registry/src/index.crates.io-6f17d22bba15001f/tokio-1.17.0/src/runtime/basic_scheduler.rs:498:48
[INFO] [stdout]   49:     0x562554fe435a - tokio::coop::with_budget::{{closure}}::hbc1b456b71d6b032
[INFO] [stdout]                                at /opt/rustwide/cargo-home/registry/src/index.crates.io-6f17d22bba15001f/tokio-1.17.0/src/coop.rs:102:9
[INFO] [stdout]   50:     0x562555025b3d - std::thread::local::LocalKey<T>::try_with::hf71502876acef44b
[INFO] [stdout]                                at /rustc/82e1608dfa6e0b5569232559e3d385fea5a93112/library/std/src/thread/local.rs:270:16
[INFO] [stdout]   51:     0x5625550240ad - std::thread::local::LocalKey<T>::with::h44020503e6fbba80
[INFO] [stdout]                                at /rustc/82e1608dfa6e0b5569232559e3d385fea5a93112/library/std/src/thread/local.rs:246:9
[INFO] [stdout]   52:     0x56255503abfe - tokio::coop::with_budget::h67cd2f2cf3e86ec1
[INFO] [stdout]                                at /opt/rustwide/cargo-home/registry/src/index.crates.io-6f17d22bba15001f/tokio-1.17.0/src/coop.rs:95:5
[INFO] [stdout]   53:     0x56255503abfe - tokio::coop::budget::hd1b3f7e6ab6b8e6c
[INFO] [stdout]                                at /opt/rustwide/cargo-home/registry/src/index.crates.io-6f17d22bba15001f/tokio-1.17.0/src/coop.rs:72:5
[INFO] [stdout]   54:     0x56255503abfe - tokio::runtime::basic_scheduler::CoreGuard::block_on::{{closure}}::{{closure}}::h0e22e8b4ab8551c6
[INFO] [stdout]                                at /opt/rustwide/cargo-home/registry/src/index.crates.io-6f17d22bba15001f/tokio-1.17.0/src/runtime/basic_scheduler.rs:498:25
[INFO] [stdout]   55:     0x5625550389ad - tokio::runtime::basic_scheduler::Context::enter::hd88ae26426abc696
[INFO] [stdout]                                at /opt/rustwide/cargo-home/registry/src/index.crates.io-6f17d22bba15001f/tokio-1.17.0/src/runtime/basic_scheduler.rs:356:19
[INFO] [stdout]   56:     0x562555039d2b - tokio::runtime::basic_scheduler::CoreGuard::block_on::{{closure}}::h364efdecfcf5d67f
[INFO] [stdout]                                at /opt/rustwide/cargo-home/registry/src/index.crates.io-6f17d22bba15001f/tokio-1.17.0/src/runtime/basic_scheduler.rs:497:36
[INFO] [stdout]   57:     0x562555039a42 - tokio::runtime::basic_scheduler::CoreGuard::enter::{{closure}}::he072f9c5a44272a2
[INFO] [stdout]                                at /opt/rustwide/cargo-home/registry/src/index.crates.io-6f17d22bba15001f/tokio-1.17.0/src/runtime/basic_scheduler.rs:555:57
[INFO] [stdout]   58:     0x5625550cd92c - tokio::macros::scoped_tls::ScopedKey<T>::set::hc356183c6f5d3f07
[INFO] [stdout]                                at /opt/rustwide/cargo-home/registry/src/index.crates.io-6f17d22bba15001f/tokio-1.17.0/src/macros/scoped_tls.rs:61:9
[INFO] [stdout]   59:     0x562555039344 - tokio::runtime::basic_scheduler::CoreGuard::enter::h5bdef52ecf6ff903
[INFO] [stdout]                                at /opt/rustwide/cargo-home/registry/src/index.crates.io-6f17d22bba15001f/tokio-1.17.0/src/runtime/basic_scheduler.rs:555:27
[INFO] [stdout]   60:     0x562555039a88 - tokio::runtime::basic_scheduler::CoreGuard::block_on::h9ac4171e7a81a1cc
[INFO] [stdout]                                at /opt/rustwide/cargo-home/registry/src/index.crates.io-6f17d22bba15001f/tokio-1.17.0/src/runtime/basic_scheduler.rs:488:9
[INFO] [stdout]   61:     0x562555037618 - tokio::runtime::basic_scheduler::BasicScheduler::block_on::h75e1246887aeba46
[INFO] [stdout]                                at /opt/rustwide/cargo-home/registry/src/index.crates.io-6f17d22bba15001f/tokio-1.17.0/src/runtime/basic_scheduler.rs:168:24
[INFO] [stdout]   62:     0x562555046868 - tokio::runtime::Runtime::block_on::hdabc3f25ef0b96b6
[INFO] [stdout]                                at /opt/rustwide/cargo-home/registry/src/index.crates.io-6f17d22bba15001f/tokio-1.17.0/src/runtime/mod.rs:475:46
[INFO] [stdout]   63:     0x562554fe5dec - tokio::task::local::LocalSet::block_on::h9ff0989b47362ef8
[INFO] [stdout]                                at /opt/rustwide/cargo-home/registry/src/index.crates.io-6f17d22bba15001f/tokio-1.17.0/src/task/local.rs:468:9
[INFO] [stdout]   64:     0x5625550131f4 - actix_rt::runtime::Runtime::block_on::h06aa77b245c8cdf9
[INFO] [stdout]                                at /opt/rustwide/cargo-home/registry/src/index.crates.io-6f17d22bba15001f/actix-rt-2.7.0/src/runtime.rs:80:9
[INFO] [stdout]   65:     0x56255506280e - actix_rt::system::SystemRunner::block_on::hc9ad01d34fed159f
[INFO] [stdout]                                at /opt/rustwide/cargo-home/registry/src/index.crates.io-6f17d22bba15001f/actix-rt-2.7.0/src/system.rs:209:9
[INFO] [stdout]   66:     0x5625550998f2 - lobby::tests::game_start::h275e3904b02a4037
[INFO] [stdout]                                at /opt/rustwide/workdir/tests/lobby.rs:100:5
[INFO] [stdout]   67:     0x5625550998a7 - lobby::tests::game_start::{{closure}}::h9421a096f1003d00
[INFO] [stdout]                                at /opt/rustwide/workdir/tests/lobby.rs:101:30
[INFO] [stdout]   68:     0x562555078c96 - core::ops::function::FnOnce::call_once::h543c49cf8b612d2b
[INFO] [stdout]                                at /rustc/82e1608dfa6e0b5569232559e3d385fea5a93112/library/core/src/ops/function.rs:250:5
[INFO] [stdout]   69:     0x5625551086af - core::ops::function::FnOnce::call_once::h2b5d431d5046312d
[INFO] [stdout]                                at /rustc/82e1608dfa6e0b5569232559e3d385fea5a93112/library/core/src/ops/function.rs:250:5
[INFO] [stdout]   70:     0x5625551086af - test::__rust_begin_short_backtrace::h7714669af176e207
[INFO] [stdout]                                at /rustc/82e1608dfa6e0b5569232559e3d385fea5a93112/library/test/src/lib.rs:628:18
[INFO] [stdout]   71:     0x5625551076c5 - test::run_test_in_process::{{closure}}::h85218797dcbcec12
[INFO] [stdout]                                at /rustc/82e1608dfa6e0b5569232559e3d385fea5a93112/library/test/src/lib.rs:651:60
[INFO] [stdout]   72:     0x5625551076c5 - <core::panic::unwind_safe::AssertUnwindSafe<F> as core::ops::function::FnOnce<()>>::call_once::h76c106ea31c14d7b
[INFO] [stdout]                                at /rustc/82e1608dfa6e0b5569232559e3d385fea5a93112/library/core/src/panic/unwind_safe.rs:272:9
[INFO] [stdout]   73:     0x5625551076c5 - std::panicking::try::do_call::h3bd5d0f6620ee946
[INFO] [stdout]                                at /rustc/82e1608dfa6e0b5569232559e3d385fea5a93112/library/std/src/panicking.rs:552:40
[INFO] [stdout]   74:     0x5625551076c5 - std::panicking::try::h232e535e4744fe31
[INFO] [stdout]                                at /rustc/82e1608dfa6e0b5569232559e3d385fea5a93112/library/std/src/panicking.rs:516:19
[INFO] [stdout]   75:     0x5625551076c5 - std::panic::catch_unwind::h3ce3bd6ca8dbac68
[INFO] [stdout]                                at /rustc/82e1608dfa6e0b5569232559e3d385fea5a93112/library/std/src/panic.rs:142:14
[INFO] [stdout]   76:     0x5625551076c5 - test::run_test_in_process::hc97b257c9621286a
[INFO] [stdout]                                at /rustc/82e1608dfa6e0b5569232559e3d385fea5a93112/library/test/src/lib.rs:651:27
[INFO] [stdout]   77:     0x5625551076c5 - test::run_test::{{closure}}::h2aa798823a438d38
[INFO] [stdout]                                at /rustc/82e1608dfa6e0b5569232559e3d385fea5a93112/library/test/src/lib.rs:574:43
[INFO] [stdout]   78:     0x5625550cf986 - test::run_test::{{closure}}::h87d231c78fb59832
[INFO] [stdout]                                at /rustc/82e1608dfa6e0b5569232559e3d385fea5a93112/library/test/src/lib.rs:602:41
[INFO] [stdout]   79:     0x5625550cf986 - std::sys_common::backtrace::__rust_begin_short_backtrace::he6df152596625789
[INFO] [stdout]                                at /rustc/82e1608dfa6e0b5569232559e3d385fea5a93112/library/std/src/sys_common/backtrace.rs:154:18
[INFO] [stdout]   80:     0x5625550d4a37 - std::thread::Builder::spawn_unchecked_::{{closure}}::{{closure}}::ha94be15d1e0acf36
[INFO] [stdout]                                at /rustc/82e1608dfa6e0b5569232559e3d385fea5a93112/library/std/src/thread/mod.rs:529:17
[INFO] [stdout]   81:     0x5625550d4a37 - <core::panic::unwind_safe::AssertUnwindSafe<F> as core::ops::function::FnOnce<()>>::call_once::h9dc6bd6372f16606
[INFO] [stdout]                                at /rustc/82e1608dfa6e0b5569232559e3d385fea5a93112/library/core/src/panic/unwind_safe.rs:272:9
[INFO] [stdout]   82:     0x5625550d4a37 - std::panicking::try::do_call::h9057517f80303cd4
[INFO] [stdout]                                at /rustc/82e1608dfa6e0b5569232559e3d385fea5a93112/library/std/src/panicking.rs:552:40
[INFO] [stdout]   83:     0x5625550d4a37 - std::panicking::try::he3a30b11ee45340c
[INFO] [stdout]                                at /rustc/82e1608dfa6e0b5569232559e3d385fea5a93112/library/std/src/panicking.rs:516:19
[INFO] [stdout]   84:     0x5625550d4a37 - std::panic::catch_unwind::h410458cfd3528b8b
[INFO] [stdout]                                at /rustc/82e1608dfa6e0b5569232559e3d385fea5a93112/library/std/src/panic.rs:142:14
[INFO] [stdout]   85:     0x5625550d4a37 - std::thread::Builder::spawn_unchecked_::{{closure}}::h72ac3bdb567b737b
[INFO] [stdout]                                at /rustc/82e1608dfa6e0b5569232559e3d385fea5a93112/library/std/src/thread/mod.rs:528:30
[INFO] [stdout]   86:     0x5625550d4a37 - core::ops::function::FnOnce::call_once{{vtable.shim}}::h38f34da3654a8344
[INFO] [stdout]                                at /rustc/82e1608dfa6e0b5569232559e3d385fea5a93112/library/core/src/ops/function.rs:250:5
[INFO] [stdout]   87:     0x56255572f4f5 - <alloc::boxed::Box<F,A> as core::ops::function::FnOnce<Args>>::call_once::hc7eafaff61e32df9
[INFO] [stdout]                                at /rustc/82e1608dfa6e0b5569232559e3d385fea5a93112/library/alloc/src/boxed.rs:2007:9
[INFO] [stdout]   88:     0x56255572f4f5 - <alloc::boxed::Box<F,A> as core::ops::function::FnOnce<Args>>::call_once::h6ba4a5de48dd2304
[INFO] [stdout]                                at /rustc/82e1608dfa6e0b5569232559e3d385fea5a93112/library/alloc/src/boxed.rs:2007:9
[INFO] [stdout]   89:     0x56255572f4f5 - std::sys::unix::thread::Thread::new::thread_start::he469335aef763e45
[INFO] [stdout]                                at /rustc/82e1608dfa6e0b5569232559e3d385fea5a93112/library/std/src/sys/unix/thread.rs:108:17
[INFO] [stdout]   90:     0x7f963b98dac3 - <unknown>
[INFO] [stdout]   91:     0x7f963ba1ebf4 - __clone
[INFO] [stdout]   92:                0x0 - <unknown>
[INFO] [stdout] DEBUG: [71497adb-70a8-482d-851e-f5ce94377164] 8f629c8d-c029-4dd6-8d24-df48449d0c82 > Object({"type": String("REGISTER"), "username": String("test_1")}) 
[INFO] [stdout] DEBUG: [0bd198e4-10f5-43d3-96eb-eb801bca82af] 30f9403a-6ebd-4970-944d-7b84e6335ae7 > Object({"type": String("REGISTER"), "username": String("test_2")}) 
[INFO] [stdout] DEBUG: [0bd198e4-10f5-43d3-96eb-eb801bca82af] 30f9403a-6ebd-4970-944d-7b84e6335ae7 > Object({"type": String("REGISTER"), "username": String("test_2")}) 
[INFO] [stdout] DEBUG: [0bd198e4-10f5-43d3-96eb-eb801bca82af] 30f9403a-6ebd-4970-944d-7b84e6335ae7 > Object({"options": String("None"), "type": String("START-GAME")}) 
[INFO] [stdout] Error: JoinError::Panic(...)
[INFO] [stdout] 
[INFO] [stdout] 
[INFO] [stdout] failures:
[INFO] [stdout]     tests::game_start
[INFO] [stdout] 
[INFO] [stdout] test result: FAILED. 1 passed; 1 failed; 0 ignored; 0 measured; 0 filtered out; finished in 0.10s
[INFO] [stdout] 
[INFO] [stderr] error: test failed, to rerun pass `--test lobby`
[INFO] running `Command { std: "docker" "inspect" "9e931778e406ab64f781da66861958de020417718d103ffcfb086c7303eb9650", kill_on_drop: false }`
[INFO] running `Command { std: "docker" "rm" "-f" "9e931778e406ab64f781da66861958de020417718d103ffcfb086c7303eb9650", kill_on_drop: false }`
[INFO] [stdout] 9e931778e406ab64f781da66861958de020417718d103ffcfb086c7303eb9650
[INFO] testing TuuKeZu/rust-uno-server against beta-2023-12-22 for beta-1.76-1
[INFO] running `Command { std: "git" "clone" "/workspace/cache/git-repos/https%3A%2F%2Fgithub.com%2FTuuKeZu%2Frust-uno-server" "/workspace/builds/worker-1-tc2/source", kill_on_drop: false }`
[INFO] [stderr] Cloning into '/workspace/builds/worker-1-tc2/source'...
[INFO] [stderr] done.
[INFO] validating manifest of git repo https://github.com/TuuKeZu/rust-uno-server on toolchain beta-2023-12-22
[INFO] running `Command { std: CARGO_HOME="/workspace/cargo-home" RUSTUP_HOME="/workspace/rustup-home" "/workspace/cargo-home/bin/cargo" "+beta-2023-12-22" "metadata" "--manifest-path" "Cargo.toml" "--no-deps", kill_on_drop: false }`
[INFO] started tweaking git repo https://github.com/TuuKeZu/rust-uno-server
[INFO] finished tweaking git repo https://github.com/TuuKeZu/rust-uno-server
[INFO] tweaked toml for git repo https://github.com/TuuKeZu/rust-uno-server written to /workspace/builds/worker-1-tc2/source/Cargo.toml
[INFO] crate git repo https://github.com/TuuKeZu/rust-uno-server already has a lockfile, it will not be regenerated
[INFO] running `Command { std: CARGO_HOME="/workspace/cargo-home" RUSTUP_HOME="/workspace/rustup-home" "/workspace/cargo-home/bin/cargo" "+beta-2023-12-22" "fetch" "--manifest-path" "Cargo.toml", kill_on_drop: false }`
[INFO] running `Command { std: "docker" "create" "-v" "/var/lib/crater-agent-workspace/builds/worker-1-tc2/target:/opt/rustwide/target:rw,Z" "-v" "/var/lib/crater-agent-workspace/builds/worker-1-tc2/source:/opt/rustwide/workdir:ro,Z" "-v" "/var/lib/crater-agent-workspace/cargo-home:/opt/rustwide/cargo-home:ro,Z" "-v" "/var/lib/crater-agent-workspace/rustup-home:/opt/rustwide/rustup-home:ro,Z" "-e" "SOURCE_DIR=/opt/rustwide/workdir" "-e" "CARGO_TARGET_DIR=/opt/rustwide/target" "-e" "CARGO_HOME=/opt/rustwide/cargo-home" "-e" "RUSTUP_HOME=/opt/rustwide/rustup-home" "-w" "/opt/rustwide/workdir" "-m" "1610612736" "--user" "0:0" "--network" "none" "ghcr.io/rust-lang/crates-build-env/linux@sha256:2788e3201cd34a07e3172128adcd8b3090168a8e3bcc40d7c032b9dda1df7d1c" "/opt/rustwide/cargo-home/bin/cargo" "+beta-2023-12-22" "metadata" "--no-deps" "--format-version=1", kill_on_drop: false }`
[INFO] [stdout] d78e03cf0e031998899b148666d8d939e9db0cb0c101f3d80276695131d8635e
[INFO] running `Command { std: "docker" "start" "-a" "d78e03cf0e031998899b148666d8d939e9db0cb0c101f3d80276695131d8635e", kill_on_drop: false }`
[INFO] running `Command { std: "docker" "inspect" "d78e03cf0e031998899b148666d8d939e9db0cb0c101f3d80276695131d8635e", kill_on_drop: false }`
[INFO] running `Command { std: "docker" "rm" "-f" "d78e03cf0e031998899b148666d8d939e9db0cb0c101f3d80276695131d8635e", kill_on_drop: false }`
[INFO] [stdout] d78e03cf0e031998899b148666d8d939e9db0cb0c101f3d80276695131d8635e
[INFO] running `Command { std: "docker" "create" "-v" "/var/lib/crater-agent-workspace/builds/worker-1-tc2/target:/opt/rustwide/target:rw,Z" "-v" "/var/lib/crater-agent-workspace/builds/worker-1-tc2/source:/opt/rustwide/workdir:ro,Z" "-v" "/var/lib/crater-agent-workspace/cargo-home:/opt/rustwide/cargo-home:ro,Z" "-v" "/var/lib/crater-agent-workspace/rustup-home:/opt/rustwide/rustup-home:ro,Z" "-e" "SOURCE_DIR=/opt/rustwide/workdir" "-e" "CARGO_TARGET_DIR=/opt/rustwide/target" "-e" "CARGO_INCREMENTAL=0" "-e" "RUST_BACKTRACE=full" "-e" "RUSTFLAGS=--cap-lints=warn" "-e" "RUSTDOCFLAGS=--cap-lints=warn" "-e" "CARGO_HOME=/opt/rustwide/cargo-home" "-e" "RUSTUP_HOME=/opt/rustwide/rustup-home" "-w" "/opt/rustwide/workdir" "-m" "1610612736" "--user" "0:0" "--network" "none" "ghcr.io/rust-lang/crates-build-env/linux@sha256:2788e3201cd34a07e3172128adcd8b3090168a8e3bcc40d7c032b9dda1df7d1c" "/opt/rustwide/cargo-home/bin/cargo" "+beta-2023-12-22" "build" "--frozen" "--message-format=json", kill_on_drop: false }`
[INFO] [stdout] d358645ffb68a6188f234ee7eb6fb3185bff50a3e1c1bf46e6c773a62dcbb381
[INFO] running `Command { std: "docker" "start" "-a" "d358645ffb68a6188f234ee7eb6fb3185bff50a3e1c1bf46e6c773a62dcbb381", kill_on_drop: false }`
[INFO] [stderr]    Compiling libc v0.2.123
[INFO] [stderr]    Compiling proc-macro2 v1.0.37
[INFO] [stderr]    Compiling unicode-xid v0.2.2
[INFO] [stderr]    Compiling syn v1.0.91
[INFO] [stderr]    Compiling log v0.4.16
[INFO] [stderr]    Compiling memchr v2.4.1
[INFO] [stderr]    Compiling bytes v1.1.0
[INFO] [stderr]    Compiling pin-project-lite v0.2.8
[INFO] [stderr]    Compiling futures-core v0.3.21
[INFO] [stderr]    Compiling itoa v1.0.1
[INFO] [stderr]    Compiling parking_lot_core v0.9.2
[INFO] [stderr]    Compiling scopeguard v1.1.0
[INFO] [stderr]    Compiling smallvec v1.8.0
[INFO] [stderr]    Compiling lock_api v0.4.7
[INFO] [stderr]    Compiling lazy_static v1.4.0
[INFO] [stderr]    Compiling once_cell v1.10.0
[INFO] [stderr]    Compiling typenum v1.15.0
[INFO] [stderr]    Compiling generic-array v0.14.5
[INFO] [stderr]    Compiling futures-sink v0.3.21
[INFO] [stderr]    Compiling futures-task v0.3.21
[INFO] [stderr]    Compiling fnv v1.0.7
[INFO] [stderr]    Compiling serde_derive v1.0.137
[INFO] [stderr]    Compiling futures-util v0.3.21
[INFO] [stderr]    Compiling tracing-core v0.1.26
[INFO] [stderr]    Compiling pin-utils v0.1.0
[INFO] [stderr]    Compiling percent-encoding v2.1.0
[INFO] [stderr]    Compiling slab v0.4.6
[INFO] [stderr]    Compiling http v0.2.7
[INFO] [stderr]    Compiling serde v1.0.137
[INFO] [stderr]    Compiling tinyvec v1.5.1
[INFO] [stderr]    Compiling indexmap v1.8.1
[INFO] [stderr]    Compiling ppv-lite86 v0.2.16
[INFO] [stderr]    Compiling httparse v1.7.0
[INFO] [stderr]    Compiling form_urlencoded v1.0.1
[INFO] [stderr]    Compiling bytestring v1.0.0
[INFO] [stderr]    Compiling alloc-no-stdlib v2.0.3
[INFO] [stderr]    Compiling cpufeatures v0.2.2
[INFO] [stderr]    Compiling hashbrown v0.11.2
[INFO] [stderr]    Compiling regex-syntax v0.6.25
[INFO] [stderr]    Compiling local-waker v0.1.2
[INFO] [stderr]    Compiling unicode-bidi v0.3.7
[INFO] [stderr]    Compiling aho-corasick v0.7.18
[INFO] [stderr]    Compiling zstd-safe v4.1.4+zstd.1.5.2
[INFO] [stderr]    Compiling crc32fast v1.3.2
[INFO] [stderr]    Compiling quote v1.0.18
[INFO] [stderr]    Compiling alloc-stdlib v0.2.1
[INFO] [stderr]    Compiling signal-hook-registry v1.4.0
[INFO] [stderr]    Compiling socket2 v0.4.4
[INFO] [stderr]    Compiling mio v0.8.2
[INFO] [stderr]    Compiling getrandom v0.2.6
[INFO] [stderr]    Compiling jobserver v0.1.24
[INFO] [stderr]    Compiling parking_lot v0.12.0
[INFO] [stderr]    Compiling cc v1.0.73
[INFO] [stderr]    Compiling rand_core v0.6.3
[INFO] [stderr]    Compiling unicode-normalization v0.1.19
[INFO] [stderr]    Compiling ahash v0.7.6
[INFO] [stderr]    Compiling rand_chacha v0.3.1
[INFO] [stderr]    Compiling tokio v1.17.0
[INFO] [stderr]    Compiling crossbeam-utils v0.8.8
[INFO] [stderr]    Compiling adler v1.0.2
[INFO] [stderr]    Compiling base64 v0.13.0
[INFO] [stderr]    Compiling rand v0.8.5
[INFO] [stderr]    Compiling encoding_rs v0.8.31
[INFO] [stderr]    Compiling firestorm v0.5.0
[INFO] [stderr]    Compiling paste v1.0.7
[INFO] [stderr]    Compiling miniz_oxide v0.5.1
[INFO] [stderr]    Compiling brotli-decompressor v2.3.2
[INFO] [stderr]    Compiling actix-utils v3.0.0
[INFO] [stderr]    Compiling cookie v0.16.0
[INFO] [stderr]    Compiling time-macros v0.2.4
[INFO] [stderr]    Compiling crypto-common v0.1.3
[INFO] [stderr]    Compiling block-buffer v0.10.2
[INFO] [stderr]    Compiling idna v0.2.3
[INFO] [stderr]    Compiling digest v0.10.3
[INFO] [stderr]    Compiling serde_json v1.0.79
[INFO] [stderr]    Compiling num_threads v0.1.5
[INFO] [stderr]    Compiling ryu v1.0.9
[INFO] [stderr]    Compiling sha-1 v0.10.0
[INFO] [stderr]    Compiling convert_case v0.4.0
[INFO] [stderr]    Compiling flate2 v1.0.23
[INFO] [stderr]    Compiling actix-service v2.0.2
[INFO] [stderr]    Compiling zstd-sys v1.6.3+zstd.1.5.2
[INFO] [stderr]    Compiling regex v1.5.5
[INFO] [stderr]    Compiling url v2.2.2
[INFO] [stderr]    Compiling num_cpus v1.13.1
[INFO] [stderr]    Compiling httpdate v1.0.2
[INFO] [stderr]    Compiling mime v0.3.16
[INFO] [stderr]    Compiling brotli v3.3.4
[INFO] [stderr]    Compiling language-tags v0.3.2
[INFO] [stderr]    Compiling rustversion v1.0.6
[INFO] [stderr]    Compiling crossbeam-channel v0.5.4
[INFO] [stderr]    Compiling atty v0.2.14
[INFO] [stderr]    Compiling os_str_bytes v6.0.0
[INFO] [stderr]    Compiling utf-8 v0.7.6
[INFO] [stderr]    Compiling textwrap v0.15.0
[INFO] [stderr]    Compiling clap_lex v0.2.0
[INFO] [stderr]    Compiling termcolor v1.1.3
[INFO] [stderr]    Compiling heck v0.4.0
[INFO] [stderr]    Compiling strsim v0.10.0
[INFO] [stderr]    Compiling clap v3.1.15
[INFO] [stderr]    Compiling colored v2.0.0
[INFO] [stderr]    Compiling time v0.3.9
[INFO] [stderr]    Compiling actix-router v0.5.0
[INFO] [stderr]    Compiling futures-macro v0.3.21
[INFO] [stderr]    Compiling tracing-attributes v0.1.20
[INFO] [stderr]    Compiling actix-macros v0.2.3
[INFO] [stderr]    Compiling thiserror-impl v1.0.30
[INFO] [stderr]    Compiling derive_more v0.99.17
[INFO] [stderr]    Compiling actix-rt v2.7.0
[INFO] [stderr]    Compiling actix_derive v0.6.0
[INFO] [stderr]    Compiling actix-web-codegen v4.0.0
[INFO] [stderr]    Compiling tracing v0.1.34
[INFO] [stderr]    Compiling tokio-util v0.7.1
[INFO] [stderr]    Compiling strum_macros v0.24.0
[INFO] [stderr]    Compiling actix-codec v0.5.0
[INFO] [stderr]    Compiling thiserror v1.0.30
[INFO] [stderr]    Compiling tungstenite v0.17.2
[INFO] [stderr]    Compiling local-channel v0.1.2
[INFO] [stderr]    Compiling h2 v0.3.13
[INFO] [stderr]    Compiling actix-server v2.1.1
[INFO] [stderr]    Compiling actix v0.13.0
[INFO] [stderr]    Compiling tokio-tungstenite v0.17.1
[INFO] [stderr]    Compiling serde_urlencoded v0.7.1
[INFO] [stderr]    Compiling toml v0.5.9
[INFO] [stderr]    Compiling uuid v0.8.2
[INFO] [stderr]    Compiling zstd v0.10.0+zstd.1.5.2
[INFO] [stderr]    Compiling actix-http v3.0.4
[INFO] [stderr]    Compiling actix-web v4.0.1
[INFO] [stderr]    Compiling actix-web-actors v4.1.0
[INFO] [stderr]    Compiling uno_server v0.1.1 (/opt/rustwide/workdir)
[INFO] [stdout] warning: unused variable: `disallowed_types`
[INFO] [stdout]    --> src/game.rs:718:13
[INFO] [stdout]     |
[INFO] [stdout] 718 |         let disallowed_types = vec![
[INFO] [stdout]     |             ^^^^^^^^^^^^^^^^ help: if this is intentional, prefix it with an underscore: `_disallowed_types`
[INFO] [stdout]     |
[INFO] [stdout]     = note: `#[warn(unused_variables)]` on by default
[INFO] [stdout] 
[INFO] [stdout] 
[INFO] [stdout] warning: unused variable: `deck`
[INFO] [stdout]    --> src/game.rs:717:31
[INFO] [stdout]     |
[INFO] [stdout] 717 |     fn get_allowed_start_card(deck: &VecDeque<Card>) -> Card {
[INFO] [stdout]     |                               ^^^^ help: if this is intentional, prefix it with an underscore: `_deck`
[INFO] [stdout] 
[INFO] [stdout] 
[INFO] [stdout] warning: 2 warnings emitted
[INFO] [stdout] 
[INFO] [stdout] 
[INFO] [stdout] warning: use of deprecated method `actix_web::App::<T>::data`: Use `.app_data(Data::new(val))` instead.
[INFO] [stdout]   --> src/main.rs:66:14
[INFO] [stdout]    |
[INFO] [stdout] 66 |             .data(chat_server.clone())
[INFO] [stdout]    |              ^^^^
[INFO] [stdout]    |
[INFO] [stdout]    = note: `#[warn(deprecated)]` on by default
[INFO] [stdout] 
[INFO] [stdout] 
[INFO] [stdout] warning: unused variable: `disallowed_types`
[INFO] [stdout]    --> src/game.rs:718:13
[INFO] [stdout]     |
[INFO] [stdout] 718 |         let disallowed_types = vec![
[INFO] [stdout]     |             ^^^^^^^^^^^^^^^^ help: if this is intentional, prefix it with an underscore: `_disallowed_types`
[INFO] [stdout]     |
[INFO] [stdout]     = note: `#[warn(unused_variables)]` on by default
[INFO] [stdout] 
[INFO] [stdout] 
[INFO] [stdout] warning: unused variable: `deck`
[INFO] [stdout]    --> src/game.rs:717:31
[INFO] [stdout]     |
[INFO] [stdout] 717 |     fn get_allowed_start_card(deck: &VecDeque<Card>) -> Card {
[INFO] [stdout]     |                               ^^^^ help: if this is intentional, prefix it with an underscore: `_deck`
[INFO] [stdout] 
[INFO] [stdout] 
[INFO] [stdout] warning: method `is_empty` is never used
[INFO] [stdout]   --> src/game.rs:99:12
[INFO] [stdout]    |
[INFO] [stdout] 81 | impl Players {
[INFO] [stdout]    | ------------ method in this implementation
[INFO] [stdout] ...
[INFO] [stdout] 99 |     pub fn is_empty(&self) -> bool {
[INFO] [stdout]    |            ^^^^^^^^
[INFO] [stdout]    |
[INFO] [stdout]    = note: `#[warn(dead_code)]` on by default
[INFO] [stdout] 
[INFO] [stdout] 
[INFO] [stdout] warning: 4 warnings emitted
[INFO] [stdout] 
[INFO] [stdout] 
[INFO] [stderr]     Finished dev [unoptimized + debuginfo] target(s) in 30.82s
[INFO] running `Command { std: "docker" "inspect" "d358645ffb68a6188f234ee7eb6fb3185bff50a3e1c1bf46e6c773a62dcbb381", kill_on_drop: false }`
[INFO] running `Command { std: "docker" "rm" "-f" "d358645ffb68a6188f234ee7eb6fb3185bff50a3e1c1bf46e6c773a62dcbb381", kill_on_drop: false }`
[INFO] [stdout] d358645ffb68a6188f234ee7eb6fb3185bff50a3e1c1bf46e6c773a62dcbb381
[INFO] running `Command { std: "docker" "create" "-v" "/var/lib/crater-agent-workspace/builds/worker-1-tc2/target:/opt/rustwide/target:rw,Z" "-v" "/var/lib/crater-agent-workspace/builds/worker-1-tc2/source:/opt/rustwide/workdir:ro,Z" "-v" "/var/lib/crater-agent-workspace/cargo-home:/opt/rustwide/cargo-home:ro,Z" "-v" "/var/lib/crater-agent-workspace/rustup-home:/opt/rustwide/rustup-home:ro,Z" "-e" "SOURCE_DIR=/opt/rustwide/workdir" "-e" "CARGO_TARGET_DIR=/opt/rustwide/target" "-e" "CARGO_INCREMENTAL=0" "-e" "RUST_BACKTRACE=full" "-e" "RUSTFLAGS=--cap-lints=warn" "-e" "RUSTDOCFLAGS=--cap-lints=warn" "-e" "CARGO_HOME=/opt/rustwide/cargo-home" "-e" "RUSTUP_HOME=/opt/rustwide/rustup-home" "-w" "/opt/rustwide/workdir" "-m" "1610612736" "--user" "0:0" "--network" "none" "ghcr.io/rust-lang/crates-build-env/linux@sha256:2788e3201cd34a07e3172128adcd8b3090168a8e3bcc40d7c032b9dda1df7d1c" "/opt/rustwide/cargo-home/bin/cargo" "+beta-2023-12-22" "test" "--frozen" "--no-run" "--message-format=json", kill_on_drop: false }`
[INFO] [stdout] 00e2be255dafee2fe05ba593564282c3180090efeab2c830108cff314ad7eaf7
[INFO] running `Command { std: "docker" "start" "-a" "00e2be255dafee2fe05ba593564282c3180090efeab2c830108cff314ad7eaf7", kill_on_drop: false }`
[INFO] [stderr]    Compiling uno_server v0.1.1 (/opt/rustwide/workdir)
[INFO] [stdout] warning: unused variable: `disallowed_types`
[INFO] [stdout]    --> src/game.rs:718:13
[INFO] [stdout]     |
[INFO] [stdout] 718 |         let disallowed_types = vec![
[INFO] [stdout]     |             ^^^^^^^^^^^^^^^^ help: if this is intentional, prefix it with an underscore: `_disallowed_types`
[INFO] [stdout]     |
[INFO] [stdout]     = note: `#[warn(unused_variables)]` on by default
[INFO] [stdout] 
[INFO] [stdout] 
[INFO] [stdout] warning: unused variable: `deck`
[INFO] [stdout]    --> src/game.rs:717:31
[INFO] [stdout]     |
[INFO] [stdout] 717 |     fn get_allowed_start_card(deck: &VecDeque<Card>) -> Card {
[INFO] [stdout]     |                               ^^^^ help: if this is intentional, prefix it with an underscore: `_deck`
[INFO] [stdout] 
[INFO] [stdout] 
[INFO] [stdout] warning: 2 warnings emitted
[INFO] [stdout] 
[INFO] [stdout] 
[INFO] [stdout] warning: use of deprecated method `actix_web::App::<T>::data`: Use `.app_data(Data::new(val))` instead.
[INFO] [stdout]   --> src/main.rs:66:14
[INFO] [stdout]    |
[INFO] [stdout] 66 |             .data(chat_server.clone())
[INFO] [stdout]    |              ^^^^
[INFO] [stdout]    |
[INFO] [stdout]    = note: `#[warn(deprecated)]` on by default
[INFO] [stdout] 
[INFO] [stdout] 
[INFO] [stdout] warning: unused variable: `disallowed_types`
[INFO] [stdout]    --> src/game.rs:718:13
[INFO] [stdout]     |
[INFO] [stdout] 718 |         let disallowed_types = vec![
[INFO] [stdout]     |             ^^^^^^^^^^^^^^^^ help: if this is intentional, prefix it with an underscore: `_disallowed_types`
[INFO] [stdout]     |
[INFO] [stdout]     = note: `#[warn(unused_variables)]` on by default
[INFO] [stdout] 
[INFO] [stdout] 
[INFO] [stdout] warning: unused variable: `deck`
[INFO] [stdout]    --> src/game.rs:717:31
[INFO] [stdout]     |
[INFO] [stdout] 717 |     fn get_allowed_start_card(deck: &VecDeque<Card>) -> Card {
[INFO] [stdout]     |                               ^^^^ help: if this is intentional, prefix it with an underscore: `_deck`
[INFO] [stdout] 
[INFO] [stdout] 
[INFO] [stdout] warning: method `is_empty` is never used
[INFO] [stdout]   --> src/game.rs:99:12
[INFO] [stdout]    |
[INFO] [stdout] 81 | impl Players {
[INFO] [stdout]    | ------------ method in this implementation
[INFO] [stdout] ...
[INFO] [stdout] 99 |     pub fn is_empty(&self) -> bool {
[INFO] [stdout]    |            ^^^^^^^^
[INFO] [stdout]    |
[INFO] [stdout]    = note: `#[warn(dead_code)]` on by default
[INFO] [stdout] 
[INFO] [stdout] 
[INFO] [stdout] warning: 4 warnings emitted
[INFO] [stdout] 
[INFO] [stdout] 
[INFO] [stdout] warning: unused import: `actix_web::rt::net::TcpStream`
[INFO] [stdout]  --> tests/lobby.rs:2:5
[INFO] [stdout]   |
[INFO] [stdout] 2 | use actix_web::rt::net::TcpStream;
[INFO] [stdout]   |     ^^^^^^^^^^^^^^^^^^^^^^^^^^^^^
[INFO] [stdout]   |
[INFO] [stdout]   = note: `#[warn(unused_imports)]` on by default
[INFO] [stdout] 
[INFO] [stdout] 
[INFO] [stdout] warning: unused import: `futures_util::stream::SplitSink`
[INFO] [stdout]  --> tests/lobby.rs:4:5
[INFO] [stdout]   |
[INFO] [stdout] 4 | use futures_util::stream::SplitSink;
[INFO] [stdout]   |     ^^^^^^^^^^^^^^^^^^^^^^^^^^^^^^^
[INFO] [stdout] 
[INFO] [stdout] 
[INFO] [stdout] warning: unused imports: `MaybeTlsStream`, `WebSocketStream`
[INFO] [stdout]   --> tests/lobby.rs:14:72
[INFO] [stdout]    |
[INFO] [stdout] 14 |     connect_async, tungstenite::protocol::Message, tungstenite::Error, MaybeTlsStream,
[INFO] [stdout]    |                                                                        ^^^^^^^^^^^^^^
[INFO] [stdout] 15 |     WebSocketStream,
[INFO] [stdout]    |     ^^^^^^^^^^^^^^^
[INFO] [stdout] 
[INFO] [stdout] 
[INFO] [stdout] warning: use of deprecated method `actix_web::App::<T>::data`: Use `.app_data(Data::new(val))` instead.
[INFO] [stdout]   --> tests/lobby.rs:37:56
[INFO] [stdout]    |
[INFO] [stdout] 37 |             App::new().service(start_connection_route).data(chat_server)
[INFO] [stdout]    |                                                        ^^^^
[INFO] [stdout]    |
[INFO] [stdout]    = note: `#[warn(deprecated)]` on by default
[INFO] [stdout] 
[INFO] [stdout] 
[INFO] [stdout] warning: unused variable: `write`
[INFO] [stdout]   --> tests/lobby.rs:92:22
[INFO] [stdout]    |
[INFO] [stdout] 92 |             let (mut write, mut read) = ws_stream.split();
[INFO] [stdout]    |                      ^^^^^ help: if this is intentional, prefix it with an underscore: `_write`
[INFO] [stdout]    |
[INFO] [stdout]    = note: `#[warn(unused_variables)]` on by default
[INFO] [stdout] 
[INFO] [stdout] 
[INFO] [stdout] warning: unused variable: `read`
[INFO] [stdout]   --> tests/lobby.rs:92:33
[INFO] [stdout]    |
[INFO] [stdout] 92 |             let (mut write, mut read) = ws_stream.split();
[INFO] [stdout]    |                                 ^^^^ help: if this is intentional, prefix it with an underscore: `_read`
[INFO] [stdout] 
[INFO] [stdout] 
[INFO] [stdout] warning: variable does not need to be mutable
[INFO] [stdout]   --> tests/lobby.rs:92:18
[INFO] [stdout]    |
[INFO] [stdout] 92 |             let (mut write, mut read) = ws_stream.split();
[INFO] [stdout]    |                  ----^^^^^
[INFO] [stdout]    |                  |
[INFO] [stdout]    |                  help: remove this `mut`
[INFO] [stdout]    |
[INFO] [stdout]    = note: `#[warn(unused_mut)]` on by default
[INFO] [stdout] 
[INFO] [stdout] 
[INFO] [stdout] warning: variable does not need to be mutable
[INFO] [stdout]   --> tests/lobby.rs:92:29
[INFO] [stdout]    |
[INFO] [stdout] 92 |             let (mut write, mut read) = ws_stream.split();
[INFO] [stdout]    |                             ----^^^^
[INFO] [stdout]    |                             |
[INFO] [stdout]    |                             help: remove this `mut`
[INFO] [stdout] 
[INFO] [stdout] 
[INFO] [stdout] warning: use of deprecated method `actix_web::App::<T>::data`: Use `.app_data(Data::new(val))` instead.
[INFO] [stdout]   --> src/main.rs:66:14
[INFO] [stdout]    |
[INFO] [stdout] 66 |             .data(chat_server.clone())
[INFO] [stdout]    |              ^^^^
[INFO] [stdout]    |
[INFO] [stdout]    = note: `#[warn(deprecated)]` on by default
[INFO] [stdout] 
[INFO] [stdout] 
[INFO] [stdout] warning: unused variable: `disallowed_types`
[INFO] [stdout]    --> src/game.rs:718:13
[INFO] [stdout]     |
[INFO] [stdout] 718 |         let disallowed_types = vec![
[INFO] [stdout]     |             ^^^^^^^^^^^^^^^^ help: if this is intentional, prefix it with an underscore: `_disallowed_types`
[INFO] [stdout]     |
[INFO] [stdout]     = note: `#[warn(unused_variables)]` on by default
[INFO] [stdout] 
[INFO] [stdout] 
[INFO] [stdout] warning: unused variable: `deck`
[INFO] [stdout]    --> src/game.rs:717:31
[INFO] [stdout]     |
[INFO] [stdout] 717 |     fn get_allowed_start_card(deck: &VecDeque<Card>) -> Card {
[INFO] [stdout]     |                               ^^^^ help: if this is intentional, prefix it with an underscore: `_deck`
[INFO] [stdout] 
[INFO] [stdout] 
[INFO] [stdout] warning: unused variable: `disallowed_types`
[INFO] [stdout]    --> src/game.rs:718:13
[INFO] [stdout]     |
[INFO] [stdout] 718 |         let disallowed_types = vec![
[INFO] [stdout]     |             ^^^^^^^^^^^^^^^^ help: if this is intentional, prefix it with an underscore: `_disallowed_types`
[INFO] [stdout]     |
[INFO] [stdout]     = note: `#[warn(unused_variables)]` on by default
[INFO] [stdout] 
[INFO] [stdout] 
[INFO] [stdout] warning: unused variable: `deck`
[INFO] [stdout]    --> src/game.rs:717:31
[INFO] [stdout]     |
[INFO] [stdout] 717 |     fn get_allowed_start_card(deck: &VecDeque<Card>) -> Card {
[INFO] [stdout]     |                               ^^^^ help: if this is intentional, prefix it with an underscore: `_deck`
[INFO] [stdout] 
[INFO] [stdout] 
[INFO] [stdout] warning: method `is_empty` is never used
[INFO] [stdout]   --> src/game.rs:99:12
[INFO] [stdout]    |
[INFO] [stdout] 81 | impl Players {
[INFO] [stdout]    | ------------ method in this implementation
[INFO] [stdout] ...
[INFO] [stdout] 99 |     pub fn is_empty(&self) -> bool {
[INFO] [stdout]    |            ^^^^^^^^
[INFO] [stdout]    |
[INFO] [stdout]    = note: `#[warn(dead_code)]` on by default
[INFO] [stdout] 
[INFO] [stdout] 
[INFO] [stdout] warning: 2 warnings emitted
[INFO] [stdout] 
[INFO] [stdout] 
[INFO] [stdout] warning: 4 warnings emitted
[INFO] [stdout] 
[INFO] [stdout] 
[INFO] [stdout] warning: 8 warnings emitted
[INFO] [stdout] 
[INFO] [stdout] 
[INFO] [stderr]     Finished test [unoptimized + debuginfo] target(s) in 3.67s
[INFO] running `Command { std: "docker" "inspect" "00e2be255dafee2fe05ba593564282c3180090efeab2c830108cff314ad7eaf7", kill_on_drop: false }`
[INFO] running `Command { std: "docker" "rm" "-f" "00e2be255dafee2fe05ba593564282c3180090efeab2c830108cff314ad7eaf7", kill_on_drop: false }`
[INFO] [stdout] 00e2be255dafee2fe05ba593564282c3180090efeab2c830108cff314ad7eaf7
[INFO] running `Command { std: "docker" "create" "-v" "/var/lib/crater-agent-workspace/builds/worker-1-tc2/target:/opt/rustwide/target:rw,Z" "-v" "/var/lib/crater-agent-workspace/builds/worker-1-tc2/source:/opt/rustwide/workdir:ro,Z" "-v" "/var/lib/crater-agent-workspace/cargo-home:/opt/rustwide/cargo-home:ro,Z" "-v" "/var/lib/crater-agent-workspace/rustup-home:/opt/rustwide/rustup-home:ro,Z" "-e" "SOURCE_DIR=/opt/rustwide/workdir" "-e" "CARGO_TARGET_DIR=/opt/rustwide/target" "-e" "CARGO_INCREMENTAL=0" "-e" "RUST_BACKTRACE=full" "-e" "RUSTFLAGS=--cap-lints=warn" "-e" "RUSTDOCFLAGS=--cap-lints=warn" "-e" "CARGO_HOME=/opt/rustwide/cargo-home" "-e" "RUSTUP_HOME=/opt/rustwide/rustup-home" "-w" "/opt/rustwide/workdir" "-m" "1610612736" "--user" "0:0" "--network" "none" "ghcr.io/rust-lang/crates-build-env/linux@sha256:2788e3201cd34a07e3172128adcd8b3090168a8e3bcc40d7c032b9dda1df7d1c" "/opt/rustwide/cargo-home/bin/cargo" "+beta-2023-12-22" "test" "--frozen", kill_on_drop: false }`
[INFO] [stdout] 5d2e865dacaf5c57e87dfe9e0a2de4d6ef4ba8c128cbd1aee5a57180b6b7da69
[INFO] running `Command { std: "docker" "start" "-a" "5d2e865dacaf5c57e87dfe9e0a2de4d6ef4ba8c128cbd1aee5a57180b6b7da69", kill_on_drop: false }`
[INFO] [stderr] warning: unused variable: `disallowed_types`
[INFO] [stderr]    --> src/game.rs:718:13
[INFO] [stderr]     |
[INFO] [stderr] 718 |         let disallowed_types = vec![
[INFO] [stderr]     |             ^^^^^^^^^^^^^^^^ help: if this is intentional, prefix it with an underscore: `_disallowed_types`
[INFO] [stderr]     |
[INFO] [stderr]     = note: `#[warn(unused_variables)]` on by default
[INFO] [stderr] 
[INFO] [stderr] warning: unused variable: `deck`
[INFO] [stderr]    --> src/game.rs:717:31
[INFO] [stderr]     |
[INFO] [stderr] 717 |     fn get_allowed_start_card(deck: &VecDeque<Card>) -> Card {
[INFO] [stderr]     |                               ^^^^ help: if this is intentional, prefix it with an underscore: `_deck`
[INFO] [stderr] 
[INFO] [stderr] warning: `uno_server` (lib) generated 2 warnings (run `cargo fix --lib -p uno_server` to apply 2 suggestions)
[INFO] [stderr] warning: `uno_server` (lib test) generated 2 warnings (2 duplicates)
[INFO] [stderr] warning: use of deprecated method `actix_web::App::<T>::data`: Use `.app_data(Data::new(val))` instead.
[INFO] [stderr]   --> src/main.rs:66:14
[INFO] [stderr]    |
[INFO] [stderr] 66 |             .data(chat_server.clone())
[INFO] [stderr]    |              ^^^^
[INFO] [stderr]    |
[INFO] [stderr]    = note: `#[warn(deprecated)]` on by default
[INFO] [stderr] 
[INFO] [stderr] warning: method `is_empty` is never used
[INFO] [stderr]   --> src/game.rs:99:12
[INFO] [stderr]    |
[INFO] [stderr] 81 | impl Players {
[INFO] [stderr]    | ------------ method in this implementation
[INFO] [stderr] ...
[INFO] [stderr] 99 |     pub fn is_empty(&self) -> bool {
[INFO] [stderr]    |            ^^^^^^^^
[INFO] [stderr]    |
[INFO] [stderr]    = note: `#[warn(dead_code)]` on by default
[INFO] [stderr] 
[INFO] [stderr] warning: unused import: `actix_web::rt::net::TcpStream`
[INFO] [stderr]  --> tests/lobby.rs:2:5
[INFO] [stderr]   |
[INFO] [stderr] 2 | use actix_web::rt::net::TcpStream;
[INFO] [stderr]   |     ^^^^^^^^^^^^^^^^^^^^^^^^^^^^^
[INFO] [stderr]   |
[INFO] [stderr]   = note: `#[warn(unused_imports)]` on by default
[INFO] [stderr] 
[INFO] [stderr] warning: unused import: `futures_util::stream::SplitSink`
[INFO] [stderr]  --> tests/lobby.rs:4:5
[INFO] [stderr]   |
[INFO] [stderr] 4 | use futures_util::stream::SplitSink;
[INFO] [stderr]   |     ^^^^^^^^^^^^^^^^^^^^^^^^^^^^^^^
[INFO] [stderr] 
[INFO] [stderr] warning: unused imports: `MaybeTlsStream`, `WebSocketStream`
[INFO] [stderr]   --> tests/lobby.rs:14:72
[INFO] [stderr]    |
[INFO] [stderr] 14 |     connect_async, tungstenite::protocol::Message, tungstenite::Error, MaybeTlsStream,
[INFO] [stderr]    |                                                                        ^^^^^^^^^^^^^^
[INFO] [stderr] 15 |     WebSocketStream,
[INFO] [stderr]    |     ^^^^^^^^^^^^^^^
[INFO] [stderr] 
[INFO] [stderr] warning: use of deprecated method `actix_web::App::<T>::data`: Use `.app_data(Data::new(val))` instead.
[INFO] [stderr]   --> tests/lobby.rs:37:56
[INFO] [stderr]    |
[INFO] [stderr] 37 |             App::new().service(start_connection_route).data(chat_server)
[INFO] [stderr]    |                                                        ^^^^
[INFO] [stderr]    |
[INFO] [stderr]    = note: `#[warn(deprecated)]` on by default
[INFO] [stderr] 
[INFO] [stderr] warning: unused variable: `write`
[INFO] [stderr]   --> tests/lobby.rs:92:22
[INFO] [stderr]    |
[INFO] [stderr] 92 |             let (mut write, mut read) = ws_stream.split();
[INFO] [stderr]    |                      ^^^^^ help: if this is intentional, prefix it with an underscore: `_write`
[INFO] [stderr]    |
[INFO] [stderr]    = note: `#[warn(unused_variables)]` on by default
[INFO] [stderr] 
[INFO] [stderr] warning: unused variable: `read`
[INFO] [stderr]   --> tests/lobby.rs:92:33
[INFO] [stderr]    |
[INFO] [stderr] 92 |             let (mut write, mut read) = ws_stream.split();
[INFO] [stderr]    |                                 ^^^^ help: if this is intentional, prefix it with an underscore: `_read`
[INFO] [stderr] 
[INFO] [stderr] warning: variable does not need to be mutable
[INFO] [stderr]   --> tests/lobby.rs:92:18
[INFO] [stderr]    |
[INFO] [stderr] 92 |             let (mut write, mut read) = ws_stream.split();
[INFO] [stderr]    |                  ----^^^^^
[INFO] [stderr]    |                  |
[INFO] [stderr]    |                  help: remove this `mut`
[INFO] [stderr]    |
[INFO] [stderr]    = note: `#[warn(unused_mut)]` on by default
[INFO] [stderr] 
[INFO] [stderr] warning: variable does not need to be mutable
[INFO] [stderr]   --> tests/lobby.rs:92:29
[INFO] [stderr]    |
[INFO] [stderr] 92 |             let (mut write, mut read) = ws_stream.split();
[INFO] [stderr]    |                             ----^^^^
[INFO] [stderr]    |                             |
[INFO] [stderr]    |                             help: remove this `mut`
[INFO] [stderr] 
[INFO] [stderr] warning: `uno_server` (bin "uno_server") generated 4 warnings (2 duplicates)
[INFO] [stderr] warning: `uno_server` (bin "uno_server" test) generated 4 warnings (4 duplicates)
[INFO] [stderr] warning: `uno_server` (test "lobby") generated 8 warnings (run `cargo fix --test "lobby"` to apply 7 suggestions)
[INFO] [stderr]     Finished test [unoptimized + debuginfo] target(s) in 0.08s
[INFO] [stderr]      Running unittests src/lib.rs (/opt/rustwide/target/debug/deps/uno_server-cad368527fcb046b)
[INFO] [stdout] 
[INFO] [stdout] running 0 tests
[INFO] [stdout] 
[INFO] [stdout] test result: ok. 0 passed; 0 failed; 0 ignored; 0 measured; 0 filtered out; finished in 0.00s
[INFO] [stdout] 
[INFO] [stderr]      Running unittests src/main.rs (/opt/rustwide/target/debug/deps/uno_server-e331719c7c611533)
[INFO] [stdout] 
[INFO] [stdout] running 0 tests
[INFO] [stdout] 
[INFO] [stdout] test result: ok. 0 passed; 0 failed; 0 ignored; 0 measured; 0 filtered out; finished in 0.00s
[INFO] [stdout] 
[INFO] [stderr]      Running tests/lobby.rs (/opt/rustwide/target/debug/deps/lobby-1872d5265d2ca898)
[INFO] [stdout] 
[INFO] [stdout] running 2 tests
[INFO] [stdout] test tests::connection_works ... ok
[INFO] [stdout] test tests::game_start ... FAILED
[INFO] [stdout] 
[INFO] [stdout] failures:
[INFO] [stdout] 
[INFO] [stdout] ---- tests::game_start stdout ----
[INFO] [stdout] [tests/lobby.rs:46:5] port = 35215
[INFO] [stdout] Connection is waiting to join...
[INFO] [stdout] Connection is waiting to join...
[INFO] [stdout] thread 'tests::game_start' panicked at tests/lobby.rs:161:13:
[INFO] [stdout] Two instances were created withour emiting an error and (or) game was started without permission
[INFO] [stdout] stack backtrace:
[INFO] [stdout]    0:     0x55b005f4f5f6 - std::backtrace_rs::backtrace::libunwind::trace::h261606ad26a499c1
[INFO] [stdout]                                at /rustc/0e09125c6c3c2fd70d7de961bcf0e51575235fad/library/std/src/../../backtrace/src/backtrace/libunwind.rs:104:5
[INFO] [stdout]    1:     0x55b005f4f5f6 - std::backtrace_rs::backtrace::trace_unsynchronized::hd183f0625477fb28
[INFO] [stdout]                                at /rustc/0e09125c6c3c2fd70d7de961bcf0e51575235fad/library/std/src/../../backtrace/src/backtrace/mod.rs:66:5
[INFO] [stdout]    2:     0x55b005f4f5f6 - std::sys_common::backtrace::_print_fmt::hd7f8fef21b4eda67
[INFO] [stdout]                                at /rustc/0e09125c6c3c2fd70d7de961bcf0e51575235fad/library/std/src/sys_common/backtrace.rs:68:5
[INFO] [stdout]    3:     0x55b005f4f5f6 - <std::sys_common::backtrace::_print::DisplayBacktrace as core::fmt::Display>::fmt::h623d9b51f2f453f1
[INFO] [stdout]                                at /rustc/0e09125c6c3c2fd70d7de961bcf0e51575235fad/library/std/src/sys_common/backtrace.rs:44:22
[INFO] [stdout]    4:     0x55b005f7c6b0 - core::fmt::rt::Argument::fmt::h9f417ac76a86f368
[INFO] [stdout]                                at /rustc/0e09125c6c3c2fd70d7de961bcf0e51575235fad/library/core/src/fmt/rt.rs:142:9
[INFO] [stdout]    5:     0x55b005f7c6b0 - core::fmt::write::hc9b6faf4ac2aeff7
[INFO] [stdout]                                at /rustc/0e09125c6c3c2fd70d7de961bcf0e51575235fad/library/core/src/fmt/mod.rs:1120:17
[INFO] [stdout]    6:     0x55b005f4c6af - std::io::Write::write_fmt::he04625a3a989fec3
[INFO] [stdout]                                at /rustc/0e09125c6c3c2fd70d7de961bcf0e51575235fad/library/std/src/io/mod.rs:1810:15
[INFO] [stdout]    7:     0x55b005f4f3d4 - std::sys_common::backtrace::_print::hd5d66399c7df88a2
[INFO] [stdout]                                at /rustc/0e09125c6c3c2fd70d7de961bcf0e51575235fad/library/std/src/sys_common/backtrace.rs:47:5
[INFO] [stdout]    8:     0x55b005f4f3d4 - std::sys_common::backtrace::print::he81ed2da642d37e5
[INFO] [stdout]                                at /rustc/0e09125c6c3c2fd70d7de961bcf0e51575235fad/library/std/src/sys_common/backtrace.rs:34:9
[INFO] [stdout]    9:     0x55b005f51147 - std::panicking::default_hook::{{closure}}::h85773f4fa117163d
[INFO] [stdout]   10:     0x55b005f50e2d - std::panicking::default_hook::h6a1694a91d09b278
[INFO] [stdout]                                at /rustc/0e09125c6c3c2fd70d7de961bcf0e51575235fad/library/std/src/panicking.rs:289:9
[INFO] [stdout]   11:     0x55b005929397 - <alloc::boxed::Box<F,A> as core::ops::function::Fn<Args>>::call::h616ac37fa3cd6c8f
[INFO] [stdout]                                at /rustc/0e09125c6c3c2fd70d7de961bcf0e51575235fad/library/alloc/src/boxed.rs:2029:9
[INFO] [stdout]   12:     0x55b005929397 - test::test_main::{{closure}}::h00d84697cefdcbb6
[INFO] [stdout]                                at /rustc/0e09125c6c3c2fd70d7de961bcf0e51575235fad/library/test/src/lib.rs:138:21
[INFO] [stdout]   13:     0x55b005f51766 - <alloc::boxed::Box<F,A> as core::ops::function::Fn<Args>>::call::hcb3fe3b9bb537ba8
[INFO] [stdout]                                at /rustc/0e09125c6c3c2fd70d7de961bcf0e51575235fad/library/alloc/src/boxed.rs:2029:9
[INFO] [stdout]   14:     0x55b005f51766 - std::panicking::rust_panic_with_hook::h0a7ad96e90f7145b
[INFO] [stdout]                                at /rustc/0e09125c6c3c2fd70d7de961bcf0e51575235fad/library/std/src/panicking.rs:783:13
[INFO] [stdout]   15:     0x55b005f51479 - std::panicking::begin_panic_handler::{{closure}}::h7919090525c6485e
[INFO] [stdout]                                at /rustc/0e09125c6c3c2fd70d7de961bcf0e51575235fad/library/std/src/panicking.rs:649:13
[INFO] [stdout]   16:     0x55b005f4faf6 - std::sys_common::backtrace::__rust_end_short_backtrace::hf3289479464f7dfe
[INFO] [stdout]                                at /rustc/0e09125c6c3c2fd70d7de961bcf0e51575235fad/library/std/src/sys_common/backtrace.rs:171:18
[INFO] [stdout]   17:     0x55b005f51210 - rust_begin_unwind
[INFO] [stdout]                                at /rustc/0e09125c6c3c2fd70d7de961bcf0e51575235fad/library/std/src/panicking.rs:645:5
[INFO] [stdout]   18:     0x55b0057f54c5 - core::panicking::panic_fmt::hcc9f77c5c132af55
[INFO] [stdout]                                at /rustc/0e09125c6c3c2fd70d7de961bcf0e51575235fad/library/core/src/panicking.rs:72:14
[INFO] [stdout]   19:     0x55b0058b82a1 - lobby::tests::game_start::{{closure}}::{{closure}}::hae6509b01d42159c
[INFO] [stdout]                                at /opt/rustwide/workdir/tests/lobby.rs:161:13
[INFO] [stdout]   20:     0x55b0058688a7 - tokio::runtime::task::core::CoreStage<T>::poll::{{closure}}::hcaa341b9c9398255
[INFO] [stdout]                                at /opt/rustwide/cargo-home/registry/src/index.crates.io-6f17d22bba15001f/tokio-1.17.0/src/runtime/task/core.rs:161:17
[INFO] [stdout]   21:     0x55b005873e00 - tokio::loom::std::unsafe_cell::UnsafeCell<T>::with_mut::hb7598675c49eeeed
[INFO] [stdout]                                at /opt/rustwide/cargo-home/registry/src/index.crates.io-6f17d22bba15001f/tokio-1.17.0/src/loom/std/unsafe_cell.rs:14:9
[INFO] [stdout]   22:     0x55b0058684f7 - tokio::runtime::task::core::CoreStage<T>::poll::h7c229f6bf3b6d8e1
[INFO] [stdout]                                at /opt/rustwide/cargo-home/registry/src/index.crates.io-6f17d22bba15001f/tokio-1.17.0/src/runtime/task/core.rs:151:13
[INFO] [stdout]   23:     0x55b0057faee4 - tokio::runtime::task::harness::poll_future::{{closure}}::he5a3c9b25a0b3530
[INFO] [stdout]                                at /opt/rustwide/cargo-home/registry/src/index.crates.io-6f17d22bba15001f/tokio-1.17.0/src/runtime/task/harness.rs:467:19
[INFO] [stdout]   24:     0x55b0058815a3 - <core::panic::unwind_safe::AssertUnwindSafe<F> as core::ops::function::FnOnce<()>>::call_once::h2c70474553793799
[INFO] [stdout]                                at /rustc/0e09125c6c3c2fd70d7de961bcf0e51575235fad/library/core/src/panic/unwind_safe.rs:272:9
[INFO] [stdout]   25:     0x55b00586cb55 - std::panicking::try::do_call::h116aa75874e498e3
[INFO] [stdout]                                at /rustc/0e09125c6c3c2fd70d7de961bcf0e51575235fad/library/std/src/panicking.rs:552:40
[INFO] [stdout]   26:     0x55b005875a3b - __rust_try
[INFO] [stdout]   27:     0x55b00586c398 - std::panicking::try::ha94a2611edcaed73
[INFO] [stdout]                                at /rustc/0e09125c6c3c2fd70d7de961bcf0e51575235fad/library/std/src/panicking.rs:516:19
[INFO] [stdout]   28:     0x55b00583da4a - std::panic::catch_unwind::hff0fe4e3f1b40158
[INFO] [stdout]                                at /rustc/0e09125c6c3c2fd70d7de961bcf0e51575235fad/library/std/src/panic.rs:142:14
[INFO] [stdout]   29:     0x55b0057fa57b - tokio::runtime::task::harness::poll_future::h97f0494840bf9a7f
[INFO] [stdout]                                at /opt/rustwide/cargo-home/registry/src/index.crates.io-6f17d22bba15001f/tokio-1.17.0/src/runtime/task/harness.rs:455:18
[INFO] [stdout]   30:     0x55b0057fb78f - tokio::runtime::task::harness::Harness<T,S>::poll_inner::h5954c075fca5faa5
[INFO] [stdout]                                at /opt/rustwide/cargo-home/registry/src/index.crates.io-6f17d22bba15001f/tokio-1.17.0/src/runtime/task/harness.rs:103:27
[INFO] [stdout]   31:     0x55b0057fd153 - tokio::runtime::task::harness::Harness<T,S>::poll::hee522c3059187bed
[INFO] [stdout]                                at /opt/rustwide/cargo-home/registry/src/index.crates.io-6f17d22bba15001f/tokio-1.17.0/src/runtime/task/harness.rs:57:15
[INFO] [stdout]   32:     0x55b0058747bb - tokio::runtime::task::raw::poll::hbf26b41adacdcdbc
[INFO] [stdout]                                at /opt/rustwide/cargo-home/registry/src/index.crates.io-6f17d22bba15001f/tokio-1.17.0/src/runtime/task/raw.rs:128:5
[INFO] [stdout]   33:     0x55b005ebb877 - tokio::runtime::task::raw::RawTask::poll::hbea7ad824001761c
[INFO] [stdout]                                at /opt/rustwide/cargo-home/registry/src/index.crates.io-6f17d22bba15001f/tokio-1.17.0/src/runtime/task/raw.rs:80:18
[INFO] [stdout]   34:     0x55b005e72c32 - tokio::runtime::task::LocalNotified<S>::run::h485c52f7faee10b6
[INFO] [stdout]                                at /opt/rustwide/cargo-home/registry/src/index.crates.io-6f17d22bba15001f/tokio-1.17.0/src/runtime/task/mod.rs:347:9
[INFO] [stdout]   35:     0x55b005ead54b - tokio::task::local::LocalSet::tick::{{closure}}::h01741f2246590b26
[INFO] [stdout]                                at /opt/rustwide/cargo-home/registry/src/index.crates.io-6f17d22bba15001f/tokio-1.17.0/src/task/local.rs:523:54
[INFO] [stdout]   36:     0x55b005e7287c - tokio::coop::with_budget::{{closure}}::hf9bd617012e7cf74
[INFO] [stdout]                                at /opt/rustwide/cargo-home/registry/src/index.crates.io-6f17d22bba15001f/tokio-1.17.0/src/coop.rs:102:9
[INFO] [stdout]   37:     0x55b005e892f9 - std::thread::local::LocalKey<T>::try_with::h97d14b5fac4cc532
[INFO] [stdout]                                at /rustc/0e09125c6c3c2fd70d7de961bcf0e51575235fad/library/std/src/thread/local.rs:270:16
[INFO] [stdout]   38:     0x55b005e87f6b - std::thread::local::LocalKey<T>::with::hb196048bb172ea4d
[INFO] [stdout]                                at /rustc/0e09125c6c3c2fd70d7de961bcf0e51575235fad/library/std/src/thread/local.rs:246:9
[INFO] [stdout]   39:     0x55b005ead510 - tokio::coop::with_budget::hde01ce809b9f6c9e
[INFO] [stdout]                                at /opt/rustwide/cargo-home/registry/src/index.crates.io-6f17d22bba15001f/tokio-1.17.0/src/coop.rs:95:5
[INFO] [stdout]   40:     0x55b005ead510 - tokio::coop::budget::hd670bc6846af6563
[INFO] [stdout]                                at /opt/rustwide/cargo-home/registry/src/index.crates.io-6f17d22bba15001f/tokio-1.17.0/src/coop.rs:72:5
[INFO] [stdout]   41:     0x55b005ead510 - tokio::task::local::LocalSet::tick::h667783faec1cf0b3
[INFO] [stdout]                                at /opt/rustwide/cargo-home/registry/src/index.crates.io-6f17d22bba15001f/tokio-1.17.0/src/task/local.rs:523:31
[INFO] [stdout]   42:     0x55b0058cb2c0 - <tokio::task::local::RunUntil<T> as core::future::future::Future>::poll::{{closure}}::h885f20bd46f85b5b
[INFO] [stdout]                                at /opt/rustwide/cargo-home/registry/src/index.crates.io-6f17d22bba15001f/tokio-1.17.0/src/task/local.rs:648:16
[INFO] [stdout]   43:     0x55b0058c36bc - tokio::macros::scoped_tls::ScopedKey<T>::set::hfccb3c1b2ece8cb4
[INFO] [stdout]                                at /opt/rustwide/cargo-home/registry/src/index.crates.io-6f17d22bba15001f/tokio-1.17.0/src/macros/scoped_tls.rs:61:9
[INFO] [stdout]   44:     0x55b0058c2c93 - tokio::task::local::LocalSet::with::h9c52a4e49feec148
[INFO] [stdout]                                at /opt/rustwide/cargo-home/registry/src/index.crates.io-6f17d22bba15001f/tokio-1.17.0/src/task/local.rs:561:9
[INFO] [stdout]   45:     0x55b0058cb079 - <tokio::task::local::RunUntil<T> as core::future::future::Future>::poll::h63b56ee44a5e74a5
[INFO] [stdout]                                at /opt/rustwide/cargo-home/registry/src/index.crates.io-6f17d22bba15001f/tokio-1.17.0/src/task/local.rs:634:9
[INFO] [stdout]   46:     0x55b0058c2f64 - tokio::task::local::LocalSet::run_until::{{closure}}::h93edc72662571a48
[INFO] [stdout]                                at /opt/rustwide/cargo-home/registry/src/index.crates.io-6f17d22bba15001f/tokio-1.17.0/src/task/local.rs:507:19
[INFO] [stdout]   47:     0x55b00589ffaa - <core::pin::Pin<P> as core::future::future::Future>::poll::h50d338dddb885d43
[INFO] [stdout]                                at /rustc/0e09125c6c3c2fd70d7de961bcf0e51575235fad/library/core/src/future/future.rs:124:9
[INFO] [stdout]   48:     0x55b00587f9c3 - tokio::runtime::basic_scheduler::CoreGuard::block_on::{{closure}}::{{closure}}::{{closure}}::hfb4eaf7c35576210
[INFO] [stdout]                                at /opt/rustwide/cargo-home/registry/src/index.crates.io-6f17d22bba15001f/tokio-1.17.0/src/runtime/basic_scheduler.rs:498:48
[INFO] [stdout]   49:     0x55b00587267a - tokio::coop::with_budget::{{closure}}::h1054bdcdabe9f68c
[INFO] [stdout]                                at /opt/rustwide/cargo-home/registry/src/index.crates.io-6f17d22bba15001f/tokio-1.17.0/src/coop.rs:102:9
[INFO] [stdout]   50:     0x55b00589b7ed - std::thread::local::LocalKey<T>::try_with::hf453a7addfebde8e
[INFO] [stdout]                                at /rustc/0e09125c6c3c2fd70d7de961bcf0e51575235fad/library/std/src/thread/local.rs:270:16
[INFO] [stdout]   51:     0x55b005899f2d - std::thread::local::LocalKey<T>::with::h8d228ec6efcce2a5
[INFO] [stdout]                                at /rustc/0e09125c6c3c2fd70d7de961bcf0e51575235fad/library/std/src/thread/local.rs:246:9
[INFO] [stdout]   52:     0x55b00587f86e - tokio::coop::with_budget::h1ec27ed8f105c57d
[INFO] [stdout]                                at /opt/rustwide/cargo-home/registry/src/index.crates.io-6f17d22bba15001f/tokio-1.17.0/src/coop.rs:95:5
[INFO] [stdout]   53:     0x55b00587f86e - tokio::coop::budget::h71943f525de133fd
[INFO] [stdout]                                at /opt/rustwide/cargo-home/registry/src/index.crates.io-6f17d22bba15001f/tokio-1.17.0/src/coop.rs:72:5
[INFO] [stdout]   54:     0x55b00587f86e - tokio::runtime::basic_scheduler::CoreGuard::block_on::{{closure}}::{{closure}}::h3972921a5ba6119e
[INFO] [stdout]                                at /opt/rustwide/cargo-home/registry/src/index.crates.io-6f17d22bba15001f/tokio-1.17.0/src/runtime/basic_scheduler.rs:498:25
[INFO] [stdout]   55:     0x55b00587ce6d - tokio::runtime::basic_scheduler::Context::enter::h0ed60b446ef946a0
[INFO] [stdout]                                at /opt/rustwide/cargo-home/registry/src/index.crates.io-6f17d22bba15001f/tokio-1.17.0/src/runtime/basic_scheduler.rs:356:19
[INFO] [stdout]   56:     0x55b00587f0ce - tokio::runtime::basic_scheduler::CoreGuard::block_on::{{closure}}::h9cac5652d1bf3c0c
[INFO] [stdout]                                at /opt/rustwide/cargo-home/registry/src/index.crates.io-6f17d22bba15001f/tokio-1.17.0/src/runtime/basic_scheduler.rs:497:36
[INFO] [stdout]   57:     0x55b00587e562 - tokio::runtime::basic_scheduler::CoreGuard::enter::{{closure}}::h37f33971cdfc8f84
[INFO] [stdout]                                at /opt/rustwide/cargo-home/registry/src/index.crates.io-6f17d22bba15001f/tokio-1.17.0/src/runtime/basic_scheduler.rs:555:57
[INFO] [stdout]   58:     0x55b0058c345c - tokio::macros::scoped_tls::ScopedKey<T>::set::ha1749262c149af32
[INFO] [stdout]                                at /opt/rustwide/cargo-home/registry/src/index.crates.io-6f17d22bba15001f/tokio-1.17.0/src/macros/scoped_tls.rs:61:9
[INFO] [stdout]   59:     0x55b00587dea4 - tokio::runtime::basic_scheduler::CoreGuard::enter::h2ee5eb6995b902ec
[INFO] [stdout]                                at /opt/rustwide/cargo-home/registry/src/index.crates.io-6f17d22bba15001f/tokio-1.17.0/src/runtime/basic_scheduler.rs:555:27
[INFO] [stdout]   60:     0x55b00587e5c8 - tokio::runtime::basic_scheduler::CoreGuard::block_on::h564f0b56fd813c18
[INFO] [stdout]                                at /opt/rustwide/cargo-home/registry/src/index.crates.io-6f17d22bba15001f/tokio-1.17.0/src/runtime/basic_scheduler.rs:488:9
[INFO] [stdout]   61:     0x55b00587c198 - tokio::runtime::basic_scheduler::BasicScheduler::block_on::h47816c6c616b7b44
[INFO] [stdout]                                at /opt/rustwide/cargo-home/registry/src/index.crates.io-6f17d22bba15001f/tokio-1.17.0/src/runtime/basic_scheduler.rs:168:24
[INFO] [stdout]   62:     0x55b0058038b8 - tokio::runtime::Runtime::block_on::hbff6771c7a2613c3
[INFO] [stdout]                                at /opt/rustwide/cargo-home/registry/src/index.crates.io-6f17d22bba15001f/tokio-1.17.0/src/runtime/mod.rs:475:46
[INFO] [stdout]   63:     0x55b0058c2d2c - tokio::task::local::LocalSet::block_on::h6f0bbdbcfa31f814
[INFO] [stdout]                                at /opt/rustwide/cargo-home/registry/src/index.crates.io-6f17d22bba15001f/tokio-1.17.0/src/task/local.rs:468:9
[INFO] [stdout]   64:     0x55b0057fef34 - actix_rt::runtime::Runtime::block_on::had147b343e67e15b
[INFO] [stdout]                                at /opt/rustwide/cargo-home/registry/src/index.crates.io-6f17d22bba15001f/actix-rt-2.7.0/src/runtime.rs:80:9
[INFO] [stdout]   65:     0x55b0058ac34e - actix_rt::system::SystemRunner::block_on::h591e7d147326e715
[INFO] [stdout]                                at /opt/rustwide/cargo-home/registry/src/index.crates.io-6f17d22bba15001f/actix-rt-2.7.0/src/system.rs:209:9
[INFO] [stdout]   66:     0x55b0058b6b72 - lobby::tests::game_start::h80af39598441e123
[INFO] [stdout]                                at /opt/rustwide/workdir/tests/lobby.rs:100:5
[INFO] [stdout]   67:     0x55b0058b6b27 - lobby::tests::game_start::{{closure}}::hb887e9434345397b
[INFO] [stdout]                                at /opt/rustwide/workdir/tests/lobby.rs:101:30
[INFO] [stdout]   68:     0x55b0058ea146 - core::ops::function::FnOnce::call_once::h1615c75eab54a96a
[INFO] [stdout]                                at /rustc/0e09125c6c3c2fd70d7de961bcf0e51575235fad/library/core/src/ops/function.rs:250:5
[INFO] [stdout]   69:     0x55b00592ec6f - core::ops::function::FnOnce::call_once::hd64d26f405258157
[INFO] [stdout]                                at /rustc/0e09125c6c3c2fd70d7de961bcf0e51575235fad/library/core/src/ops/function.rs:250:5
[INFO] [stdout]   70:     0x55b00592ec6f - test::__rust_begin_short_backtrace::he21b0b7a6d731bf9
[INFO] [stdout]                                at /rustc/0e09125c6c3c2fd70d7de961bcf0e51575235fad/library/test/src/lib.rs:627:18
[INFO] [stdout]   71:     0x55b00592d9f1 - test::run_test_in_process::{{closure}}::hf5c73986d7bdfde2
[INFO] [stdout]                                at /rustc/0e09125c6c3c2fd70d7de961bcf0e51575235fad/library/test/src/lib.rs:650:60
[INFO] [stdout]   72:     0x55b00592d9f1 - <core::panic::unwind_safe::AssertUnwindSafe<F> as core::ops::function::FnOnce<()>>::call_once::h330011ad032aadc0
[INFO] [stdout]                                at /rustc/0e09125c6c3c2fd70d7de961bcf0e51575235fad/library/core/src/panic/unwind_safe.rs:272:9
[INFO] [stdout]   73:     0x55b00592d9f1 - std::panicking::try::do_call::he61b0a958b795a41
[INFO] [stdout]                                at /rustc/0e09125c6c3c2fd70d7de961bcf0e51575235fad/library/std/src/panicking.rs:552:40
[INFO] [stdout]   74:     0x55b00592d9f1 - std::panicking::try::h7309da130f906eb7
[INFO] [stdout]                                at /rustc/0e09125c6c3c2fd70d7de961bcf0e51575235fad/library/std/src/panicking.rs:516:19
[INFO] [stdout]   75:     0x55b00592d9f1 - std::panic::catch_unwind::hc5c3a06fdaf0a92a
[INFO] [stdout]                                at /rustc/0e09125c6c3c2fd70d7de961bcf0e51575235fad/library/std/src/panic.rs:142:14
[INFO] [stdout]   76:     0x55b00592d9f1 - test::run_test_in_process::h7e7b7c71c3324e0f
[INFO] [stdout]                                at /rustc/0e09125c6c3c2fd70d7de961bcf0e51575235fad/library/test/src/lib.rs:650:27
[INFO] [stdout]   77:     0x55b00592d9f1 - test::run_test::{{closure}}::h1f509f28f5cf20b1
[INFO] [stdout]                                at /rustc/0e09125c6c3c2fd70d7de961bcf0e51575235fad/library/test/src/lib.rs:573:43
[INFO] [stdout]   78:     0x55b0058f4d26 - test::run_test::{{closure}}::h1754218abf443f6d
[INFO] [stdout]                                at /rustc/0e09125c6c3c2fd70d7de961bcf0e51575235fad/library/test/src/lib.rs:601:41
[INFO] [stdout]   79:     0x55b0058f4d26 - std::sys_common::backtrace::__rust_begin_short_backtrace::h2ee174b9d5954948
[INFO] [stdout]                                at /rustc/0e09125c6c3c2fd70d7de961bcf0e51575235fad/library/std/src/sys_common/backtrace.rs:155:18
[INFO] [stdout]   80:     0x55b0058f9d87 - std::thread::Builder::spawn_unchecked_::{{closure}}::{{closure}}::hf60bee9c1a17ef09
[INFO] [stdout]                                at /rustc/0e09125c6c3c2fd70d7de961bcf0e51575235fad/library/std/src/thread/mod.rs:529:17
[INFO] [stdout]   81:     0x55b0058f9d87 - <core::panic::unwind_safe::AssertUnwindSafe<F> as core::ops::function::FnOnce<()>>::call_once::h33d0dddec5216160
[INFO] [stdout]                                at /rustc/0e09125c6c3c2fd70d7de961bcf0e51575235fad/library/core/src/panic/unwind_safe.rs:272:9
[INFO] [stdout]   82:     0x55b0058f9d87 - std::panicking::try::do_call::h144b3048b546f835
[INFO] [stdout]                                at /rustc/0e09125c6c3c2fd70d7de961bcf0e51575235fad/library/std/src/panicking.rs:552:40
[INFO] [stdout]   83:     0x55b0058f9d87 - std::panicking::try::h978244d04646189f
[INFO] [stdout]                                at /rustc/0e09125c6c3c2fd70d7de961bcf0e51575235fad/library/std/src/panicking.rs:516:19
[INFO] [stdout]   84:     0x55b0058f9d87 - std::panic::catch_unwind::hdf436369d188fe86
[INFO] [stdout]                                at /rustc/0e09125c6c3c2fd70d7de961bcf0e51575235fad/library/std/src/panic.rs:142:14
[INFO] [stdout]   85:     0x55b0058f9d87 - std::thread::Builder::spawn_unchecked_::{{closure}}::h87329cbdd33c79ec
[INFO] [stdout]                                at /rustc/0e09125c6c3c2fd70d7de961bcf0e51575235fad/library/std/src/thread/mod.rs:528:30
[INFO] [stdout]   86:     0x55b0058f9d87 - core::ops::function::FnOnce::call_once{{vtable.shim}}::h401abbe67897d450
[INFO] [stdout]                                at /rustc/0e09125c6c3c2fd70d7de961bcf0e51575235fad/library/core/src/ops/function.rs:250:5
[INFO] [stdout]   87:     0x55b005f56445 - <alloc::boxed::Box<F,A> as core::ops::function::FnOnce<Args>>::call_once::h5d7c8f150ab9c84c
[INFO] [stdout]                                at /rustc/0e09125c6c3c2fd70d7de961bcf0e51575235fad/library/alloc/src/boxed.rs:2015:9
[INFO] [stdout]   88:     0x55b005f56445 - <alloc::boxed::Box<F,A> as core::ops::function::FnOnce<Args>>::call_once::h570d5b005c242c15
[INFO] [stdout]                                at /rustc/0e09125c6c3c2fd70d7de961bcf0e51575235fad/library/alloc/src/boxed.rs:2015:9
[INFO] [stdout]   89:     0x55b005f56445 - std::sys::unix::thread::Thread::new::thread_start::h36b0a20c0b2361ad
[INFO] [stdout]                                at /rustc/0e09125c6c3c2fd70d7de961bcf0e51575235fad/library/std/src/sys/unix/thread.rs:108:17
[INFO] [stdout]   90:     0x7f0b14a91ac3 - <unknown>
[INFO] [stdout]   91:     0x7f0b14b22bf4 - __clone
[INFO] [stdout]   92:                0x0 - <unknown>
[INFO] [stdout] DEBUG: [e6f41d88-ce9f-4f04-842a-584b6551fc40] 965712cb-3499-4205-bbcf-39b3e285572c > Object({"type": String("REGISTER"), "username": String("test_1")}) 
[INFO] [stdout] DEBUG: [008cf0e3-adee-42c4-b606-29e6828b94b3] 5305bb8a-a172-4bad-9c28-d1a86c625087 > Object({"type": String("REGISTER"), "username": String("test_2")}) 
[INFO] [stdout] DEBUG: [008cf0e3-adee-42c4-b606-29e6828b94b3] 5305bb8a-a172-4bad-9c28-d1a86c625087 > Object({"type": String("REGISTER"), "username": String("test_2")}) 
[INFO] [stdout] DEBUG: [008cf0e3-adee-42c4-b606-29e6828b94b3] 5305bb8a-a172-4bad-9c28-d1a86c625087 > Object({"options": String("None"), "type": String("START-GAME")}) 
[INFO] [stdout] Error: JoinError::Panic(...)
[INFO] [stdout] 
[INFO] [stdout] 
[INFO] [stdout] failures:
[INFO] [stdout]     tests::game_start
[INFO] [stdout] 
[INFO] [stdout] test result: FAILED. 1 passed; 1 failed; 0 ignored; 0 measured; 0 filtered out; finished in 0.10s
[INFO] [stdout] 
[INFO] [stderr] error: test failed, to rerun pass `--test lobby`
[INFO] running `Command { std: "docker" "inspect" "5d2e865dacaf5c57e87dfe9e0a2de4d6ef4ba8c128cbd1aee5a57180b6b7da69", kill_on_drop: false }`
[INFO] running `Command { std: "docker" "rm" "-f" "5d2e865dacaf5c57e87dfe9e0a2de4d6ef4ba8c128cbd1aee5a57180b6b7da69", kill_on_drop: false }`
[INFO] [stdout] 5d2e865dacaf5c57e87dfe9e0a2de4d6ef4ba8c128cbd1aee5a57180b6b7da69
