[INFO] cloning repository https://github.com/Tommy-ASD/traceback-error
[INFO] running `Command { std: "git" "-c" "credential.helper=" "-c" "credential.helper=/workspace/cargo-home/bin/git-credential-null" "clone" "--bare" "https://github.com/Tommy-ASD/traceback-error" "/workspace/cache/git-repos/https%3A%2F%2Fgithub.com%2FTommy-ASD%2Ftraceback-error", kill_on_drop: false }`
[INFO] [stderr] Cloning into bare repository '/workspace/cache/git-repos/https%3A%2F%2Fgithub.com%2FTommy-ASD%2Ftraceback-error'...
[INFO] running `Command { std: "git" "rev-parse" "HEAD", kill_on_drop: false }`
[INFO] [stdout] 6047c235d783abf6afbe7319216373bc221daadb
[INFO] testing Tommy-ASD/traceback-error against 1.75.0 for beta-1.76-1
[INFO] running `Command { std: "git" "clone" "/workspace/cache/git-repos/https%3A%2F%2Fgithub.com%2FTommy-ASD%2Ftraceback-error" "/workspace/builds/worker-1-tc1/source", kill_on_drop: false }`
[INFO] [stderr] Cloning into '/workspace/builds/worker-1-tc1/source'...
[INFO] [stderr] done.
[INFO] validating manifest of git repo https://github.com/Tommy-ASD/traceback-error on toolchain 1.75.0
[INFO] running `Command { std: CARGO_HOME="/workspace/cargo-home" RUSTUP_HOME="/workspace/rustup-home" "/workspace/cargo-home/bin/cargo" "+1.75.0" "metadata" "--manifest-path" "Cargo.toml" "--no-deps", kill_on_drop: false }`
[INFO] started tweaking git repo https://github.com/Tommy-ASD/traceback-error
[INFO] finished tweaking git repo https://github.com/Tommy-ASD/traceback-error
[INFO] tweaked toml for git repo https://github.com/Tommy-ASD/traceback-error written to /workspace/builds/worker-1-tc1/source/Cargo.toml
[INFO] crate git repo https://github.com/Tommy-ASD/traceback-error already has a lockfile, it will not be regenerated
[INFO] running `Command { std: CARGO_HOME="/workspace/cargo-home" RUSTUP_HOME="/workspace/rustup-home" "/workspace/cargo-home/bin/cargo" "+1.75.0" "fetch" "--manifest-path" "Cargo.toml", kill_on_drop: false }`
[INFO] [stderr]     Updating crates.io index
[INFO] [stderr]  Downloading crates ...
[INFO] [stderr]   Downloaded unique-paste v0.1.0
[INFO] running `Command { std: "docker" "create" "-v" "/var/lib/crater-agent-workspace/builds/worker-1-tc1/target:/opt/rustwide/target:rw,Z" "-v" "/var/lib/crater-agent-workspace/builds/worker-1-tc1/source:/opt/rustwide/workdir:ro,Z" "-v" "/var/lib/crater-agent-workspace/cargo-home:/opt/rustwide/cargo-home:ro,Z" "-v" "/var/lib/crater-agent-workspace/rustup-home:/opt/rustwide/rustup-home:ro,Z" "-e" "SOURCE_DIR=/opt/rustwide/workdir" "-e" "CARGO_TARGET_DIR=/opt/rustwide/target" "-e" "CARGO_HOME=/opt/rustwide/cargo-home" "-e" "RUSTUP_HOME=/opt/rustwide/rustup-home" "-w" "/opt/rustwide/workdir" "-m" "1610612736" "--user" "0:0" "--network" "none" "ghcr.io/rust-lang/crates-build-env/linux@sha256:2788e3201cd34a07e3172128adcd8b3090168a8e3bcc40d7c032b9dda1df7d1c" "/opt/rustwide/cargo-home/bin/cargo" "+1.75.0" "metadata" "--no-deps" "--format-version=1", kill_on_drop: false }`
[INFO] [stdout] a0981c9107f0828960312570af234f8cd1b6ff59a8fbd7a9b14d8b984f974e25
[INFO] running `Command { std: "docker" "start" "-a" "a0981c9107f0828960312570af234f8cd1b6ff59a8fbd7a9b14d8b984f974e25", kill_on_drop: false }`
[INFO] running `Command { std: "docker" "inspect" "a0981c9107f0828960312570af234f8cd1b6ff59a8fbd7a9b14d8b984f974e25", kill_on_drop: false }`
[INFO] running `Command { std: "docker" "rm" "-f" "a0981c9107f0828960312570af234f8cd1b6ff59a8fbd7a9b14d8b984f974e25", kill_on_drop: false }`
[INFO] [stdout] a0981c9107f0828960312570af234f8cd1b6ff59a8fbd7a9b14d8b984f974e25
[INFO] running `Command { std: "docker" "create" "-v" "/var/lib/crater-agent-workspace/builds/worker-1-tc1/target:/opt/rustwide/target:rw,Z" "-v" "/var/lib/crater-agent-workspace/builds/worker-1-tc1/source:/opt/rustwide/workdir:ro,Z" "-v" "/var/lib/crater-agent-workspace/cargo-home:/opt/rustwide/cargo-home:ro,Z" "-v" "/var/lib/crater-agent-workspace/rustup-home:/opt/rustwide/rustup-home:ro,Z" "-e" "SOURCE_DIR=/opt/rustwide/workdir" "-e" "CARGO_TARGET_DIR=/opt/rustwide/target" "-e" "CARGO_INCREMENTAL=0" "-e" "RUST_BACKTRACE=full" "-e" "RUSTFLAGS=--cap-lints=warn" "-e" "RUSTDOCFLAGS=--cap-lints=warn" "-e" "CARGO_HOME=/opt/rustwide/cargo-home" "-e" "RUSTUP_HOME=/opt/rustwide/rustup-home" "-w" "/opt/rustwide/workdir" "-m" "1610612736" "--user" "0:0" "--network" "none" "ghcr.io/rust-lang/crates-build-env/linux@sha256:2788e3201cd34a07e3172128adcd8b3090168a8e3bcc40d7c032b9dda1df7d1c" "/opt/rustwide/cargo-home/bin/cargo" "+1.75.0" "build" "--frozen" "--message-format=json", kill_on_drop: false }`
[INFO] [stdout] 47761172230b600984f46696933a94b9ff4333387073b79e157c371ee0739545
[INFO] running `Command { std: "docker" "start" "-a" "47761172230b600984f46696933a94b9ff4333387073b79e157c371ee0739545", kill_on_drop: false }`
[INFO] [stderr]    Compiling proc-macro2 v1.0.67
[INFO] [stderr]    Compiling unicode-ident v1.0.12
[INFO] [stderr]    Compiling serde v1.0.188
[INFO] [stderr]    Compiling autocfg v1.1.0
[INFO] [stderr]    Compiling unique-paste v0.1.0
[INFO] [stderr]    Compiling serde_json v1.0.107
[INFO] [stderr]    Compiling itoa v1.0.9
[INFO] [stderr]    Compiling once_cell v1.18.0
[INFO] [stderr]    Compiling iana-time-zone v0.1.57
[INFO] [stderr]    Compiling ryu v1.0.15
[INFO] [stderr]    Compiling num-traits v0.2.16
[INFO] [stderr]    Compiling quote v1.0.33
[INFO] [stderr]    Compiling syn v2.0.33
[INFO] [stderr]    Compiling serde_derive v1.0.188
[INFO] [stderr]    Compiling chrono v0.4.30
[INFO] [stderr]    Compiling traceback-error v0.1.9 (/opt/rustwide/workdir)
[INFO] [stdout] warning: use of deprecated associated function `chrono::DateTime::<Tz>::from_utc`: Use TimeZone::from_utc_datetime() or DateTime::from_naive_utc_and_offset instead
[INFO] [stdout]    --> src/lib.rs:201:37
[INFO] [stdout]     |
[INFO] [stdout] 201 |             time_created: DateTime::from_utc(
[INFO] [stdout]     |                                     ^^^^^^^^
[INFO] [stdout]     |
[INFO] [stdout]     = note: `#[warn(deprecated)]` on by default
[INFO] [stdout] 
[INFO] [stdout] 
[INFO] [stdout] warning: 1 warning emitted
[INFO] [stdout] 
[INFO] [stdout] 
[INFO] [stderr]     Finished dev [unoptimized + debuginfo] target(s) in 8.31s
[INFO] running `Command { std: "docker" "inspect" "47761172230b600984f46696933a94b9ff4333387073b79e157c371ee0739545", kill_on_drop: false }`
[INFO] running `Command { std: "docker" "rm" "-f" "47761172230b600984f46696933a94b9ff4333387073b79e157c371ee0739545", kill_on_drop: false }`
[INFO] [stdout] 47761172230b600984f46696933a94b9ff4333387073b79e157c371ee0739545
[INFO] running `Command { std: "docker" "create" "-v" "/var/lib/crater-agent-workspace/builds/worker-1-tc1/target:/opt/rustwide/target:rw,Z" "-v" "/var/lib/crater-agent-workspace/builds/worker-1-tc1/source:/opt/rustwide/workdir:ro,Z" "-v" "/var/lib/crater-agent-workspace/cargo-home:/opt/rustwide/cargo-home:ro,Z" "-v" "/var/lib/crater-agent-workspace/rustup-home:/opt/rustwide/rustup-home:ro,Z" "-e" "SOURCE_DIR=/opt/rustwide/workdir" "-e" "CARGO_TARGET_DIR=/opt/rustwide/target" "-e" "CARGO_INCREMENTAL=0" "-e" "RUST_BACKTRACE=full" "-e" "RUSTFLAGS=--cap-lints=warn" "-e" "RUSTDOCFLAGS=--cap-lints=warn" "-e" "CARGO_HOME=/opt/rustwide/cargo-home" "-e" "RUSTUP_HOME=/opt/rustwide/rustup-home" "-w" "/opt/rustwide/workdir" "-m" "1610612736" "--user" "0:0" "--network" "none" "ghcr.io/rust-lang/crates-build-env/linux@sha256:2788e3201cd34a07e3172128adcd8b3090168a8e3bcc40d7c032b9dda1df7d1c" "/opt/rustwide/cargo-home/bin/cargo" "+1.75.0" "test" "--frozen" "--no-run" "--message-format=json", kill_on_drop: false }`
[INFO] [stdout] 6d07b3a158901a292ee1728562f595bc9c67544afc12341fe0facce534da66cd
[INFO] running `Command { std: "docker" "start" "-a" "6d07b3a158901a292ee1728562f595bc9c67544afc12341fe0facce534da66cd", kill_on_drop: false }`
[INFO] [stderr]    Compiling traceback-error v0.1.9 (/opt/rustwide/workdir)
[INFO] [stdout] warning: use of deprecated associated function `chrono::DateTime::<Tz>::from_utc`: Use TimeZone::from_utc_datetime() or DateTime::from_naive_utc_and_offset instead
[INFO] [stdout]    --> src/lib.rs:201:37
[INFO] [stdout]     |
[INFO] [stdout] 201 |             time_created: DateTime::from_utc(
[INFO] [stdout]     |                                     ^^^^^^^^
[INFO] [stdout]     |
[INFO] [stdout]     = note: `#[warn(deprecated)]` on by default
[INFO] [stdout] 
[INFO] [stdout] 
[INFO] [stdout] warning: 1 warning emitted
[INFO] [stdout] 
[INFO] [stdout] 
[INFO] [stdout] warning: use of deprecated associated function `chrono::DateTime::<Tz>::from_utc`: Use TimeZone::from_utc_datetime() or DateTime::from_naive_utc_and_offset instead
[INFO] [stdout]    --> src/lib.rs:201:37
[INFO] [stdout]     |
[INFO] [stdout] 201 |             time_created: DateTime::from_utc(
[INFO] [stdout]     |                                     ^^^^^^^^
[INFO] [stdout]     |
[INFO] [stdout]     = note: `#[warn(deprecated)]` on by default
[INFO] [stdout] 
[INFO] [stdout] 
[INFO] [stdout] warning: 1 warning emitted
[INFO] [stdout] 
[INFO] [stdout] 
[INFO] [stderr]     Finished test [unoptimized + debuginfo] target(s) in 0.49s
[INFO] running `Command { std: "docker" "inspect" "6d07b3a158901a292ee1728562f595bc9c67544afc12341fe0facce534da66cd", kill_on_drop: false }`
[INFO] running `Command { std: "docker" "rm" "-f" "6d07b3a158901a292ee1728562f595bc9c67544afc12341fe0facce534da66cd", kill_on_drop: false }`
[INFO] [stdout] 6d07b3a158901a292ee1728562f595bc9c67544afc12341fe0facce534da66cd
[INFO] running `Command { std: "docker" "create" "-v" "/var/lib/crater-agent-workspace/builds/worker-1-tc1/target:/opt/rustwide/target:rw,Z" "-v" "/var/lib/crater-agent-workspace/builds/worker-1-tc1/source:/opt/rustwide/workdir:ro,Z" "-v" "/var/lib/crater-agent-workspace/cargo-home:/opt/rustwide/cargo-home:ro,Z" "-v" "/var/lib/crater-agent-workspace/rustup-home:/opt/rustwide/rustup-home:ro,Z" "-e" "SOURCE_DIR=/opt/rustwide/workdir" "-e" "CARGO_TARGET_DIR=/opt/rustwide/target" "-e" "CARGO_INCREMENTAL=0" "-e" "RUST_BACKTRACE=full" "-e" "RUSTFLAGS=--cap-lints=warn" "-e" "RUSTDOCFLAGS=--cap-lints=warn" "-e" "CARGO_HOME=/opt/rustwide/cargo-home" "-e" "RUSTUP_HOME=/opt/rustwide/rustup-home" "-w" "/opt/rustwide/workdir" "-m" "1610612736" "--user" "0:0" "--network" "none" "ghcr.io/rust-lang/crates-build-env/linux@sha256:2788e3201cd34a07e3172128adcd8b3090168a8e3bcc40d7c032b9dda1df7d1c" "/opt/rustwide/cargo-home/bin/cargo" "+1.75.0" "test" "--frozen", kill_on_drop: false }`
[INFO] [stdout] 6de6f8ab55d9d2f1ffad411ae48cb826e182ab0d74e11f7c241b0e58a4581b25
[INFO] running `Command { std: "docker" "start" "-a" "6de6f8ab55d9d2f1ffad411ae48cb826e182ab0d74e11f7c241b0e58a4581b25", kill_on_drop: false }`
[INFO] [stderr] warning: use of deprecated associated function `chrono::DateTime::<Tz>::from_utc`: Use TimeZone::from_utc_datetime() or DateTime::from_naive_utc_and_offset instead
[INFO] [stderr]    --> src/lib.rs:201:37
[INFO] [stderr]     |
[INFO] [stderr] 201 |             time_created: DateTime::from_utc(
[INFO] [stderr]     |                                     ^^^^^^^^
[INFO] [stderr]     |
[INFO] [stderr]     = note: `#[warn(deprecated)]` on by default
[INFO] [stderr] 
[INFO] [stderr] warning: `traceback-error` (lib) generated 1 warning
[INFO] [stderr] warning: `traceback-error` (lib test) generated 1 warning (1 duplicate)
[INFO] [stderr]     Finished test [unoptimized + debuginfo] target(s) in 0.03s
[INFO] [stderr]      Running unittests src/lib.rs (/opt/rustwide/target/debug/deps/traceback_error-bbb58824244a11d1)
[INFO] [stdout] 
[INFO] [stdout] running 0 tests
[INFO] [stdout] 
[INFO] [stdout] test result: ok. 0 passed; 0 failed; 0 ignored; 0 measured; 0 filtered out; finished in 0.00s
[INFO] [stdout] 
[INFO] [stderr]    Doc-tests traceback-error
[INFO] [stdout] 
[INFO] [stdout] running 11 tests
[INFO] [stdout] test src/lib.rs - TracebackError::with_env_vars (line 351) ... FAILED
[INFO] [stdout] test src/lib.rs - TRACEBACK_ERROR_CALLBACK (line 36) ... FAILED
[INFO] [stdout] test src/lib.rs - default_callback (line 519) ... FAILED
[INFO] [stdout] test src/lib.rs - TRACEBACK_ERROR_CALLBACK (line 56) ... FAILED
[INFO] [stdout] test src/set_callback.rs - set_callback::set_traceback (line 62) ... FAILED
[INFO] [stdout] test src/set_callback.rs - set_callback::set_traceback (line 49) ... FAILED
[INFO] [stdout] test src/lib.rs - traceback (line 602) ... ok
[INFO] [stdout] test src/lib.rs - traceback (line 591) ... ok
[INFO] [stdout] test src/lib.rs - TracebackError (line 88) ... ok
[INFO] [stdout] test src/lib.rs - traceback (line 584) ... ok
[INFO] [stdout] test src/lib.rs - traceback (line 612) ... ok
[INFO] [stdout] 
[INFO] [stdout] failures:
[INFO] [stdout] 
[INFO] [stdout] ---- src/lib.rs - TracebackError::with_env_vars (line 351) stdout ----
[INFO] [stdout] error[E0061]: this function takes 4 arguments but 3 arguments were supplied
[INFO] [stdout]    --> src/lib.rs:356:13
[INFO] [stdout]     |
[INFO] [stdout] 8   | let error = TracebackError::new("An error occurred".to_string(), file!().to_string(), line!())
[INFO] [stdout]     |             ^^^^^^^^^^^^^^^^^^^--------------------------------------------------------------- an argument of type `ErrorLevel` is missing
[INFO] [stdout]     |
[INFO] [stdout] note: associated function defined here
[INFO] [stdout]    --> /opt/rustwide/workdir/src/lib.rs:259:12
[INFO] [stdout]     |
[INFO] [stdout] 259 |     pub fn new(message: String, file: String, line: u32, level: ErrorLevel) -> Self {
[INFO] [stdout]     |            ^^^
[INFO] [stdout] help: provide the argument
[INFO] [stdout]     |
[INFO] [stdout] 8   | let error = TracebackError::new("An error occurred".to_string(), file!().to_string(), line!(), /* ErrorLevel */)
[INFO] [stdout]     |                                ~~~~~~~~~~~~~~~~~~~~~~~~~~~~~~~~~~~~~~~~~~~~~~~~~~~~~~~~~~~~~~~~~~~~~~~~~~~~~~~~~
[INFO] [stdout] 
[INFO] [stdout] error: aborting due to previous error
[INFO] [stdout] 
[INFO] [stdout] For more information about this error, try `rustc --explain E0061`.
[INFO] [stdout] Couldn't compile the test.
[INFO] [stdout] ---- src/lib.rs - TRACEBACK_ERROR_CALLBACK (line 36) stdout ----
[INFO] [stdout] error[E0425]: cannot find function `my_traceback_callback` in module `super`
[INFO] [stdout]   --> src/lib.rs:45:33
[INFO] [stdout]    |
[INFO] [stdout] 12 | traceback_error::set_traceback!(my_traceback_callback);
[INFO] [stdout]    |                                 ^^^^^^^^^^^^^^^^^^^^^ not found in `super`
[INFO] [stdout] 
[INFO] [stdout] error: aborting due to previous error
[INFO] [stdout] 
[INFO] [stdout] For more information about this error, try `rustc --explain E0425`.
[INFO] [stdout] Couldn't compile the test.
[INFO] [stdout] ---- src/lib.rs - default_callback (line 519) stdout ----
[INFO] [stdout] error[E0425]: cannot find function, tuple struct or tuple variant `None` in module `super`
[INFO] [stdout]  --> src/lib.rs:522:33
[INFO] [stdout]   |
[INFO] [stdout] 6 | traceback_error::set_traceback!(None);
[INFO] [stdout]   |                                 ^^^^ not found in `super`
[INFO] [stdout]   |
[INFO] [stdout]   = help: consider importing one of these items:
[INFO] [stdout]           chrono::LocalResult::None
[INFO] [stdout]           chrono::format::Colons::None
[INFO] [stdout]           chrono::format::Pad::None
[INFO] [stdout]           serde::__private::None
[INFO] [stdout]           serde::__private::de::Content::None
[INFO] [stdout]           std::option::Option::None
[INFO] [stdout]           traceback_error::ErrorLevel::None
[INFO] [stdout]           core::option::Option::None
[INFO] [stdout] 
[INFO] [stdout] error: aborting due to previous error
[INFO] [stdout] 
[INFO] [stdout] For more information about this error, try `rustc --explain E0425`.
[INFO] [stdout] Couldn't compile the test.
[INFO] [stdout] ---- src/lib.rs - TRACEBACK_ERROR_CALLBACK (line 56) stdout ----
[INFO] [stdout] error[E0425]: cannot find function `my_async_traceback_callback` in module `super`
[INFO] [stdout]   --> src/lib.rs:65:39
[INFO] [stdout]    |
[INFO] [stdout] 12 | traceback_error::set_traceback!(async my_async_traceback_callback);
[INFO] [stdout]    |                                       ^^^^^^^^^^^^^^^^^^^^^^^^^^^ not found in `super`
[INFO] [stdout] 
[INFO] [stdout] error: aborting due to previous error
[INFO] [stdout] 
[INFO] [stdout] For more information about this error, try `rustc --explain E0425`.
[INFO] [stdout] Couldn't compile the test.
[INFO] [stdout] ---- src/set_callback.rs - set_callback::set_traceback (line 62) stdout ----
[INFO] [stdout] error[E0425]: cannot find function `my_traceback_callback` in module `super`
[INFO] [stdout]   --> src/set_callback.rs:71:39
[INFO] [stdout]    |
[INFO] [stdout] 12 | traceback_error::set_traceback!(async my_traceback_callback);
[INFO] [stdout]    |                                       ^^^^^^^^^^^^^^^^^^^^^ not found in `super`
[INFO] [stdout] 
[INFO] [stdout] error: aborting due to previous error
[INFO] [stdout] 
[INFO] [stdout] For more information about this error, try `rustc --explain E0425`.
[INFO] [stdout] Couldn't compile the test.
[INFO] [stdout] ---- src/set_callback.rs - set_callback::set_traceback (line 49) stdout ----
[INFO] [stdout] error[E0425]: cannot find function `my_traceback_callback` in module `super`
[INFO] [stdout]   --> src/set_callback.rs:58:33
[INFO] [stdout]    |
[INFO] [stdout] 12 | traceback_error::set_traceback!(my_traceback_callback);
[INFO] [stdout]    |                                 ^^^^^^^^^^^^^^^^^^^^^ not found in `super`
[INFO] [stdout] 
[INFO] [stdout] error: aborting due to previous error
[INFO] [stdout] 
[INFO] [stdout] For more information about this error, try `rustc --explain E0425`.
[INFO] [stdout] Couldn't compile the test.
[INFO] [stdout] 
[INFO] [stdout] failures:
[INFO] [stdout]     src/lib.rs - TRACEBACK_ERROR_CALLBACK (line 36)
[INFO] [stdout]     src/lib.rs - TRACEBACK_ERROR_CALLBACK (line 56)
[INFO] [stdout]     src/lib.rs - TracebackError::with_env_vars (line 351)
[INFO] [stdout]     src/lib.rs - default_callback (line 519)
[INFO] [stdout]     src/set_callback.rs - set_callback::set_traceback (line 49)
[INFO] [stdout]     src/set_callback.rs - set_callback::set_traceback (line 62)
[INFO] [stdout] 
[INFO] [stdout] test result: FAILED. 5 passed; 6 failed; 0 ignored; 0 measured; 0 filtered out; finished in 0.56s
[INFO] [stdout] 
[INFO] [stderr] error: doctest failed, to rerun pass `--doc`
[INFO] running `Command { std: "docker" "inspect" "6de6f8ab55d9d2f1ffad411ae48cb826e182ab0d74e11f7c241b0e58a4581b25", kill_on_drop: false }`
[INFO] running `Command { std: "docker" "rm" "-f" "6de6f8ab55d9d2f1ffad411ae48cb826e182ab0d74e11f7c241b0e58a4581b25", kill_on_drop: false }`
[INFO] [stdout] 6de6f8ab55d9d2f1ffad411ae48cb826e182ab0d74e11f7c241b0e58a4581b25
