[INFO] cloning repository https://github.com/Tobraef/crypto-simulation
[INFO] running `Command { std: "git" "-c" "credential.helper=" "-c" "credential.helper=/workspace/cargo-home/bin/git-credential-null" "clone" "--bare" "https://github.com/Tobraef/crypto-simulation" "/workspace/cache/git-repos/https%3A%2F%2Fgithub.com%2FTobraef%2Fcrypto-simulation", kill_on_drop: false }`
[INFO] [stderr] Cloning into bare repository '/workspace/cache/git-repos/https%3A%2F%2Fgithub.com%2FTobraef%2Fcrypto-simulation'...
[INFO] running `Command { std: "git" "rev-parse" "HEAD", kill_on_drop: false }`
[INFO] [stdout] c6c551cef4c7a98674c1ba68f168e8904f377a72
[INFO] testing Tobraef/crypto-simulation against 1.75.0 for beta-1.76-1
[INFO] running `Command { std: "git" "clone" "/workspace/cache/git-repos/https%3A%2F%2Fgithub.com%2FTobraef%2Fcrypto-simulation" "/workspace/builds/worker-0-tc1/source", kill_on_drop: false }`
[INFO] [stderr] Cloning into '/workspace/builds/worker-0-tc1/source'...
[INFO] [stderr] done.
[INFO] validating manifest of git repo https://github.com/Tobraef/crypto-simulation on toolchain 1.75.0
[INFO] running `Command { std: CARGO_HOME="/workspace/cargo-home" RUSTUP_HOME="/workspace/rustup-home" "/workspace/cargo-home/bin/cargo" "+1.75.0" "metadata" "--manifest-path" "Cargo.toml" "--no-deps", kill_on_drop: false }`
[INFO] started tweaking git repo https://github.com/Tobraef/crypto-simulation
[INFO] finished tweaking git repo https://github.com/Tobraef/crypto-simulation
[INFO] tweaked toml for git repo https://github.com/Tobraef/crypto-simulation written to /workspace/builds/worker-0-tc1/source/Cargo.toml
[INFO] crate git repo https://github.com/Tobraef/crypto-simulation already has a lockfile, it will not be regenerated
[INFO] running `Command { std: CARGO_HOME="/workspace/cargo-home" RUSTUP_HOME="/workspace/rustup-home" "/workspace/cargo-home/bin/cargo" "+1.75.0" "fetch" "--manifest-path" "Cargo.toml", kill_on_drop: false }`
[INFO] [stderr]     Updating crates.io index
[INFO] [stderr]  Downloading crates ...
[INFO] [stderr]   Downloaded secrets v1.2.0
[INFO] running `Command { std: "docker" "create" "-v" "/var/lib/crater-agent-workspace/builds/worker-0-tc1/target:/opt/rustwide/target:rw,Z" "-v" "/var/lib/crater-agent-workspace/builds/worker-0-tc1/source:/opt/rustwide/workdir:ro,Z" "-v" "/var/lib/crater-agent-workspace/cargo-home:/opt/rustwide/cargo-home:ro,Z" "-v" "/var/lib/crater-agent-workspace/rustup-home:/opt/rustwide/rustup-home:ro,Z" "-e" "SOURCE_DIR=/opt/rustwide/workdir" "-e" "CARGO_TARGET_DIR=/opt/rustwide/target" "-e" "CARGO_HOME=/opt/rustwide/cargo-home" "-e" "RUSTUP_HOME=/opt/rustwide/rustup-home" "-w" "/opt/rustwide/workdir" "-m" "1610612736" "--user" "0:0" "--network" "none" "ghcr.io/rust-lang/crates-build-env/linux@sha256:2788e3201cd34a07e3172128adcd8b3090168a8e3bcc40d7c032b9dda1df7d1c" "/opt/rustwide/cargo-home/bin/cargo" "+1.75.0" "metadata" "--no-deps" "--format-version=1", kill_on_drop: false }`
[INFO] [stdout] b50818c748fb616e9f88532576265f1252c3a2e13b12359f447cea67bc408151
[INFO] running `Command { std: "docker" "start" "-a" "b50818c748fb616e9f88532576265f1252c3a2e13b12359f447cea67bc408151", kill_on_drop: false }`
[INFO] running `Command { std: "docker" "inspect" "b50818c748fb616e9f88532576265f1252c3a2e13b12359f447cea67bc408151", kill_on_drop: false }`
[INFO] running `Command { std: "docker" "rm" "-f" "b50818c748fb616e9f88532576265f1252c3a2e13b12359f447cea67bc408151", kill_on_drop: false }`
[INFO] [stdout] b50818c748fb616e9f88532576265f1252c3a2e13b12359f447cea67bc408151
[INFO] running `Command { std: "docker" "create" "-v" "/var/lib/crater-agent-workspace/builds/worker-0-tc1/target:/opt/rustwide/target:rw,Z" "-v" "/var/lib/crater-agent-workspace/builds/worker-0-tc1/source:/opt/rustwide/workdir:ro,Z" "-v" "/var/lib/crater-agent-workspace/cargo-home:/opt/rustwide/cargo-home:ro,Z" "-v" "/var/lib/crater-agent-workspace/rustup-home:/opt/rustwide/rustup-home:ro,Z" "-e" "SOURCE_DIR=/opt/rustwide/workdir" "-e" "CARGO_TARGET_DIR=/opt/rustwide/target" "-e" "CARGO_INCREMENTAL=0" "-e" "RUST_BACKTRACE=full" "-e" "RUSTFLAGS=--cap-lints=warn" "-e" "RUSTDOCFLAGS=--cap-lints=warn" "-e" "CARGO_HOME=/opt/rustwide/cargo-home" "-e" "RUSTUP_HOME=/opt/rustwide/rustup-home" "-w" "/opt/rustwide/workdir" "-m" "1610612736" "--user" "0:0" "--network" "none" "ghcr.io/rust-lang/crates-build-env/linux@sha256:2788e3201cd34a07e3172128adcd8b3090168a8e3bcc40d7c032b9dda1df7d1c" "/opt/rustwide/cargo-home/bin/cargo" "+1.75.0" "build" "--frozen" "--message-format=json", kill_on_drop: false }`
[INFO] [stdout] 9244fcc663ceb186dbc0761166316899eb93b79bab7371923490016ce237228e
[INFO] running `Command { std: "docker" "start" "-a" "9244fcc663ceb186dbc0761166316899eb93b79bab7371923490016ce237228e", kill_on_drop: false }`
[INFO] [stderr]    Compiling libc v0.2.126
[INFO] [stderr]    Compiling proc-macro2 v1.0.40
[INFO] [stderr]    Compiling quote v1.0.20
[INFO] [stderr]    Compiling unicode-ident v1.0.2
[INFO] [stderr]    Compiling syn v1.0.98
[INFO] [stderr]    Compiling memchr v2.5.0
[INFO] [stderr]    Compiling version_check v0.9.4
[INFO] [stderr]    Compiling pin-project-lite v0.2.9
[INFO] [stderr]    Compiling log v0.4.17
[INFO] [stderr]    Compiling futures-core v0.3.21
[INFO] [stderr]    Compiling bytes v1.2.0
[INFO] [stderr]    Compiling once_cell v1.13.0
[INFO] [stderr]    Compiling smallvec v1.9.0
[INFO] [stderr]    Compiling typenum v1.15.0
[INFO] [stderr]    Compiling generic-array v0.14.5
[INFO] [stderr]    Compiling lock_api v0.4.7
[INFO] [stderr]    Compiling parking_lot_core v0.9.3
[INFO] [stderr]    Compiling itoa v1.0.2
[INFO] [stderr]    Compiling jobserver v0.1.24
[INFO] [stderr]    Compiling futures-sink v0.3.21
[INFO] [stderr]    Compiling scopeguard v1.1.0
[INFO] [stderr]    Compiling cc v1.0.73
[INFO] [stderr]    Compiling slab v0.4.7
[INFO] [stderr]    Compiling tokio v1.20.0
[INFO] [stderr]    Compiling futures-channel v0.3.21
[INFO] [stderr]    Compiling futures-task v0.3.21
[INFO] [stderr]    Compiling pkg-config v0.3.25
[INFO] [stderr]    Compiling parking_lot v0.12.1
[INFO] [stderr]    Compiling mio v0.8.4
[INFO] [stderr]    Compiling socket2 v0.4.4
[INFO] [stderr]    Compiling signal-hook-registry v1.4.0
[INFO] [stderr]    Compiling num_cpus v1.13.1
[INFO] [stderr]    Compiling futures-util v0.3.21
[INFO] [stderr]    Compiling pin-utils v0.1.0
[INFO] [stderr]    Compiling futures-io v0.3.21
[INFO] [stderr]    Compiling fnv v1.0.7
[INFO] [stderr]    Compiling tracing-core v0.1.28
[INFO] [stderr]    Compiling http v0.2.8
[INFO] [stderr]    Compiling openssl-sys v0.9.75
[INFO] [stderr]    Compiling getrandom v0.2.7
[INFO] [stderr]    Compiling indexmap v1.9.1
[INFO] [stderr]    Compiling serde_derive v1.0.139
[INFO] [stderr]    Compiling zstd-sys v2.0.1+zstd.1.5.2
[INFO] [stderr]    Compiling hashbrown v0.12.3
[INFO] [stderr]    Compiling percent-encoding v2.1.0
[INFO] [stderr]    Compiling serde v1.0.139
[INFO] [stderr]    Compiling tracing v0.1.35
[INFO] [stderr]    Compiling libm v0.2.2
[INFO] [stderr]    Compiling httparse v1.7.1
[INFO] [stderr]    Compiling rand_core v0.6.3
[INFO] [stderr]    Compiling block-buffer v0.10.2
[INFO] [stderr]    Compiling crypto-common v0.1.6
[INFO] [stderr]    Compiling aho-corasick v0.7.18
[INFO] [stderr]    Compiling num-traits v0.2.15
[INFO] [stderr]    Compiling tinyvec_macros v0.1.0
[INFO] [stderr]    Compiling openssl v0.10.41
[INFO] [stderr]    Compiling ppv-lite86 v0.2.16
[INFO] [stderr]    Compiling matches v0.1.9
[INFO] [stderr]    Compiling foreign-types-shared v0.1.1
[INFO] [stderr]    Compiling base64ct v1.5.1
[INFO] [stderr]    Compiling subtle v2.4.1
[INFO] [stderr]    Compiling regex-syntax v0.6.27
[INFO] [stderr]    Compiling crypto-bigint v0.3.2
[INFO] [stderr]    Compiling pem-rfc7468 v0.3.1
[INFO] [stderr]    Compiling foreign-types v0.3.2
[INFO] [stderr]    Compiling tinyvec v1.6.0
[INFO] [stderr]    Compiling rand_chacha v0.3.1
[INFO] [stderr]    Compiling digest v0.10.3
[INFO] [stderr]    Compiling bytestring v1.1.0
[INFO] [stderr]    Compiling num-integer v0.1.45
[INFO] [stderr]    Compiling local-waker v0.1.3
[INFO] [stderr]    Compiling zstd-safe v5.0.2+zstd.1.5.2
[INFO] [stderr]    Compiling encoding_rs v0.8.31
[INFO] [stderr]    Compiling const-oid v0.7.1
[INFO] [stderr]    Compiling native-tls v0.2.10
[INFO] [stderr]    Compiling httpdate v1.0.2
[INFO] [stderr]    Compiling alloc-no-stdlib v2.0.3
[INFO] [stderr]    Compiling der v0.5.1
[INFO] [stderr]    Compiling unicode-normalization v0.1.21
[INFO] [stderr]    Compiling alloc-stdlib v0.2.1
[INFO] [stderr]    Compiling regex v1.6.0
[INFO] [stderr]    Compiling rand v0.8.5
[INFO] [stderr]    Compiling form_urlencoded v1.0.1
[INFO] [stderr]    Compiling ahash v0.7.6
[INFO] [stderr]    Compiling num-iter v0.1.43
[INFO] [stderr]    Compiling try-lock v0.2.3
[INFO] [stderr]    Compiling paste v1.0.7
[INFO] [stderr]    Compiling serde_json v1.0.82
[INFO] [stderr]    Compiling unicode-bidi v0.3.8
[INFO] [stderr]    Compiling openssl-probe v0.1.5
[INFO] [stderr]    Compiling ryu v1.0.10
[INFO] [stderr]    Compiling cpufeatures v0.2.2
[INFO] [stderr]    Compiling firestorm v0.5.1
[INFO] [stderr]    Compiling spin v0.5.2
[INFO] [stderr]    Compiling zeroize v1.5.6
[INFO] [stderr]    Compiling actix-service v2.0.2
[INFO] [stderr]    Compiling lazy_static v1.4.0
[INFO] [stderr]    Compiling miniz_oxide v0.5.3
[INFO] [stderr]    Compiling idna v0.2.3
[INFO] [stderr]    Compiling spki v0.5.4
[INFO] [stderr]    Compiling want v0.3.0
[INFO] [stderr]    Compiling tokio-macros v1.8.0
[INFO] [stderr]    Compiling futures-macro v0.3.21
[INFO] [stderr]    Compiling openssl-macros v0.1.0
[INFO] [stderr]    Compiling brotli-decompressor v2.3.2
[INFO] [stderr]    Compiling actix-utils v3.0.0
[INFO] [stderr]    Compiling http-body v0.4.5
[INFO] [stderr]    Compiling cookie v0.16.0
[INFO] [stderr]    Compiling base64 v0.13.0
[INFO] [stderr]    Compiling time-macros v0.2.4
[INFO] [stderr]    Compiling tower-service v0.3.2
[INFO] [stderr]    Compiling convert_case v0.4.0
[INFO] [stderr]    Compiling num_threads v0.1.6
[INFO] [stderr]    Compiling num-bigint-dig v0.8.1
[INFO] [stderr]    Compiling mime v0.3.16
[INFO] [stderr]    Compiling derive_more v0.99.17
[INFO] [stderr]    Compiling actix-router v0.5.0
[INFO] [stderr]    Compiling brotli v3.3.4
[INFO] [stderr]    Compiling tokio-util v0.7.3
[INFO] [stderr]    Compiling actix-rt v2.7.0
[INFO] [stderr]    Compiling tokio-native-tls v0.3.0
[INFO] [stderr]    Compiling time v0.3.11
[INFO] [stderr]    Compiling local-channel v0.1.3
[INFO] [stderr]    Compiling h2 v0.3.13
[INFO] [stderr]    Compiling actix-codec v0.5.0
[INFO] [stderr]    Compiling flate2 v1.0.24
[INFO] [stderr]    Compiling url v2.2.2
[INFO] [stderr]    Compiling pkcs8 v0.8.0
[INFO] [stderr]    Compiling sha1 v0.10.1
[INFO] [stderr]    Compiling secrets v1.2.0
[INFO] [stderr]    Compiling anyhow v1.0.58
[INFO] [stderr]    Compiling language-tags v0.3.2
[INFO] [stderr]    Compiling byteorder v1.4.3
[INFO] [stderr]    Compiling pkcs1 v0.3.3
[INFO] [stderr]    Compiling serde_urlencoded v0.7.1
[INFO] [stderr]    Compiling actix-server v2.1.1
[INFO] [stderr]    Compiling actix-web-codegen v4.0.1
[INFO] [stderr]    Compiling futures-executor v0.3.21
[INFO] [stderr]    Compiling actix-macros v0.2.3
[INFO] [stderr]    Compiling atty v0.2.14
[INFO] [stderr]    Compiling humantime v2.1.0
[INFO] [stderr]    Compiling termcolor v1.1.3
[INFO] [stderr]    Compiling ipnet v2.5.0
[INFO] [stderr]    Compiling env_logger v0.9.0
[INFO] [stderr]    Compiling hyper v0.14.20
[INFO] [stderr]    Compiling futures v0.3.21
[INFO] [stderr]    Compiling rsa v0.6.1
[INFO] [stderr]    Compiling sha2 v0.10.2
[INFO] [stderr]    Compiling hyper-tls v0.5.0
[INFO] [stderr]    Compiling reqwest v0.11.11
[INFO] [stderr]    Compiling zstd v0.11.2+zstd.1.5.2
[INFO] [stderr]    Compiling actix-http v3.2.1
[INFO] [stderr]    Compiling actix-web v4.1.0
[INFO] [stderr]    Compiling nocoin v0.1.0 (/opt/rustwide/workdir)
[INFO] [stdout] warning: unused import: `anyhow`
[INFO] [stdout]  --> src/domain/network.rs:3:14
[INFO] [stdout]   |
[INFO] [stdout] 3 | use anyhow::{anyhow, bail, Result};
[INFO] [stdout]   |              ^^^^^^
[INFO] [stdout]   |
[INFO] [stdout]   = note: `#[warn(unused_imports)]` on by default
[INFO] [stdout] 
[INFO] [stdout] 
[INFO] [stdout] warning: unused import: `generate_key`
[INFO] [stdout]   --> src/domain/network.rs:10:24
[INFO] [stdout]    |
[INFO] [stdout] 10 |     rsa_verification::{generate_key, PrivKey, PubKey},
[INFO] [stdout]    |                        ^^^^^^^^^^^^
[INFO] [stdout] 
[INFO] [stdout] 
[INFO] [stdout] warning: unused import: `RSAEncodedMsg`
[INFO] [stdout]   --> src/domain/mod.rs:13:36
[INFO] [stdout]    |
[INFO] [stdout] 13 | pub use rsa_verification::{PubKey, RSAEncodedMsg};
[INFO] [stdout]    |                                    ^^^^^^^^^^^^^
[INFO] [stdout] 
[INFO] [stdout] 
[INFO] [stdout] warning: unused import: `debug`
[INFO] [stdout]  --> src/web/server.rs:1:11
[INFO] [stdout]   |
[INFO] [stdout] 1 | use log::{debug, info};
[INFO] [stdout]   |           ^^^^^
[INFO] [stdout] 
[INFO] [stdout] 
[INFO] [stdout] warning: unused import: `serde::Deserialize`
[INFO] [stdout]  --> src/web/server.rs:2:5
[INFO] [stdout]   |
[INFO] [stdout] 2 | use serde::Deserialize;
[INFO] [stdout]   |     ^^^^^^^^^^^^^^^^^^
[INFO] [stdout] 
[INFO] [stdout] 
[INFO] [stdout] warning: unused import: `HttpRequest`
[INFO] [stdout]  --> src/web/server.rs:9:5
[INFO] [stdout]   |
[INFO] [stdout] 9 |     HttpRequest, HttpResponse, Responder,
[INFO] [stdout]   |     ^^^^^^^^^^^
[INFO] [stdout] 
[INFO] [stdout] 
[INFO] [stdout] warning: unused import: `anyhow::anyhow`
[INFO] [stdout]   --> src/web/server.rs:12:5
[INFO] [stdout]    |
[INFO] [stdout] 12 | use anyhow::anyhow;
[INFO] [stdout]    |     ^^^^^^^^^^^^^^
[INFO] [stdout] 
[INFO] [stdout] 
[INFO] [stdout] warning: unused import: `get_bitcoin_value_usd`
[INFO] [stdout]  --> src/web/mod.rs:5:5
[INFO] [stdout]   |
[INFO] [stdout] 5 |     get_bitcoin_value_usd, get_chain, get_pending_transactions, register_node,
[INFO] [stdout]   |     ^^^^^^^^^^^^^^^^^^^^^
[INFO] [stdout] 
[INFO] [stdout] 
[INFO] [stdout] warning: unused variable: `miner_id`
[INFO] [stdout]   --> src/domain/mining.rs:38:5
[INFO] [stdout]    |
[INFO] [stdout] 38 |     miner_id: NodeId,
[INFO] [stdout]    |     ^^^^^^^^ help: if this is intentional, prefix it with an underscore: `_miner_id`
[INFO] [stdout]    |
[INFO] [stdout]    = note: `#[warn(unused_variables)]` on by default
[INFO] [stdout] 
[INFO] [stdout] 
[INFO] [stdout] warning: associated function `try_new` is never used
[INFO] [stdout]   --> src/domain/mining.rs:25:12
[INFO] [stdout]    |
[INFO] [stdout] 24 | impl BlockHash {
[INFO] [stdout]    | -------------- associated function in this implementation
[INFO] [stdout] 25 |     pub fn try_new(bytes: String) -> Result<Self> {
[INFO] [stdout]    |            ^^^^^^^
[INFO] [stdout]    |
[INFO] [stdout]    = note: `#[warn(dead_code)]` on by default
[INFO] [stdout] 
[INFO] [stdout] 
[INFO] [stdout] warning: associated constant `MAX` is never used
[INFO] [stdout]   --> src/domain/network.rs:19:15
[INFO] [stdout]    |
[INFO] [stdout] 18 | impl NodeId {
[INFO] [stdout]    | ----------- associated constant in this implementation
[INFO] [stdout] 19 |     pub const MAX: NodeId = NodeId(usize::MAX);
[INFO] [stdout]    |               ^^^
[INFO] [stdout] 
[INFO] [stdout] 
[INFO] [stdout] warning: constant `RSA_MESSAGE_LEN` is never used
[INFO] [stdout]   --> src/domain/rsa_verification.rs:17:7
[INFO] [stdout]    |
[INFO] [stdout] 17 | const RSA_MESSAGE_LEN: usize = 117;
[INFO] [stdout]    |       ^^^^^^^^^^^^^^^
[INFO] [stdout] 
[INFO] [stdout] 
[INFO] [stdout] warning: function `encode_message` is never used
[INFO] [stdout]   --> src/domain/rsa_verification.rs:89:8
[INFO] [stdout]    |
[INFO] [stdout] 89 | pub fn encode_message(serialized_data: &[u8], private_key: &PrivKey) -> Result<RSAEncodedMsg> {
[INFO] [stdout]    |        ^^^^^^^^^^^^^^
[INFO] [stdout] 
[INFO] [stdout] 
[INFO] [stdout] warning: function `create_transaction` is never used
[INFO] [stdout]   --> src/domain/transaction.rs:43:8
[INFO] [stdout]    |
[INFO] [stdout] 43 | pub fn create_transaction(
[INFO] [stdout]    |        ^^^^^^^^^^^^^^^^^^
[INFO] [stdout] 
[INFO] [stdout] 
[INFO] [stdout] warning: function `approve` is never used
[INFO] [stdout]   --> src/domain/transaction.rs:59:4
[INFO] [stdout]    |
[INFO] [stdout] 59 | fn approve(transaction: AffordableTransaction, user: &User) -> Result<ProvenTransaction> {
[INFO] [stdout]    |    ^^^^^^^
[INFO] [stdout] 
[INFO] [stdout] 
[INFO] [stdout] warning: function `calculate_all_wallets` is never used
[INFO] [stdout]  --> src/domain/wallet.rs:9:8
[INFO] [stdout]   |
[INFO] [stdout] 9 | pub fn calculate_all_wallets(blockchain: &Blockchain) -> HashMap<NodeId, NoCoin> {
[INFO] [stdout]   |        ^^^^^^^^^^^^^^^^^^^^^
[INFO] [stdout] 
[INFO] [stdout] 
[INFO] [stdout] warning: function `get_bitcoin_value_usd` is never used
[INFO] [stdout]   --> src/web/communication.rs:43:14
[INFO] [stdout]    |
[INFO] [stdout] 43 | pub async fn get_bitcoin_value_usd() -> Result<f32> {
[INFO] [stdout]    |              ^^^^^^^^^^^^^^^^^^^^^
[INFO] [stdout] 
[INFO] [stdout] 
[INFO] [stdout] warning: module `AI` should have a snake case name
[INFO] [stdout]  --> src/main.rs:1:5
[INFO] [stdout]   |
[INFO] [stdout] 1 | mod AI;
[INFO] [stdout]   |     ^^ help: convert the identifier to snake case: `ai`
[INFO] [stdout]   |
[INFO] [stdout]   = note: `#[warn(non_snake_case)]` on by default
[INFO] [stdout] 
[INFO] [stdout] 
[INFO] [stdout] warning: 18 warnings emitted
[INFO] [stdout] 
[INFO] [stdout] 
[INFO] [stderr]     Finished dev [unoptimized + debuginfo] target(s) in 1m 21s
[INFO] running `Command { std: "docker" "inspect" "9244fcc663ceb186dbc0761166316899eb93b79bab7371923490016ce237228e", kill_on_drop: false }`
[INFO] running `Command { std: "docker" "rm" "-f" "9244fcc663ceb186dbc0761166316899eb93b79bab7371923490016ce237228e", kill_on_drop: false }`
[INFO] [stdout] 9244fcc663ceb186dbc0761166316899eb93b79bab7371923490016ce237228e
[INFO] running `Command { std: "docker" "create" "-v" "/var/lib/crater-agent-workspace/builds/worker-0-tc1/target:/opt/rustwide/target:rw,Z" "-v" "/var/lib/crater-agent-workspace/builds/worker-0-tc1/source:/opt/rustwide/workdir:ro,Z" "-v" "/var/lib/crater-agent-workspace/cargo-home:/opt/rustwide/cargo-home:ro,Z" "-v" "/var/lib/crater-agent-workspace/rustup-home:/opt/rustwide/rustup-home:ro,Z" "-e" "SOURCE_DIR=/opt/rustwide/workdir" "-e" "CARGO_TARGET_DIR=/opt/rustwide/target" "-e" "CARGO_INCREMENTAL=0" "-e" "RUST_BACKTRACE=full" "-e" "RUSTFLAGS=--cap-lints=warn" "-e" "RUSTDOCFLAGS=--cap-lints=warn" "-e" "CARGO_HOME=/opt/rustwide/cargo-home" "-e" "RUSTUP_HOME=/opt/rustwide/rustup-home" "-w" "/opt/rustwide/workdir" "-m" "1610612736" "--user" "0:0" "--network" "none" "ghcr.io/rust-lang/crates-build-env/linux@sha256:2788e3201cd34a07e3172128adcd8b3090168a8e3bcc40d7c032b9dda1df7d1c" "/opt/rustwide/cargo-home/bin/cargo" "+1.75.0" "test" "--frozen" "--no-run" "--message-format=json", kill_on_drop: false }`
[INFO] [stdout] d26704fd5f684b6b8c70cd703ed3ddbc09240c4410cf9089acfcacf3559b21df
[INFO] running `Command { std: "docker" "start" "-a" "d26704fd5f684b6b8c70cd703ed3ddbc09240c4410cf9089acfcacf3559b21df", kill_on_drop: false }`
[INFO] [stderr]    Compiling nocoin v0.1.0 (/opt/rustwide/workdir)
[INFO] [stdout] warning: unused import: `anyhow`
[INFO] [stdout]  --> src/domain/network.rs:3:14
[INFO] [stdout]   |
[INFO] [stdout] 3 | use anyhow::{anyhow, bail, Result};
[INFO] [stdout]   |              ^^^^^^
[INFO] [stdout]   |
[INFO] [stdout]   = note: `#[warn(unused_imports)]` on by default
[INFO] [stdout] 
[INFO] [stdout] 
[INFO] [stdout] warning: unused import: `generate_key`
[INFO] [stdout]   --> src/domain/network.rs:10:24
[INFO] [stdout]    |
[INFO] [stdout] 10 |     rsa_verification::{generate_key, PrivKey, PubKey},
[INFO] [stdout]    |                        ^^^^^^^^^^^^
[INFO] [stdout] 
[INFO] [stdout] 
[INFO] [stdout] warning: unused import: `RSAEncodedMsg`
[INFO] [stdout]   --> src/domain/mod.rs:13:36
[INFO] [stdout]    |
[INFO] [stdout] 13 | pub use rsa_verification::{PubKey, RSAEncodedMsg};
[INFO] [stdout]    |                                    ^^^^^^^^^^^^^
[INFO] [stdout] 
[INFO] [stdout] 
[INFO] [stdout] warning: unused import: `debug`
[INFO] [stdout]  --> src/web/server.rs:1:11
[INFO] [stdout]   |
[INFO] [stdout] 1 | use log::{debug, info};
[INFO] [stdout]   |           ^^^^^
[INFO] [stdout] 
[INFO] [stdout] 
[INFO] [stdout] warning: unused import: `serde::Deserialize`
[INFO] [stdout]  --> src/web/server.rs:2:5
[INFO] [stdout]   |
[INFO] [stdout] 2 | use serde::Deserialize;
[INFO] [stdout]   |     ^^^^^^^^^^^^^^^^^^
[INFO] [stdout] 
[INFO] [stdout] 
[INFO] [stdout] warning: unused import: `HttpRequest`
[INFO] [stdout]  --> src/web/server.rs:9:5
[INFO] [stdout]   |
[INFO] [stdout] 9 |     HttpRequest, HttpResponse, Responder,
[INFO] [stdout]   |     ^^^^^^^^^^^
[INFO] [stdout] 
[INFO] [stdout] 
[INFO] [stdout] warning: unused import: `anyhow::anyhow`
[INFO] [stdout]   --> src/web/server.rs:12:5
[INFO] [stdout]    |
[INFO] [stdout] 12 | use anyhow::anyhow;
[INFO] [stdout]    |     ^^^^^^^^^^^^^^
[INFO] [stdout] 
[INFO] [stdout] 
[INFO] [stdout] warning: unused import: `get_bitcoin_value_usd`
[INFO] [stdout]  --> src/web/mod.rs:5:5
[INFO] [stdout]   |
[INFO] [stdout] 5 |     get_bitcoin_value_usd, get_chain, get_pending_transactions, register_node,
[INFO] [stdout]   |     ^^^^^^^^^^^^^^^^^^^^^
[INFO] [stdout] 
[INFO] [stdout] 
[INFO] [stdout] warning: unused variable: `miner_id`
[INFO] [stdout]   --> src/domain/mining.rs:38:5
[INFO] [stdout]    |
[INFO] [stdout] 38 |     miner_id: NodeId,
[INFO] [stdout]    |     ^^^^^^^^ help: if this is intentional, prefix it with an underscore: `_miner_id`
[INFO] [stdout]    |
[INFO] [stdout]    = note: `#[warn(unused_variables)]` on by default
[INFO] [stdout] 
[INFO] [stdout] 
[INFO] [stdout] warning: associated function `try_new` is never used
[INFO] [stdout]   --> src/domain/mining.rs:25:12
[INFO] [stdout]    |
[INFO] [stdout] 24 | impl BlockHash {
[INFO] [stdout]    | -------------- associated function in this implementation
[INFO] [stdout] 25 |     pub fn try_new(bytes: String) -> Result<Self> {
[INFO] [stdout]    |            ^^^^^^^
[INFO] [stdout]    |
[INFO] [stdout]    = note: `#[warn(dead_code)]` on by default
[INFO] [stdout] 
[INFO] [stdout] 
[INFO] [stdout] warning: associated constant `MAX` is never used
[INFO] [stdout]   --> src/domain/network.rs:19:15
[INFO] [stdout]    |
[INFO] [stdout] 18 | impl NodeId {
[INFO] [stdout]    | ----------- associated constant in this implementation
[INFO] [stdout] 19 |     pub const MAX: NodeId = NodeId(usize::MAX);
[INFO] [stdout]    |               ^^^
[INFO] [stdout] 
[INFO] [stdout] 
[INFO] [stdout] warning: function `create_transaction` is never used
[INFO] [stdout]   --> src/domain/transaction.rs:43:8
[INFO] [stdout]    |
[INFO] [stdout] 43 | pub fn create_transaction(
[INFO] [stdout]    |        ^^^^^^^^^^^^^^^^^^
[INFO] [stdout] 
[INFO] [stdout] 
[INFO] [stdout] warning: function `approve` is never used
[INFO] [stdout]   --> src/domain/transaction.rs:59:4
[INFO] [stdout]    |
[INFO] [stdout] 59 | fn approve(transaction: AffordableTransaction, user: &User) -> Result<ProvenTransaction> {
[INFO] [stdout]    |    ^^^^^^^
[INFO] [stdout] 
[INFO] [stdout] 
[INFO] [stdout] warning: function `calculate_all_wallets` is never used
[INFO] [stdout]  --> src/domain/wallet.rs:9:8
[INFO] [stdout]   |
[INFO] [stdout] 9 | pub fn calculate_all_wallets(blockchain: &Blockchain) -> HashMap<NodeId, NoCoin> {
[INFO] [stdout]   |        ^^^^^^^^^^^^^^^^^^^^^
[INFO] [stdout] 
[INFO] [stdout] 
[INFO] [stdout] warning: module `AI` should have a snake case name
[INFO] [stdout]  --> src/main.rs:1:5
[INFO] [stdout]   |
[INFO] [stdout] 1 | mod AI;
[INFO] [stdout]   |     ^^ help: convert the identifier to snake case: `ai`
[INFO] [stdout]   |
[INFO] [stdout]   = note: `#[warn(non_snake_case)]` on by default
[INFO] [stdout] 
[INFO] [stdout] 
[INFO] [stdout] warning: 15 warnings emitted
[INFO] [stdout] 
[INFO] [stdout] 
[INFO] [stderr]     Finished test [unoptimized + debuginfo] target(s) in 6.17s
[INFO] running `Command { std: "docker" "inspect" "d26704fd5f684b6b8c70cd703ed3ddbc09240c4410cf9089acfcacf3559b21df", kill_on_drop: false }`
[INFO] running `Command { std: "docker" "rm" "-f" "d26704fd5f684b6b8c70cd703ed3ddbc09240c4410cf9089acfcacf3559b21df", kill_on_drop: false }`
[INFO] [stdout] d26704fd5f684b6b8c70cd703ed3ddbc09240c4410cf9089acfcacf3559b21df
[INFO] running `Command { std: "docker" "create" "-v" "/var/lib/crater-agent-workspace/builds/worker-0-tc1/target:/opt/rustwide/target:rw,Z" "-v" "/var/lib/crater-agent-workspace/builds/worker-0-tc1/source:/opt/rustwide/workdir:ro,Z" "-v" "/var/lib/crater-agent-workspace/cargo-home:/opt/rustwide/cargo-home:ro,Z" "-v" "/var/lib/crater-agent-workspace/rustup-home:/opt/rustwide/rustup-home:ro,Z" "-e" "SOURCE_DIR=/opt/rustwide/workdir" "-e" "CARGO_TARGET_DIR=/opt/rustwide/target" "-e" "CARGO_INCREMENTAL=0" "-e" "RUST_BACKTRACE=full" "-e" "RUSTFLAGS=--cap-lints=warn" "-e" "RUSTDOCFLAGS=--cap-lints=warn" "-e" "CARGO_HOME=/opt/rustwide/cargo-home" "-e" "RUSTUP_HOME=/opt/rustwide/rustup-home" "-w" "/opt/rustwide/workdir" "-m" "1610612736" "--user" "0:0" "--network" "none" "ghcr.io/rust-lang/crates-build-env/linux@sha256:2788e3201cd34a07e3172128adcd8b3090168a8e3bcc40d7c032b9dda1df7d1c" "/opt/rustwide/cargo-home/bin/cargo" "+1.75.0" "test" "--frozen", kill_on_drop: false }`
[INFO] [stdout] afe22d794d6215058299067dac47e3e34db5971853f1d0057990b49d32ab006c
[INFO] running `Command { std: "docker" "start" "-a" "afe22d794d6215058299067dac47e3e34db5971853f1d0057990b49d32ab006c", kill_on_drop: false }`
[INFO] [stderr] warning: unused import: `anyhow`
[INFO] [stderr]  --> src/domain/network.rs:3:14
[INFO] [stderr]   |
[INFO] [stderr] 3 | use anyhow::{anyhow, bail, Result};
[INFO] [stderr]   |              ^^^^^^
[INFO] [stderr]   |
[INFO] [stderr]   = note: `#[warn(unused_imports)]` on by default
[INFO] [stderr] 
[INFO] [stderr] warning: unused import: `generate_key`
[INFO] [stderr]   --> src/domain/network.rs:10:24
[INFO] [stderr]    |
[INFO] [stderr] 10 |     rsa_verification::{generate_key, PrivKey, PubKey},
[INFO] [stderr]    |                        ^^^^^^^^^^^^
[INFO] [stderr] 
[INFO] [stderr] warning: unused import: `RSAEncodedMsg`
[INFO] [stderr]   --> src/domain/mod.rs:13:36
[INFO] [stderr]    |
[INFO] [stderr] 13 | pub use rsa_verification::{PubKey, RSAEncodedMsg};
[INFO] [stderr]    |                                    ^^^^^^^^^^^^^
[INFO] [stderr] 
[INFO] [stderr] warning: unused import: `debug`
[INFO] [stderr]  --> src/web/server.rs:1:11
[INFO] [stderr]   |
[INFO] [stderr] 1 | use log::{debug, info};
[INFO] [stderr]   |           ^^^^^
[INFO] [stderr] 
[INFO] [stderr] warning: unused import: `serde::Deserialize`
[INFO] [stderr]  --> src/web/server.rs:2:5
[INFO] [stderr]   |
[INFO] [stderr] 2 | use serde::Deserialize;
[INFO] [stderr]   |     ^^^^^^^^^^^^^^^^^^
[INFO] [stderr] 
[INFO] [stderr] warning: unused import: `HttpRequest`
[INFO] [stderr]  --> src/web/server.rs:9:5
[INFO] [stderr]   |
[INFO] [stderr] 9 |     HttpRequest, HttpResponse, Responder,
[INFO] [stderr]   |     ^^^^^^^^^^^
[INFO] [stderr] 
[INFO] [stderr] warning: unused import: `anyhow::anyhow`
[INFO] [stderr]   --> src/web/server.rs:12:5
[INFO] [stderr]    |
[INFO] [stderr] 12 | use anyhow::anyhow;
[INFO] [stderr]    |     ^^^^^^^^^^^^^^
[INFO] [stderr] 
[INFO] [stderr] warning: unused import: `get_bitcoin_value_usd`
[INFO] [stderr]  --> src/web/mod.rs:5:5
[INFO] [stderr]   |
[INFO] [stderr] 5 |     get_bitcoin_value_usd, get_chain, get_pending_transactions, register_node,
[INFO] [stderr]   |     ^^^^^^^^^^^^^^^^^^^^^
[INFO] [stderr] 
[INFO] [stderr] warning: unused variable: `miner_id`
[INFO] [stderr]   --> src/domain/mining.rs:38:5
[INFO] [stderr]    |
[INFO] [stderr] 38 |     miner_id: NodeId,
[INFO] [stderr]    |     ^^^^^^^^ help: if this is intentional, prefix it with an underscore: `_miner_id`
[INFO] [stderr]    |
[INFO] [stderr]    = note: `#[warn(unused_variables)]` on by default
[INFO] [stderr] 
[INFO] [stderr] warning: associated function `try_new` is never used
[INFO] [stderr]   --> src/domain/mining.rs:25:12
[INFO] [stderr]    |
[INFO] [stderr] 24 | impl BlockHash {
[INFO] [stderr]    | -------------- associated function in this implementation
[INFO] [stderr] 25 |     pub fn try_new(bytes: String) -> Result<Self> {
[INFO] [stderr]    |            ^^^^^^^
[INFO] [stderr]    |
[INFO] [stderr]    = note: `#[warn(dead_code)]` on by default
[INFO] [stderr] 
[INFO] [stderr] warning: associated constant `MAX` is never used
[INFO] [stderr]   --> src/domain/network.rs:19:15
[INFO] [stderr]    |
[INFO] [stderr] 18 | impl NodeId {
[INFO] [stderr]    | ----------- associated constant in this implementation
[INFO] [stderr] 19 |     pub const MAX: NodeId = NodeId(usize::MAX);
[INFO] [stderr]    |               ^^^
[INFO] [stderr] 
[INFO] [stderr] warning: function `create_transaction` is never used
[INFO] [stderr]   --> src/domain/transaction.rs:43:8
[INFO] [stderr]    |
[INFO] [stderr] 43 | pub fn create_transaction(
[INFO] [stderr]    |        ^^^^^^^^^^^^^^^^^^
[INFO] [stderr] 
[INFO] [stderr] warning: function `approve` is never used
[INFO] [stderr]   --> src/domain/transaction.rs:59:4
[INFO] [stderr]    |
[INFO] [stderr] 59 | fn approve(transaction: AffordableTransaction, user: &User) -> Result<ProvenTransaction> {
[INFO] [stderr]    |    ^^^^^^^
[INFO] [stderr] 
[INFO] [stderr] warning: function `calculate_all_wallets` is never used
[INFO] [stderr]  --> src/domain/wallet.rs:9:8
[INFO] [stderr]   |
[INFO] [stderr] 9 | pub fn calculate_all_wallets(blockchain: &Blockchain) -> HashMap<NodeId, NoCoin> {
[INFO] [stderr]   |        ^^^^^^^^^^^^^^^^^^^^^
[INFO] [stderr] 
[INFO] [stderr] warning: module `AI` should have a snake case name
[INFO] [stderr]  --> src/main.rs:1:5
[INFO] [stderr]   |
[INFO] [stderr] 1 | mod AI;
[INFO] [stderr]   |     ^^ help: convert the identifier to snake case: `ai`
[INFO] [stderr]   |
[INFO] [stderr]   = note: `#[warn(non_snake_case)]` on by default
[INFO] [stderr] 
[INFO] [stderr] warning: `nocoin` (bin "nocoin" test) generated 15 warnings (run `cargo fix --bin "nocoin" --tests` to apply 9 suggestions)
[INFO] [stderr]     Finished test [unoptimized + debuginfo] target(s) in 0.29s
[INFO] [stderr]      Running unittests src/main.rs (/opt/rustwide/target/debug/deps/nocoin-18cbbaeab998392d)
[INFO] [stdout] 
[INFO] [stdout] running 3 tests
[INFO] [stdout] test web::communication::tests::test_bitcoin_api ... FAILED
[INFO] [stdout] test domain::mining::tests::hash_and_verify ... ok
[INFO] [stdout] test domain::mining::tests::possible_difficulty ... ok
[INFO] [stdout] 
[INFO] [stdout] failures:
[INFO] [stdout] 
[INFO] [stdout] ---- web::communication::tests::test_bitcoin_api stdout ----
[INFO] [stdout] thread 'web::communication::tests::test_bitcoin_api' panicked at src/web/communication.rs:140:9:
[INFO] [stdout] Failed with err Err(error sending request for url (https://blockchain.info/ticker): error trying to connect: dns error: failed to lookup address information: Temporary failure in name resolution
[INFO] [stdout] 
[INFO] [stdout] Caused by:
[INFO] [stdout]     0: error trying to connect: dns error: failed to lookup address information: Temporary failure in name resolution
[INFO] [stdout]     1: dns error: failed to lookup address information: Temporary failure in name resolution
[INFO] [stdout]     2: failed to lookup address information: Temporary failure in name resolution)
[INFO] [stdout] stack backtrace:
[INFO] [stdout]    0:     0x558f05b50d7c - std::backtrace_rs::backtrace::libunwind::trace::ha637c64ce894333a
[INFO] [stdout]                                at /rustc/82e1608dfa6e0b5569232559e3d385fea5a93112/library/std/src/../../backtrace/src/backtrace/libunwind.rs:104:5
[INFO] [stdout]    1:     0x558f05b50d7c - std::backtrace_rs::backtrace::trace_unsynchronized::h47f62dea28e0c88d
[INFO] [stdout]                                at /rustc/82e1608dfa6e0b5569232559e3d385fea5a93112/library/std/src/../../backtrace/src/backtrace/mod.rs:66:5
[INFO] [stdout]    2:     0x558f05b50d7c - std::sys_common::backtrace::_print_fmt::h9eef0abe20ede486
[INFO] [stdout]                                at /rustc/82e1608dfa6e0b5569232559e3d385fea5a93112/library/std/src/sys_common/backtrace.rs:67:5
[INFO] [stdout]    3:     0x558f05b50d7c - <std::sys_common::backtrace::_print::DisplayBacktrace as core::fmt::Display>::fmt::hed7f999df88cc644
[INFO] [stdout]                                at /rustc/82e1608dfa6e0b5569232559e3d385fea5a93112/library/std/src/sys_common/backtrace.rs:44:22
[INFO] [stdout]    4:     0x558f05b7e8e0 - core::fmt::rt::Argument::fmt::h1539a9308b8d058d
[INFO] [stdout]                                at /rustc/82e1608dfa6e0b5569232559e3d385fea5a93112/library/core/src/fmt/rt.rs:142:9
[INFO] [stdout]    5:     0x558f05b7e8e0 - core::fmt::write::h3a39390d8560d9c9
[INFO] [stdout]                                at /rustc/82e1608dfa6e0b5569232559e3d385fea5a93112/library/core/src/fmt/mod.rs:1120:17
[INFO] [stdout]    6:     0x558f05b4dc6f - std::io::Write::write_fmt::h040b369f3a0f9cbc
[INFO] [stdout]                                at /rustc/82e1608dfa6e0b5569232559e3d385fea5a93112/library/std/src/io/mod.rs:1762:15
[INFO] [stdout]    7:     0x558f05b50b64 - std::sys_common::backtrace::_print::h894006fb5c6f3d45
[INFO] [stdout]                                at /rustc/82e1608dfa6e0b5569232559e3d385fea5a93112/library/std/src/sys_common/backtrace.rs:47:5
[INFO] [stdout]    8:     0x558f05b50b64 - std::sys_common::backtrace::print::h23a2d212c6fff936
[INFO] [stdout]                                at /rustc/82e1608dfa6e0b5569232559e3d385fea5a93112/library/std/src/sys_common/backtrace.rs:34:9
[INFO] [stdout]    9:     0x558f05b52827 - std::panicking::default_hook::{{closure}}::h8a1d2ee00185001a
[INFO] [stdout]   10:     0x558f05b52513 - std::panicking::default_hook::h6038f2eba384e475
[INFO] [stdout]                                at /rustc/82e1608dfa6e0b5569232559e3d385fea5a93112/library/std/src/panicking.rs:289:9
[INFO] [stdout]   11:     0x558f057dfeb7 - <alloc::boxed::Box<F,A> as core::ops::function::Fn<Args>>::call::h0ad024c9bdc6d768
[INFO] [stdout]                                at /rustc/82e1608dfa6e0b5569232559e3d385fea5a93112/library/alloc/src/boxed.rs:2021:9
[INFO] [stdout]   12:     0x558f057dfeb7 - test::test_main::{{closure}}::h7500b54257359db6
[INFO] [stdout]                                at /rustc/82e1608dfa6e0b5569232559e3d385fea5a93112/library/test/src/lib.rs:138:21
[INFO] [stdout]   13:     0x558f05b52e38 - <alloc::boxed::Box<F,A> as core::ops::function::Fn<Args>>::call::h1f8f335eaa9cfaee
[INFO] [stdout]                                at /rustc/82e1608dfa6e0b5569232559e3d385fea5a93112/library/alloc/src/boxed.rs:2021:9
[INFO] [stdout]   14:     0x558f05b52e38 - std::panicking::rust_panic_with_hook::h2b5517d590cab22e
[INFO] [stdout]                                at /rustc/82e1608dfa6e0b5569232559e3d385fea5a93112/library/std/src/panicking.rs:783:13
[INFO] [stdout]   15:     0x558f05b52b8e - std::panicking::begin_panic_handler::{{closure}}::h233112c06e0ef43e
[INFO] [stdout]                                at /rustc/82e1608dfa6e0b5569232559e3d385fea5a93112/library/std/src/panicking.rs:657:13
[INFO] [stdout]   16:     0x558f05b51246 - std::sys_common::backtrace::__rust_end_short_backtrace::h6e893f24d7ebbff8
[INFO] [stdout]                                at /rustc/82e1608dfa6e0b5569232559e3d385fea5a93112/library/std/src/sys_common/backtrace.rs:170:18
[INFO] [stdout]   17:     0x558f05b528f2 - rust_begin_unwind
[INFO] [stdout]                                at /rustc/82e1608dfa6e0b5569232559e3d385fea5a93112/library/std/src/panicking.rs:645:5
[INFO] [stdout]   18:     0x558f054ff615 - core::panicking::panic_fmt::hbf0e066aabfa482c
[INFO] [stdout]                                at /rustc/82e1608dfa6e0b5569232559e3d385fea5a93112/library/core/src/panicking.rs:72:14
[INFO] [stdout]   19:     0x558f0552fccd - nocoin::web::communication::tests::test_bitcoin_api::{{closure}}::h771477f2133666be
[INFO] [stdout]                                at /opt/rustwide/workdir/src/web/communication.rs:140:9
[INFO] [stdout]   20:     0x558f0552c74b - <core::pin::Pin<P> as core::future::future::Future>::poll::h2e4d6f8a64e947ef
[INFO] [stdout]                                at /rustc/82e1608dfa6e0b5569232559e3d385fea5a93112/library/core/src/future/future.rs:125:9
[INFO] [stdout]   21:     0x558f05505e74 - tokio::runtime::basic_scheduler::CoreGuard::block_on::{{closure}}::{{closure}}::{{closure}}::h801dd143d4f4452f
[INFO] [stdout]                                at /opt/rustwide/cargo-home/registry/src/index.crates.io-6f17d22bba15001f/tokio-1.20.0/src/runtime/basic_scheduler.rs:543:48
[INFO] [stdout]   22:     0x558f05525160 - tokio::coop::with_budget::{{closure}}::h741456b8c92910c2
[INFO] [stdout]                                at /opt/rustwide/cargo-home/registry/src/index.crates.io-6f17d22bba15001f/tokio-1.20.0/src/coop.rs:102:9
[INFO] [stdout]   23:     0x558f0551340e - std::thread::local::LocalKey<T>::try_with::h004b6b73fb1c2b00
[INFO] [stdout]                                at /rustc/82e1608dfa6e0b5569232559e3d385fea5a93112/library/std/src/thread/local.rs:270:16
[INFO] [stdout]   24:     0x558f0551320a - std::thread::local::LocalKey<T>::with::ha52f6f2465b45097
[INFO] [stdout]                                at /rustc/82e1608dfa6e0b5569232559e3d385fea5a93112/library/std/src/thread/local.rs:246:9
[INFO] [stdout]   25:     0x558f05505c66 - tokio::coop::with_budget::h678783c87e37e1e1
[INFO] [stdout]                                at /opt/rustwide/cargo-home/registry/src/index.crates.io-6f17d22bba15001f/tokio-1.20.0/src/coop.rs:95:5
[INFO] [stdout]   26:     0x558f05505c66 - tokio::coop::budget::h438ae8d3898f4a50
[INFO] [stdout]                                at /opt/rustwide/cargo-home/registry/src/index.crates.io-6f17d22bba15001f/tokio-1.20.0/src/coop.rs:72:5
[INFO] [stdout]   27:     0x558f05505c66 - tokio::runtime::basic_scheduler::CoreGuard::block_on::{{closure}}::{{closure}}::h78a50dac3aef2a32
[INFO] [stdout]                                at /opt/rustwide/cargo-home/registry/src/index.crates.io-6f17d22bba15001f/tokio-1.20.0/src/runtime/basic_scheduler.rs:543:25
[INFO] [stdout]   28:     0x558f0550265c - tokio::runtime::basic_scheduler::Context::enter::hef54eeeab72c11c9
[INFO] [stdout]                                at /opt/rustwide/cargo-home/registry/src/index.crates.io-6f17d22bba15001f/tokio-1.20.0/src/runtime/basic_scheduler.rs:367:19
[INFO] [stdout]   29:     0x558f055053c9 - tokio::runtime::basic_scheduler::CoreGuard::block_on::{{closure}}::ha5ea9569d289514c
[INFO] [stdout]                                at /opt/rustwide/cargo-home/registry/src/index.crates.io-6f17d22bba15001f/tokio-1.20.0/src/runtime/basic_scheduler.rs:542:36
[INFO] [stdout]   30:     0x558f05503dcb - tokio::runtime::basic_scheduler::CoreGuard::enter::{{closure}}::h3661970991158b4b
[INFO] [stdout]                                at /opt/rustwide/cargo-home/registry/src/index.crates.io-6f17d22bba15001f/tokio-1.20.0/src/runtime/basic_scheduler.rs:613:57
[INFO] [stdout]   31:     0x558f055357bd - tokio::macros::scoped_tls::ScopedKey<T>::set::hb10dbf8ada58ee30
[INFO] [stdout]                                at /opt/rustwide/cargo-home/registry/src/index.crates.io-6f17d22bba15001f/tokio-1.20.0/src/macros/scoped_tls.rs:61:9
[INFO] [stdout]   32:     0x558f0550337f - tokio::runtime::basic_scheduler::CoreGuard::enter::h81079ca9a81b782d
[INFO] [stdout]                                at /opt/rustwide/cargo-home/registry/src/index.crates.io-6f17d22bba15001f/tokio-1.20.0/src/runtime/basic_scheduler.rs:613:27
[INFO] [stdout]   33:     0x558f05503e7c - tokio::runtime::basic_scheduler::CoreGuard::block_on::h0b1acb0ad366d023
[INFO] [stdout]                                at /opt/rustwide/cargo-home/registry/src/index.crates.io-6f17d22bba15001f/tokio-1.20.0/src/runtime/basic_scheduler.rs:533:19
[INFO] [stdout]   34:     0x558f05500662 - tokio::runtime::basic_scheduler::BasicScheduler::block_on::h7d7cf8409370c1f4
[INFO] [stdout]                                at /opt/rustwide/cargo-home/registry/src/index.crates.io-6f17d22bba15001f/tokio-1.20.0/src/runtime/basic_scheduler.rs:179:24
[INFO] [stdout]   35:     0x558f0552b60a - tokio::runtime::Runtime::block_on::h35dcedf3d9454647
[INFO] [stdout]                                at /opt/rustwide/cargo-home/registry/src/index.crates.io-6f17d22bba15001f/tokio-1.20.0/src/runtime/mod.rs:482:46
[INFO] [stdout]   36:     0x558f0552f92c - nocoin::web::communication::tests::test_bitcoin_api::hbf028e15ba449bd1
[INFO] [stdout]                                at /opt/rustwide/workdir/src/web/communication.rs:142:9
[INFO] [stdout]   37:     0x558f0552f7f7 - nocoin::web::communication::tests::test_bitcoin_api::{{closure}}::h9a5619dd2a3dd849
[INFO] [stdout]                                at /opt/rustwide/workdir/src/web/communication.rs:137:32
[INFO] [stdout]   38:     0x558f055321c6 - core::ops::function::FnOnce::call_once::h6c40f4b285332d92
[INFO] [stdout]                                at /rustc/82e1608dfa6e0b5569232559e3d385fea5a93112/library/core/src/ops/function.rs:250:5
[INFO] [stdout]   39:     0x558f057e550f - core::ops::function::FnOnce::call_once::h2b5d431d5046312d
[INFO] [stdout]                                at /rustc/82e1608dfa6e0b5569232559e3d385fea5a93112/library/core/src/ops/function.rs:250:5
[INFO] [stdout]   40:     0x558f057e550f - test::__rust_begin_short_backtrace::h7714669af176e207
[INFO] [stdout]                                at /rustc/82e1608dfa6e0b5569232559e3d385fea5a93112/library/test/src/lib.rs:628:18
[INFO] [stdout]   41:     0x558f057e4525 - test::run_test_in_process::{{closure}}::h85218797dcbcec12
[INFO] [stdout]                                at /rustc/82e1608dfa6e0b5569232559e3d385fea5a93112/library/test/src/lib.rs:651:60
[INFO] [stdout]   42:     0x558f057e4525 - <core::panic::unwind_safe::AssertUnwindSafe<F> as core::ops::function::FnOnce<()>>::call_once::h76c106ea31c14d7b
[INFO] [stdout]                                at /rustc/82e1608dfa6e0b5569232559e3d385fea5a93112/library/core/src/panic/unwind_safe.rs:272:9
[INFO] [stdout]   43:     0x558f057e4525 - std::panicking::try::do_call::h3bd5d0f6620ee946
[INFO] [stdout]                                at /rustc/82e1608dfa6e0b5569232559e3d385fea5a93112/library/std/src/panicking.rs:552:40
[INFO] [stdout]   44:     0x558f057e4525 - std::panicking::try::h232e535e4744fe31
[INFO] [stdout]                                at /rustc/82e1608dfa6e0b5569232559e3d385fea5a93112/library/std/src/panicking.rs:516:19
[INFO] [stdout]   45:     0x558f057e4525 - std::panic::catch_unwind::h3ce3bd6ca8dbac68
[INFO] [stdout]                                at /rustc/82e1608dfa6e0b5569232559e3d385fea5a93112/library/std/src/panic.rs:142:14
[INFO] [stdout]   46:     0x558f057e4525 - test::run_test_in_process::hc97b257c9621286a
[INFO] [stdout]                                at /rustc/82e1608dfa6e0b5569232559e3d385fea5a93112/library/test/src/lib.rs:651:27
[INFO] [stdout]   47:     0x558f057e4525 - test::run_test::{{closure}}::h2aa798823a438d38
[INFO] [stdout]                                at /rustc/82e1608dfa6e0b5569232559e3d385fea5a93112/library/test/src/lib.rs:574:43
[INFO] [stdout]   48:     0x558f057ac7e6 - test::run_test::{{closure}}::h87d231c78fb59832
[INFO] [stdout]                                at /rustc/82e1608dfa6e0b5569232559e3d385fea5a93112/library/test/src/lib.rs:602:41
[INFO] [stdout]   49:     0x558f057ac7e6 - std::sys_common::backtrace::__rust_begin_short_backtrace::he6df152596625789
[INFO] [stdout]                                at /rustc/82e1608dfa6e0b5569232559e3d385fea5a93112/library/std/src/sys_common/backtrace.rs:154:18
[INFO] [stdout]   50:     0x558f057b1897 - std::thread::Builder::spawn_unchecked_::{{closure}}::{{closure}}::ha94be15d1e0acf36
[INFO] [stdout]                                at /rustc/82e1608dfa6e0b5569232559e3d385fea5a93112/library/std/src/thread/mod.rs:529:17
[INFO] [stdout]   51:     0x558f057b1897 - <core::panic::unwind_safe::AssertUnwindSafe<F> as core::ops::function::FnOnce<()>>::call_once::h9dc6bd6372f16606
[INFO] [stdout]                                at /rustc/82e1608dfa6e0b5569232559e3d385fea5a93112/library/core/src/panic/unwind_safe.rs:272:9
[INFO] [stdout]   52:     0x558f057b1897 - std::panicking::try::do_call::h9057517f80303cd4
[INFO] [stdout]                                at /rustc/82e1608dfa6e0b5569232559e3d385fea5a93112/library/std/src/panicking.rs:552:40
[INFO] [stdout]   53:     0x558f057b1897 - std::panicking::try::he3a30b11ee45340c
[INFO] [stdout]                                at /rustc/82e1608dfa6e0b5569232559e3d385fea5a93112/library/std/src/panicking.rs:516:19
[INFO] [stdout]   54:     0x558f057b1897 - std::panic::catch_unwind::h410458cfd3528b8b
[INFO] [stdout]                                at /rustc/82e1608dfa6e0b5569232559e3d385fea5a93112/library/std/src/panic.rs:142:14
[INFO] [stdout]   55:     0x558f057b1897 - std::thread::Builder::spawn_unchecked_::{{closure}}::h72ac3bdb567b737b
[INFO] [stdout]                                at /rustc/82e1608dfa6e0b5569232559e3d385fea5a93112/library/std/src/thread/mod.rs:528:30
[INFO] [stdout]   56:     0x558f057b1897 - core::ops::function::FnOnce::call_once{{vtable.shim}}::h38f34da3654a8344
[INFO] [stdout]                                at /rustc/82e1608dfa6e0b5569232559e3d385fea5a93112/library/core/src/ops/function.rs:250:5
[INFO] [stdout]   57:     0x558f05b57b55 - <alloc::boxed::Box<F,A> as core::ops::function::FnOnce<Args>>::call_once::hc7eafaff61e32df9
[INFO] [stdout]                                at /rustc/82e1608dfa6e0b5569232559e3d385fea5a93112/library/alloc/src/boxed.rs:2007:9
[INFO] [stdout]   58:     0x558f05b57b55 - <alloc::boxed::Box<F,A> as core::ops::function::FnOnce<Args>>::call_once::h6ba4a5de48dd2304
[INFO] [stdout]                                at /rustc/82e1608dfa6e0b5569232559e3d385fea5a93112/library/alloc/src/boxed.rs:2007:9
[INFO] [stdout]   59:     0x558f05b57b55 - std::sys::unix::thread::Thread::new::thread_start::he469335aef763e45
[INFO] [stdout]                                at /rustc/82e1608dfa6e0b5569232559e3d385fea5a93112/library/std/src/sys/unix/thread.rs:108:17
[INFO] [stdout]   60:     0x7f6cce7f8ac3 - <unknown>
[INFO] [stdout]   61:     0x7f6cce889bf4 - __clone
[INFO] [stdout]   62:                0x0 - <unknown>
[INFO] [stdout] 
[INFO] [stdout] 
[INFO] [stdout] failures:
[INFO] [stdout]     web::communication::tests::test_bitcoin_api
[INFO] [stdout] 
[INFO] [stdout] test result: FAILED. 2 passed; 1 failed; 0 ignored; 0 measured; 0 filtered out; finished in 1.86s
[INFO] [stdout] 
[INFO] [stderr] error: test failed, to rerun pass `--bin nocoin`
[INFO] running `Command { std: "docker" "inspect" "afe22d794d6215058299067dac47e3e34db5971853f1d0057990b49d32ab006c", kill_on_drop: false }`
[INFO] running `Command { std: "docker" "rm" "-f" "afe22d794d6215058299067dac47e3e34db5971853f1d0057990b49d32ab006c", kill_on_drop: false }`
[INFO] [stdout] afe22d794d6215058299067dac47e3e34db5971853f1d0057990b49d32ab006c
