[INFO] cloning repository https://github.com/TinkerBoard-Android/rockchip-android-external-rust-crates-bindgen
[INFO] running `Command { std: "git" "-c" "credential.helper=" "-c" "credential.helper=/workspace/cargo-home/bin/git-credential-null" "clone" "--bare" "https://github.com/TinkerBoard-Android/rockchip-android-external-rust-crates-bindgen" "/workspace/cache/git-repos/https%3A%2F%2Fgithub.com%2FTinkerBoard-Android%2Frockchip-android-external-rust-crates-bindgen", kill_on_drop: false }`
[INFO] [stderr] Cloning into bare repository '/workspace/cache/git-repos/https%3A%2F%2Fgithub.com%2FTinkerBoard-Android%2Frockchip-android-external-rust-crates-bindgen'...
[INFO] running `Command { std: "git" "rev-parse" "HEAD", kill_on_drop: false }`
[INFO] [stdout] 1a334643ba9a4321b52b43737673c811560fb510
[INFO] testing TinkerBoard-Android/rockchip-android-external-rust-crates-bindgen against 1.75.0 for beta-1.76-1
[INFO] running `Command { std: "git" "clone" "/workspace/cache/git-repos/https%3A%2F%2Fgithub.com%2FTinkerBoard-Android%2Frockchip-android-external-rust-crates-bindgen" "/workspace/builds/worker-2-tc1/source", kill_on_drop: false }`
[INFO] [stderr] Cloning into '/workspace/builds/worker-2-tc1/source'...
[INFO] [stderr] done.
[INFO] validating manifest of git repo https://github.com/TinkerBoard-Android/rockchip-android-external-rust-crates-bindgen on toolchain 1.75.0
[INFO] running `Command { std: CARGO_HOME="/workspace/cargo-home" RUSTUP_HOME="/workspace/rustup-home" "/workspace/cargo-home/bin/cargo" "+1.75.0" "metadata" "--manifest-path" "Cargo.toml" "--no-deps", kill_on_drop: false }`
[INFO] started tweaking git repo https://github.com/TinkerBoard-Android/rockchip-android-external-rust-crates-bindgen
[INFO] finished tweaking git repo https://github.com/TinkerBoard-Android/rockchip-android-external-rust-crates-bindgen
[INFO] tweaked toml for git repo https://github.com/TinkerBoard-Android/rockchip-android-external-rust-crates-bindgen written to /workspace/builds/worker-2-tc1/source/Cargo.toml
[INFO] crate git repo https://github.com/TinkerBoard-Android/rockchip-android-external-rust-crates-bindgen already has a lockfile, it will not be regenerated
[INFO] running `Command { std: CARGO_HOME="/workspace/cargo-home" RUSTUP_HOME="/workspace/rustup-home" "/workspace/cargo-home/bin/cargo" "+1.75.0" "fetch" "--manifest-path" "Cargo.toml", kill_on_drop: false }`
[INFO] running `Command { std: "docker" "create" "-v" "/var/lib/crater-agent-workspace/builds/worker-2-tc1/target:/opt/rustwide/target:rw,Z" "-v" "/var/lib/crater-agent-workspace/builds/worker-2-tc1/source:/opt/rustwide/workdir:ro,Z" "-v" "/var/lib/crater-agent-workspace/cargo-home:/opt/rustwide/cargo-home:ro,Z" "-v" "/var/lib/crater-agent-workspace/rustup-home:/opt/rustwide/rustup-home:ro,Z" "-e" "SOURCE_DIR=/opt/rustwide/workdir" "-e" "CARGO_TARGET_DIR=/opt/rustwide/target" "-e" "CARGO_HOME=/opt/rustwide/cargo-home" "-e" "RUSTUP_HOME=/opt/rustwide/rustup-home" "-w" "/opt/rustwide/workdir" "-m" "1610612736" "--user" "0:0" "--network" "none" "ghcr.io/rust-lang/crates-build-env/linux@sha256:2788e3201cd34a07e3172128adcd8b3090168a8e3bcc40d7c032b9dda1df7d1c" "/opt/rustwide/cargo-home/bin/cargo" "+1.75.0" "metadata" "--no-deps" "--format-version=1", kill_on_drop: false }`
[INFO] [stdout] e3317af3273be084f31d8f903ef66ec35ebba7939118c00adca4734f0011a510
[INFO] running `Command { std: "docker" "start" "-a" "e3317af3273be084f31d8f903ef66ec35ebba7939118c00adca4734f0011a510", kill_on_drop: false }`
[INFO] running `Command { std: "docker" "inspect" "e3317af3273be084f31d8f903ef66ec35ebba7939118c00adca4734f0011a510", kill_on_drop: false }`
[INFO] running `Command { std: "docker" "rm" "-f" "e3317af3273be084f31d8f903ef66ec35ebba7939118c00adca4734f0011a510", kill_on_drop: false }`
[INFO] [stdout] e3317af3273be084f31d8f903ef66ec35ebba7939118c00adca4734f0011a510
[INFO] running `Command { std: "docker" "create" "-v" "/var/lib/crater-agent-workspace/builds/worker-2-tc1/target:/opt/rustwide/target:rw,Z" "-v" "/var/lib/crater-agent-workspace/builds/worker-2-tc1/source:/opt/rustwide/workdir:ro,Z" "-v" "/var/lib/crater-agent-workspace/cargo-home:/opt/rustwide/cargo-home:ro,Z" "-v" "/var/lib/crater-agent-workspace/rustup-home:/opt/rustwide/rustup-home:ro,Z" "-e" "SOURCE_DIR=/opt/rustwide/workdir" "-e" "CARGO_TARGET_DIR=/opt/rustwide/target" "-e" "CARGO_INCREMENTAL=0" "-e" "RUST_BACKTRACE=full" "-e" "RUSTFLAGS=--cap-lints=warn" "-e" "RUSTDOCFLAGS=--cap-lints=warn" "-e" "CARGO_HOME=/opt/rustwide/cargo-home" "-e" "RUSTUP_HOME=/opt/rustwide/rustup-home" "-w" "/opt/rustwide/workdir" "-m" "1610612736" "--user" "0:0" "--network" "none" "ghcr.io/rust-lang/crates-build-env/linux@sha256:2788e3201cd34a07e3172128adcd8b3090168a8e3bcc40d7c032b9dda1df7d1c" "/opt/rustwide/cargo-home/bin/cargo" "+1.75.0" "build" "--frozen" "--message-format=json", kill_on_drop: false }`
[INFO] [stdout] aeebfa027ce45df9381708df826e8364febe08a209fcacdd6ffe8b6274417cac
[INFO] running `Command { std: "docker" "start" "-a" "aeebfa027ce45df9381708df826e8364febe08a209fcacdd6ffe8b6274417cac", kill_on_drop: false }`
[INFO] [stderr]    Compiling memchr v2.3.4
[INFO] [stderr]    Compiling libc v0.2.80
[INFO] [stderr]    Compiling glob v0.3.0
[INFO] [stderr]    Compiling version_check v0.9.2
[INFO] [stderr]    Compiling proc-macro2 v1.0.24
[INFO] [stderr]    Compiling lazy_static v1.4.0
[INFO] [stderr]    Compiling log v0.4.11
[INFO] [stderr]    Compiling bitflags v1.2.1
[INFO] [stderr]    Compiling unicode-xid v0.2.1
[INFO] [stderr]    Compiling regex-syntax v0.6.21
[INFO] [stderr]    Compiling cfg-if v0.1.10
[INFO] [stderr]    Compiling unicode-width v0.1.8
[INFO] [stderr]    Compiling ansi_term v0.11.0
[INFO] [stderr]    Compiling bindgen v0.58.1 (/opt/rustwide/workdir)
[INFO] [stderr]    Compiling humantime v2.0.1
[INFO] [stderr]    Compiling libloading v0.6.5
[INFO] [stderr]    Compiling thread_local v1.0.1
[INFO] [stderr]    Compiling vec_map v0.8.2
[INFO] [stderr]    Compiling textwrap v0.11.0
[INFO] [stderr]    Compiling termcolor v1.1.0
[INFO] [stderr]    Compiling strsim v0.8.0
[INFO] [stderr]    Compiling rustc-hash v1.1.0
[INFO] [stderr]    Compiling shlex v1.0.0
[INFO] [stderr]    Compiling nom v5.1.2
[INFO] [stderr]    Compiling lazycell v1.3.0
[INFO] [stderr]    Compiling peeking_take_while v0.1.2
[INFO] [stderr]    Compiling clang-sys v1.0.3
[INFO] [stderr]    Compiling aho-corasick v0.7.15
[INFO] [stderr]    Compiling quote v1.0.7
[INFO] [stderr]    Compiling atty v0.2.14
[INFO] [stderr]    Compiling which v3.1.1
[INFO] [stderr]    Compiling clap v2.33.3
[INFO] [stderr]    Compiling regex v1.4.2
[INFO] [stderr]    Compiling cexpr v0.4.0
[INFO] [stderr]    Compiling env_logger v0.8.1
[INFO] [stdout] warning: fields `namespaced_constants` and `msvc_mangling` are never read
[INFO] [stdout]     --> src/lib.rs:1765:5
[INFO] [stdout]      |
[INFO] [stdout] 1607 | struct BindgenOptions {
[INFO] [stdout]      |        -------------- fields in this struct
[INFO] [stdout] ...
[INFO] [stdout] 1765 |     namespaced_constants: bool,
[INFO] [stdout]      |     ^^^^^^^^^^^^^^^^^^^^
[INFO] [stdout] ...
[INFO] [stdout] 1768 |     msvc_mangling: bool,
[INFO] [stdout]      |     ^^^^^^^^^^^^^
[INFO] [stdout]      |
[INFO] [stdout]      = note: `BindgenOptions` has a derived impl for the trait `Debug`, but this is intentionally ignored during dead code analysis
[INFO] [stdout]      = note: `#[warn(dead_code)]` on by default
[INFO] [stdout] 
[INFO] [stdout] 
[INFO] [stdout] warning: fields `index` and `cannot_derive_copy_in_array` are never read
[INFO] [stdout]    --> src/ir/context.rs:365:5
[INFO] [stdout]     |
[INFO] [stdout] 308 | pub struct BindgenContext {
[INFO] [stdout]     |            -------------- fields in this struct
[INFO] [stdout] ...
[INFO] [stdout] 365 |     index: clang::Index,
[INFO] [stdout]     |     ^^^^^
[INFO] [stdout] ...
[INFO] [stdout] 424 |     cannot_derive_copy_in_array: Option<HashSet<ItemId>>,
[INFO] [stdout]     |     ^^^^^^^^^^^^^^^^^^^^^^^^^^^
[INFO] [stdout]     |
[INFO] [stdout]     = note: `BindgenContext` has a derived impl for the trait `Debug`, but this is intentionally ignored during dead code analysis
[INFO] [stdout] 
[INFO] [stdout] 
[INFO] [stdout] warning: field `comment` is never read
[INFO] [stdout]   --> src/ir/function.rs:88:5
[INFO] [stdout]    |
[INFO] [stdout] 77 | pub struct Function {
[INFO] [stdout]    |            -------- field in this struct
[INFO] [stdout] ...
[INFO] [stdout] 88 |     comment: Option<String>,
[INFO] [stdout]    |     ^^^^^^^
[INFO] [stdout]    |
[INFO] [stdout]    = note: `Function` has a derived impl for the trait `Debug`, but this is intentionally ignored during dead code analysis
[INFO] [stdout] 
[INFO] [stdout] 
[INFO] [stdout] warning: 3 warnings emitted
[INFO] [stdout] 
[INFO] [stdout] 
[INFO] [stderr]     Finished dev [unoptimized + debuginfo] target(s) in 10.92s
[INFO] [stderr] warning: the following packages contain code that will be rejected by a future version of Rust: nom v5.1.2
[INFO] [stderr] note: to see what the problems were, use the option `--future-incompat-report`, or run `cargo report future-incompatibilities --id 1`
[INFO] running `Command { std: "docker" "inspect" "aeebfa027ce45df9381708df826e8364febe08a209fcacdd6ffe8b6274417cac", kill_on_drop: false }`
[INFO] running `Command { std: "docker" "rm" "-f" "aeebfa027ce45df9381708df826e8364febe08a209fcacdd6ffe8b6274417cac", kill_on_drop: false }`
[INFO] [stdout] aeebfa027ce45df9381708df826e8364febe08a209fcacdd6ffe8b6274417cac
[INFO] running `Command { std: "docker" "create" "-v" "/var/lib/crater-agent-workspace/builds/worker-2-tc1/target:/opt/rustwide/target:rw,Z" "-v" "/var/lib/crater-agent-workspace/builds/worker-2-tc1/source:/opt/rustwide/workdir:ro,Z" "-v" "/var/lib/crater-agent-workspace/cargo-home:/opt/rustwide/cargo-home:ro,Z" "-v" "/var/lib/crater-agent-workspace/rustup-home:/opt/rustwide/rustup-home:ro,Z" "-e" "SOURCE_DIR=/opt/rustwide/workdir" "-e" "CARGO_TARGET_DIR=/opt/rustwide/target" "-e" "CARGO_INCREMENTAL=0" "-e" "RUST_BACKTRACE=full" "-e" "RUSTFLAGS=--cap-lints=warn" "-e" "RUSTDOCFLAGS=--cap-lints=warn" "-e" "CARGO_HOME=/opt/rustwide/cargo-home" "-e" "RUSTUP_HOME=/opt/rustwide/rustup-home" "-w" "/opt/rustwide/workdir" "-m" "1610612736" "--user" "0:0" "--network" "none" "ghcr.io/rust-lang/crates-build-env/linux@sha256:2788e3201cd34a07e3172128adcd8b3090168a8e3bcc40d7c032b9dda1df7d1c" "/opt/rustwide/cargo-home/bin/cargo" "+1.75.0" "test" "--frozen" "--no-run" "--message-format=json", kill_on_drop: false }`
[INFO] [stdout] d8ea4683f97e957d4f2504d055ee469470c1993cdc652fc473cdfb2d610b28cb
[INFO] running `Command { std: "docker" "start" "-a" "d8ea4683f97e957d4f2504d055ee469470c1993cdc652fc473cdfb2d610b28cb", kill_on_drop: false }`
[INFO] [stderr]    Compiling diff v0.1.12
[INFO] [stdout] warning: fields `namespaced_constants` and `msvc_mangling` are never read
[INFO] [stdout]     --> src/lib.rs:1765:5
[INFO] [stdout]      |
[INFO] [stdout] 1607 | struct BindgenOptions {
[INFO] [stdout]      |        -------------- fields in this struct
[INFO] [stdout] ...
[INFO] [stdout] 1765 |     namespaced_constants: bool,
[INFO] [stdout]      |     ^^^^^^^^^^^^^^^^^^^^
[INFO] [stdout] ...
[INFO] [stdout] 1768 |     msvc_mangling: bool,
[INFO] [stdout]      |     ^^^^^^^^^^^^^
[INFO] [stdout]      |
[INFO] [stdout]      = note: `BindgenOptions` has a derived impl for the trait `Debug`, but this is intentionally ignored during dead code analysis
[INFO] [stdout]      = note: `#[warn(dead_code)]` on by default
[INFO] [stdout] 
[INFO] [stdout] 
[INFO] [stdout] warning: fields `index` and `cannot_derive_copy_in_array` are never read
[INFO] [stdout]    --> src/ir/context.rs:365:5
[INFO] [stdout]     |
[INFO] [stdout] 308 | pub struct BindgenContext {
[INFO] [stdout]     |            -------------- fields in this struct
[INFO] [stdout] ...
[INFO] [stdout] 365 |     index: clang::Index,
[INFO] [stdout]     |     ^^^^^
[INFO] [stdout] ...
[INFO] [stdout] 424 |     cannot_derive_copy_in_array: Option<HashSet<ItemId>>,
[INFO] [stdout]     |     ^^^^^^^^^^^^^^^^^^^^^^^^^^^
[INFO] [stdout]     |
[INFO] [stdout]     = note: `BindgenContext` has a derived impl for the trait `Debug`, but this is intentionally ignored during dead code analysis
[INFO] [stdout] 
[INFO] [stdout] 
[INFO] [stdout] warning: field `comment` is never read
[INFO] [stdout]   --> src/ir/function.rs:88:5
[INFO] [stdout]    |
[INFO] [stdout] 77 | pub struct Function {
[INFO] [stdout]    |            -------- field in this struct
[INFO] [stdout] ...
[INFO] [stdout] 88 |     comment: Option<String>,
[INFO] [stdout]    |     ^^^^^^^
[INFO] [stdout]    |
[INFO] [stdout]    = note: `Function` has a derived impl for the trait `Debug`, but this is intentionally ignored during dead code analysis
[INFO] [stdout] 
[INFO] [stdout] 
[INFO] [stdout] warning: 3 warnings emitted
[INFO] [stdout] 
[INFO] [stdout] 
[INFO] [stderr]    Compiling bindgen v0.58.1 (/opt/rustwide/workdir)
[INFO] [stdout] warning: fields `namespaced_constants` and `msvc_mangling` are never read
[INFO] [stdout]     --> src/lib.rs:1765:5
[INFO] [stdout]      |
[INFO] [stdout] 1607 | struct BindgenOptions {
[INFO] [stdout]      |        -------------- fields in this struct
[INFO] [stdout] ...
[INFO] [stdout] 1765 |     namespaced_constants: bool,
[INFO] [stdout]      |     ^^^^^^^^^^^^^^^^^^^^
[INFO] [stdout] ...
[INFO] [stdout] 1768 |     msvc_mangling: bool,
[INFO] [stdout]      |     ^^^^^^^^^^^^^
[INFO] [stdout]      |
[INFO] [stdout]      = note: `BindgenOptions` has a derived impl for the trait `Debug`, but this is intentionally ignored during dead code analysis
[INFO] [stdout]      = note: `#[warn(dead_code)]` on by default
[INFO] [stdout] 
[INFO] [stdout] 
[INFO] [stdout] warning: fields `index` and `cannot_derive_copy_in_array` are never read
[INFO] [stdout]    --> src/ir/context.rs:365:5
[INFO] [stdout]     |
[INFO] [stdout] 308 | pub struct BindgenContext {
[INFO] [stdout]     |            -------------- fields in this struct
[INFO] [stdout] ...
[INFO] [stdout] 365 |     index: clang::Index,
[INFO] [stdout]     |     ^^^^^
[INFO] [stdout] ...
[INFO] [stdout] 424 |     cannot_derive_copy_in_array: Option<HashSet<ItemId>>,
[INFO] [stdout]     |     ^^^^^^^^^^^^^^^^^^^^^^^^^^^
[INFO] [stdout]     |
[INFO] [stdout]     = note: `BindgenContext` has a derived impl for the trait `Debug`, but this is intentionally ignored during dead code analysis
[INFO] [stdout] 
[INFO] [stdout] 
[INFO] [stdout] warning: field `comment` is never read
[INFO] [stdout]   --> src/ir/function.rs:88:5
[INFO] [stdout]    |
[INFO] [stdout] 77 | pub struct Function {
[INFO] [stdout]    |            -------- field in this struct
[INFO] [stdout] ...
[INFO] [stdout] 88 |     comment: Option<String>,
[INFO] [stdout]    |     ^^^^^^^
[INFO] [stdout]    |
[INFO] [stdout]    = note: `Function` has a derived impl for the trait `Debug`, but this is intentionally ignored during dead code analysis
[INFO] [stdout] 
[INFO] [stdout] 
[INFO] [stdout] warning: 3 warnings emitted
[INFO] [stdout] 
[INFO] [stdout] 
[INFO] [stderr]     Finished test [unoptimized + debuginfo] target(s) in 4.67s
[INFO] [stderr] warning: the following packages contain code that will be rejected by a future version of Rust: nom v5.1.2
[INFO] [stderr] note: to see what the problems were, use the option `--future-incompat-report`, or run `cargo report future-incompatibilities --id 1`
[INFO] running `Command { std: "docker" "inspect" "d8ea4683f97e957d4f2504d055ee469470c1993cdc652fc473cdfb2d610b28cb", kill_on_drop: false }`
[INFO] running `Command { std: "docker" "rm" "-f" "d8ea4683f97e957d4f2504d055ee469470c1993cdc652fc473cdfb2d610b28cb", kill_on_drop: false }`
[INFO] [stdout] d8ea4683f97e957d4f2504d055ee469470c1993cdc652fc473cdfb2d610b28cb
[INFO] running `Command { std: "docker" "create" "-v" "/var/lib/crater-agent-workspace/builds/worker-2-tc1/target:/opt/rustwide/target:rw,Z" "-v" "/var/lib/crater-agent-workspace/builds/worker-2-tc1/source:/opt/rustwide/workdir:ro,Z" "-v" "/var/lib/crater-agent-workspace/cargo-home:/opt/rustwide/cargo-home:ro,Z" "-v" "/var/lib/crater-agent-workspace/rustup-home:/opt/rustwide/rustup-home:ro,Z" "-e" "SOURCE_DIR=/opt/rustwide/workdir" "-e" "CARGO_TARGET_DIR=/opt/rustwide/target" "-e" "CARGO_INCREMENTAL=0" "-e" "RUST_BACKTRACE=full" "-e" "RUSTFLAGS=--cap-lints=warn" "-e" "RUSTDOCFLAGS=--cap-lints=warn" "-e" "CARGO_HOME=/opt/rustwide/cargo-home" "-e" "RUSTUP_HOME=/opt/rustwide/rustup-home" "-w" "/opt/rustwide/workdir" "-m" "1610612736" "--user" "0:0" "--network" "none" "ghcr.io/rust-lang/crates-build-env/linux@sha256:2788e3201cd34a07e3172128adcd8b3090168a8e3bcc40d7c032b9dda1df7d1c" "/opt/rustwide/cargo-home/bin/cargo" "+1.75.0" "test" "--frozen", kill_on_drop: false }`
[INFO] [stdout] e91be122cc940de4414f6617dcdad8ff2ca929da944c1ebf1ee946b502bd0a33
[INFO] running `Command { std: "docker" "start" "-a" "e91be122cc940de4414f6617dcdad8ff2ca929da944c1ebf1ee946b502bd0a33", kill_on_drop: false }`
[INFO] [stderr] warning: fields `namespaced_constants` and `msvc_mangling` are never read
[INFO] [stderr]     --> src/lib.rs:1765:5
[INFO] [stderr]      |
[INFO] [stderr] 1607 | struct BindgenOptions {
[INFO] [stderr]      |        -------------- fields in this struct
[INFO] [stderr] ...
[INFO] [stderr] 1765 |     namespaced_constants: bool,
[INFO] [stderr]      |     ^^^^^^^^^^^^^^^^^^^^
[INFO] [stderr] ...
[INFO] [stderr] 1768 |     msvc_mangling: bool,
[INFO] [stderr]      |     ^^^^^^^^^^^^^
[INFO] [stderr]      |
[INFO] [stderr]      = note: `BindgenOptions` has a derived impl for the trait `Debug`, but this is intentionally ignored during dead code analysis
[INFO] [stderr]      = note: `#[warn(dead_code)]` on by default
[INFO] [stderr] 
[INFO] [stderr] warning: fields `index` and `cannot_derive_copy_in_array` are never read
[INFO] [stderr]    --> src/ir/context.rs:365:5
[INFO] [stderr]     |
[INFO] [stderr] 308 | pub struct BindgenContext {
[INFO] [stderr]     |            -------------- fields in this struct
[INFO] [stderr] ...
[INFO] [stderr] 365 |     index: clang::Index,
[INFO] [stderr]     |     ^^^^^
[INFO] [stderr] ...
[INFO] [stderr] 424 |     cannot_derive_copy_in_array: Option<HashSet<ItemId>>,
[INFO] [stderr]     |     ^^^^^^^^^^^^^^^^^^^^^^^^^^^
[INFO] [stderr]     |
[INFO] [stderr]     = note: `BindgenContext` has a derived impl for the trait `Debug`, but this is intentionally ignored during dead code analysis
[INFO] [stderr] 
[INFO] [stderr] warning: field `comment` is never read
[INFO] [stderr]   --> src/ir/function.rs:88:5
[INFO] [stderr]    |
[INFO] [stderr] 77 | pub struct Function {
[INFO] [stderr]    |            -------- field in this struct
[INFO] [stderr] ...
[INFO] [stderr] 88 |     comment: Option<String>,
[INFO] [stderr]    |     ^^^^^^^
[INFO] [stderr]    |
[INFO] [stderr]    = note: `Function` has a derived impl for the trait `Debug`, but this is intentionally ignored during dead code analysis
[INFO] [stderr] 
[INFO] [stderr] warning: `bindgen` (lib) generated 3 warnings
[INFO] [stderr] warning: `bindgen` (lib test) generated 3 warnings (3 duplicates)
[INFO] [stderr]     Finished test [unoptimized + debuginfo] target(s) in 0.06s
[INFO] [stderr] warning: the following packages contain code that will be rejected by a future version of Rust: nom v5.1.2
[INFO] [stderr] note: to see what the problems were, use the option `--future-incompat-report`, or run `cargo report future-incompatibilities --id 1`
[INFO] [stderr]      Running unittests src/lib.rs (/opt/rustwide/target/debug/deps/bindgen-e3edb5fbd49130fc)
[INFO] [stdout] 
[INFO] [stdout] running 23 tests
[INFO] [stdout] test codegen::bitfield_unit_tests::bitfield_unit_get_bit ... ok
[INFO] [stdout] test codegen::bitfield_unit_tests::bitfield_unit_set ... ok
[INFO] [stdout] test codegen::bitfield_unit_tests::bitfield_unit_get ... ok
[INFO] [stdout] test codegen::bitfield_unit_tests::bitfield_unit_set_bit ... ok
[INFO] [stdout] test codegen::struct_layout::test_bytes_from_bits_pow2 ... ok
[INFO] [stdout] test codegen::struct_layout::test_align_to ... ok
[INFO] [stdout] test features::test::str_to_target ... ok
[INFO] [stdout] test commandline_flag_unit_test_function ... ok
[INFO] [stdout] test features::test::target_features ... ok
[INFO] [stdout] test ir::comment::test::picks_up_single_and_multi_line_doc_comments ... ok
[INFO] [stdout] test ir::analysis::tests::monotone ... ok
[INFO] [stdout] test ir::comment::test::processes_multi_lines_correctly ... ok
[INFO] [stdout] test ir::comment::test::processes_single_lines_correctly ... ok
[INFO] [stdout] test ir::layout::test_layout_for_size ... ok
[INFO] [stdout] test ir::traversal::tests::traversal_predicate_is_object_safe ... ok
[INFO] [stdout] test ir::ty::is_invalid_type_param_empty_name ... ok
[INFO] [stdout] test ir::ty::is_invalid_type_param_invalid_remaing ... ok
[INFO] [stdout] test ir::ty::is_invalid_type_param_invalid_start ... ok
[INFO] [stdout] test ir::ty::is_invalid_type_param_valid_unnamed_kind ... ok
[INFO] [stdout] test test_rust_to_clang_target ... ok
[INFO] [stdout] test ir::ty::is_invalid_type_param_valid ... ok
[INFO] [stdout] test ir::ty::is_invalid_type_param_valid_underscore_and_numbers ... ok
[INFO] [stdout] test ir::ty::is_invalid_type_param_unnamed - should panic ... ok
[INFO] [stdout] 
[INFO] [stdout] test result: ok. 23 passed; 0 failed; 0 ignored; 0 measured; 0 filtered out; finished in 0.02s
[INFO] [stdout] 
[INFO] [stderr]      Running unittests src/main.rs (/opt/rustwide/target/debug/deps/bindgen-8b1880484dffe8e1)
[INFO] [stdout] 
[INFO] [stdout] running 1 test
[INFO] [stdout] test test::commandline_multiple_headers ... FAILED
[INFO] [stdout] 
[INFO] [stdout] failures:
[INFO] [stdout] 
[INFO] [stdout] ---- test::commandline_multiple_headers stdout ----
[INFO] [stdout] bindgen tests/headers/16-byte-alignment.h --rust-target 1.40 --no-derive-default --generate functions,types,vars,methods,constructors,destructors -- -include tests/headers/char.h -include tests/headers/func_ptr.h
[INFO] [stdout] error: header 'tests/headers/16-byte-alignment.h' does not exist.
[INFO] [stdout] thread 'test::commandline_multiple_headers' panicked at src/main.rs:104:28:
[INFO] [stdout] failed to generate bindings: ()
[INFO] [stdout] stack backtrace:
[INFO] [stdout]    0:     0x55ec40580cac - std::backtrace_rs::backtrace::libunwind::trace::ha637c64ce894333a
[INFO] [stdout]                                at /rustc/82e1608dfa6e0b5569232559e3d385fea5a93112/library/std/src/../../backtrace/src/backtrace/libunwind.rs:104:5
[INFO] [stdout]    1:     0x55ec40580cac - std::backtrace_rs::backtrace::trace_unsynchronized::h47f62dea28e0c88d
[INFO] [stdout]                                at /rustc/82e1608dfa6e0b5569232559e3d385fea5a93112/library/std/src/../../backtrace/src/backtrace/mod.rs:66:5
[INFO] [stdout]    2:     0x55ec40580cac - std::sys_common::backtrace::_print_fmt::h9eef0abe20ede486
[INFO] [stdout]                                at /rustc/82e1608dfa6e0b5569232559e3d385fea5a93112/library/std/src/sys_common/backtrace.rs:67:5
[INFO] [stdout]    3:     0x55ec40580cac - <std::sys_common::backtrace::_print::DisplayBacktrace as core::fmt::Display>::fmt::hed7f999df88cc644
[INFO] [stdout]                                at /rustc/82e1608dfa6e0b5569232559e3d385fea5a93112/library/std/src/sys_common/backtrace.rs:44:22
[INFO] [stdout]    4:     0x55ec405ad8b0 - core::fmt::rt::Argument::fmt::h1539a9308b8d058d
[INFO] [stdout]                                at /rustc/82e1608dfa6e0b5569232559e3d385fea5a93112/library/core/src/fmt/rt.rs:142:9
[INFO] [stdout]    5:     0x55ec405ad8b0 - core::fmt::write::h3a39390d8560d9c9
[INFO] [stdout]                                at /rustc/82e1608dfa6e0b5569232559e3d385fea5a93112/library/core/src/fmt/mod.rs:1120:17
[INFO] [stdout]    6:     0x55ec4057dc3f - std::io::Write::write_fmt::h040b369f3a0f9cbc
[INFO] [stdout]                                at /rustc/82e1608dfa6e0b5569232559e3d385fea5a93112/library/std/src/io/mod.rs:1762:15
[INFO] [stdout]    7:     0x55ec40580a94 - std::sys_common::backtrace::_print::h894006fb5c6f3d45
[INFO] [stdout]                                at /rustc/82e1608dfa6e0b5569232559e3d385fea5a93112/library/std/src/sys_common/backtrace.rs:47:5
[INFO] [stdout]    8:     0x55ec40580a94 - std::sys_common::backtrace::print::h23a2d212c6fff936
[INFO] [stdout]                                at /rustc/82e1608dfa6e0b5569232559e3d385fea5a93112/library/std/src/sys_common/backtrace.rs:34:9
[INFO] [stdout]    9:     0x55ec40582757 - std::panicking::default_hook::{{closure}}::h8a1d2ee00185001a
[INFO] [stdout]   10:     0x55ec40582443 - std::panicking::default_hook::h6038f2eba384e475
[INFO] [stdout]                                at /rustc/82e1608dfa6e0b5569232559e3d385fea5a93112/library/std/src/panicking.rs:289:9
[INFO] [stdout]   11:     0x55ec400252a7 - <alloc::boxed::Box<F,A> as core::ops::function::Fn<Args>>::call::h0ad024c9bdc6d768
[INFO] [stdout]                                at /rustc/82e1608dfa6e0b5569232559e3d385fea5a93112/library/alloc/src/boxed.rs:2021:9
[INFO] [stdout]   12:     0x55ec400252a7 - test::test_main::{{closure}}::h7500b54257359db6
[INFO] [stdout]                                at /rustc/82e1608dfa6e0b5569232559e3d385fea5a93112/library/test/src/lib.rs:138:21
[INFO] [stdout]   13:     0x55ec40582d68 - <alloc::boxed::Box<F,A> as core::ops::function::Fn<Args>>::call::h1f8f335eaa9cfaee
[INFO] [stdout]                                at /rustc/82e1608dfa6e0b5569232559e3d385fea5a93112/library/alloc/src/boxed.rs:2021:9
[INFO] [stdout]   14:     0x55ec40582d68 - std::panicking::rust_panic_with_hook::h2b5517d590cab22e
[INFO] [stdout]                                at /rustc/82e1608dfa6e0b5569232559e3d385fea5a93112/library/std/src/panicking.rs:783:13
[INFO] [stdout]   15:     0x55ec40582abe - std::panicking::begin_panic_handler::{{closure}}::h233112c06e0ef43e
[INFO] [stdout]                                at /rustc/82e1608dfa6e0b5569232559e3d385fea5a93112/library/std/src/panicking.rs:657:13
[INFO] [stdout]   16:     0x55ec40581176 - std::sys_common::backtrace::__rust_end_short_backtrace::h6e893f24d7ebbff8
[INFO] [stdout]                                at /rustc/82e1608dfa6e0b5569232559e3d385fea5a93112/library/std/src/sys_common/backtrace.rs:170:18
[INFO] [stdout]   17:     0x55ec40582822 - rust_begin_unwind
[INFO] [stdout]                                at /rustc/82e1608dfa6e0b5569232559e3d385fea5a93112/library/std/src/panicking.rs:645:5
[INFO] [stdout]   18:     0x55ec3ffc5665 - core::panicking::panic_fmt::hbf0e066aabfa482c
[INFO] [stdout]                                at /rustc/82e1608dfa6e0b5569232559e3d385fea5a93112/library/core/src/panicking.rs:72:14
[INFO] [stdout]   19:     0x55ec3ffc5c33 - core::result::unwrap_failed::hddb4fea594200c52
[INFO] [stdout]                                at /rustc/82e1608dfa6e0b5569232559e3d385fea5a93112/library/core/src/result.rs:1653:5
[INFO] [stdout]   20:     0x55ec3ffc84f4 - core::result::Result<T,E>::expect::h2ecce6ddfd9e9706
[INFO] [stdout]                                at /rustc/82e1608dfa6e0b5569232559e3d385fea5a93112/library/core/src/result.rs:1034:23
[INFO] [stdout]   21:     0x55ec3ffd7d47 - bindgen::test::build_flags_output_helper::h8dcfcf8f1c33b1da
[INFO] [stdout]                                at /opt/rustwide/workdir/src/main.rs:104:9
[INFO] [stdout]   22:     0x55ec3ffd8077 - bindgen::test::commandline_multiple_headers::h79f1257edef83974
[INFO] [stdout]                                at /opt/rustwide/workdir/src/main.rs:113:9
[INFO] [stdout]   23:     0x55ec3ffd7fb7 - bindgen::test::commandline_multiple_headers::{{closure}}::h85100c6943bec0ee
[INFO] [stdout]                                at /opt/rustwide/workdir/src/main.rs:108:38
[INFO] [stdout]   24:     0x55ec3ffcd446 - core::ops::function::FnOnce::call_once::hd171ea9403b2fe6f
[INFO] [stdout]                                at /rustc/82e1608dfa6e0b5569232559e3d385fea5a93112/library/core/src/ops/function.rs:250:5
[INFO] [stdout]   25:     0x55ec4002a8ff - core::ops::function::FnOnce::call_once::h2b5d431d5046312d
[INFO] [stdout]                                at /rustc/82e1608dfa6e0b5569232559e3d385fea5a93112/library/core/src/ops/function.rs:250:5
[INFO] [stdout]   26:     0x55ec4002a8ff - test::__rust_begin_short_backtrace::h7714669af176e207
[INFO] [stdout]                                at /rustc/82e1608dfa6e0b5569232559e3d385fea5a93112/library/test/src/lib.rs:628:18
[INFO] [stdout]   27:     0x55ec40029915 - test::run_test_in_process::{{closure}}::h85218797dcbcec12
[INFO] [stdout]                                at /rustc/82e1608dfa6e0b5569232559e3d385fea5a93112/library/test/src/lib.rs:651:60
[INFO] [stdout]   28:     0x55ec40029915 - <core::panic::unwind_safe::AssertUnwindSafe<F> as core::ops::function::FnOnce<()>>::call_once::h76c106ea31c14d7b
[INFO] [stdout]                                at /rustc/82e1608dfa6e0b5569232559e3d385fea5a93112/library/core/src/panic/unwind_safe.rs:272:9
[INFO] [stdout]   29:     0x55ec40029915 - std::panicking::try::do_call::h3bd5d0f6620ee946
[INFO] [stdout]                                at /rustc/82e1608dfa6e0b5569232559e3d385fea5a93112/library/std/src/panicking.rs:552:40
[INFO] [stdout]   30:     0x55ec40029915 - std::panicking::try::h232e535e4744fe31
[INFO] [stdout]                                at /rustc/82e1608dfa6e0b5569232559e3d385fea5a93112/library/std/src/panicking.rs:516:19
[INFO] [stdout]   31:     0x55ec40029915 - std::panic::catch_unwind::h3ce3bd6ca8dbac68
[INFO] [stdout]                                at /rustc/82e1608dfa6e0b5569232559e3d385fea5a93112/library/std/src/panic.rs:142:14
[INFO] [stdout]   32:     0x55ec40029915 - test::run_test_in_process::hc97b257c9621286a
[INFO] [stdout]                                at /rustc/82e1608dfa6e0b5569232559e3d385fea5a93112/library/test/src/lib.rs:651:27
[INFO] [stdout]   33:     0x55ec40029915 - test::run_test::{{closure}}::h2aa798823a438d38
[INFO] [stdout]                                at /rustc/82e1608dfa6e0b5569232559e3d385fea5a93112/library/test/src/lib.rs:574:43
[INFO] [stdout]   34:     0x55ec3fff1bd6 - test::run_test::{{closure}}::h87d231c78fb59832
[INFO] [stdout]                                at /rustc/82e1608dfa6e0b5569232559e3d385fea5a93112/library/test/src/lib.rs:602:41
[INFO] [stdout]   35:     0x55ec3fff1bd6 - std::sys_common::backtrace::__rust_begin_short_backtrace::he6df152596625789
[INFO] [stdout]                                at /rustc/82e1608dfa6e0b5569232559e3d385fea5a93112/library/std/src/sys_common/backtrace.rs:154:18
[INFO] [stdout]   36:     0x55ec3fff6c87 - std::thread::Builder::spawn_unchecked_::{{closure}}::{{closure}}::ha94be15d1e0acf36
[INFO] [stdout]                                at /rustc/82e1608dfa6e0b5569232559e3d385fea5a93112/library/std/src/thread/mod.rs:529:17
[INFO] [stdout]   37:     0x55ec3fff6c87 - <core::panic::unwind_safe::AssertUnwindSafe<F> as core::ops::function::FnOnce<()>>::call_once::h9dc6bd6372f16606
[INFO] [stdout]                                at /rustc/82e1608dfa6e0b5569232559e3d385fea5a93112/library/core/src/panic/unwind_safe.rs:272:9
[INFO] [stdout]   38:     0x55ec3fff6c87 - std::panicking::try::do_call::h9057517f80303cd4
[INFO] [stdout]                                at /rustc/82e1608dfa6e0b5569232559e3d385fea5a93112/library/std/src/panicking.rs:552:40
[INFO] [stdout]   39:     0x55ec3fff6c87 - std::panicking::try::he3a30b11ee45340c
[INFO] [stdout]                                at /rustc/82e1608dfa6e0b5569232559e3d385fea5a93112/library/std/src/panicking.rs:516:19
[INFO] [stdout]   40:     0x55ec3fff6c87 - std::panic::catch_unwind::h410458cfd3528b8b
[INFO] [stdout]                                at /rustc/82e1608dfa6e0b5569232559e3d385fea5a93112/library/std/src/panic.rs:142:14
[INFO] [stdout]   41:     0x55ec3fff6c87 - std::thread::Builder::spawn_unchecked_::{{closure}}::h72ac3bdb567b737b
[INFO] [stdout]                                at /rustc/82e1608dfa6e0b5569232559e3d385fea5a93112/library/std/src/thread/mod.rs:528:30
[INFO] [stdout]   42:     0x55ec3fff6c87 - core::ops::function::FnOnce::call_once{{vtable.shim}}::h38f34da3654a8344
[INFO] [stdout]                                at /rustc/82e1608dfa6e0b5569232559e3d385fea5a93112/library/core/src/ops/function.rs:250:5
[INFO] [stdout]   43:     0x55ec405884a5 - <alloc::boxed::Box<F,A> as core::ops::function::FnOnce<Args>>::call_once::hc7eafaff61e32df9
[INFO] [stdout]                                at /rustc/82e1608dfa6e0b5569232559e3d385fea5a93112/library/alloc/src/boxed.rs:2007:9
[INFO] [stdout]   44:     0x55ec405884a5 - <alloc::boxed::Box<F,A> as core::ops::function::FnOnce<Args>>::call_once::h6ba4a5de48dd2304
[INFO] [stdout]                                at /rustc/82e1608dfa6e0b5569232559e3d385fea5a93112/library/alloc/src/boxed.rs:2007:9
[INFO] [stdout]   45:     0x55ec405884a5 - std::sys::unix::thread::Thread::new::thread_start::he469335aef763e45
[INFO] [stdout]                                at /rustc/82e1608dfa6e0b5569232559e3d385fea5a93112/library/std/src/sys/unix/thread.rs:108:17
[INFO] [stdout]   46:     0x7fb2245ecac3 - <unknown>
[INFO] [stdout]   47:     0x7fb22467dbf4 - __clone
[INFO] [stdout]   48:                0x0 - <unknown>
[INFO] [stdout] 
[INFO] [stdout] 
[INFO] [stdout] failures:
[INFO] [stdout]     test::commandline_multiple_headers
[INFO] [stdout] 
[INFO] [stdout] test result: FAILED. 0 passed; 1 failed; 0 ignored; 0 measured; 0 filtered out; finished in 0.88s
[INFO] [stdout] 
[INFO] [stderr] error: test failed, to rerun pass `--bin bindgen`
[INFO] running `Command { std: "docker" "inspect" "e91be122cc940de4414f6617dcdad8ff2ca929da944c1ebf1ee946b502bd0a33", kill_on_drop: false }`
[INFO] running `Command { std: "docker" "rm" "-f" "e91be122cc940de4414f6617dcdad8ff2ca929da944c1ebf1ee946b502bd0a33", kill_on_drop: false }`
[INFO] [stdout] e91be122cc940de4414f6617dcdad8ff2ca929da944c1ebf1ee946b502bd0a33
