[INFO] cloning repository https://github.com/TinkerBoard-Android/rockchip-android-external-rust-crates-async-stream
[INFO] running `Command { std: "git" "-c" "credential.helper=" "-c" "credential.helper=/workspace/cargo-home/bin/git-credential-null" "clone" "--bare" "https://github.com/TinkerBoard-Android/rockchip-android-external-rust-crates-async-stream" "/workspace/cache/git-repos/https%3A%2F%2Fgithub.com%2FTinkerBoard-Android%2Frockchip-android-external-rust-crates-async-stream", kill_on_drop: false }`
[INFO] [stderr] Cloning into bare repository '/workspace/cache/git-repos/https%3A%2F%2Fgithub.com%2FTinkerBoard-Android%2Frockchip-android-external-rust-crates-async-stream'...
[INFO] running `Command { std: "git" "rev-parse" "HEAD", kill_on_drop: false }`
[INFO] [stdout] b8686a09a4c46a6be04e0a5a22faa7144f0f2514
[INFO] testing TinkerBoard-Android/rockchip-android-external-rust-crates-async-stream against 1.75.0 for beta-1.76-1
[INFO] running `Command { std: "git" "clone" "/workspace/cache/git-repos/https%3A%2F%2Fgithub.com%2FTinkerBoard-Android%2Frockchip-android-external-rust-crates-async-stream" "/workspace/builds/worker-3-tc1/source", kill_on_drop: false }`
[INFO] [stderr] Cloning into '/workspace/builds/worker-3-tc1/source'...
[INFO] [stderr] done.
[INFO] validating manifest of git repo https://github.com/TinkerBoard-Android/rockchip-android-external-rust-crates-async-stream on toolchain 1.75.0
[INFO] running `Command { std: CARGO_HOME="/workspace/cargo-home" RUSTUP_HOME="/workspace/rustup-home" "/workspace/cargo-home/bin/cargo" "+1.75.0" "metadata" "--manifest-path" "Cargo.toml" "--no-deps", kill_on_drop: false }`
[INFO] started tweaking git repo https://github.com/TinkerBoard-Android/rockchip-android-external-rust-crates-async-stream
[INFO] finished tweaking git repo https://github.com/TinkerBoard-Android/rockchip-android-external-rust-crates-async-stream
[INFO] tweaked toml for git repo https://github.com/TinkerBoard-Android/rockchip-android-external-rust-crates-async-stream written to /workspace/builds/worker-3-tc1/source/Cargo.toml
[INFO] crate git repo https://github.com/TinkerBoard-Android/rockchip-android-external-rust-crates-async-stream already has a lockfile, it will not be regenerated
[INFO] running `Command { std: CARGO_HOME="/workspace/cargo-home" RUSTUP_HOME="/workspace/rustup-home" "/workspace/cargo-home/bin/cargo" "+1.75.0" "fetch" "--manifest-path" "Cargo.toml", kill_on_drop: false }`
[INFO] [stderr]  Downloading crates ...
[INFO] [stderr]   Downloaded trybuild v1.0.31
[INFO] running `Command { std: "docker" "create" "-v" "/var/lib/crater-agent-workspace/builds/worker-3-tc1/target:/opt/rustwide/target:rw,Z" "-v" "/var/lib/crater-agent-workspace/builds/worker-3-tc1/source:/opt/rustwide/workdir:ro,Z" "-v" "/var/lib/crater-agent-workspace/cargo-home:/opt/rustwide/cargo-home:ro,Z" "-v" "/var/lib/crater-agent-workspace/rustup-home:/opt/rustwide/rustup-home:ro,Z" "-e" "SOURCE_DIR=/opt/rustwide/workdir" "-e" "CARGO_TARGET_DIR=/opt/rustwide/target" "-e" "CARGO_HOME=/opt/rustwide/cargo-home" "-e" "RUSTUP_HOME=/opt/rustwide/rustup-home" "-w" "/opt/rustwide/workdir" "-m" "1610612736" "--user" "0:0" "--network" "none" "ghcr.io/rust-lang/crates-build-env/linux@sha256:2788e3201cd34a07e3172128adcd8b3090168a8e3bcc40d7c032b9dda1df7d1c" "/opt/rustwide/cargo-home/bin/cargo" "+1.75.0" "metadata" "--no-deps" "--format-version=1", kill_on_drop: false }`
[INFO] [stdout] 890c9e893f099fe7a6b291439fb586da2e5634d3fbd00c2a5f2825c96b1b2594
[INFO] running `Command { std: "docker" "start" "-a" "890c9e893f099fe7a6b291439fb586da2e5634d3fbd00c2a5f2825c96b1b2594", kill_on_drop: false }`
[INFO] running `Command { std: "docker" "inspect" "890c9e893f099fe7a6b291439fb586da2e5634d3fbd00c2a5f2825c96b1b2594", kill_on_drop: false }`
[INFO] running `Command { std: "docker" "rm" "-f" "890c9e893f099fe7a6b291439fb586da2e5634d3fbd00c2a5f2825c96b1b2594", kill_on_drop: false }`
[INFO] [stdout] 890c9e893f099fe7a6b291439fb586da2e5634d3fbd00c2a5f2825c96b1b2594
[INFO] running `Command { std: "docker" "create" "-v" "/var/lib/crater-agent-workspace/builds/worker-3-tc1/target:/opt/rustwide/target:rw,Z" "-v" "/var/lib/crater-agent-workspace/builds/worker-3-tc1/source:/opt/rustwide/workdir:ro,Z" "-v" "/var/lib/crater-agent-workspace/cargo-home:/opt/rustwide/cargo-home:ro,Z" "-v" "/var/lib/crater-agent-workspace/rustup-home:/opt/rustwide/rustup-home:ro,Z" "-e" "SOURCE_DIR=/opt/rustwide/workdir" "-e" "CARGO_TARGET_DIR=/opt/rustwide/target" "-e" "CARGO_INCREMENTAL=0" "-e" "RUST_BACKTRACE=full" "-e" "RUSTFLAGS=--cap-lints=warn" "-e" "RUSTDOCFLAGS=--cap-lints=warn" "-e" "CARGO_HOME=/opt/rustwide/cargo-home" "-e" "RUSTUP_HOME=/opt/rustwide/rustup-home" "-w" "/opt/rustwide/workdir" "-m" "1610612736" "--user" "0:0" "--network" "none" "ghcr.io/rust-lang/crates-build-env/linux@sha256:2788e3201cd34a07e3172128adcd8b3090168a8e3bcc40d7c032b9dda1df7d1c" "/opt/rustwide/cargo-home/bin/cargo" "+1.75.0" "build" "--frozen" "--message-format=json", kill_on_drop: false }`
[INFO] [stdout] cdd8cbdfec6179a52b8e3562fbfafa439d3631483289c776e8c0ca679ef6121d
[INFO] running `Command { std: "docker" "start" "-a" "cdd8cbdfec6179a52b8e3562fbfafa439d3631483289c776e8c0ca679ef6121d", kill_on_drop: false }`
[INFO] [stderr]    Compiling proc-macro2 v1.0.19
[INFO] [stderr]    Compiling unicode-xid v0.2.1
[INFO] [stderr]    Compiling syn v1.0.38
[INFO] [stderr]    Compiling futures-core v0.3.5
[INFO] [stderr]    Compiling quote v1.0.7
[INFO] [stderr]    Compiling async-stream-impl v0.3.0
[INFO] [stderr]    Compiling async-stream v0.3.0 (/opt/rustwide/workdir)
[INFO] [stderr]     Finished dev [unoptimized + debuginfo] target(s) in 3.82s
[INFO] running `Command { std: "docker" "inspect" "cdd8cbdfec6179a52b8e3562fbfafa439d3631483289c776e8c0ca679ef6121d", kill_on_drop: false }`
[INFO] running `Command { std: "docker" "rm" "-f" "cdd8cbdfec6179a52b8e3562fbfafa439d3631483289c776e8c0ca679ef6121d", kill_on_drop: false }`
[INFO] [stdout] cdd8cbdfec6179a52b8e3562fbfafa439d3631483289c776e8c0ca679ef6121d
[INFO] running `Command { std: "docker" "create" "-v" "/var/lib/crater-agent-workspace/builds/worker-3-tc1/target:/opt/rustwide/target:rw,Z" "-v" "/var/lib/crater-agent-workspace/builds/worker-3-tc1/source:/opt/rustwide/workdir:ro,Z" "-v" "/var/lib/crater-agent-workspace/cargo-home:/opt/rustwide/cargo-home:ro,Z" "-v" "/var/lib/crater-agent-workspace/rustup-home:/opt/rustwide/rustup-home:ro,Z" "-e" "SOURCE_DIR=/opt/rustwide/workdir" "-e" "CARGO_TARGET_DIR=/opt/rustwide/target" "-e" "CARGO_INCREMENTAL=0" "-e" "RUST_BACKTRACE=full" "-e" "RUSTFLAGS=--cap-lints=warn" "-e" "RUSTDOCFLAGS=--cap-lints=warn" "-e" "CARGO_HOME=/opt/rustwide/cargo-home" "-e" "RUSTUP_HOME=/opt/rustwide/rustup-home" "-w" "/opt/rustwide/workdir" "-m" "1610612736" "--user" "0:0" "--network" "none" "ghcr.io/rust-lang/crates-build-env/linux@sha256:2788e3201cd34a07e3172128adcd8b3090168a8e3bcc40d7c032b9dda1df7d1c" "/opt/rustwide/cargo-home/bin/cargo" "+1.75.0" "test" "--frozen" "--no-run" "--message-format=json", kill_on_drop: false }`
[INFO] [stdout] 0a582d591cf928f0ed7b9b7b1b004871f94ecae9dcf963f3726dda86a69227bc
[INFO] running `Command { std: "docker" "start" "-a" "0a582d591cf928f0ed7b9b7b1b004871f94ecae9dcf963f3726dda86a69227bc", kill_on_drop: false }`
[INFO] [stderr]    Compiling libc v0.2.74
[INFO] [stderr]    Compiling serde_derive v1.0.114
[INFO] [stderr]    Compiling log v0.4.11
[INFO] [stderr]    Compiling slab v0.4.2
[INFO] [stderr]    Compiling serde v1.0.114
[INFO] [stderr]    Compiling pin-project-internal v0.4.23
[INFO] [stderr]    Compiling memchr v2.3.3
[INFO] [stderr]    Compiling serde_json v1.0.57
[INFO] [stderr]    Compiling proc-macro-nested v0.1.6
[INFO] [stderr]    Compiling arc-swap v0.4.7
[INFO] [stderr]    Compiling pin-project-lite v0.1.7
[INFO] [stderr]    Compiling once_cell v1.4.0
[INFO] [stderr]    Compiling itoa v0.4.6
[INFO] [stderr]    Compiling fnv v1.0.7
[INFO] [stderr]    Compiling bytes v0.5.6
[INFO] [stderr]    Compiling tokio-macros v0.2.5
[INFO] [stderr]    Compiling proc-macro-hack v0.5.18
[INFO] [stderr]    Compiling glob v0.3.0
[INFO] [stderr]    Compiling termcolor v1.1.0
[INFO] [stderr]    Compiling pin-utils v0.1.0
[INFO] [stderr]    Compiling futures-task v0.3.5
[INFO] [stderr]    Compiling futures-macro v0.3.5
[INFO] [stderr]    Compiling iovec v0.1.4
[INFO] [stderr]    Compiling net2 v0.2.34
[INFO] [stderr]    Compiling num_cpus v1.13.0
[INFO] [stderr]    Compiling signal-hook-registry v1.2.1
[INFO] [stderr]    Compiling mio v0.6.22
[INFO] [stderr]    Compiling mio-uds v0.6.8
[INFO] [stderr]    Compiling tokio v0.2.22
[INFO] [stderr]    Compiling pin-project v0.4.23
[INFO] [stderr]    Compiling futures-util v0.3.5
[INFO] [stderr]    Compiling tokio-test v0.2.1
[INFO] [stderr]    Compiling toml v0.5.6
[INFO] [stderr]    Compiling trybuild v1.0.31
[INFO] [stderr]    Compiling async-stream v0.3.0 (/opt/rustwide/workdir)
[INFO] [stderr]     Finished test [unoptimized + debuginfo] target(s) in 9.99s
[INFO] running `Command { std: "docker" "inspect" "0a582d591cf928f0ed7b9b7b1b004871f94ecae9dcf963f3726dda86a69227bc", kill_on_drop: false }`
[INFO] running `Command { std: "docker" "rm" "-f" "0a582d591cf928f0ed7b9b7b1b004871f94ecae9dcf963f3726dda86a69227bc", kill_on_drop: false }`
[INFO] [stdout] 0a582d591cf928f0ed7b9b7b1b004871f94ecae9dcf963f3726dda86a69227bc
[INFO] running `Command { std: "docker" "create" "-v" "/var/lib/crater-agent-workspace/builds/worker-3-tc1/target:/opt/rustwide/target:rw,Z" "-v" "/var/lib/crater-agent-workspace/builds/worker-3-tc1/source:/opt/rustwide/workdir:ro,Z" "-v" "/var/lib/crater-agent-workspace/cargo-home:/opt/rustwide/cargo-home:ro,Z" "-v" "/var/lib/crater-agent-workspace/rustup-home:/opt/rustwide/rustup-home:ro,Z" "-e" "SOURCE_DIR=/opt/rustwide/workdir" "-e" "CARGO_TARGET_DIR=/opt/rustwide/target" "-e" "CARGO_INCREMENTAL=0" "-e" "RUST_BACKTRACE=full" "-e" "RUSTFLAGS=--cap-lints=warn" "-e" "RUSTDOCFLAGS=--cap-lints=warn" "-e" "CARGO_HOME=/opt/rustwide/cargo-home" "-e" "RUSTUP_HOME=/opt/rustwide/rustup-home" "-w" "/opt/rustwide/workdir" "-m" "1610612736" "--user" "0:0" "--network" "none" "ghcr.io/rust-lang/crates-build-env/linux@sha256:2788e3201cd34a07e3172128adcd8b3090168a8e3bcc40d7c032b9dda1df7d1c" "/opt/rustwide/cargo-home/bin/cargo" "+1.75.0" "test" "--frozen", kill_on_drop: false }`
[INFO] [stdout] c9cab7c6891a3ca98a8339dff8143f3aa026f039efcc8087df53e9568d478211
[INFO] running `Command { std: "docker" "start" "-a" "c9cab7c6891a3ca98a8339dff8143f3aa026f039efcc8087df53e9568d478211", kill_on_drop: false }`
[INFO] [stderr]     Finished test [unoptimized + debuginfo] target(s) in 0.03s
[INFO] [stderr]      Running unittests src/lib.rs (/opt/rustwide/target/debug/deps/async_stream-0366fd453c02cfd7)
[INFO] [stdout] 
[INFO] [stdout] running 0 tests
[INFO] [stdout] 
[INFO] [stdout] test result: ok. 0 passed; 0 failed; 0 ignored; 0 measured; 0 filtered out; finished in 0.00s
[INFO] [stdout] 
[INFO] [stderr]      Running tests/for_await.rs (/opt/rustwide/target/debug/deps/for_await-45143a24f8d0af73)
[INFO] [stdout] 
[INFO] [stdout] running 1 test
[INFO] [stdout] test test ... ok
[INFO] [stdout] 
[INFO] [stdout] test result: ok. 1 passed; 0 failed; 0 ignored; 0 measured; 0 filtered out; finished in 0.00s
[INFO] [stdout] 
[INFO] [stderr]      Running tests/stream.rs (/opt/rustwide/target/debug/deps/stream-eb1f17d2cee046ef)
[INFO] [stdout] 
[INFO] [stdout] running 10 tests
[INFO] [stdout] test borrow_self ... ok
[INFO] [stdout] test consume_channel ... ok
[INFO] [stdout] test empty_stream ... ok
[INFO] [stdout] test noop_stream ... ok
[INFO] [stdout] test fused ... ok
[INFO] [stdout] test return_stream ... ok
[INFO] [stdout] test stream_in_stream ... ok
[INFO] [stdout] test yield_multi_value ... ok
[INFO] [stdout] test yield_single_value ... ok
[INFO] [stderr]    Compiling proc-macro2 v1.0.75
[INFO] [stderr]    Compiling unicode-ident v1.0.12
[INFO] [stderr]    Compiling libc v0.2.151
[INFO] [stderr]    Compiling autocfg v1.1.0
[INFO] [stderr]    Compiling syn v1.0.109
[INFO] [stderr]     Checking cfg-if v0.1.10
[INFO] [stderr]     Checking log v0.4.20
[INFO] [stderr]     Checking futures-core v0.3.30
[INFO] [stderr]     Checking memchr v2.7.1
[INFO] [stderr]     Checking fnv v1.0.7
[INFO] [stderr]     Checking lazy_static v1.4.0
[INFO] [stderr]     Checking bytes v0.5.6
[INFO] [stderr]     Checking pin-project-lite v0.1.12
[INFO] [stderr]     Checking pin-project-lite v0.2.13
[INFO] [stderr]     Checking pin-utils v0.1.0
[INFO] [stderr]     Checking futures-task v0.3.30
[INFO] [stderr]    Compiling slab v0.4.9
[INFO] [stderr]    Compiling quote v1.0.35
[INFO] [stderr]    Compiling syn v2.0.48
[INFO] [stderr]     Checking net2 v0.2.39
[INFO] [stderr]     Checking iovec v0.1.4
[INFO] [stderr]     Checking num_cpus v1.16.0
[INFO] [stderr]     Checking signal-hook-registry v1.4.1
[INFO] [stderr]     Checking mio v0.6.23
[INFO] [stderr]     Checking mio-uds v0.6.8
[INFO] [stderr]    Compiling tokio-macros v0.2.6
[INFO] [stderr]    Compiling async-stream-impl v0.3.5
[INFO] [stderr]    Compiling futures-macro v0.3.30
[INFO] [stderr]     Checking tokio v0.2.25
[INFO] [stderr]     Checking async-stream v0.3.0 (/opt/rustwide/workdir)
[INFO] [stderr] error[E0432]: unresolved imports `async_stream_impl::stream`, `async_stream_impl::try_stream`
[INFO] [stderr]    --> /opt/rustwide/workdir/src/lib.rs:171:29
[INFO] [stderr]     |
[INFO] [stderr] 171 | pub use async_stream_impl::{stream, try_stream};
[INFO] [stderr]     |                             ^^^^^^  ^^^^^^^^^^ no `try_stream` in the root
[INFO] [stderr]     |                             |
[INFO] [stderr]     |                             no `stream` in the root
[INFO] [stderr]     |
[INFO] [stderr]     = help: consider importing this module instead:
[INFO] [stderr]             futures_core::stream
[INFO] [stderr] 
[INFO] [stderr] For more information about this error, try `rustc --explain E0432`.
[INFO] [stderr] error: could not compile `async-stream` (lib) due to previous error
[INFO] [stderr] warning: build failed, waiting for other jobs to finish...
[INFO] [stdout] test test ... FAILED
[INFO] [stdout] 
[INFO] [stdout] failures:
[INFO] [stdout] 
[INFO] [stdout] ---- test stdout ----
[INFO] [stdout] thread 'test' panicked at /opt/rustwide/cargo-home/registry/src/index.crates.io-6f17d22bba15001f/trybuild-1.0.31/src/run.rs:38:13:
[INFO] [stdout] tests failed
[INFO] [stdout] stack backtrace:
[INFO] [stdout]    0:     0x558e83cf998c - std::backtrace_rs::backtrace::libunwind::trace::ha637c64ce894333a
[INFO] [stdout]                                at /rustc/82e1608dfa6e0b5569232559e3d385fea5a93112/library/std/src/../../backtrace/src/backtrace/libunwind.rs:104:5
[INFO] [stdout]    1:     0x558e83cf998c - std::backtrace_rs::backtrace::trace_unsynchronized::h47f62dea28e0c88d
[INFO] [stdout]                                at /rustc/82e1608dfa6e0b5569232559e3d385fea5a93112/library/std/src/../../backtrace/src/backtrace/mod.rs:66:5
[INFO] [stdout]    2:     0x558e83cf998c - std::sys_common::backtrace::_print_fmt::h9eef0abe20ede486
[INFO] [stdout]                                at /rustc/82e1608dfa6e0b5569232559e3d385fea5a93112/library/std/src/sys_common/backtrace.rs:67:5
[INFO] [stdout]    3:     0x558e83cf998c - <std::sys_common::backtrace::_print::DisplayBacktrace as core::fmt::Display>::fmt::hed7f999df88cc644
[INFO] [stdout]                                at /rustc/82e1608dfa6e0b5569232559e3d385fea5a93112/library/std/src/sys_common/backtrace.rs:44:22
[INFO] [stdout]    4:     0x558e83d251b0 - core::fmt::rt::Argument::fmt::h1539a9308b8d058d
[INFO] [stdout]                                at /rustc/82e1608dfa6e0b5569232559e3d385fea5a93112/library/core/src/fmt/rt.rs:142:9
[INFO] [stdout]    5:     0x558e83d251b0 - core::fmt::write::h3a39390d8560d9c9
[INFO] [stdout]                                at /rustc/82e1608dfa6e0b5569232559e3d385fea5a93112/library/core/src/fmt/mod.rs:1120:17
[INFO] [stdout]    6:     0x558e83cf685f - std::io::Write::write_fmt::h040b369f3a0f9cbc
[INFO] [stdout]                                at /rustc/82e1608dfa6e0b5569232559e3d385fea5a93112/library/std/src/io/mod.rs:1762:15
[INFO] [stdout]    7:     0x558e83cf9774 - std::sys_common::backtrace::_print::h894006fb5c6f3d45
[INFO] [stdout]                                at /rustc/82e1608dfa6e0b5569232559e3d385fea5a93112/library/std/src/sys_common/backtrace.rs:47:5
[INFO] [stdout]    8:     0x558e83cf9774 - std::sys_common::backtrace::print::h23a2d212c6fff936
[INFO] [stdout]                                at /rustc/82e1608dfa6e0b5569232559e3d385fea5a93112/library/std/src/sys_common/backtrace.rs:34:9
[INFO] [stdout]    9:     0x558e83cfb437 - std::panicking::default_hook::{{closure}}::h8a1d2ee00185001a
[INFO] [stdout]   10:     0x558e83cfb123 - std::panicking::default_hook::h6038f2eba384e475
[INFO] [stdout]                                at /rustc/82e1608dfa6e0b5569232559e3d385fea5a93112/library/std/src/panicking.rs:289:9
[INFO] [stdout]   11:     0x558e83c50af7 - <alloc::boxed::Box<F,A> as core::ops::function::Fn<Args>>::call::h0ad024c9bdc6d768
[INFO] [stdout]                                at /rustc/82e1608dfa6e0b5569232559e3d385fea5a93112/library/alloc/src/boxed.rs:2021:9
[INFO] [stdout]   12:     0x558e83c50af7 - test::test_main::{{closure}}::h7500b54257359db6
[INFO] [stdout]                                at /rustc/82e1608dfa6e0b5569232559e3d385fea5a93112/library/test/src/lib.rs:138:21
[INFO] [stdout]   13:     0x558e83cfba48 - <alloc::boxed::Box<F,A> as core::ops::function::Fn<Args>>::call::h1f8f335eaa9cfaee
[INFO] [stdout]                                at /rustc/82e1608dfa6e0b5569232559e3d385fea5a93112/library/alloc/src/boxed.rs:2021:9
[INFO] [stdout]   14:     0x558e83cfba48 - std::panicking::rust_panic_with_hook::h2b5517d590cab22e
[INFO] [stdout]                                at /rustc/82e1608dfa6e0b5569232559e3d385fea5a93112/library/std/src/panicking.rs:783:13
[INFO] [stdout]   15:     0x558e83c15f58 - std::panicking::begin_panic::{{closure}}::h90d84e9d950154b8
[INFO] [stdout]                                at /rustc/82e1608dfa6e0b5569232559e3d385fea5a93112/library/std/src/panicking.rs:687:9
[INFO] [stdout]   16:     0x558e83c15e8a - std::sys_common::backtrace::__rust_end_short_backtrace::h38ff27f6b0ec169f
[INFO] [stdout]                                at /rustc/82e1608dfa6e0b5569232559e3d385fea5a93112/library/std/src/sys_common/backtrace.rs:170:18
[INFO] [stdout]   17:     0x558e83c15ec7 - std::panicking::begin_panic::h171d0f55dbb1c5ed
[INFO] [stdout]                                at /rustc/82e1608dfa6e0b5569232559e3d385fea5a93112/library/std/src/panicking.rs:686:12
[INFO] [stdout]   18:     0x558e83a9a112 - trybuild::run::<impl trybuild::Runner>::run::{{closure}}::h2b7ad38826d7a79b
[INFO] [stdout]                                at /opt/rustwide/cargo-home/registry/src/index.crates.io-6f17d22bba15001f/trybuild-1.0.31/src/run.rs:38:13
[INFO] [stdout]   19:     0x558e83b1b518 - core::result::Result<T,E>::unwrap_or_else::haf0c24a26f8cc78b
[INFO] [stdout]                                at /rustc/82e1608dfa6e0b5569232559e3d385fea5a93112/library/core/src/result.rs:1430:23
[INFO] [stdout]   20:     0x558e83a999fa - trybuild::run::<impl trybuild::Runner>::run::h254b0f007d5ef6e5
[INFO] [stdout]                                at /opt/rustwide/cargo-home/registry/src/index.crates.io-6f17d22bba15001f/trybuild-1.0.31/src/run.rs:36:23
[INFO] [stdout]   21:     0x558e83a9f338 - <trybuild::TestCases as core::ops::drop::Drop>::drop::hf3bcdeddeaa47e92
[INFO] [stdout]                                at /opt/rustwide/cargo-home/registry/src/index.crates.io-6f17d22bba15001f/trybuild-1.0.31/src/lib.rs:282:13
[INFO] [stdout]   22:     0x558e83a8b137 - core::ptr::drop_in_place<trybuild::TestCases>::h6e379d5b42397348
[INFO] [stdout]                                at /rustc/82e1608dfa6e0b5569232559e3d385fea5a93112/library/core/src/ptr/mod.rs:498:1
[INFO] [stdout]   23:     0x558e83a91183 - stream::test::h8e070e1e432a34d1
[INFO] [stdout]                                at /opt/rustwide/workdir/tests/stream.rs:165:1
[INFO] [stdout]   24:     0x558e83a91117 - stream::test::{{closure}}::hff1f68ea113a41bd
[INFO] [stdout]                                at /opt/rustwide/workdir/tests/stream.rs:162:10
[INFO] [stdout]   25:     0x558e83a8a586 - core::ops::function::FnOnce::call_once::h0c437d9bca1f0e6e
[INFO] [stdout]                                at /rustc/82e1608dfa6e0b5569232559e3d385fea5a93112/library/core/src/ops/function.rs:250:5
[INFO] [stdout]   26:     0x558e83c5614f - core::ops::function::FnOnce::call_once::h2b5d431d5046312d
[INFO] [stdout]                                at /rustc/82e1608dfa6e0b5569232559e3d385fea5a93112/library/core/src/ops/function.rs:250:5
[INFO] [stdout]   27:     0x558e83c5614f - test::__rust_begin_short_backtrace::h7714669af176e207
[INFO] [stdout]                                at /rustc/82e1608dfa6e0b5569232559e3d385fea5a93112/library/test/src/lib.rs:628:18
[INFO] [stdout]   28:     0x558e83c55165 - test::run_test_in_process::{{closure}}::h85218797dcbcec12
[INFO] [stdout]                                at /rustc/82e1608dfa6e0b5569232559e3d385fea5a93112/library/test/src/lib.rs:651:60
[INFO] [stdout]   29:     0x558e83c55165 - <core::panic::unwind_safe::AssertUnwindSafe<F> as core::ops::function::FnOnce<()>>::call_once::h76c106ea31c14d7b
[INFO] [stdout]                                at /rustc/82e1608dfa6e0b5569232559e3d385fea5a93112/library/core/src/panic/unwind_safe.rs:272:9
[INFO] [stdout]   30:     0x558e83c55165 - std::panicking::try::do_call::h3bd5d0f6620ee946
[INFO] [stdout]                                at /rustc/82e1608dfa6e0b5569232559e3d385fea5a93112/library/std/src/panicking.rs:552:40
[INFO] [stdout]   31:     0x558e83c55165 - std::panicking::try::h232e535e4744fe31
[INFO] [stdout]                                at /rustc/82e1608dfa6e0b5569232559e3d385fea5a93112/library/std/src/panicking.rs:516:19
[INFO] [stdout]   32:     0x558e83c55165 - std::panic::catch_unwind::h3ce3bd6ca8dbac68
[INFO] [stdout]                                at /rustc/82e1608dfa6e0b5569232559e3d385fea5a93112/library/std/src/panic.rs:142:14
[INFO] [stdout]   33:     0x558e83c55165 - test::run_test_in_process::hc97b257c9621286a
[INFO] [stdout]                                at /rustc/82e1608dfa6e0b5569232559e3d385fea5a93112/library/test/src/lib.rs:651:27
[INFO] [stdout]   34:     0x558e83c55165 - test::run_test::{{closure}}::h2aa798823a438d38
[INFO] [stdout]                                at /rustc/82e1608dfa6e0b5569232559e3d385fea5a93112/library/test/src/lib.rs:574:43
[INFO] [stdout]   35:     0x558e83c1d426 - test::run_test::{{closure}}::h87d231c78fb59832
[INFO] [stdout]                                at /rustc/82e1608dfa6e0b5569232559e3d385fea5a93112/library/test/src/lib.rs:602:41
[INFO] [stdout]   36:     0x558e83c1d426 - std::sys_common::backtrace::__rust_begin_short_backtrace::he6df152596625789
[INFO] [stdout]                                at /rustc/82e1608dfa6e0b5569232559e3d385fea5a93112/library/std/src/sys_common/backtrace.rs:154:18
[INFO] [stdout]   37:     0x558e83c224d7 - std::thread::Builder::spawn_unchecked_::{{closure}}::{{closure}}::ha94be15d1e0acf36
[INFO] [stdout]                                at /rustc/82e1608dfa6e0b5569232559e3d385fea5a93112/library/std/src/thread/mod.rs:529:17
[INFO] [stdout]   38:     0x558e83c224d7 - <core::panic::unwind_safe::AssertUnwindSafe<F> as core::ops::function::FnOnce<()>>::call_once::h9dc6bd6372f16606
[INFO] [stdout]                                at /rustc/82e1608dfa6e0b5569232559e3d385fea5a93112/library/core/src/panic/unwind_safe.rs:272:9
[INFO] [stdout]   39:     0x558e83c224d7 - std::panicking::try::do_call::h9057517f80303cd4
[INFO] [stdout]                                at /rustc/82e1608dfa6e0b5569232559e3d385fea5a93112/library/std/src/panicking.rs:552:40
[INFO] [stdout]   40:     0x558e83c224d7 - std::panicking::try::he3a30b11ee45340c
[INFO] [stdout]                                at /rustc/82e1608dfa6e0b5569232559e3d385fea5a93112/library/std/src/panicking.rs:516:19
[INFO] [stdout]   41:     0x558e83c224d7 - std::panic::catch_unwind::h410458cfd3528b8b
[INFO] [stdout]                                at /rustc/82e1608dfa6e0b5569232559e3d385fea5a93112/library/std/src/panic.rs:142:14
[INFO] [stdout]   42:     0x558e83c224d7 - std::thread::Builder::spawn_unchecked_::{{closure}}::h72ac3bdb567b737b
[INFO] [stdout]                                at /rustc/82e1608dfa6e0b5569232559e3d385fea5a93112/library/std/src/thread/mod.rs:528:30
[INFO] [stdout]   43:     0x558e83c224d7 - core::ops::function::FnOnce::call_once{{vtable.shim}}::h38f34da3654a8344
[INFO] [stdout]                                at /rustc/82e1608dfa6e0b5569232559e3d385fea5a93112/library/core/src/ops/function.rs:250:5
[INFO] [stdout]   44:     0x558e83d00da5 - <alloc::boxed::Box<F,A> as core::ops::function::FnOnce<Args>>::call_once::hc7eafaff61e32df9
[INFO] [stdout]                                at /rustc/82e1608dfa6e0b5569232559e3d385fea5a93112/library/alloc/src/boxed.rs:2007:9
[INFO] [stdout]   45:     0x558e83d00da5 - <alloc::boxed::Box<F,A> as core::ops::function::FnOnce<Args>>::call_once::h6ba4a5de48dd2304
[INFO] [stdout]                                at /rustc/82e1608dfa6e0b5569232559e3d385fea5a93112/library/alloc/src/boxed.rs:2007:9
[INFO] [stdout]   46:     0x558e83d00da5 - std::sys::unix::thread::Thread::new::thread_start::he469335aef763e45
[INFO] [stdout]                                at /rustc/82e1608dfa6e0b5569232559e3d385fea5a93112/library/std/src/sys/unix/thread.rs:108:17
[INFO] [stdout]   47:     0x7f9404e33ac3 - <unknown>
[INFO] [stdout]   48:     0x7f9404ec4bf4 - __clone
[INFO] [stdout]   49:                0x0 - <unknown>
[INFO] [stdout] 
[INFO] [stdout] 
[INFO] [stdout] failures:
[INFO] [stdout]     test
[INFO] [stdout] 
[INFO] [stdout] test result: FAILED. 9 passed; 1 failed; 0 ignored; 0 measured; 0 filtered out; finished in 5.21s
[INFO] [stdout] 
[INFO] [stderr] error: test failed, to rerun pass `--test stream`
[INFO] running `Command { std: "docker" "inspect" "c9cab7c6891a3ca98a8339dff8143f3aa026f039efcc8087df53e9568d478211", kill_on_drop: false }`
[INFO] running `Command { std: "docker" "rm" "-f" "c9cab7c6891a3ca98a8339dff8143f3aa026f039efcc8087df53e9568d478211", kill_on_drop: false }`
[INFO] [stdout] c9cab7c6891a3ca98a8339dff8143f3aa026f039efcc8087df53e9568d478211
