[INFO] cloning repository https://github.com/TheBaronMc/rss_hook_cli
[INFO] running `Command { std: "git" "-c" "credential.helper=" "-c" "credential.helper=/workspace/cargo-home/bin/git-credential-null" "clone" "--bare" "https://github.com/TheBaronMc/rss_hook_cli" "/workspace/cache/git-repos/https%3A%2F%2Fgithub.com%2FTheBaronMc%2Frss_hook_cli", kill_on_drop: false }`
[INFO] [stderr] Cloning into bare repository '/workspace/cache/git-repos/https%3A%2F%2Fgithub.com%2FTheBaronMc%2Frss_hook_cli'...
[INFO] running `Command { std: "git" "rev-parse" "HEAD", kill_on_drop: false }`
[INFO] [stdout] 8ab10dce94f481da40ca2f66f0521065e30c768c
[INFO] testing TheBaronMc/rss_hook_cli against 1.75.0 for beta-1.76-1
[INFO] running `Command { std: "git" "clone" "/workspace/cache/git-repos/https%3A%2F%2Fgithub.com%2FTheBaronMc%2Frss_hook_cli" "/workspace/builds/worker-0-tc1/source", kill_on_drop: false }`
[INFO] [stderr] Cloning into '/workspace/builds/worker-0-tc1/source'...
[INFO] [stderr] done.
[INFO] validating manifest of git repo https://github.com/TheBaronMc/rss_hook_cli on toolchain 1.75.0
[INFO] running `Command { std: CARGO_HOME="/workspace/cargo-home" RUSTUP_HOME="/workspace/rustup-home" "/workspace/cargo-home/bin/cargo" "+1.75.0" "metadata" "--manifest-path" "Cargo.toml" "--no-deps", kill_on_drop: false }`
[INFO] started tweaking git repo https://github.com/TheBaronMc/rss_hook_cli
[INFO] finished tweaking git repo https://github.com/TheBaronMc/rss_hook_cli
[INFO] tweaked toml for git repo https://github.com/TheBaronMc/rss_hook_cli written to /workspace/builds/worker-0-tc1/source/Cargo.toml
[INFO] crate git repo https://github.com/TheBaronMc/rss_hook_cli already has a lockfile, it will not be regenerated
[INFO] running `Command { std: CARGO_HOME="/workspace/cargo-home" RUSTUP_HOME="/workspace/rustup-home" "/workspace/cargo-home/bin/cargo" "+1.75.0" "fetch" "--manifest-path" "Cargo.toml", kill_on_drop: false }`
[INFO] [stderr]     Updating crates.io index
[INFO] [stderr]  Downloading crates ...
[INFO] [stderr]   Downloaded httptest v0.15.4
[INFO] [stderr]   Downloaded openssl-sys v0.9.83
[INFO] [stderr]   Downloaded clap_derive v4.1.9
[INFO] [stderr]   Downloaded clap_lex v0.3.3
[INFO] [stderr]   Downloaded io-lifetimes v1.0.7
[INFO] [stderr]   Downloaded reqwest v0.11.15
[INFO] [stderr]   Downloaded syn v2.0.12
[INFO] [stderr]   Downloaded clap v4.1.9
[INFO] [stderr]   Downloaded openssl v0.10.48
[INFO] running `Command { std: "docker" "create" "-v" "/var/lib/crater-agent-workspace/builds/worker-0-tc1/target:/opt/rustwide/target:rw,Z" "-v" "/var/lib/crater-agent-workspace/builds/worker-0-tc1/source:/opt/rustwide/workdir:ro,Z" "-v" "/var/lib/crater-agent-workspace/cargo-home:/opt/rustwide/cargo-home:ro,Z" "-v" "/var/lib/crater-agent-workspace/rustup-home:/opt/rustwide/rustup-home:ro,Z" "-e" "SOURCE_DIR=/opt/rustwide/workdir" "-e" "CARGO_TARGET_DIR=/opt/rustwide/target" "-e" "CARGO_HOME=/opt/rustwide/cargo-home" "-e" "RUSTUP_HOME=/opt/rustwide/rustup-home" "-w" "/opt/rustwide/workdir" "-m" "1610612736" "--user" "0:0" "--network" "none" "ghcr.io/rust-lang/crates-build-env/linux@sha256:2788e3201cd34a07e3172128adcd8b3090168a8e3bcc40d7c032b9dda1df7d1c" "/opt/rustwide/cargo-home/bin/cargo" "+1.75.0" "metadata" "--no-deps" "--format-version=1", kill_on_drop: false }`
[INFO] [stdout] 95b919d9bc3bbed7b960ef518c60afa1f70d8015ffa18fad10dbcfbab95f7287
[INFO] running `Command { std: "docker" "start" "-a" "95b919d9bc3bbed7b960ef518c60afa1f70d8015ffa18fad10dbcfbab95f7287", kill_on_drop: false }`
[INFO] running `Command { std: "docker" "inspect" "95b919d9bc3bbed7b960ef518c60afa1f70d8015ffa18fad10dbcfbab95f7287", kill_on_drop: false }`
[INFO] running `Command { std: "docker" "rm" "-f" "95b919d9bc3bbed7b960ef518c60afa1f70d8015ffa18fad10dbcfbab95f7287", kill_on_drop: false }`
[INFO] [stdout] 95b919d9bc3bbed7b960ef518c60afa1f70d8015ffa18fad10dbcfbab95f7287
[INFO] running `Command { std: "docker" "create" "-v" "/var/lib/crater-agent-workspace/builds/worker-0-tc1/target:/opt/rustwide/target:rw,Z" "-v" "/var/lib/crater-agent-workspace/builds/worker-0-tc1/source:/opt/rustwide/workdir:ro,Z" "-v" "/var/lib/crater-agent-workspace/cargo-home:/opt/rustwide/cargo-home:ro,Z" "-v" "/var/lib/crater-agent-workspace/rustup-home:/opt/rustwide/rustup-home:ro,Z" "-e" "SOURCE_DIR=/opt/rustwide/workdir" "-e" "CARGO_TARGET_DIR=/opt/rustwide/target" "-e" "CARGO_INCREMENTAL=0" "-e" "RUST_BACKTRACE=full" "-e" "RUSTFLAGS=--cap-lints=warn" "-e" "RUSTDOCFLAGS=--cap-lints=warn" "-e" "CARGO_HOME=/opt/rustwide/cargo-home" "-e" "RUSTUP_HOME=/opt/rustwide/rustup-home" "-w" "/opt/rustwide/workdir" "-m" "1610612736" "--user" "0:0" "--network" "none" "ghcr.io/rust-lang/crates-build-env/linux@sha256:2788e3201cd34a07e3172128adcd8b3090168a8e3bcc40d7c032b9dda1df7d1c" "/opt/rustwide/cargo-home/bin/cargo" "+1.75.0" "build" "--frozen" "--message-format=json", kill_on_drop: false }`
[INFO] [stdout] 352f43fb15ee57131701ea80f1ca8ad5268f230038d8aae714d1a4f230537f44
[INFO] running `Command { std: "docker" "start" "-a" "352f43fb15ee57131701ea80f1ca8ad5268f230038d8aae714d1a4f230537f44", kill_on_drop: false }`
[INFO] [stderr]    Compiling proc-macro2 v1.0.52
[INFO] [stderr]    Compiling unicode-ident v1.0.8
[INFO] [stderr]    Compiling libc v0.2.140
[INFO] [stderr]    Compiling syn v1.0.109
[INFO] [stderr]    Compiling once_cell v1.17.1
[INFO] [stderr]    Compiling lock_api v0.4.9
[INFO] [stderr]    Compiling parking_lot_core v0.9.7
[INFO] [stderr]    Compiling openssl-sys v0.9.83
[INFO] [stderr]    Compiling tokio v1.26.0
[INFO] [stderr]    Compiling futures-channel v0.3.28
[INFO] [stderr]    Compiling itoa v1.0.6
[INFO] [stderr]    Compiling tracing-core v0.1.30
[INFO] [stderr]    Compiling indexmap v1.9.3
[INFO] [stderr]    Compiling serde_derive v1.0.160
[INFO] [stderr]    Compiling http v0.2.9
[INFO] [stderr]    Compiling openssl v0.10.48
[INFO] [stderr]    Compiling serde v1.0.160
[INFO] [stderr]    Compiling httparse v1.8.0
[INFO] [stderr]    Compiling quote v1.0.26
[INFO] [stderr]    Compiling syn v2.0.12
[INFO] [stderr]    Compiling tracing v0.1.37
[INFO] [stderr]    Compiling foreign-types-shared v0.1.1
[INFO] [stderr]    Compiling foreign-types v0.3.2
[INFO] [stderr]    Compiling proc-macro-error-attr v1.0.4
[INFO] [stderr]    Compiling io-lifetimes v1.0.7
[INFO] [stderr]    Compiling native-tls v0.2.11
[INFO] [stderr]    Compiling percent-encoding v2.2.0
[INFO] [stderr]    Compiling try-lock v0.2.4
[INFO] [stderr]    Compiling tinyvec_macros v0.1.1
[INFO] [stderr]    Compiling want v0.3.0
[INFO] [stderr]    Compiling tinyvec v1.6.0
[INFO] [stderr]    Compiling form_urlencoded v1.1.0
[INFO] [stderr]    Compiling mio v0.8.6
[INFO] [stderr]    Compiling socket2 v0.4.9
[INFO] [stderr]    Compiling parking_lot v0.12.1
[INFO] [stderr]    Compiling signal-hook-registry v1.4.1
[INFO] [stderr]    Compiling num_cpus v1.15.0
[INFO] [stderr]    Compiling http-body v0.4.5
[INFO] [stderr]    Compiling proc-macro-error v1.0.4
[INFO] [stderr]    Compiling serde_json v1.0.96
[INFO] [stderr]    Compiling rustix v0.36.9
[INFO] [stderr]    Compiling openssl-probe v0.1.5
[INFO] [stderr]    Compiling tower-service v0.3.2
[INFO] [stderr]    Compiling crossbeam-utils v0.8.15
[INFO] [stderr]    Compiling ryu v1.0.13
[INFO] [stderr]    Compiling unicode-normalization v0.1.22
[INFO] [stderr]    Compiling unicode-bidi v0.3.13
[INFO] [stderr]    Compiling linux-raw-sys v0.1.4
[INFO] [stderr]    Compiling aho-corasick v0.7.20
[INFO] [stderr]    Compiling idna v0.3.0
[INFO] [stderr]    Compiling os_str_bytes v6.4.1
[INFO] [stderr]    Compiling regex-automata v0.1.10
[INFO] [stderr]    Compiling url v2.3.1
[INFO] [stderr]    Compiling clap_lex v0.3.3
[INFO] [stderr]    Compiling regex v1.7.3
[INFO] [stderr]    Compiling bstr v0.2.17
[INFO] [stderr]    Compiling crossbeam-channel v0.5.8
[INFO] [stderr]    Compiling is-terminal v0.4.4
[INFO] [stderr]    Compiling encoding_rs v0.8.32
[INFO] [stderr]    Compiling ipnet v2.7.1
[INFO] [stderr]    Compiling mime v0.3.17
[INFO] [stderr]    Compiling base64 v0.21.0
[INFO] [stderr]    Compiling futures-macro v0.3.28
[INFO] [stderr]    Compiling tokio-macros v1.8.2
[INFO] [stderr]    Compiling openssl-macros v0.1.0
[INFO] [stderr]    Compiling clap_derive v4.1.9
[INFO] [stderr]    Compiling futures-util v0.3.28
[INFO] [stderr]    Compiling clap v4.1.9
[INFO] [stderr]    Compiling futures v0.3.28
[INFO] [stderr]    Compiling tokio-util v0.7.7
[INFO] [stderr]    Compiling tokio-native-tls v0.3.1
[INFO] [stderr]    Compiling h2 v0.3.16
[INFO] [stderr]    Compiling serde_urlencoded v0.7.1
[INFO] [stderr]    Compiling hyper v0.14.25
[INFO] [stderr]    Compiling hyper-tls v0.5.0
[INFO] [stderr]    Compiling httptest v0.15.4
[INFO] [stderr]    Compiling reqwest v0.11.15
[INFO] [stderr]    Compiling rss_hook_cli v0.1.0 (/opt/rustwide/workdir)
[INFO] [stderr]     Finished dev [unoptimized + debuginfo] target(s) in 18.65s
[INFO] running `Command { std: "docker" "inspect" "352f43fb15ee57131701ea80f1ca8ad5268f230038d8aae714d1a4f230537f44", kill_on_drop: false }`
[INFO] running `Command { std: "docker" "rm" "-f" "352f43fb15ee57131701ea80f1ca8ad5268f230038d8aae714d1a4f230537f44", kill_on_drop: false }`
[INFO] [stdout] 352f43fb15ee57131701ea80f1ca8ad5268f230038d8aae714d1a4f230537f44
[INFO] running `Command { std: "docker" "create" "-v" "/var/lib/crater-agent-workspace/builds/worker-0-tc1/target:/opt/rustwide/target:rw,Z" "-v" "/var/lib/crater-agent-workspace/builds/worker-0-tc1/source:/opt/rustwide/workdir:ro,Z" "-v" "/var/lib/crater-agent-workspace/cargo-home:/opt/rustwide/cargo-home:ro,Z" "-v" "/var/lib/crater-agent-workspace/rustup-home:/opt/rustwide/rustup-home:ro,Z" "-e" "SOURCE_DIR=/opt/rustwide/workdir" "-e" "CARGO_TARGET_DIR=/opt/rustwide/target" "-e" "CARGO_INCREMENTAL=0" "-e" "RUST_BACKTRACE=full" "-e" "RUSTFLAGS=--cap-lints=warn" "-e" "RUSTDOCFLAGS=--cap-lints=warn" "-e" "CARGO_HOME=/opt/rustwide/cargo-home" "-e" "RUSTUP_HOME=/opt/rustwide/rustup-home" "-w" "/opt/rustwide/workdir" "-m" "1610612736" "--user" "0:0" "--network" "none" "ghcr.io/rust-lang/crates-build-env/linux@sha256:2788e3201cd34a07e3172128adcd8b3090168a8e3bcc40d7c032b9dda1df7d1c" "/opt/rustwide/cargo-home/bin/cargo" "+1.75.0" "test" "--frozen" "--no-run" "--message-format=json", kill_on_drop: false }`
[INFO] [stdout] 3c7753d06ebb70e0639e5c21a580618bb41868d80f1af5d8c27b5afa449eaecb
[INFO] running `Command { std: "docker" "start" "-a" "3c7753d06ebb70e0639e5c21a580618bb41868d80f1af5d8c27b5afa449eaecb", kill_on_drop: false }`
[INFO] [stderr]    Compiling rss_hook_cli v0.1.0 (/opt/rustwide/workdir)
[INFO] [stderr]     Finished test [unoptimized + debuginfo] target(s) in 3.02s
[INFO] running `Command { std: "docker" "inspect" "3c7753d06ebb70e0639e5c21a580618bb41868d80f1af5d8c27b5afa449eaecb", kill_on_drop: false }`
[INFO] running `Command { std: "docker" "rm" "-f" "3c7753d06ebb70e0639e5c21a580618bb41868d80f1af5d8c27b5afa449eaecb", kill_on_drop: false }`
[INFO] [stdout] 3c7753d06ebb70e0639e5c21a580618bb41868d80f1af5d8c27b5afa449eaecb
[INFO] running `Command { std: "docker" "create" "-v" "/var/lib/crater-agent-workspace/builds/worker-0-tc1/target:/opt/rustwide/target:rw,Z" "-v" "/var/lib/crater-agent-workspace/builds/worker-0-tc1/source:/opt/rustwide/workdir:ro,Z" "-v" "/var/lib/crater-agent-workspace/cargo-home:/opt/rustwide/cargo-home:ro,Z" "-v" "/var/lib/crater-agent-workspace/rustup-home:/opt/rustwide/rustup-home:ro,Z" "-e" "SOURCE_DIR=/opt/rustwide/workdir" "-e" "CARGO_TARGET_DIR=/opt/rustwide/target" "-e" "CARGO_INCREMENTAL=0" "-e" "RUST_BACKTRACE=full" "-e" "RUSTFLAGS=--cap-lints=warn" "-e" "RUSTDOCFLAGS=--cap-lints=warn" "-e" "CARGO_HOME=/opt/rustwide/cargo-home" "-e" "RUSTUP_HOME=/opt/rustwide/rustup-home" "-w" "/opt/rustwide/workdir" "-m" "1610612736" "--user" "0:0" "--network" "none" "ghcr.io/rust-lang/crates-build-env/linux@sha256:2788e3201cd34a07e3172128adcd8b3090168a8e3bcc40d7c032b9dda1df7d1c" "/opt/rustwide/cargo-home/bin/cargo" "+1.75.0" "test" "--frozen", kill_on_drop: false }`
[INFO] [stdout] c3edce9c5f2236b5fb8882bcac1da7515af8a7c3b2d44e76159e58adde1bb8df
[INFO] running `Command { std: "docker" "start" "-a" "c3edce9c5f2236b5fb8882bcac1da7515af8a7c3b2d44e76159e58adde1bb8df", kill_on_drop: false }`
[INFO] [stderr]     Finished test [unoptimized + debuginfo] target(s) in 0.07s
[INFO] [stderr]      Running unittests src/main.rs (/opt/rustwide/target/debug/deps/rss_hook_cli-5bbec6fb063f9931)
[INFO] [stdout] 
[INFO] [stdout] running 53 tests
[INFO] [stdout] test network::article::tests::get_all_empty ... ok
[INFO] [stdout] test network::article::tests::get_all_from_error_test ... ok
[INFO] [stdout] test network::article::tests::get_all_filled_test ... ok
[INFO] [stdout] test network::article::tests::get_all_error_test ... ok
[INFO] [stdout] test network::article::tests::get_all_from_empty ... ok
[INFO] [stdout] test network::article::tests::get_all_connection_error ... ok
[INFO] [stdout] test network::article::tests::get_all_from_filled_test ... ok
[INFO] [stdout] test network::deliveries::tests::get_all_received_empty ... ok
[INFO] [stdout] test network::deliveries::tests::get_all_received_filled ... ok
[INFO] [stdout] test network::deliveries::tests::get_all_received_error_test ... ok
[INFO] [stdout] test network::flux::tests::crete_test ... ok
[INFO] [stdout] test network::deliveries::tests::get_all_receiver_empty ... ok
[INFO] [stdout] test network::deliveries::tests::get_all_receiver_filled ... ok
[INFO] [stdout] test network::deliveries::tests::get_all_receiver_error_test ... ok
[INFO] [stdout] test network::flux::tests::delete_error_test ... ok
[INFO] [stdout] test network::flux::tests::create_error_test ... ok
[INFO] [stdout] test network::flux::tests::delete_test ... ok
[INFO] [stdout] test network::flux::tests::get_all_empty ... ok
[INFO] [stdout] test network::flux::tests::get_all_error_test ... ok
[INFO] [stdout] test network::flux::tests::get_all_connection_error ... ok
[INFO] [stdout] test network::flux::tests::update_test ... ok
[INFO] [stdout] test network::flux::tests::get_all_filled_test ... ok
[INFO] [stdout] test network::hooks::tests::create_error_test ... ok
[INFO] [stdout] test network::flux::tests::get_all_exception_test ... ok
[INFO] [stdout] test network::hooks::tests::create_fail_test ... ok
[INFO] [stdout] test network::hooks::tests::create_success_test ... ok
[INFO] [stdout] test network::hooks::tests::delete_fail_test ... ok
[INFO] [stdout] test network::hooks::tests::get_all_bind_to_flux_test ... ok
[INFO] [stdout] test network::hooks::tests::delete_error_test ... ok
[INFO] [stdout] test network::hooks::tests::get_all_bind_to_flux_error_test ... ok
[INFO] [stdout] test network::hooks::tests::get_all_bind_to_flux_empty ... ok
[INFO] [stdout] test network::hooks::tests::delete_success_test ... ok
[INFO] [stdout] test network::hooks::tests::get_all_bind_to_webhook_error_test ... ok
[INFO] [stdout] test network::hooks::tests::get_all_bind_to_webhook_empty ... ok
[INFO] [stdout] test network::hooks::tests::get_all_bind_to_webhook_test ... ok
[INFO] [stdout] test network::webhook::tests::create_error_test ... ok
[INFO] [stdout] test network::webhook::tests::delete_error_test ... ok
[INFO] [stdout] test network::webhook::tests::crete_test ... ok
[INFO] [stdout] test utils::csv::article::tests::content_test ... ok
[INFO] [stdout] test utils::csv::article::tests::header_test ... ok
[INFO] [stdout] test utils::csv::flux::tests::content_test ... ok
[INFO] [stdout] test utils::csv::flux::tests::header_test ... ok
[INFO] [stdout] test utils::csv::webhook::tests::content_test ... ok
[INFO] [stdout] test utils::csv::webhook::tests::header_test ... ok
[INFO] [stdout] test utils::file::tests::write_all_test ... FAILED
[INFO] [stdout] test utils::file::tests::write_test ... FAILED
[INFO] [stdout] test network::webhook::tests::get_all_connection_error ... ok
[INFO] [stdout] test network::webhook::tests::delete_test ... ok
[INFO] [stdout] test network::webhook::tests::get_all_empty ... ok
[INFO] [stdout] test network::webhook::tests::get_all_error_test ... ok
[INFO] [stdout] test network::webhook::tests::update_test ... ok
[INFO] [stdout] test network::webhook::tests::update_error_test ... ok
[INFO] [stdout] test network::webhook::tests::get_all_filled_test ... ok
[INFO] [stdout] 
[INFO] [stdout] failures:
[INFO] [stdout] 
[INFO] [stdout] ---- utils::file::tests::write_all_test stdout ----
[INFO] [stdout] Error: Exception { statusCode: 500, message: "Read-only file system (os error 30)" }
[INFO] [stdout] 
[INFO] [stdout] ---- utils::file::tests::write_test stdout ----
[INFO] [stdout] Error: Exception { statusCode: 500, message: "Read-only file system (os error 30)" }
[INFO] [stdout] 
[INFO] [stdout] 
[INFO] [stdout] failures:
[INFO] [stdout]     utils::file::tests::write_all_test
[INFO] [stdout]     utils::file::tests::write_test
[INFO] [stdout] 
[INFO] [stdout] test result: FAILED. 51 passed; 2 failed; 0 ignored; 0 measured; 0 filtered out; finished in 6.91s
[INFO] [stdout] 
[INFO] [stderr] error: test failed, to rerun pass `--bin rss_hook_cli`
[INFO] running `Command { std: "docker" "inspect" "c3edce9c5f2236b5fb8882bcac1da7515af8a7c3b2d44e76159e58adde1bb8df", kill_on_drop: false }`
[INFO] running `Command { std: "docker" "rm" "-f" "c3edce9c5f2236b5fb8882bcac1da7515af8a7c3b2d44e76159e58adde1bb8df", kill_on_drop: false }`
[INFO] [stdout] c3edce9c5f2236b5fb8882bcac1da7515af8a7c3b2d44e76159e58adde1bb8df
[INFO] testing TheBaronMc/rss_hook_cli against beta-2023-12-22 for beta-1.76-1
[INFO] running `Command { std: "git" "clone" "/workspace/cache/git-repos/https%3A%2F%2Fgithub.com%2FTheBaronMc%2Frss_hook_cli" "/workspace/builds/worker-0-tc2/source", kill_on_drop: false }`
[INFO] [stderr] Cloning into '/workspace/builds/worker-0-tc2/source'...
[INFO] [stderr] done.
[INFO] validating manifest of git repo https://github.com/TheBaronMc/rss_hook_cli on toolchain beta-2023-12-22
[INFO] running `Command { std: CARGO_HOME="/workspace/cargo-home" RUSTUP_HOME="/workspace/rustup-home" "/workspace/cargo-home/bin/cargo" "+beta-2023-12-22" "metadata" "--manifest-path" "Cargo.toml" "--no-deps", kill_on_drop: false }`
[INFO] started tweaking git repo https://github.com/TheBaronMc/rss_hook_cli
[INFO] finished tweaking git repo https://github.com/TheBaronMc/rss_hook_cli
[INFO] tweaked toml for git repo https://github.com/TheBaronMc/rss_hook_cli written to /workspace/builds/worker-0-tc2/source/Cargo.toml
[INFO] crate git repo https://github.com/TheBaronMc/rss_hook_cli already has a lockfile, it will not be regenerated
[INFO] running `Command { std: CARGO_HOME="/workspace/cargo-home" RUSTUP_HOME="/workspace/rustup-home" "/workspace/cargo-home/bin/cargo" "+beta-2023-12-22" "fetch" "--manifest-path" "Cargo.toml", kill_on_drop: false }`
[INFO] running `Command { std: "docker" "create" "-v" "/var/lib/crater-agent-workspace/builds/worker-0-tc2/target:/opt/rustwide/target:rw,Z" "-v" "/var/lib/crater-agent-workspace/builds/worker-0-tc2/source:/opt/rustwide/workdir:ro,Z" "-v" "/var/lib/crater-agent-workspace/cargo-home:/opt/rustwide/cargo-home:ro,Z" "-v" "/var/lib/crater-agent-workspace/rustup-home:/opt/rustwide/rustup-home:ro,Z" "-e" "SOURCE_DIR=/opt/rustwide/workdir" "-e" "CARGO_TARGET_DIR=/opt/rustwide/target" "-e" "CARGO_HOME=/opt/rustwide/cargo-home" "-e" "RUSTUP_HOME=/opt/rustwide/rustup-home" "-w" "/opt/rustwide/workdir" "-m" "1610612736" "--user" "0:0" "--network" "none" "ghcr.io/rust-lang/crates-build-env/linux@sha256:2788e3201cd34a07e3172128adcd8b3090168a8e3bcc40d7c032b9dda1df7d1c" "/opt/rustwide/cargo-home/bin/cargo" "+beta-2023-12-22" "metadata" "--no-deps" "--format-version=1", kill_on_drop: false }`
[INFO] [stdout] eae3bf9c2475d8e32ba60992e9333a5f97106130bc4414d61609055e027ddf0e
[INFO] running `Command { std: "docker" "start" "-a" "eae3bf9c2475d8e32ba60992e9333a5f97106130bc4414d61609055e027ddf0e", kill_on_drop: false }`
[INFO] running `Command { std: "docker" "inspect" "eae3bf9c2475d8e32ba60992e9333a5f97106130bc4414d61609055e027ddf0e", kill_on_drop: false }`
[INFO] running `Command { std: "docker" "rm" "-f" "eae3bf9c2475d8e32ba60992e9333a5f97106130bc4414d61609055e027ddf0e", kill_on_drop: false }`
[INFO] [stdout] eae3bf9c2475d8e32ba60992e9333a5f97106130bc4414d61609055e027ddf0e
[INFO] running `Command { std: "docker" "create" "-v" "/var/lib/crater-agent-workspace/builds/worker-0-tc2/target:/opt/rustwide/target:rw,Z" "-v" "/var/lib/crater-agent-workspace/builds/worker-0-tc2/source:/opt/rustwide/workdir:ro,Z" "-v" "/var/lib/crater-agent-workspace/cargo-home:/opt/rustwide/cargo-home:ro,Z" "-v" "/var/lib/crater-agent-workspace/rustup-home:/opt/rustwide/rustup-home:ro,Z" "-e" "SOURCE_DIR=/opt/rustwide/workdir" "-e" "CARGO_TARGET_DIR=/opt/rustwide/target" "-e" "CARGO_INCREMENTAL=0" "-e" "RUST_BACKTRACE=full" "-e" "RUSTFLAGS=--cap-lints=warn" "-e" "RUSTDOCFLAGS=--cap-lints=warn" "-e" "CARGO_HOME=/opt/rustwide/cargo-home" "-e" "RUSTUP_HOME=/opt/rustwide/rustup-home" "-w" "/opt/rustwide/workdir" "-m" "1610612736" "--user" "0:0" "--network" "none" "ghcr.io/rust-lang/crates-build-env/linux@sha256:2788e3201cd34a07e3172128adcd8b3090168a8e3bcc40d7c032b9dda1df7d1c" "/opt/rustwide/cargo-home/bin/cargo" "+beta-2023-12-22" "build" "--frozen" "--message-format=json", kill_on_drop: false }`
[INFO] [stdout] 070f1ea8e496181209d21db50f1841726418a223cd710657a6b6c153118fa4e7
[INFO] running `Command { std: "docker" "start" "-a" "070f1ea8e496181209d21db50f1841726418a223cd710657a6b6c153118fa4e7", kill_on_drop: false }`
[INFO] [stderr]    Compiling proc-macro2 v1.0.52
[INFO] [stderr]    Compiling unicode-ident v1.0.8
[INFO] [stderr]    Compiling libc v0.2.140
[INFO] [stderr]    Compiling syn v1.0.109
[INFO] [stderr]    Compiling once_cell v1.17.1
[INFO] [stderr]    Compiling lock_api v0.4.9
[INFO] [stderr]    Compiling parking_lot_core v0.9.7
[INFO] [stderr]    Compiling openssl-sys v0.9.83
[INFO] [stderr]    Compiling tokio v1.26.0
[INFO] [stderr]    Compiling futures-channel v0.3.28
[INFO] [stderr]    Compiling itoa v1.0.6
[INFO] [stderr]    Compiling tracing-core v0.1.30
[INFO] [stderr]    Compiling indexmap v1.9.3
[INFO] [stderr]    Compiling serde_derive v1.0.160
[INFO] [stderr]    Compiling http v0.2.9
[INFO] [stderr]    Compiling httparse v1.8.0
[INFO] [stderr]    Compiling openssl v0.10.48
[INFO] [stderr]    Compiling quote v1.0.26
[INFO] [stderr]    Compiling tracing v0.1.37
[INFO] [stderr]    Compiling syn v2.0.12
[INFO] [stderr]    Compiling serde v1.0.160
[INFO] [stderr]    Compiling foreign-types-shared v0.1.1
[INFO] [stderr]    Compiling foreign-types v0.3.2
[INFO] [stderr]    Compiling proc-macro-error-attr v1.0.4
[INFO] [stderr]    Compiling tinyvec_macros v0.1.1
[INFO] [stderr]    Compiling io-lifetimes v1.0.7
[INFO] [stderr]    Compiling native-tls v0.2.11
[INFO] [stderr]    Compiling try-lock v0.2.4
[INFO] [stderr]    Compiling percent-encoding v2.2.0
[INFO] [stderr]    Compiling signal-hook-registry v1.4.1
[INFO] [stderr]    Compiling mio v0.8.6
[INFO] [stderr]    Compiling socket2 v0.4.9
[INFO] [stderr]    Compiling parking_lot v0.12.1
[INFO] [stderr]    Compiling num_cpus v1.15.0
[INFO] [stderr]    Compiling form_urlencoded v1.1.0
[INFO] [stderr]    Compiling want v0.3.0
[INFO] [stderr]    Compiling http-body v0.4.5
[INFO] [stderr]    Compiling tinyvec v1.6.0
[INFO] [stderr]    Compiling proc-macro-error v1.0.4
[INFO] [stderr]    Compiling tower-service v0.3.2
[INFO] [stderr]    Compiling rustix v0.36.9
[INFO] [stderr]    Compiling ryu v1.0.13
[INFO] [stderr]    Compiling crossbeam-utils v0.8.15
[INFO] [stderr]    Compiling serde_json v1.0.96
[INFO] [stderr]    Compiling openssl-probe v0.1.5
[INFO] [stderr]    Compiling unicode-bidi v0.3.13
[INFO] [stderr]    Compiling linux-raw-sys v0.1.4
[INFO] [stderr]    Compiling aho-corasick v0.7.20
[INFO] [stderr]    Compiling unicode-normalization v0.1.22
[INFO] [stderr]    Compiling idna v0.3.0
[INFO] [stderr]    Compiling regex-automata v0.1.10
[INFO] [stderr]    Compiling os_str_bytes v6.4.1
[INFO] [stderr]    Compiling regex v1.7.3
[INFO] [stderr]    Compiling bstr v0.2.17
[INFO] [stderr]    Compiling clap_lex v0.3.3
[INFO] [stderr]    Compiling url v2.3.1
[INFO] [stderr]    Compiling crossbeam-channel v0.5.8
[INFO] [stderr]    Compiling encoding_rs v0.8.32
[INFO] [stderr]    Compiling base64 v0.21.0
[INFO] [stderr]    Compiling is-terminal v0.4.4
[INFO] [stderr]    Compiling ipnet v2.7.1
[INFO] [stderr]    Compiling mime v0.3.17
[INFO] [stderr]    Compiling tokio-macros v1.8.2
[INFO] [stderr]    Compiling futures-macro v0.3.28
[INFO] [stderr]    Compiling openssl-macros v0.1.0
[INFO] [stderr]    Compiling clap_derive v4.1.9
[INFO] [stderr]    Compiling futures-util v0.3.28
[INFO] [stderr]    Compiling clap v4.1.9
[INFO] [stderr]    Compiling futures v0.3.28
[INFO] [stderr]    Compiling tokio-util v0.7.7
[INFO] [stderr]    Compiling tokio-native-tls v0.3.1
[INFO] [stderr]    Compiling h2 v0.3.16
[INFO] [stderr]    Compiling serde_urlencoded v0.7.1
[INFO] [stderr]    Compiling hyper v0.14.25
[INFO] [stderr]    Compiling hyper-tls v0.5.0
[INFO] [stderr]    Compiling httptest v0.15.4
[INFO] [stderr]    Compiling reqwest v0.11.15
[INFO] [stderr]    Compiling rss_hook_cli v0.1.0 (/opt/rustwide/workdir)
[INFO] [stderr]     Finished dev [unoptimized + debuginfo] target(s) in 16.97s
[INFO] running `Command { std: "docker" "inspect" "070f1ea8e496181209d21db50f1841726418a223cd710657a6b6c153118fa4e7", kill_on_drop: false }`
[INFO] running `Command { std: "docker" "rm" "-f" "070f1ea8e496181209d21db50f1841726418a223cd710657a6b6c153118fa4e7", kill_on_drop: false }`
[INFO] [stdout] 070f1ea8e496181209d21db50f1841726418a223cd710657a6b6c153118fa4e7
[INFO] running `Command { std: "docker" "create" "-v" "/var/lib/crater-agent-workspace/builds/worker-0-tc2/target:/opt/rustwide/target:rw,Z" "-v" "/var/lib/crater-agent-workspace/builds/worker-0-tc2/source:/opt/rustwide/workdir:ro,Z" "-v" "/var/lib/crater-agent-workspace/cargo-home:/opt/rustwide/cargo-home:ro,Z" "-v" "/var/lib/crater-agent-workspace/rustup-home:/opt/rustwide/rustup-home:ro,Z" "-e" "SOURCE_DIR=/opt/rustwide/workdir" "-e" "CARGO_TARGET_DIR=/opt/rustwide/target" "-e" "CARGO_INCREMENTAL=0" "-e" "RUST_BACKTRACE=full" "-e" "RUSTFLAGS=--cap-lints=warn" "-e" "RUSTDOCFLAGS=--cap-lints=warn" "-e" "CARGO_HOME=/opt/rustwide/cargo-home" "-e" "RUSTUP_HOME=/opt/rustwide/rustup-home" "-w" "/opt/rustwide/workdir" "-m" "1610612736" "--user" "0:0" "--network" "none" "ghcr.io/rust-lang/crates-build-env/linux@sha256:2788e3201cd34a07e3172128adcd8b3090168a8e3bcc40d7c032b9dda1df7d1c" "/opt/rustwide/cargo-home/bin/cargo" "+beta-2023-12-22" "test" "--frozen" "--no-run" "--message-format=json", kill_on_drop: false }`
[INFO] [stdout] a81621625a1eece641ac4274ccb3237629dad6de0e5ff332b91ce2334e25da66
[INFO] running `Command { std: "docker" "start" "-a" "a81621625a1eece641ac4274ccb3237629dad6de0e5ff332b91ce2334e25da66", kill_on_drop: false }`
[INFO] [stderr]    Compiling rss_hook_cli v0.1.0 (/opt/rustwide/workdir)
[INFO] [stderr]     Finished test [unoptimized + debuginfo] target(s) in 2.80s
[INFO] running `Command { std: "docker" "inspect" "a81621625a1eece641ac4274ccb3237629dad6de0e5ff332b91ce2334e25da66", kill_on_drop: false }`
[INFO] running `Command { std: "docker" "rm" "-f" "a81621625a1eece641ac4274ccb3237629dad6de0e5ff332b91ce2334e25da66", kill_on_drop: false }`
[INFO] [stdout] a81621625a1eece641ac4274ccb3237629dad6de0e5ff332b91ce2334e25da66
[INFO] running `Command { std: "docker" "create" "-v" "/var/lib/crater-agent-workspace/builds/worker-0-tc2/target:/opt/rustwide/target:rw,Z" "-v" "/var/lib/crater-agent-workspace/builds/worker-0-tc2/source:/opt/rustwide/workdir:ro,Z" "-v" "/var/lib/crater-agent-workspace/cargo-home:/opt/rustwide/cargo-home:ro,Z" "-v" "/var/lib/crater-agent-workspace/rustup-home:/opt/rustwide/rustup-home:ro,Z" "-e" "SOURCE_DIR=/opt/rustwide/workdir" "-e" "CARGO_TARGET_DIR=/opt/rustwide/target" "-e" "CARGO_INCREMENTAL=0" "-e" "RUST_BACKTRACE=full" "-e" "RUSTFLAGS=--cap-lints=warn" "-e" "RUSTDOCFLAGS=--cap-lints=warn" "-e" "CARGO_HOME=/opt/rustwide/cargo-home" "-e" "RUSTUP_HOME=/opt/rustwide/rustup-home" "-w" "/opt/rustwide/workdir" "-m" "1610612736" "--user" "0:0" "--network" "none" "ghcr.io/rust-lang/crates-build-env/linux@sha256:2788e3201cd34a07e3172128adcd8b3090168a8e3bcc40d7c032b9dda1df7d1c" "/opt/rustwide/cargo-home/bin/cargo" "+beta-2023-12-22" "test" "--frozen", kill_on_drop: false }`
[INFO] [stdout] 0e6e96e7a4a862b3f25bf54d3654a28cf08fdefefe9a5ff625898b99eee036ba
[INFO] running `Command { std: "docker" "start" "-a" "0e6e96e7a4a862b3f25bf54d3654a28cf08fdefefe9a5ff625898b99eee036ba", kill_on_drop: false }`
[INFO] [stderr]     Finished test [unoptimized + debuginfo] target(s) in 0.07s
[INFO] [stderr]      Running unittests src/main.rs (/opt/rustwide/target/debug/deps/rss_hook_cli-55cf35eee15bd1ac)
[INFO] [stdout] 
[INFO] [stdout] running 53 tests
[INFO] [stdout] test network::article::tests::get_all_error_test ... ok
[INFO] [stdout] test network::article::tests::get_all_connection_error ... ok
[INFO] [stdout] test network::article::tests::get_all_filled_test ... ok
[INFO] [stdout] test network::deliveries::tests::get_all_received_empty ... ok
[INFO] [stdout] test network::article::tests::get_all_from_filled_test ... ok
[INFO] [stdout] test network::article::tests::get_all_from_error_test ... ok
[INFO] [stdout] test network::article::tests::get_all_empty ... ok
[INFO] [stdout] test network::article::tests::get_all_from_empty ... ok
[INFO] [stdout] test network::flux::tests::create_error_test ... ok
[INFO] [stdout] test network::deliveries::tests::get_all_received_error_test ... ok
[INFO] [stdout] test network::flux::tests::crete_test ... ok
[INFO] [stdout] test network::deliveries::tests::get_all_received_filled ... ok
[INFO] [stdout] test network::deliveries::tests::get_all_receiver_error_test ... ok
[INFO] [stdout] test network::deliveries::tests::get_all_receiver_empty ... ok
[INFO] [stdout] test network::deliveries::tests::get_all_receiver_filled ... ok
[INFO] [stdout] test network::flux::tests::delete_error_test ... ok
[INFO] [stdout] test network::flux::tests::delete_test ... ok
[INFO] [stdout] test network::flux::tests::get_all_connection_error ... ok
[INFO] [stdout] test network::flux::tests::get_all_filled_test ... ok
[INFO] [stdout] test network::flux::tests::get_all_empty ... ok
[INFO] [stdout] test network::flux::tests::update_test ... ok
[INFO] [stdout] test network::flux::tests::get_all_error_test ... ok
[INFO] [stdout] test network::flux::tests::get_all_exception_test ... ok
[INFO] [stdout] test network::hooks::tests::create_error_test ... ok
[INFO] [stdout] test network::hooks::tests::create_fail_test ... ok
[INFO] [stdout] test network::hooks::tests::create_success_test ... ok
[INFO] [stdout] test network::hooks::tests::delete_error_test ... ok
[INFO] [stdout] test network::hooks::tests::delete_success_test ... ok
[INFO] [stdout] test network::hooks::tests::get_all_bind_to_flux_empty ... ok
[INFO] [stdout] test network::hooks::tests::delete_fail_test ... ok
[INFO] [stdout] test network::hooks::tests::get_all_bind_to_flux_error_test ... ok
[INFO] [stdout] test network::hooks::tests::get_all_bind_to_flux_test ... ok
[INFO] [stdout] test network::hooks::tests::get_all_bind_to_webhook_empty ... ok
[INFO] [stdout] test network::hooks::tests::get_all_bind_to_webhook_error_test ... ok
[INFO] [stdout] test network::webhook::tests::create_error_test ... ok
[INFO] [stdout] test network::hooks::tests::get_all_bind_to_webhook_test ... ok
[INFO] [stdout] test network::webhook::tests::crete_test ... ok
[INFO] [stdout] test network::webhook::tests::delete_error_test ... ok
[INFO] [stdout] test utils::csv::article::tests::content_test ... ok
[INFO] [stdout] test utils::csv::article::tests::header_test ... ok
[INFO] [stdout] test utils::csv::flux::tests::content_test ... ok
[INFO] [stdout] test utils::csv::flux::tests::header_test ... ok
[INFO] [stdout] test utils::csv::webhook::tests::content_test ... ok
[INFO] [stdout] test utils::csv::webhook::tests::header_test ... ok
[INFO] [stdout] test utils::file::tests::write_all_test ... FAILED
[INFO] [stdout] test utils::file::tests::write_test ... FAILED
[INFO] [stdout] test network::webhook::tests::delete_test ... ok
[INFO] [stdout] test network::webhook::tests::get_all_connection_error ... ok
[INFO] [stdout] test network::webhook::tests::get_all_empty ... ok
[INFO] [stdout] test network::webhook::tests::update_test ... ok
[INFO] [stdout] test network::webhook::tests::get_all_filled_test ... ok
[INFO] [stdout] test network::webhook::tests::get_all_error_test ... ok
[INFO] [stdout] test network::webhook::tests::update_error_test ... ok
[INFO] [stdout] 
[INFO] [stdout] failures:
[INFO] [stdout] 
[INFO] [stdout] ---- utils::file::tests::write_all_test stdout ----
[INFO] [stdout] Error: Exception { statusCode: 500, message: "Read-only file system (os error 30)" }
[INFO] [stdout] 
[INFO] [stdout] ---- utils::file::tests::write_test stdout ----
[INFO] [stdout] Error: Exception { statusCode: 500, message: "Read-only file system (os error 30)" }
[INFO] [stdout] 
[INFO] [stdout] 
[INFO] [stdout] failures:
[INFO] [stdout]     utils::file::tests::write_all_test
[INFO] [stdout]     utils::file::tests::write_test
[INFO] [stdout] 
[INFO] [stdout] test result: FAILED. 51 passed; 2 failed; 0 ignored; 0 measured; 0 filtered out; finished in 6.94s
[INFO] [stdout] 
[INFO] [stderr] error: test failed, to rerun pass `--bin rss_hook_cli`
[INFO] running `Command { std: "docker" "inspect" "0e6e96e7a4a862b3f25bf54d3654a28cf08fdefefe9a5ff625898b99eee036ba", kill_on_drop: false }`
[INFO] running `Command { std: "docker" "rm" "-f" "0e6e96e7a4a862b3f25bf54d3654a28cf08fdefefe9a5ff625898b99eee036ba", kill_on_drop: false }`
[INFO] [stdout] 0e6e96e7a4a862b3f25bf54d3654a28cf08fdefefe9a5ff625898b99eee036ba
