[INFO] cloning repository https://github.com/Tengs-Penkwe/Y86-Assembler
[INFO] running `Command { std: "git" "-c" "credential.helper=" "-c" "credential.helper=/workspace/cargo-home/bin/git-credential-null" "clone" "--bare" "https://github.com/Tengs-Penkwe/Y86-Assembler" "/workspace/cache/git-repos/https%3A%2F%2Fgithub.com%2FTengs-Penkwe%2FY86-Assembler", kill_on_drop: false }`
[INFO] [stderr] Cloning into bare repository '/workspace/cache/git-repos/https%3A%2F%2Fgithub.com%2FTengs-Penkwe%2FY86-Assembler'...
[INFO] running `Command { std: "git" "rev-parse" "HEAD", kill_on_drop: false }`
[INFO] [stdout] eac76cb9f8a0d44dd4fc6ce76e02f76d27f1fd14
[INFO] testing Tengs-Penkwe/Y86-Assembler against 1.75.0 for beta-1.76-1
[INFO] running `Command { std: "git" "clone" "/workspace/cache/git-repos/https%3A%2F%2Fgithub.com%2FTengs-Penkwe%2FY86-Assembler" "/workspace/builds/worker-7-tc1/source", kill_on_drop: false }`
[INFO] [stderr] Cloning into '/workspace/builds/worker-7-tc1/source'...
[INFO] [stderr] done.
[INFO] validating manifest of git repo https://github.com/Tengs-Penkwe/Y86-Assembler on toolchain 1.75.0
[INFO] running `Command { std: CARGO_HOME="/workspace/cargo-home" RUSTUP_HOME="/workspace/rustup-home" "/workspace/cargo-home/bin/cargo" "+1.75.0" "metadata" "--manifest-path" "Cargo.toml" "--no-deps", kill_on_drop: false }`
[INFO] started tweaking git repo https://github.com/Tengs-Penkwe/Y86-Assembler
[INFO] finished tweaking git repo https://github.com/Tengs-Penkwe/Y86-Assembler
[INFO] tweaked toml for git repo https://github.com/Tengs-Penkwe/Y86-Assembler written to /workspace/builds/worker-7-tc1/source/Cargo.toml
[INFO] crate git repo https://github.com/Tengs-Penkwe/Y86-Assembler already has a lockfile, it will not be regenerated
[INFO] running `Command { std: CARGO_HOME="/workspace/cargo-home" RUSTUP_HOME="/workspace/rustup-home" "/workspace/cargo-home/bin/cargo" "+1.75.0" "fetch" "--manifest-path" "Cargo.toml", kill_on_drop: false }`
[INFO] [stderr]  Downloading crates ...
[INFO] [stderr]   Downloaded goblin v0.6.0
[INFO] running `Command { std: "docker" "create" "-v" "/var/lib/crater-agent-workspace/builds/worker-7-tc1/target:/opt/rustwide/target:rw,Z" "-v" "/var/lib/crater-agent-workspace/builds/worker-7-tc1/source:/opt/rustwide/workdir:ro,Z" "-v" "/var/lib/crater-agent-workspace/cargo-home:/opt/rustwide/cargo-home:ro,Z" "-v" "/var/lib/crater-agent-workspace/rustup-home:/opt/rustwide/rustup-home:ro,Z" "-e" "SOURCE_DIR=/opt/rustwide/workdir" "-e" "CARGO_TARGET_DIR=/opt/rustwide/target" "-e" "CARGO_HOME=/opt/rustwide/cargo-home" "-e" "RUSTUP_HOME=/opt/rustwide/rustup-home" "-w" "/opt/rustwide/workdir" "-m" "1610612736" "--user" "0:0" "--network" "none" "ghcr.io/rust-lang/crates-build-env/linux@sha256:2788e3201cd34a07e3172128adcd8b3090168a8e3bcc40d7c032b9dda1df7d1c" "/opt/rustwide/cargo-home/bin/cargo" "+1.75.0" "metadata" "--no-deps" "--format-version=1", kill_on_drop: false }`
[INFO] [stdout] f624dd10ab1acf51e065cff4d09076eea4918d3469fbc523bcbe84cb3be341d9
[INFO] running `Command { std: "docker" "start" "-a" "f624dd10ab1acf51e065cff4d09076eea4918d3469fbc523bcbe84cb3be341d9", kill_on_drop: false }`
[INFO] running `Command { std: "docker" "inspect" "f624dd10ab1acf51e065cff4d09076eea4918d3469fbc523bcbe84cb3be341d9", kill_on_drop: false }`
[INFO] running `Command { std: "docker" "rm" "-f" "f624dd10ab1acf51e065cff4d09076eea4918d3469fbc523bcbe84cb3be341d9", kill_on_drop: false }`
[INFO] [stdout] f624dd10ab1acf51e065cff4d09076eea4918d3469fbc523bcbe84cb3be341d9
[INFO] running `Command { std: "docker" "create" "-v" "/var/lib/crater-agent-workspace/builds/worker-7-tc1/target:/opt/rustwide/target:rw,Z" "-v" "/var/lib/crater-agent-workspace/builds/worker-7-tc1/source:/opt/rustwide/workdir:ro,Z" "-v" "/var/lib/crater-agent-workspace/cargo-home:/opt/rustwide/cargo-home:ro,Z" "-v" "/var/lib/crater-agent-workspace/rustup-home:/opt/rustwide/rustup-home:ro,Z" "-e" "SOURCE_DIR=/opt/rustwide/workdir" "-e" "CARGO_TARGET_DIR=/opt/rustwide/target" "-e" "CARGO_INCREMENTAL=0" "-e" "RUST_BACKTRACE=full" "-e" "RUSTFLAGS=--cap-lints=warn" "-e" "RUSTDOCFLAGS=--cap-lints=warn" "-e" "CARGO_HOME=/opt/rustwide/cargo-home" "-e" "RUSTUP_HOME=/opt/rustwide/rustup-home" "-w" "/opt/rustwide/workdir" "-m" "1610612736" "--user" "0:0" "--network" "none" "ghcr.io/rust-lang/crates-build-env/linux@sha256:2788e3201cd34a07e3172128adcd8b3090168a8e3bcc40d7c032b9dda1df7d1c" "/opt/rustwide/cargo-home/bin/cargo" "+1.75.0" "build" "--frozen" "--message-format=json", kill_on_drop: false }`
[INFO] [stdout] 7b9d9c9fb71096d314ac5a3164b82ea6db1d0a4cd96d2ab452a4eb077b566c64
[INFO] running `Command { std: "docker" "start" "-a" "7b9d9c9fb71096d314ac5a3164b82ea6db1d0a4cd96d2ab452a4eb077b566c64", kill_on_drop: false }`
[INFO] [stderr]    Compiling proc-macro2 v1.0.51
[INFO] [stderr]    Compiling quote v1.0.23
[INFO] [stderr]    Compiling unicode-ident v1.0.6
[INFO] [stderr]    Compiling syn v1.0.107
[INFO] [stderr]    Compiling log v0.4.17
[INFO] [stderr]    Compiling cfg-if v1.0.0
[INFO] [stderr]    Compiling plain v0.2.3
[INFO] [stderr]    Compiling scroll_derive v0.11.0
[INFO] [stderr]    Compiling scroll v0.11.0
[INFO] [stderr]    Compiling goblin v0.6.0
[INFO] [stderr]    Compiling Y86-Compiler v0.1.0 (/opt/rustwide/workdir)
[INFO] [stdout] warning: type `parseError` should have an upper camel case name
[INFO] [stdout]  --> src/parse.rs:5:10
[INFO] [stdout]   |
[INFO] [stdout] 5 | pub enum parseError {
[INFO] [stdout]   |          ^^^^^^^^^^ help: convert the identifier to upper camel case: `ParseError`
[INFO] [stdout]   |
[INFO] [stdout]   = note: `#[warn(non_camel_case_types)]` on by default
[INFO] [stdout] 
[INFO] [stdout] 
[INFO] [stdout] warning: unused variable: `value`
[INFO] [stdout]   --> src/parse.rs:79:13
[INFO] [stdout]    |
[INFO] [stdout] 79 |         let value: i64;
[INFO] [stdout]    |             ^^^^^ help: if this is intentional, prefix it with an underscore: `_value`
[INFO] [stdout]    |
[INFO] [stdout]    = note: `#[warn(unused_variables)]` on by default
[INFO] [stdout] 
[INFO] [stdout] 
[INFO] [stdout] warning: multiple variants are never constructed
[INFO] [stdout]   --> src/instruction.rs:7:5
[INFO] [stdout]    |
[INFO] [stdout] 6  | pub enum Inst {
[INFO] [stdout]    |          ---- variants in this enum
[INFO] [stdout] 7  |     halt    = 0x0,
[INFO] [stdout]    |     ^^^^
[INFO] [stdout] 8  |     nop     = 0x10,
[INFO] [stdout]    |     ^^^
[INFO] [stdout] 9  |     rrmovq  = 0x20, cmovle = 0x21, cmovl = 0x22, 
[INFO] [stdout]    |     ^^^^^^          ^^^^^^         ^^^^^
[INFO] [stdout] 10 |     cmove   = 0x23, cmovne = 0x24, cmovge = 0x25, cmovg = 0x26,
[INFO] [stdout]    |     ^^^^^           ^^^^^^         ^^^^^^         ^^^^^
[INFO] [stdout] 11 |     irmovq  = 0x30,
[INFO] [stdout]    |     ^^^^^^
[INFO] [stdout] 12 |     rmmovq  = 0x40,
[INFO] [stdout]    |     ^^^^^^
[INFO] [stdout] 13 |     mrmovq  = 0x50,
[INFO] [stdout]    |     ^^^^^^
[INFO] [stdout] 14 |     addq    = 0x60, subq = 0x61, andq = 0x62, xorq = 0x63,
[INFO] [stdout]    |     ^^^^            ^^^^         ^^^^         ^^^^
[INFO] [stdout] 15 |     jmp     = 0x70, jle = 0x71, jl = 0x72,
[INFO] [stdout]    |     ^^^             ^^^         ^^
[INFO] [stdout] 16 |     je      = 0x73, jne = 0x74, jge = 0x75, jg = 0x76,
[INFO] [stdout]    |     ^^              ^^^         ^^^         ^^
[INFO] [stdout] 17 |     call    = 0x80,
[INFO] [stdout]    |     ^^^^
[INFO] [stdout] 18 |     ret     = 0x90,
[INFO] [stdout]    |     ^^^
[INFO] [stdout] 19 |     pushq   = 0xa0,
[INFO] [stdout]    |     ^^^^^
[INFO] [stdout] 20 |     popq    = 0xb0,
[INFO] [stdout]    |     ^^^^
[INFO] [stdout]    |
[INFO] [stdout]    = note: `Inst` has derived impls for the traits `Clone` and `Debug`, but these are intentionally ignored during dead code analysis
[INFO] [stdout]    = note: `#[warn(dead_code)]` on by default
[INFO] [stdout] 
[INFO] [stdout] 
[INFO] [stdout] warning: multiple variants are never constructed
[INFO] [stdout]   --> src/instruction.rs:26:5
[INFO] [stdout]    |
[INFO] [stdout] 25 | pub enum Reg {
[INFO] [stdout]    |          --- variants in this enum
[INFO] [stdout] 26 |     rax = 0,
[INFO] [stdout]    |     ^^^
[INFO] [stdout] 27 |     rcx, rdx, rbx,
[INFO] [stdout]    |     ^^^  ^^^  ^^^
[INFO] [stdout] 28 |     rsp, rbp,
[INFO] [stdout]    |     ^^^  ^^^
[INFO] [stdout] 29 |     rsi, rdi,
[INFO] [stdout]    |     ^^^  ^^^
[INFO] [stdout] 30 |     r8, r9, r10, r11, r12, r13, r14,
[INFO] [stdout]    |     ^^  ^^  ^^^  ^^^  ^^^  ^^^  ^^^
[INFO] [stdout] 31 |     rIllegal = 0xF,
[INFO] [stdout]    |     ^^^^^^^^
[INFO] [stdout]    |
[INFO] [stdout]    = note: `Reg` has derived impls for the traits `Clone` and `Debug`, but these are intentionally ignored during dead code analysis
[INFO] [stdout] 
[INFO] [stdout] 
[INFO] [stdout] warning: associated function `new` is never used
[INFO] [stdout]   --> src/instruction.rs:43:12
[INFO] [stdout]    |
[INFO] [stdout] 42 | impl Instruction {
[INFO] [stdout]    | ---------------- associated function in this implementation
[INFO] [stdout] 43 |     pub fn new(
[INFO] [stdout]    |            ^^^
[INFO] [stdout] 
[INFO] [stdout] 
[INFO] [stdout] warning: variants `InvalidInstruction`, `InvalidDestination`, `InvalidRegister`, `InvalidRRMOVQ`, and `InvalidMRMOVQ` are never constructed
[INFO] [stdout]   --> src/parse.rs:6:5
[INFO] [stdout]    |
[INFO] [stdout] 5  | pub enum parseError {
[INFO] [stdout]    |          ---------- variants in this enum
[INFO] [stdout] 6  |     InvalidInstruction,
[INFO] [stdout]    |     ^^^^^^^^^^^^^^^^^^
[INFO] [stdout] 7  |     InvalidDestination,
[INFO] [stdout]    |     ^^^^^^^^^^^^^^^^^^
[INFO] [stdout] 8  |     InvalidRegister,
[INFO] [stdout]    |     ^^^^^^^^^^^^^^^
[INFO] [stdout] 9  |     InvalidRRMOVQ,
[INFO] [stdout]    |     ^^^^^^^^^^^^^
[INFO] [stdout] 10 |     InvalidMRMOVQ,
[INFO] [stdout]    |     ^^^^^^^^^^^^^
[INFO] [stdout]    |
[INFO] [stdout]    = note: `parseError` has a derived impl for the trait `Debug`, but this is intentionally ignored during dead code analysis
[INFO] [stdout] 
[INFO] [stdout] 
[INFO] [stdout] warning: function `stringToInstruction` is never used
[INFO] [stdout]   --> src/parse.rs:13:8
[INFO] [stdout]    |
[INFO] [stdout] 13 | pub fn stringToInstruction (inst: String) -> Result<Instruction, parseError> {
[INFO] [stdout]    |        ^^^^^^^^^^^^^^^^^^^
[INFO] [stdout] 
[INFO] [stdout] 
[INFO] [stdout] warning: 7 warnings emitted
[INFO] [stdout] 
[INFO] [stdout] 
[INFO] [stderr]     Finished dev [unoptimized + debuginfo] target(s) in 5.42s
[INFO] running `Command { std: "docker" "inspect" "7b9d9c9fb71096d314ac5a3164b82ea6db1d0a4cd96d2ab452a4eb077b566c64", kill_on_drop: false }`
[INFO] running `Command { std: "docker" "rm" "-f" "7b9d9c9fb71096d314ac5a3164b82ea6db1d0a4cd96d2ab452a4eb077b566c64", kill_on_drop: false }`
[INFO] [stdout] 7b9d9c9fb71096d314ac5a3164b82ea6db1d0a4cd96d2ab452a4eb077b566c64
[INFO] running `Command { std: "docker" "create" "-v" "/var/lib/crater-agent-workspace/builds/worker-7-tc1/target:/opt/rustwide/target:rw,Z" "-v" "/var/lib/crater-agent-workspace/builds/worker-7-tc1/source:/opt/rustwide/workdir:ro,Z" "-v" "/var/lib/crater-agent-workspace/cargo-home:/opt/rustwide/cargo-home:ro,Z" "-v" "/var/lib/crater-agent-workspace/rustup-home:/opt/rustwide/rustup-home:ro,Z" "-e" "SOURCE_DIR=/opt/rustwide/workdir" "-e" "CARGO_TARGET_DIR=/opt/rustwide/target" "-e" "CARGO_INCREMENTAL=0" "-e" "RUST_BACKTRACE=full" "-e" "RUSTFLAGS=--cap-lints=warn" "-e" "RUSTDOCFLAGS=--cap-lints=warn" "-e" "CARGO_HOME=/opt/rustwide/cargo-home" "-e" "RUSTUP_HOME=/opt/rustwide/rustup-home" "-w" "/opt/rustwide/workdir" "-m" "1610612736" "--user" "0:0" "--network" "none" "ghcr.io/rust-lang/crates-build-env/linux@sha256:2788e3201cd34a07e3172128adcd8b3090168a8e3bcc40d7c032b9dda1df7d1c" "/opt/rustwide/cargo-home/bin/cargo" "+1.75.0" "test" "--frozen" "--no-run" "--message-format=json", kill_on_drop: false }`
[INFO] [stdout] 8ffafb5d036a77101b8523186d5adc35b92948aad4009d12042bba0fe7ae8ea2
[INFO] running `Command { std: "docker" "start" "-a" "8ffafb5d036a77101b8523186d5adc35b92948aad4009d12042bba0fe7ae8ea2", kill_on_drop: false }`
[INFO] [stderr]    Compiling Y86-Compiler v0.1.0 (/opt/rustwide/workdir)
[INFO] [stdout] warning: unused import: `super::Inst`
[INFO] [stdout]   --> src/instruction.rs:60:9
[INFO] [stdout]    |
[INFO] [stdout] 60 |     use super::Inst;
[INFO] [stdout]    |         ^^^^^^^^^^^
[INFO] [stdout]    |
[INFO] [stdout]    = note: `#[warn(unused_imports)]` on by default
[INFO] [stdout] 
[INFO] [stdout] 
[INFO] [stdout] warning: type `parseError` should have an upper camel case name
[INFO] [stdout]  --> src/parse.rs:5:10
[INFO] [stdout]   |
[INFO] [stdout] 5 | pub enum parseError {
[INFO] [stdout]   |          ^^^^^^^^^^ help: convert the identifier to upper camel case: `ParseError`
[INFO] [stdout]   |
[INFO] [stdout]   = note: `#[warn(non_camel_case_types)]` on by default
[INFO] [stdout] 
[INFO] [stdout] 
[INFO] [stdout] warning: unused variable: `value`
[INFO] [stdout]   --> src/parse.rs:79:13
[INFO] [stdout]    |
[INFO] [stdout] 79 |         let value: i64;
[INFO] [stdout]    |             ^^^^^ help: if this is intentional, prefix it with an underscore: `_value`
[INFO] [stdout]    |
[INFO] [stdout]    = note: `#[warn(unused_variables)]` on by default
[INFO] [stdout] 
[INFO] [stdout] 
[INFO] [stdout] warning: unused variable: `inst`
[INFO] [stdout]    --> src/parse.rs:137:13
[INFO] [stdout]     |
[INFO] [stdout] 137 |         let inst = stringToInstruction("\t xorq  %rax , %rax \t".to_string());
[INFO] [stdout]     |             ^^^^ help: if this is intentional, prefix it with an underscore: `_inst`
[INFO] [stdout] 
[INFO] [stdout] 
[INFO] [stdout] warning: variants `cmovge` and `jne` are never constructed
[INFO] [stdout]   --> src/instruction.rs:10:36
[INFO] [stdout]    |
[INFO] [stdout] 6  | pub enum Inst {
[INFO] [stdout]    |          ---- variants in this enum
[INFO] [stdout] ...
[INFO] [stdout] 10 |     cmove   = 0x23, cmovne = 0x24, cmovge = 0x25, cmovg = 0x26,
[INFO] [stdout]    |                                    ^^^^^^
[INFO] [stdout] ...
[INFO] [stdout] 16 |     je      = 0x73, jne = 0x74, jge = 0x75, jg = 0x76,
[INFO] [stdout]    |                     ^^^
[INFO] [stdout]    |
[INFO] [stdout]    = note: `Inst` has derived impls for the traits `Clone` and `Debug`, but these are intentionally ignored during dead code analysis
[INFO] [stdout]    = note: `#[warn(dead_code)]` on by default
[INFO] [stdout] 
[INFO] [stdout] 
[INFO] [stdout] warning: variants `InvalidRRMOVQ` and `InvalidMRMOVQ` are never constructed
[INFO] [stdout]   --> src/parse.rs:9:5
[INFO] [stdout]    |
[INFO] [stdout] 5  | pub enum parseError {
[INFO] [stdout]    |          ---------- variants in this enum
[INFO] [stdout] ...
[INFO] [stdout] 9  |     InvalidRRMOVQ,
[INFO] [stdout]    |     ^^^^^^^^^^^^^
[INFO] [stdout] 10 |     InvalidMRMOVQ,
[INFO] [stdout]    |     ^^^^^^^^^^^^^
[INFO] [stdout]    |
[INFO] [stdout]    = note: `parseError` has a derived impl for the trait `Debug`, but this is intentionally ignored during dead code analysis
[INFO] [stdout] 
[INFO] [stdout] 
[INFO] [stdout] warning: 6 warnings emitted
[INFO] [stdout] 
[INFO] [stdout] 
[INFO] [stderr]     Finished test [unoptimized + debuginfo] target(s) in 0.62s
[INFO] running `Command { std: "docker" "inspect" "8ffafb5d036a77101b8523186d5adc35b92948aad4009d12042bba0fe7ae8ea2", kill_on_drop: false }`
[INFO] running `Command { std: "docker" "rm" "-f" "8ffafb5d036a77101b8523186d5adc35b92948aad4009d12042bba0fe7ae8ea2", kill_on_drop: false }`
[INFO] [stdout] 8ffafb5d036a77101b8523186d5adc35b92948aad4009d12042bba0fe7ae8ea2
[INFO] running `Command { std: "docker" "create" "-v" "/var/lib/crater-agent-workspace/builds/worker-7-tc1/target:/opt/rustwide/target:rw,Z" "-v" "/var/lib/crater-agent-workspace/builds/worker-7-tc1/source:/opt/rustwide/workdir:ro,Z" "-v" "/var/lib/crater-agent-workspace/cargo-home:/opt/rustwide/cargo-home:ro,Z" "-v" "/var/lib/crater-agent-workspace/rustup-home:/opt/rustwide/rustup-home:ro,Z" "-e" "SOURCE_DIR=/opt/rustwide/workdir" "-e" "CARGO_TARGET_DIR=/opt/rustwide/target" "-e" "CARGO_INCREMENTAL=0" "-e" "RUST_BACKTRACE=full" "-e" "RUSTFLAGS=--cap-lints=warn" "-e" "RUSTDOCFLAGS=--cap-lints=warn" "-e" "CARGO_HOME=/opt/rustwide/cargo-home" "-e" "RUSTUP_HOME=/opt/rustwide/rustup-home" "-w" "/opt/rustwide/workdir" "-m" "1610612736" "--user" "0:0" "--network" "none" "ghcr.io/rust-lang/crates-build-env/linux@sha256:2788e3201cd34a07e3172128adcd8b3090168a8e3bcc40d7c032b9dda1df7d1c" "/opt/rustwide/cargo-home/bin/cargo" "+1.75.0" "test" "--frozen", kill_on_drop: false }`
[INFO] [stdout] d31b3ec39c2dc8b8b8f2475877685057dc47106e132bf3ccb1f41cd635807a1b
[INFO] running `Command { std: "docker" "start" "-a" "d31b3ec39c2dc8b8b8f2475877685057dc47106e132bf3ccb1f41cd635807a1b", kill_on_drop: false }`
[INFO] [stderr] warning: unused import: `super::Inst`
[INFO] [stderr]   --> src/instruction.rs:60:9
[INFO] [stderr]    |
[INFO] [stderr] 60 |     use super::Inst;
[INFO] [stderr]    |         ^^^^^^^^^^^
[INFO] [stderr]    |
[INFO] [stderr]    = note: `#[warn(unused_imports)]` on by default
[INFO] [stderr] 
[INFO] [stderr] warning: type `parseError` should have an upper camel case name
[INFO] [stderr]  --> src/parse.rs:5:10
[INFO] [stderr]   |
[INFO] [stderr] 5 | pub enum parseError {
[INFO] [stderr]   |          ^^^^^^^^^^ help: convert the identifier to upper camel case: `ParseError`
[INFO] [stderr]   |
[INFO] [stderr]   = note: `#[warn(non_camel_case_types)]` on by default
[INFO] [stderr] 
[INFO] [stderr] warning: unused variable: `value`
[INFO] [stderr]   --> src/parse.rs:79:13
[INFO] [stderr]    |
[INFO] [stderr] 79 |         let value: i64;
[INFO] [stderr]    |             ^^^^^ help: if this is intentional, prefix it with an underscore: `_value`
[INFO] [stderr]    |
[INFO] [stderr]    = note: `#[warn(unused_variables)]` on by default
[INFO] [stderr] 
[INFO] [stderr] warning: unused variable: `inst`
[INFO] [stderr]    --> src/parse.rs:137:13
[INFO] [stderr]     |
[INFO] [stderr] 137 |         let inst = stringToInstruction("\t xorq  %rax , %rax \t".to_string());
[INFO] [stderr]     |             ^^^^ help: if this is intentional, prefix it with an underscore: `_inst`
[INFO] [stderr] 
[INFO] [stderr] warning: variants `cmovge` and `jne` are never constructed
[INFO] [stderr]   --> src/instruction.rs:10:36
[INFO] [stderr]    |
[INFO] [stderr] 6  | pub enum Inst {
[INFO] [stderr]    |          ---- variants in this enum
[INFO] [stderr] ...
[INFO] [stderr] 10 |     cmove   = 0x23, cmovne = 0x24, cmovge = 0x25, cmovg = 0x26,
[INFO] [stderr]    |                                    ^^^^^^
[INFO] [stderr] ...
[INFO] [stderr] 16 |     je      = 0x73, jne = 0x74, jge = 0x75, jg = 0x76,
[INFO] [stderr]    |                     ^^^
[INFO] [stderr]    |
[INFO] [stderr]    = note: `Inst` has derived impls for the traits `Clone` and `Debug`, but these are intentionally ignored during dead code analysis
[INFO] [stderr]    = note: `#[warn(dead_code)]` on by default
[INFO] [stderr] 
[INFO] [stderr] warning: variants `InvalidRRMOVQ` and `InvalidMRMOVQ` are never constructed
[INFO] [stderr]   --> src/parse.rs:9:5
[INFO] [stderr]    |
[INFO] [stderr] 5  | pub enum parseError {
[INFO] [stderr]    |          ---------- variants in this enum
[INFO] [stderr] ...
[INFO] [stderr] 9  |     InvalidRRMOVQ,
[INFO] [stderr]    |     ^^^^^^^^^^^^^
[INFO] [stderr] 10 |     InvalidMRMOVQ,
[INFO] [stderr]    |     ^^^^^^^^^^^^^
[INFO] [stderr]    |
[INFO] [stderr]    = note: `parseError` has a derived impl for the trait `Debug`, but this is intentionally ignored during dead code analysis
[INFO] [stderr] 
[INFO] [stderr] warning: `Y86-Compiler` (bin "Y86-Compiler" test) generated 6 warnings (run `cargo fix --bin "Y86-Compiler" --tests` to apply 3 suggestions)
[INFO] [stderr]     Finished test [unoptimized + debuginfo] target(s) in 0.02s
[INFO] [stderr]      Running unittests src/main.rs (/opt/rustwide/target/debug/deps/Y86_Compiler-d47bb84a2abe82e4)
[INFO] [stdout] 
[INFO] [stdout] running 3 tests
[INFO] [stdout] test parse::test::spaceBefore ... ok
[INFO] [stdout] test parse::test::jmp ... FAILED
[INFO] [stdout] test parse::test::halt ... FAILED
[INFO] [stdout] 
[INFO] [stdout] failures:
[INFO] [stdout] 
[INFO] [stdout] ---- parse::test::jmp stdout ----
[INFO] [stdout] thread 'parse::test::jmp' panicked at src/parse.rs:153:25:
[INFO] [stdout] called `Result::unwrap()` on an `Err` value: InvalidInstruction
[INFO] [stdout] stack backtrace:
[INFO] [stdout]    0:     0x5614f47b801c - std::backtrace_rs::backtrace::libunwind::trace::ha637c64ce894333a
[INFO] [stdout]                                at /rustc/82e1608dfa6e0b5569232559e3d385fea5a93112/library/std/src/../../backtrace/src/backtrace/libunwind.rs:104:5
[INFO] [stdout]    1:     0x5614f47b801c - std::backtrace_rs::backtrace::trace_unsynchronized::h47f62dea28e0c88d
[INFO] [stdout]                                at /rustc/82e1608dfa6e0b5569232559e3d385fea5a93112/library/std/src/../../backtrace/src/backtrace/mod.rs:66:5
[INFO] [stdout]    2:     0x5614f47b801c - std::sys_common::backtrace::_print_fmt::h9eef0abe20ede486
[INFO] [stdout]                                at /rustc/82e1608dfa6e0b5569232559e3d385fea5a93112/library/std/src/sys_common/backtrace.rs:67:5
[INFO] [stdout]    3:     0x5614f47b801c - <std::sys_common::backtrace::_print::DisplayBacktrace as core::fmt::Display>::fmt::hed7f999df88cc644
[INFO] [stdout]                                at /rustc/82e1608dfa6e0b5569232559e3d385fea5a93112/library/std/src/sys_common/backtrace.rs:44:22
[INFO] [stdout]    4:     0x5614f47e1b60 - core::fmt::rt::Argument::fmt::h1539a9308b8d058d
[INFO] [stdout]                                at /rustc/82e1608dfa6e0b5569232559e3d385fea5a93112/library/core/src/fmt/rt.rs:142:9
[INFO] [stdout]    5:     0x5614f47e1b60 - core::fmt::write::h3a39390d8560d9c9
[INFO] [stdout]                                at /rustc/82e1608dfa6e0b5569232559e3d385fea5a93112/library/core/src/fmt/mod.rs:1120:17
[INFO] [stdout]    6:     0x5614f47b59cf - std::io::Write::write_fmt::h040b369f3a0f9cbc
[INFO] [stdout]                                at /rustc/82e1608dfa6e0b5569232559e3d385fea5a93112/library/std/src/io/mod.rs:1762:15
[INFO] [stdout]    7:     0x5614f47b7e04 - std::sys_common::backtrace::_print::h894006fb5c6f3d45
[INFO] [stdout]                                at /rustc/82e1608dfa6e0b5569232559e3d385fea5a93112/library/std/src/sys_common/backtrace.rs:47:5
[INFO] [stdout]    8:     0x5614f47b7e04 - std::sys_common::backtrace::print::h23a2d212c6fff936
[INFO] [stdout]                                at /rustc/82e1608dfa6e0b5569232559e3d385fea5a93112/library/std/src/sys_common/backtrace.rs:34:9
[INFO] [stdout]    9:     0x5614f47b9ac7 - std::panicking::default_hook::{{closure}}::h8a1d2ee00185001a
[INFO] [stdout]   10:     0x5614f47b97b3 - std::panicking::default_hook::h6038f2eba384e475
[INFO] [stdout]                                at /rustc/82e1608dfa6e0b5569232559e3d385fea5a93112/library/std/src/panicking.rs:289:9
[INFO] [stdout]   11:     0x5614f478a1c7 - <alloc::boxed::Box<F,A> as core::ops::function::Fn<Args>>::call::h0ad024c9bdc6d768
[INFO] [stdout]                                at /rustc/82e1608dfa6e0b5569232559e3d385fea5a93112/library/alloc/src/boxed.rs:2021:9
[INFO] [stdout]   12:     0x5614f478a1c7 - test::test_main::{{closure}}::h7500b54257359db6
[INFO] [stdout]                                at /rustc/82e1608dfa6e0b5569232559e3d385fea5a93112/library/test/src/lib.rs:138:21
[INFO] [stdout]   13:     0x5614f47ba0d8 - <alloc::boxed::Box<F,A> as core::ops::function::Fn<Args>>::call::h1f8f335eaa9cfaee
[INFO] [stdout]                                at /rustc/82e1608dfa6e0b5569232559e3d385fea5a93112/library/alloc/src/boxed.rs:2021:9
[INFO] [stdout]   14:     0x5614f47ba0d8 - std::panicking::rust_panic_with_hook::h2b5517d590cab22e
[INFO] [stdout]                                at /rustc/82e1608dfa6e0b5569232559e3d385fea5a93112/library/std/src/panicking.rs:783:13
[INFO] [stdout]   15:     0x5614f47b9e2e - std::panicking::begin_panic_handler::{{closure}}::h233112c06e0ef43e
[INFO] [stdout]                                at /rustc/82e1608dfa6e0b5569232559e3d385fea5a93112/library/std/src/panicking.rs:657:13
[INFO] [stdout]   16:     0x5614f47b84e6 - std::sys_common::backtrace::__rust_end_short_backtrace::h6e893f24d7ebbff8
[INFO] [stdout]                                at /rustc/82e1608dfa6e0b5569232559e3d385fea5a93112/library/std/src/sys_common/backtrace.rs:170:18
[INFO] [stdout]   17:     0x5614f47b9b92 - rust_begin_unwind
[INFO] [stdout]                                at /rustc/82e1608dfa6e0b5569232559e3d385fea5a93112/library/std/src/panicking.rs:645:5
[INFO] [stdout]   18:     0x5614f4739cf5 - core::panicking::panic_fmt::hbf0e066aabfa482c
[INFO] [stdout]                                at /rustc/82e1608dfa6e0b5569232559e3d385fea5a93112/library/core/src/panicking.rs:72:14
[INFO] [stdout]   19:     0x5614f473a193 - core::result::unwrap_failed::hddb4fea594200c52
[INFO] [stdout]                                at /rustc/82e1608dfa6e0b5569232559e3d385fea5a93112/library/core/src/result.rs:1653:5
[INFO] [stdout]   20:     0x5614f474dfae - core::result::Result<T,E>::unwrap::h224b0289b0184b7c
[INFO] [stdout]                                at /rustc/82e1608dfa6e0b5569232559e3d385fea5a93112/library/core/src/result.rs:1077:23
[INFO] [stdout]   21:     0x5614f474bb52 - Y86_Compiler::parse::test::jmp::h6092bc5c2ccec5e3
[INFO] [stdout]                                at /opt/rustwide/workdir/src/parse.rs:153:20
[INFO] [stdout]   22:     0x5614f474baf7 - Y86_Compiler::parse::test::jmp::{{closure}}::h6f2c653e1e6fb151
[INFO] [stdout]                                at /opt/rustwide/workdir/src/parse.rs:151:13
[INFO] [stdout]   23:     0x5614f4742916 - core::ops::function::FnOnce::call_once::h06fc18bb1171a887
[INFO] [stdout]                                at /rustc/82e1608dfa6e0b5569232559e3d385fea5a93112/library/core/src/ops/function.rs:250:5
[INFO] [stdout]   24:     0x5614f478f81f - core::ops::function::FnOnce::call_once::h2b5d431d5046312d
[INFO] [stdout]                                at /rustc/82e1608dfa6e0b5569232559e3d385fea5a93112/library/core/src/ops/function.rs:250:5
[INFO] [stdout]   25:     0x5614f478f81f - test::__rust_begin_short_backtrace::h7714669af176e207
[INFO] [stdout]                                at /rustc/82e1608dfa6e0b5569232559e3d385fea5a93112/library/test/src/lib.rs:628:18
[INFO] [stdout]   26:     0x5614f478e835 - test::run_test_in_process::{{closure}}::h85218797dcbcec12
[INFO] [stdout]                                at /rustc/82e1608dfa6e0b5569232559e3d385fea5a93112/library/test/src/lib.rs:651:60
[INFO] [stdout]   27:     0x5614f478e835 - <core::panic::unwind_safe::AssertUnwindSafe<F> as core::ops::function::FnOnce<()>>::call_once::h76c106ea31c14d7b
[INFO] [stdout]                                at /rustc/82e1608dfa6e0b5569232559e3d385fea5a93112/library/core/src/panic/unwind_safe.rs:272:9
[INFO] [stdout]   28:     0x5614f478e835 - std::panicking::try::do_call::h3bd5d0f6620ee946
[INFO] [stdout]                                at /rustc/82e1608dfa6e0b5569232559e3d385fea5a93112/library/std/src/panicking.rs:552:40
[INFO] [stdout]   29:     0x5614f478e835 - std::panicking::try::h232e535e4744fe31
[INFO] [stdout]                                at /rustc/82e1608dfa6e0b5569232559e3d385fea5a93112/library/std/src/panicking.rs:516:19
[INFO] [stdout]   30:     0x5614f478e835 - std::panic::catch_unwind::h3ce3bd6ca8dbac68
[INFO] [stdout]                                at /rustc/82e1608dfa6e0b5569232559e3d385fea5a93112/library/std/src/panic.rs:142:14
[INFO] [stdout]   31:     0x5614f478e835 - test::run_test_in_process::hc97b257c9621286a
[INFO] [stdout]                                at /rustc/82e1608dfa6e0b5569232559e3d385fea5a93112/library/test/src/lib.rs:651:27
[INFO] [stdout]   32:     0x5614f478e835 - test::run_test::{{closure}}::h2aa798823a438d38
[INFO] [stdout]                                at /rustc/82e1608dfa6e0b5569232559e3d385fea5a93112/library/test/src/lib.rs:574:43
[INFO] [stdout]   33:     0x5614f4756af6 - test::run_test::{{closure}}::h87d231c78fb59832
[INFO] [stdout]                                at /rustc/82e1608dfa6e0b5569232559e3d385fea5a93112/library/test/src/lib.rs:602:41
[INFO] [stdout]   34:     0x5614f4756af6 - std::sys_common::backtrace::__rust_begin_short_backtrace::he6df152596625789
[INFO] [stdout]                                at /rustc/82e1608dfa6e0b5569232559e3d385fea5a93112/library/std/src/sys_common/backtrace.rs:154:18
[INFO] [stdout]   35:     0x5614f475bba7 - std::thread::Builder::spawn_unchecked_::{{closure}}::{{closure}}::ha94be15d1e0acf36
[INFO] [stdout]                                at /rustc/82e1608dfa6e0b5569232559e3d385fea5a93112/library/std/src/thread/mod.rs:529:17
[INFO] [stdout]   36:     0x5614f475bba7 - <core::panic::unwind_safe::AssertUnwindSafe<F> as core::ops::function::FnOnce<()>>::call_once::h9dc6bd6372f16606
[INFO] [stdout]                                at /rustc/82e1608dfa6e0b5569232559e3d385fea5a93112/library/core/src/panic/unwind_safe.rs:272:9
[INFO] [stdout]   37:     0x5614f475bba7 - std::panicking::try::do_call::h9057517f80303cd4
[INFO] [stdout]                                at /rustc/82e1608dfa6e0b5569232559e3d385fea5a93112/library/std/src/panicking.rs:552:40
[INFO] [stdout]   38:     0x5614f475bba7 - std::panicking::try::he3a30b11ee45340c
[INFO] [stdout]                                at /rustc/82e1608dfa6e0b5569232559e3d385fea5a93112/library/std/src/panicking.rs:516:19
[INFO] [stdout]   39:     0x5614f475bba7 - std::panic::catch_unwind::h410458cfd3528b8b
[INFO] [stdout]                                at /rustc/82e1608dfa6e0b5569232559e3d385fea5a93112/library/std/src/panic.rs:142:14
[INFO] [stdout]   40:     0x5614f475bba7 - std::thread::Builder::spawn_unchecked_::{{closure}}::h72ac3bdb567b737b
[INFO] [stdout]                                at /rustc/82e1608dfa6e0b5569232559e3d385fea5a93112/library/std/src/thread/mod.rs:528:30
[INFO] [stdout]   41:     0x5614f475bba7 - core::ops::function::FnOnce::call_once{{vtable.shim}}::h38f34da3654a8344
[INFO] [stdout]                                at /rustc/82e1608dfa6e0b5569232559e3d385fea5a93112/library/core/src/ops/function.rs:250:5
[INFO] [stdout]   42:     0x5614f47beb65 - <alloc::boxed::Box<F,A> as core::ops::function::FnOnce<Args>>::call_once::hc7eafaff61e32df9
[INFO] [stdout]                                at /rustc/82e1608dfa6e0b5569232559e3d385fea5a93112/library/alloc/src/boxed.rs:2007:9
[INFO] [stdout]   43:     0x5614f47beb65 - <alloc::boxed::Box<F,A> as core::ops::function::FnOnce<Args>>::call_once::h6ba4a5de48dd2304
[INFO] [stdout]                                at /rustc/82e1608dfa6e0b5569232559e3d385fea5a93112/library/alloc/src/boxed.rs:2007:9
[INFO] [stdout]   44:     0x5614f47beb65 - std::sys::unix::thread::Thread::new::thread_start::he469335aef763e45
[INFO] [stdout]                                at /rustc/82e1608dfa6e0b5569232559e3d385fea5a93112/library/std/src/sys/unix/thread.rs:108:17
[INFO] [stdout]   45:     0x7f0e5d2e4ac3 - <unknown>
[INFO] [stdout]   46:     0x7f0e5d375bf4 - __clone
[INFO] [stdout]   47:                0x0 - <unknown>
[INFO] [stdout] 
[INFO] [stdout] ---- parse::test::halt stdout ----
[INFO] [stdout] thread 'parse::test::halt' panicked at src/parse.rs:147:9:
[INFO] [stdout] assertion `left == right` failed
[INFO] [stdout]   left: Err(InvalidInstruction)
[INFO] [stdout]  right: Err(InvalidDestination)
[INFO] [stdout] stack backtrace:
[INFO] [stdout]    0:     0x5614f47b801c - std::backtrace_rs::backtrace::libunwind::trace::ha637c64ce894333a
[INFO] [stdout]                                at /rustc/82e1608dfa6e0b5569232559e3d385fea5a93112/library/std/src/../../backtrace/src/backtrace/libunwind.rs:104:5
[INFO] [stdout]    1:     0x5614f47b801c - std::backtrace_rs::backtrace::trace_unsynchronized::h47f62dea28e0c88d
[INFO] [stdout]                                at /rustc/82e1608dfa6e0b5569232559e3d385fea5a93112/library/std/src/../../backtrace/src/backtrace/mod.rs:66:5
[INFO] [stdout]    2:     0x5614f47b801c - std::sys_common::backtrace::_print_fmt::h9eef0abe20ede486
[INFO] [stdout]                                at /rustc/82e1608dfa6e0b5569232559e3d385fea5a93112/library/std/src/sys_common/backtrace.rs:67:5
[INFO] [stdout]    3:     0x5614f47b801c - <std::sys_common::backtrace::_print::DisplayBacktrace as core::fmt::Display>::fmt::hed7f999df88cc644
[INFO] [stdout]                                at /rustc/82e1608dfa6e0b5569232559e3d385fea5a93112/library/std/src/sys_common/backtrace.rs:44:22
[INFO] [stdout]    4:     0x5614f47e1b60 - core::fmt::rt::Argument::fmt::h1539a9308b8d058d
[INFO] [stdout]                                at /rustc/82e1608dfa6e0b5569232559e3d385fea5a93112/library/core/src/fmt/rt.rs:142:9
[INFO] [stdout]    5:     0x5614f47e1b60 - core::fmt::write::h3a39390d8560d9c9
[INFO] [stdout]                                at /rustc/82e1608dfa6e0b5569232559e3d385fea5a93112/library/core/src/fmt/mod.rs:1120:17
[INFO] [stdout]    6:     0x5614f47b59cf - std::io::Write::write_fmt::h040b369f3a0f9cbc
[INFO] [stdout]                                at /rustc/82e1608dfa6e0b5569232559e3d385fea5a93112/library/std/src/io/mod.rs:1762:15
[INFO] [stdout]    7:     0x5614f47b7e04 - std::sys_common::backtrace::_print::h894006fb5c6f3d45
[INFO] [stdout]                                at /rustc/82e1608dfa6e0b5569232559e3d385fea5a93112/library/std/src/sys_common/backtrace.rs:47:5
[INFO] [stdout]    8:     0x5614f47b7e04 - std::sys_common::backtrace::print::h23a2d212c6fff936
[INFO] [stdout]                                at /rustc/82e1608dfa6e0b5569232559e3d385fea5a93112/library/std/src/sys_common/backtrace.rs:34:9
[INFO] [stdout]    9:     0x5614f47b9ac7 - std::panicking::default_hook::{{closure}}::h8a1d2ee00185001a
[INFO] [stdout]   10:     0x5614f47b97b3 - std::panicking::default_hook::h6038f2eba384e475
[INFO] [stdout]                                at /rustc/82e1608dfa6e0b5569232559e3d385fea5a93112/library/std/src/panicking.rs:289:9
[INFO] [stdout]   11:     0x5614f478a1c7 - <alloc::boxed::Box<F,A> as core::ops::function::Fn<Args>>::call::h0ad024c9bdc6d768
[INFO] [stdout]                                at /rustc/82e1608dfa6e0b5569232559e3d385fea5a93112/library/alloc/src/boxed.rs:2021:9
[INFO] [stdout]   12:     0x5614f478a1c7 - test::test_main::{{closure}}::h7500b54257359db6
[INFO] [stdout]                                at /rustc/82e1608dfa6e0b5569232559e3d385fea5a93112/library/test/src/lib.rs:138:21
[INFO] [stdout]   13:     0x5614f47ba0d8 - <alloc::boxed::Box<F,A> as core::ops::function::Fn<Args>>::call::h1f8f335eaa9cfaee
[INFO] [stdout]                                at /rustc/82e1608dfa6e0b5569232559e3d385fea5a93112/library/alloc/src/boxed.rs:2021:9
[INFO] [stdout]   14:     0x5614f47ba0d8 - std::panicking::rust_panic_with_hook::h2b5517d590cab22e
[INFO] [stdout]                                at /rustc/82e1608dfa6e0b5569232559e3d385fea5a93112/library/std/src/panicking.rs:783:13
[INFO] [stdout]   15:     0x5614f47b9e2e - std::panicking::begin_panic_handler::{{closure}}::h233112c06e0ef43e
[INFO] [stdout]                                at /rustc/82e1608dfa6e0b5569232559e3d385fea5a93112/library/std/src/panicking.rs:657:13
[INFO] [stdout]   16:     0x5614f47b84e6 - std::sys_common::backtrace::__rust_end_short_backtrace::h6e893f24d7ebbff8
[INFO] [stdout]                                at /rustc/82e1608dfa6e0b5569232559e3d385fea5a93112/library/std/src/sys_common/backtrace.rs:170:18
[INFO] [stdout]   17:     0x5614f47b9b92 - rust_begin_unwind
[INFO] [stdout]                                at /rustc/82e1608dfa6e0b5569232559e3d385fea5a93112/library/std/src/panicking.rs:645:5
[INFO] [stdout]   18:     0x5614f4739cf5 - core::panicking::panic_fmt::hbf0e066aabfa482c
[INFO] [stdout]                                at /rustc/82e1608dfa6e0b5569232559e3d385fea5a93112/library/core/src/panicking.rs:72:14
[INFO] [stdout]   19:     0x5614f473a01b - core::panicking::assert_failed_inner::h0bba8b7c26ee4492
[INFO] [stdout]   20:     0x5614f4744d7e - core::panicking::assert_failed::h1b7a1587deba30e5
[INFO] [stdout]                                at /rustc/82e1608dfa6e0b5569232559e3d385fea5a93112/library/core/src/panicking.rs:279:5
[INFO] [stdout]   21:     0x5614f474bad1 - Y86_Compiler::parse::test::halt::hbbc301efaabe12cb
[INFO] [stdout]                                at /opt/rustwide/workdir/src/parse.rs:147:9
[INFO] [stdout]   22:     0x5614f474b8f7 - Y86_Compiler::parse::test::halt::{{closure}}::h7c27e063be2e7835
[INFO] [stdout]                                at /opt/rustwide/workdir/src/parse.rs:142:14
[INFO] [stdout]   23:     0x5614f47429b6 - core::ops::function::FnOnce::call_once::h282f6edd889456c6
[INFO] [stdout]                                at /rustc/82e1608dfa6e0b5569232559e3d385fea5a93112/library/core/src/ops/function.rs:250:5
[INFO] [stdout]   24:     0x5614f478f81f - core::ops::function::FnOnce::call_once::h2b5d431d5046312d
[INFO] [stdout]                                at /rustc/82e1608dfa6e0b5569232559e3d385fea5a93112/library/core/src/ops/function.rs:250:5
[INFO] [stdout]   25:     0x5614f478f81f - test::__rust_begin_short_backtrace::h7714669af176e207
[INFO] [stdout]                                at /rustc/82e1608dfa6e0b5569232559e3d385fea5a93112/library/test/src/lib.rs:628:18
[INFO] [stdout]   26:     0x5614f478e835 - test::run_test_in_process::{{closure}}::h85218797dcbcec12
[INFO] [stdout]                                at /rustc/82e1608dfa6e0b5569232559e3d385fea5a93112/library/test/src/lib.rs:651:60
[INFO] [stdout]   27:     0x5614f478e835 - <core::panic::unwind_safe::AssertUnwindSafe<F> as core::ops::function::FnOnce<()>>::call_once::h76c106ea31c14d7b
[INFO] [stdout]                                at /rustc/82e1608dfa6e0b5569232559e3d385fea5a93112/library/core/src/panic/unwind_safe.rs:272:9
[INFO] [stdout]   28:     0x5614f478e835 - std::panicking::try::do_call::h3bd5d0f6620ee946
[INFO] [stdout]                                at /rustc/82e1608dfa6e0b5569232559e3d385fea5a93112/library/std/src/panicking.rs:552:40
[INFO] [stdout]   29:     0x5614f478e835 - std::panicking::try::h232e535e4744fe31
[INFO] [stdout]                                at /rustc/82e1608dfa6e0b5569232559e3d385fea5a93112/library/std/src/panicking.rs:516:19
[INFO] [stdout]   30:     0x5614f478e835 - std::panic::catch_unwind::h3ce3bd6ca8dbac68
[INFO] [stdout]                                at /rustc/82e1608dfa6e0b5569232559e3d385fea5a93112/library/std/src/panic.rs:142:14
[INFO] [stdout]   31:     0x5614f478e835 - test::run_test_in_process::hc97b257c9621286a
[INFO] [stdout]                                at /rustc/82e1608dfa6e0b5569232559e3d385fea5a93112/library/test/src/lib.rs:651:27
[INFO] [stdout]   32:     0x5614f478e835 - test::run_test::{{closure}}::h2aa798823a438d38
[INFO] [stdout]                                at /rustc/82e1608dfa6e0b5569232559e3d385fea5a93112/library/test/src/lib.rs:574:43
[INFO] [stdout]   33:     0x5614f4756af6 - test::run_test::{{closure}}::h87d231c78fb59832
[INFO] [stdout]                                at /rustc/82e1608dfa6e0b5569232559e3d385fea5a93112/library/test/src/lib.rs:602:41
[INFO] [stdout]   34:     0x5614f4756af6 - std::sys_common::backtrace::__rust_begin_short_backtrace::he6df152596625789
[INFO] [stdout]                                at /rustc/82e1608dfa6e0b5569232559e3d385fea5a93112/library/std/src/sys_common/backtrace.rs:154:18
[INFO] [stdout]   35:     0x5614f475bba7 - std::thread::Builder::spawn_unchecked_::{{closure}}::{{closure}}::ha94be15d1e0acf36
[INFO] [stdout]                                at /rustc/82e1608dfa6e0b5569232559e3d385fea5a93112/library/std/src/thread/mod.rs:529:17
[INFO] [stdout]   36:     0x5614f475bba7 - <core::panic::unwind_safe::AssertUnwindSafe<F> as core::ops::function::FnOnce<()>>::call_once::h9dc6bd6372f16606
[INFO] [stdout]                                at /rustc/82e1608dfa6e0b5569232559e3d385fea5a93112/library/core/src/panic/unwind_safe.rs:272:9
[INFO] [stdout]   37:     0x5614f475bba7 - std::panicking::try::do_call::h9057517f80303cd4
[INFO] [stdout]                                at /rustc/82e1608dfa6e0b5569232559e3d385fea5a93112/library/std/src/panicking.rs:552:40
[INFO] [stdout]   38:     0x5614f475bba7 - std::panicking::try::he3a30b11ee45340c
[INFO] [stdout]                                at /rustc/82e1608dfa6e0b5569232559e3d385fea5a93112/library/std/src/panicking.rs:516:19
[INFO] [stdout]   39:     0x5614f475bba7 - std::panic::catch_unwind::h410458cfd3528b8b
[INFO] [stdout]                                at /rustc/82e1608dfa6e0b5569232559e3d385fea5a93112/library/std/src/panic.rs:142:14
[INFO] [stdout]   40:     0x5614f475bba7 - std::thread::Builder::spawn_unchecked_::{{closure}}::h72ac3bdb567b737b
[INFO] [stdout]                                at /rustc/82e1608dfa6e0b5569232559e3d385fea5a93112/library/std/src/thread/mod.rs:528:30
[INFO] [stdout]   41:     0x5614f475bba7 - core::ops::function::FnOnce::call_once{{vtable.shim}}::h38f34da3654a8344
[INFO] [stdout]                                at /rustc/82e1608dfa6e0b5569232559e3d385fea5a93112/library/core/src/ops/function.rs:250:5
[INFO] [stdout]   42:     0x5614f47beb65 - <alloc::boxed::Box<F,A> as core::ops::function::FnOnce<Args>>::call_once::hc7eafaff61e32df9
[INFO] [stdout]                                at /rustc/82e1608dfa6e0b5569232559e3d385fea5a93112/library/alloc/src/boxed.rs:2007:9
[INFO] [stdout]   43:     0x5614f47beb65 - <alloc::boxed::Box<F,A> as core::ops::function::FnOnce<Args>>::call_once::h6ba4a5de48dd2304
[INFO] [stdout]                                at /rustc/82e1608dfa6e0b5569232559e3d385fea5a93112/library/alloc/src/boxed.rs:2007:9
[INFO] [stdout]   44:     0x5614f47beb65 - std::sys::unix::thread::Thread::new::thread_start::he469335aef763e45
[INFO] [stdout]                                at /rustc/82e1608dfa6e0b5569232559e3d385fea5a93112/library/std/src/sys/unix/thread.rs:108:17
[INFO] [stdout]   45:     0x7f0e5d2e4ac3 - <unknown>
[INFO] [stdout]   46:     0x7f0e5d375bf4 - __clone
[INFO] [stdout]   47:                0x0 - <unknown>
[INFO] [stdout] 
[INFO] [stdout] 
[INFO] [stdout] failures:
[INFO] [stdout]     parse::test::halt
[INFO] [stdout]     parse::test::jmp
[INFO] [stdout] 
[INFO] [stdout] test result: FAILED. 1 passed; 2 failed; 0 ignored; 0 measured; 0 filtered out; finished in 0.03s
[INFO] [stdout] 
[INFO] [stderr] error: test failed, to rerun pass `--bin Y86-Compiler`
[INFO] running `Command { std: "docker" "inspect" "d31b3ec39c2dc8b8b8f2475877685057dc47106e132bf3ccb1f41cd635807a1b", kill_on_drop: false }`
[INFO] running `Command { std: "docker" "rm" "-f" "d31b3ec39c2dc8b8b8f2475877685057dc47106e132bf3ccb1f41cd635807a1b", kill_on_drop: false }`
[INFO] [stdout] d31b3ec39c2dc8b8b8f2475877685057dc47106e132bf3ccb1f41cd635807a1b
[INFO] testing Tengs-Penkwe/Y86-Assembler against beta-2023-12-22 for beta-1.76-1
[INFO] running `Command { std: "git" "clone" "/workspace/cache/git-repos/https%3A%2F%2Fgithub.com%2FTengs-Penkwe%2FY86-Assembler" "/workspace/builds/worker-7-tc2/source", kill_on_drop: false }`
[INFO] [stderr] Cloning into '/workspace/builds/worker-7-tc2/source'...
[INFO] [stderr] done.
[INFO] validating manifest of git repo https://github.com/Tengs-Penkwe/Y86-Assembler on toolchain beta-2023-12-22
[INFO] running `Command { std: CARGO_HOME="/workspace/cargo-home" RUSTUP_HOME="/workspace/rustup-home" "/workspace/cargo-home/bin/cargo" "+beta-2023-12-22" "metadata" "--manifest-path" "Cargo.toml" "--no-deps", kill_on_drop: false }`
[INFO] started tweaking git repo https://github.com/Tengs-Penkwe/Y86-Assembler
[INFO] finished tweaking git repo https://github.com/Tengs-Penkwe/Y86-Assembler
[INFO] tweaked toml for git repo https://github.com/Tengs-Penkwe/Y86-Assembler written to /workspace/builds/worker-7-tc2/source/Cargo.toml
[INFO] crate git repo https://github.com/Tengs-Penkwe/Y86-Assembler already has a lockfile, it will not be regenerated
[INFO] running `Command { std: CARGO_HOME="/workspace/cargo-home" RUSTUP_HOME="/workspace/rustup-home" "/workspace/cargo-home/bin/cargo" "+beta-2023-12-22" "fetch" "--manifest-path" "Cargo.toml", kill_on_drop: false }`
[INFO] running `Command { std: "docker" "create" "-v" "/var/lib/crater-agent-workspace/builds/worker-7-tc2/target:/opt/rustwide/target:rw,Z" "-v" "/var/lib/crater-agent-workspace/builds/worker-7-tc2/source:/opt/rustwide/workdir:ro,Z" "-v" "/var/lib/crater-agent-workspace/cargo-home:/opt/rustwide/cargo-home:ro,Z" "-v" "/var/lib/crater-agent-workspace/rustup-home:/opt/rustwide/rustup-home:ro,Z" "-e" "SOURCE_DIR=/opt/rustwide/workdir" "-e" "CARGO_TARGET_DIR=/opt/rustwide/target" "-e" "CARGO_HOME=/opt/rustwide/cargo-home" "-e" "RUSTUP_HOME=/opt/rustwide/rustup-home" "-w" "/opt/rustwide/workdir" "-m" "1610612736" "--user" "0:0" "--network" "none" "ghcr.io/rust-lang/crates-build-env/linux@sha256:2788e3201cd34a07e3172128adcd8b3090168a8e3bcc40d7c032b9dda1df7d1c" "/opt/rustwide/cargo-home/bin/cargo" "+beta-2023-12-22" "metadata" "--no-deps" "--format-version=1", kill_on_drop: false }`
[INFO] [stdout] 8e2d6f90f086704cbd847953564244af2b9ea3c7fd6ac1686540a6aee48987c7
[INFO] running `Command { std: "docker" "start" "-a" "8e2d6f90f086704cbd847953564244af2b9ea3c7fd6ac1686540a6aee48987c7", kill_on_drop: false }`
[INFO] running `Command { std: "docker" "inspect" "8e2d6f90f086704cbd847953564244af2b9ea3c7fd6ac1686540a6aee48987c7", kill_on_drop: false }`
[INFO] running `Command { std: "docker" "rm" "-f" "8e2d6f90f086704cbd847953564244af2b9ea3c7fd6ac1686540a6aee48987c7", kill_on_drop: false }`
[INFO] [stdout] 8e2d6f90f086704cbd847953564244af2b9ea3c7fd6ac1686540a6aee48987c7
[INFO] running `Command { std: "docker" "create" "-v" "/var/lib/crater-agent-workspace/builds/worker-7-tc2/target:/opt/rustwide/target:rw,Z" "-v" "/var/lib/crater-agent-workspace/builds/worker-7-tc2/source:/opt/rustwide/workdir:ro,Z" "-v" "/var/lib/crater-agent-workspace/cargo-home:/opt/rustwide/cargo-home:ro,Z" "-v" "/var/lib/crater-agent-workspace/rustup-home:/opt/rustwide/rustup-home:ro,Z" "-e" "SOURCE_DIR=/opt/rustwide/workdir" "-e" "CARGO_TARGET_DIR=/opt/rustwide/target" "-e" "CARGO_INCREMENTAL=0" "-e" "RUST_BACKTRACE=full" "-e" "RUSTFLAGS=--cap-lints=warn" "-e" "RUSTDOCFLAGS=--cap-lints=warn" "-e" "CARGO_HOME=/opt/rustwide/cargo-home" "-e" "RUSTUP_HOME=/opt/rustwide/rustup-home" "-w" "/opt/rustwide/workdir" "-m" "1610612736" "--user" "0:0" "--network" "none" "ghcr.io/rust-lang/crates-build-env/linux@sha256:2788e3201cd34a07e3172128adcd8b3090168a8e3bcc40d7c032b9dda1df7d1c" "/opt/rustwide/cargo-home/bin/cargo" "+beta-2023-12-22" "build" "--frozen" "--message-format=json", kill_on_drop: false }`
[INFO] [stdout] 87633ac77875d966e66b8288be6df6b19440daf4a6ada6f98fb5f9ea54f1d72b
[INFO] running `Command { std: "docker" "start" "-a" "87633ac77875d966e66b8288be6df6b19440daf4a6ada6f98fb5f9ea54f1d72b", kill_on_drop: false }`
[INFO] [stderr]    Compiling proc-macro2 v1.0.51
[INFO] [stderr]    Compiling unicode-ident v1.0.6
[INFO] [stderr]    Compiling quote v1.0.23
[INFO] [stderr]    Compiling syn v1.0.107
[INFO] [stderr]    Compiling log v0.4.17
[INFO] [stderr]    Compiling cfg-if v1.0.0
[INFO] [stderr]    Compiling plain v0.2.3
[INFO] [stderr]    Compiling scroll_derive v0.11.0
[INFO] [stderr]    Compiling scroll v0.11.0
[INFO] [stderr]    Compiling goblin v0.6.0
[INFO] [stderr]    Compiling Y86-Compiler v0.1.0 (/opt/rustwide/workdir)
[INFO] [stdout] warning: type `parseError` should have an upper camel case name
[INFO] [stdout]  --> src/parse.rs:5:10
[INFO] [stdout]   |
[INFO] [stdout] 5 | pub enum parseError {
[INFO] [stdout]   |          ^^^^^^^^^^ help: convert the identifier to upper camel case: `ParseError`
[INFO] [stdout]   |
[INFO] [stdout]   = note: `#[warn(non_camel_case_types)]` on by default
[INFO] [stdout] 
[INFO] [stdout] 
[INFO] [stdout] warning: unused variable: `value`
[INFO] [stdout]   --> src/parse.rs:79:13
[INFO] [stdout]    |
[INFO] [stdout] 79 |         let value: i64;
[INFO] [stdout]    |             ^^^^^ help: if this is intentional, prefix it with an underscore: `_value`
[INFO] [stdout]    |
[INFO] [stdout]    = note: `#[warn(unused_variables)]` on by default
[INFO] [stdout] 
[INFO] [stdout] 
[INFO] [stdout] warning: multiple variants are never constructed
[INFO] [stdout]   --> src/instruction.rs:7:5
[INFO] [stdout]    |
[INFO] [stdout] 6  | pub enum Inst {
[INFO] [stdout]    |          ---- variants in this enum
[INFO] [stdout] 7  |     halt    = 0x0,
[INFO] [stdout]    |     ^^^^
[INFO] [stdout] 8  |     nop     = 0x10,
[INFO] [stdout]    |     ^^^
[INFO] [stdout] 9  |     rrmovq  = 0x20, cmovle = 0x21, cmovl = 0x22, 
[INFO] [stdout]    |     ^^^^^^          ^^^^^^         ^^^^^
[INFO] [stdout] 10 |     cmove   = 0x23, cmovne = 0x24, cmovge = 0x25, cmovg = 0x26,
[INFO] [stdout]    |     ^^^^^           ^^^^^^         ^^^^^^         ^^^^^
[INFO] [stdout] 11 |     irmovq  = 0x30,
[INFO] [stdout]    |     ^^^^^^
[INFO] [stdout] 12 |     rmmovq  = 0x40,
[INFO] [stdout]    |     ^^^^^^
[INFO] [stdout] 13 |     mrmovq  = 0x50,
[INFO] [stdout]    |     ^^^^^^
[INFO] [stdout] 14 |     addq    = 0x60, subq = 0x61, andq = 0x62, xorq = 0x63,
[INFO] [stdout]    |     ^^^^            ^^^^         ^^^^         ^^^^
[INFO] [stdout] 15 |     jmp     = 0x70, jle = 0x71, jl = 0x72,
[INFO] [stdout]    |     ^^^             ^^^         ^^
[INFO] [stdout] 16 |     je      = 0x73, jne = 0x74, jge = 0x75, jg = 0x76,
[INFO] [stdout]    |     ^^              ^^^         ^^^         ^^
[INFO] [stdout] 17 |     call    = 0x80,
[INFO] [stdout]    |     ^^^^
[INFO] [stdout] 18 |     ret     = 0x90,
[INFO] [stdout]    |     ^^^
[INFO] [stdout] 19 |     pushq   = 0xa0,
[INFO] [stdout]    |     ^^^^^
[INFO] [stdout] 20 |     popq    = 0xb0,
[INFO] [stdout]    |     ^^^^
[INFO] [stdout]    |
[INFO] [stdout]    = note: `Inst` has derived impls for the traits `Clone` and `Debug`, but these are intentionally ignored during dead code analysis
[INFO] [stdout]    = note: `#[warn(dead_code)]` on by default
[INFO] [stdout] 
[INFO] [stdout] 
[INFO] [stdout] warning: multiple variants are never constructed
[INFO] [stdout]   --> src/instruction.rs:26:5
[INFO] [stdout]    |
[INFO] [stdout] 25 | pub enum Reg {
[INFO] [stdout]    |          --- variants in this enum
[INFO] [stdout] 26 |     rax = 0,
[INFO] [stdout]    |     ^^^
[INFO] [stdout] 27 |     rcx, rdx, rbx,
[INFO] [stdout]    |     ^^^  ^^^  ^^^
[INFO] [stdout] 28 |     rsp, rbp,
[INFO] [stdout]    |     ^^^  ^^^
[INFO] [stdout] 29 |     rsi, rdi,
[INFO] [stdout]    |     ^^^  ^^^
[INFO] [stdout] 30 |     r8, r9, r10, r11, r12, r13, r14,
[INFO] [stdout]    |     ^^  ^^  ^^^  ^^^  ^^^  ^^^  ^^^
[INFO] [stdout] 31 |     rIllegal = 0xF,
[INFO] [stdout]    |     ^^^^^^^^
[INFO] [stdout]    |
[INFO] [stdout]    = note: `Reg` has derived impls for the traits `Clone` and `Debug`, but these are intentionally ignored during dead code analysis
[INFO] [stdout] 
[INFO] [stdout] 
[INFO] [stdout] warning: associated function `new` is never used
[INFO] [stdout]   --> src/instruction.rs:43:12
[INFO] [stdout]    |
[INFO] [stdout] 42 | impl Instruction {
[INFO] [stdout]    | ---------------- associated function in this implementation
[INFO] [stdout] 43 |     pub fn new(
[INFO] [stdout]    |            ^^^
[INFO] [stdout] 
[INFO] [stdout] 
[INFO] [stdout] warning: variants `InvalidInstruction`, `InvalidDestination`, `InvalidRegister`, `InvalidRRMOVQ`, and `InvalidMRMOVQ` are never constructed
[INFO] [stdout]   --> src/parse.rs:6:5
[INFO] [stdout]    |
[INFO] [stdout] 5  | pub enum parseError {
[INFO] [stdout]    |          ---------- variants in this enum
[INFO] [stdout] 6  |     InvalidInstruction,
[INFO] [stdout]    |     ^^^^^^^^^^^^^^^^^^
[INFO] [stdout] 7  |     InvalidDestination,
[INFO] [stdout]    |     ^^^^^^^^^^^^^^^^^^
[INFO] [stdout] 8  |     InvalidRegister,
[INFO] [stdout]    |     ^^^^^^^^^^^^^^^
[INFO] [stdout] 9  |     InvalidRRMOVQ,
[INFO] [stdout]    |     ^^^^^^^^^^^^^
[INFO] [stdout] 10 |     InvalidMRMOVQ,
[INFO] [stdout]    |     ^^^^^^^^^^^^^
[INFO] [stdout]    |
[INFO] [stdout]    = note: `parseError` has a derived impl for the trait `Debug`, but this is intentionally ignored during dead code analysis
[INFO] [stdout] 
[INFO] [stdout] 
[INFO] [stdout] warning: function `stringToInstruction` is never used
[INFO] [stdout]   --> src/parse.rs:13:8
[INFO] [stdout]    |
[INFO] [stdout] 13 | pub fn stringToInstruction (inst: String) -> Result<Instruction, parseError> {
[INFO] [stdout]    |        ^^^^^^^^^^^^^^^^^^^
[INFO] [stdout] 
[INFO] [stdout] 
[INFO] [stdout] warning: 7 warnings emitted
[INFO] [stdout] 
[INFO] [stdout] 
[INFO] [stderr]     Finished dev [unoptimized + debuginfo] target(s) in 6.35s
[INFO] running `Command { std: "docker" "inspect" "87633ac77875d966e66b8288be6df6b19440daf4a6ada6f98fb5f9ea54f1d72b", kill_on_drop: false }`
[INFO] running `Command { std: "docker" "rm" "-f" "87633ac77875d966e66b8288be6df6b19440daf4a6ada6f98fb5f9ea54f1d72b", kill_on_drop: false }`
[INFO] [stdout] 87633ac77875d966e66b8288be6df6b19440daf4a6ada6f98fb5f9ea54f1d72b
[INFO] running `Command { std: "docker" "create" "-v" "/var/lib/crater-agent-workspace/builds/worker-7-tc2/target:/opt/rustwide/target:rw,Z" "-v" "/var/lib/crater-agent-workspace/builds/worker-7-tc2/source:/opt/rustwide/workdir:ro,Z" "-v" "/var/lib/crater-agent-workspace/cargo-home:/opt/rustwide/cargo-home:ro,Z" "-v" "/var/lib/crater-agent-workspace/rustup-home:/opt/rustwide/rustup-home:ro,Z" "-e" "SOURCE_DIR=/opt/rustwide/workdir" "-e" "CARGO_TARGET_DIR=/opt/rustwide/target" "-e" "CARGO_INCREMENTAL=0" "-e" "RUST_BACKTRACE=full" "-e" "RUSTFLAGS=--cap-lints=warn" "-e" "RUSTDOCFLAGS=--cap-lints=warn" "-e" "CARGO_HOME=/opt/rustwide/cargo-home" "-e" "RUSTUP_HOME=/opt/rustwide/rustup-home" "-w" "/opt/rustwide/workdir" "-m" "1610612736" "--user" "0:0" "--network" "none" "ghcr.io/rust-lang/crates-build-env/linux@sha256:2788e3201cd34a07e3172128adcd8b3090168a8e3bcc40d7c032b9dda1df7d1c" "/opt/rustwide/cargo-home/bin/cargo" "+beta-2023-12-22" "test" "--frozen" "--no-run" "--message-format=json", kill_on_drop: false }`
[INFO] [stdout] 4a54407c1a771e3a27854aff4fb0cd9e0d7969466a4cfbd18888bc8dce91f0ca
[INFO] running `Command { std: "docker" "start" "-a" "4a54407c1a771e3a27854aff4fb0cd9e0d7969466a4cfbd18888bc8dce91f0ca", kill_on_drop: false }`
[INFO] [stderr]    Compiling Y86-Compiler v0.1.0 (/opt/rustwide/workdir)
[INFO] [stdout] warning: unused import: `super::Inst`
[INFO] [stdout]   --> src/instruction.rs:60:9
[INFO] [stdout]    |
[INFO] [stdout] 60 |     use super::Inst;
[INFO] [stdout]    |         ^^^^^^^^^^^
[INFO] [stdout]    |
[INFO] [stdout]    = note: `#[warn(unused_imports)]` on by default
[INFO] [stdout] 
[INFO] [stdout] 
[INFO] [stdout] warning: type `parseError` should have an upper camel case name
[INFO] [stdout]  --> src/parse.rs:5:10
[INFO] [stdout]   |
[INFO] [stdout] 5 | pub enum parseError {
[INFO] [stdout]   |          ^^^^^^^^^^ help: convert the identifier to upper camel case: `ParseError`
[INFO] [stdout]   |
[INFO] [stdout]   = note: `#[warn(non_camel_case_types)]` on by default
[INFO] [stdout] 
[INFO] [stdout] 
[INFO] [stdout] warning: unused variable: `value`
[INFO] [stdout]   --> src/parse.rs:79:13
[INFO] [stdout]    |
[INFO] [stdout] 79 |         let value: i64;
[INFO] [stdout]    |             ^^^^^ help: if this is intentional, prefix it with an underscore: `_value`
[INFO] [stdout]    |
[INFO] [stdout]    = note: `#[warn(unused_variables)]` on by default
[INFO] [stdout] 
[INFO] [stdout] 
[INFO] [stdout] warning: unused variable: `inst`
[INFO] [stdout]    --> src/parse.rs:137:13
[INFO] [stdout]     |
[INFO] [stdout] 137 |         let inst = stringToInstruction("\t xorq  %rax , %rax \t".to_string());
[INFO] [stdout]     |             ^^^^ help: if this is intentional, prefix it with an underscore: `_inst`
[INFO] [stdout] 
[INFO] [stdout] 
[INFO] [stdout] warning: variants `cmovge` and `jne` are never constructed
[INFO] [stdout]   --> src/instruction.rs:10:36
[INFO] [stdout]    |
[INFO] [stdout] 6  | pub enum Inst {
[INFO] [stdout]    |          ---- variants in this enum
[INFO] [stdout] ...
[INFO] [stdout] 10 |     cmove   = 0x23, cmovne = 0x24, cmovge = 0x25, cmovg = 0x26,
[INFO] [stdout]    |                                    ^^^^^^
[INFO] [stdout] ...
[INFO] [stdout] 16 |     je      = 0x73, jne = 0x74, jge = 0x75, jg = 0x76,
[INFO] [stdout]    |                     ^^^
[INFO] [stdout]    |
[INFO] [stdout]    = note: `Inst` has derived impls for the traits `Clone` and `Debug`, but these are intentionally ignored during dead code analysis
[INFO] [stdout]    = note: `#[warn(dead_code)]` on by default
[INFO] [stdout] 
[INFO] [stdout] 
[INFO] [stdout] warning: variants `InvalidRRMOVQ` and `InvalidMRMOVQ` are never constructed
[INFO] [stdout]   --> src/parse.rs:9:5
[INFO] [stdout]    |
[INFO] [stdout] 5  | pub enum parseError {
[INFO] [stdout]    |          ---------- variants in this enum
[INFO] [stdout] ...
[INFO] [stdout] 9  |     InvalidRRMOVQ,
[INFO] [stdout]    |     ^^^^^^^^^^^^^
[INFO] [stdout] 10 |     InvalidMRMOVQ,
[INFO] [stdout]    |     ^^^^^^^^^^^^^
[INFO] [stdout]    |
[INFO] [stdout]    = note: `parseError` has a derived impl for the trait `Debug`, but this is intentionally ignored during dead code analysis
[INFO] [stdout] 
[INFO] [stdout] 
[INFO] [stdout] warning: 6 warnings emitted
[INFO] [stdout] 
[INFO] [stdout] 
[INFO] [stderr]     Finished test [unoptimized + debuginfo] target(s) in 0.39s
[INFO] running `Command { std: "docker" "inspect" "4a54407c1a771e3a27854aff4fb0cd9e0d7969466a4cfbd18888bc8dce91f0ca", kill_on_drop: false }`
[INFO] running `Command { std: "docker" "rm" "-f" "4a54407c1a771e3a27854aff4fb0cd9e0d7969466a4cfbd18888bc8dce91f0ca", kill_on_drop: false }`
[INFO] [stdout] 4a54407c1a771e3a27854aff4fb0cd9e0d7969466a4cfbd18888bc8dce91f0ca
[INFO] running `Command { std: "docker" "create" "-v" "/var/lib/crater-agent-workspace/builds/worker-7-tc2/target:/opt/rustwide/target:rw,Z" "-v" "/var/lib/crater-agent-workspace/builds/worker-7-tc2/source:/opt/rustwide/workdir:ro,Z" "-v" "/var/lib/crater-agent-workspace/cargo-home:/opt/rustwide/cargo-home:ro,Z" "-v" "/var/lib/crater-agent-workspace/rustup-home:/opt/rustwide/rustup-home:ro,Z" "-e" "SOURCE_DIR=/opt/rustwide/workdir" "-e" "CARGO_TARGET_DIR=/opt/rustwide/target" "-e" "CARGO_INCREMENTAL=0" "-e" "RUST_BACKTRACE=full" "-e" "RUSTFLAGS=--cap-lints=warn" "-e" "RUSTDOCFLAGS=--cap-lints=warn" "-e" "CARGO_HOME=/opt/rustwide/cargo-home" "-e" "RUSTUP_HOME=/opt/rustwide/rustup-home" "-w" "/opt/rustwide/workdir" "-m" "1610612736" "--user" "0:0" "--network" "none" "ghcr.io/rust-lang/crates-build-env/linux@sha256:2788e3201cd34a07e3172128adcd8b3090168a8e3bcc40d7c032b9dda1df7d1c" "/opt/rustwide/cargo-home/bin/cargo" "+beta-2023-12-22" "test" "--frozen", kill_on_drop: false }`
[INFO] [stdout] 643a41e2506fb6672452d30291f0ce056646613ef760016e4d78f819761921e8
[INFO] running `Command { std: "docker" "start" "-a" "643a41e2506fb6672452d30291f0ce056646613ef760016e4d78f819761921e8", kill_on_drop: false }`
[INFO] [stderr] warning: unused import: `super::Inst`
[INFO] [stderr]   --> src/instruction.rs:60:9
[INFO] [stderr]    |
[INFO] [stderr] 60 |     use super::Inst;
[INFO] [stderr]    |         ^^^^^^^^^^^
[INFO] [stderr]    |
[INFO] [stderr]    = note: `#[warn(unused_imports)]` on by default
[INFO] [stderr] 
[INFO] [stderr] warning: type `parseError` should have an upper camel case name
[INFO] [stderr]  --> src/parse.rs:5:10
[INFO] [stderr]   |
[INFO] [stderr] 5 | pub enum parseError {
[INFO] [stderr]   |          ^^^^^^^^^^ help: convert the identifier to upper camel case: `ParseError`
[INFO] [stderr]   |
[INFO] [stderr]   = note: `#[warn(non_camel_case_types)]` on by default
[INFO] [stderr] 
[INFO] [stderr] warning: unused variable: `value`
[INFO] [stderr]   --> src/parse.rs:79:13
[INFO] [stderr]    |
[INFO] [stderr] 79 |         let value: i64;
[INFO] [stderr]    |             ^^^^^ help: if this is intentional, prefix it with an underscore: `_value`
[INFO] [stderr]    |
[INFO] [stderr]    = note: `#[warn(unused_variables)]` on by default
[INFO] [stderr] 
[INFO] [stderr] warning: unused variable: `inst`
[INFO] [stderr]    --> src/parse.rs:137:13
[INFO] [stderr]     |
[INFO] [stderr] 137 |         let inst = stringToInstruction("\t xorq  %rax , %rax \t".to_string());
[INFO] [stderr]     |             ^^^^ help: if this is intentional, prefix it with an underscore: `_inst`
[INFO] [stderr] 
[INFO] [stderr] warning: variants `cmovge` and `jne` are never constructed
[INFO] [stderr]   --> src/instruction.rs:10:36
[INFO] [stderr]    |
[INFO] [stderr] 6  | pub enum Inst {
[INFO] [stderr]    |          ---- variants in this enum
[INFO] [stderr] ...
[INFO] [stderr] 10 |     cmove   = 0x23, cmovne = 0x24, cmovge = 0x25, cmovg = 0x26,
[INFO] [stderr]    |                                    ^^^^^^
[INFO] [stderr] ...
[INFO] [stderr] 16 |     je      = 0x73, jne = 0x74, jge = 0x75, jg = 0x76,
[INFO] [stderr]    |                     ^^^
[INFO] [stderr]    |
[INFO] [stderr]    = note: `Inst` has derived impls for the traits `Clone` and `Debug`, but these are intentionally ignored during dead code analysis
[INFO] [stderr]    = note: `#[warn(dead_code)]` on by default
[INFO] [stderr] 
[INFO] [stderr] warning: variants `InvalidRRMOVQ` and `InvalidMRMOVQ` are never constructed
[INFO] [stderr]   --> src/parse.rs:9:5
[INFO] [stderr]    |
[INFO] [stderr] 5  | pub enum parseError {
[INFO] [stderr]    |          ---------- variants in this enum
[INFO] [stderr] ...
[INFO] [stderr] 9  |     InvalidRRMOVQ,
[INFO] [stderr]    |     ^^^^^^^^^^^^^
[INFO] [stderr] 10 |     InvalidMRMOVQ,
[INFO] [stderr]    |     ^^^^^^^^^^^^^
[INFO] [stderr]    |
[INFO] [stderr]    = note: `parseError` has a derived impl for the trait `Debug`, but this is intentionally ignored during dead code analysis
[INFO] [stderr] 
[INFO] [stderr] warning: `Y86-Compiler` (bin "Y86-Compiler" test) generated 6 warnings (run `cargo fix --bin "Y86-Compiler" --tests` to apply 3 suggestions)
[INFO] [stderr]     Finished test [unoptimized + debuginfo] target(s) in 0.01s
[INFO] [stderr]      Running unittests src/main.rs (/opt/rustwide/target/debug/deps/Y86_Compiler-7dbdac3ca89b7038)
[INFO] [stdout] 
[INFO] [stdout] running 3 tests
[INFO] [stdout] test parse::test::spaceBefore ... ok
[INFO] [stdout] test parse::test::halt ... FAILED
[INFO] [stdout] test parse::test::jmp ... FAILED
[INFO] [stdout] 
[INFO] [stdout] failures:
[INFO] [stdout] 
[INFO] [stdout] ---- parse::test::halt stdout ----
[INFO] [stdout] thread 'parse::test::halt' panicked at src/parse.rs:147:9:
[INFO] [stdout] assertion `left == right` failed
[INFO] [stdout]   left: Err(InvalidInstruction)
[INFO] [stdout]  right: Err(InvalidDestination)
[INFO] [stdout] stack backtrace:
[INFO] [stdout]    0:     0x55669e28fb06 - std::backtrace_rs::backtrace::libunwind::trace::h261606ad26a499c1
[INFO] [stdout]                                at /rustc/0e09125c6c3c2fd70d7de961bcf0e51575235fad/library/std/src/../../backtrace/src/backtrace/libunwind.rs:104:5
[INFO] [stdout]    1:     0x55669e28fb06 - std::backtrace_rs::backtrace::trace_unsynchronized::hd183f0625477fb28
[INFO] [stdout]                                at /rustc/0e09125c6c3c2fd70d7de961bcf0e51575235fad/library/std/src/../../backtrace/src/backtrace/mod.rs:66:5
[INFO] [stdout]    2:     0x55669e28fb06 - std::sys_common::backtrace::_print_fmt::hd7f8fef21b4eda67
[INFO] [stdout]                                at /rustc/0e09125c6c3c2fd70d7de961bcf0e51575235fad/library/std/src/sys_common/backtrace.rs:68:5
[INFO] [stdout]    3:     0x55669e28fb06 - <std::sys_common::backtrace::_print::DisplayBacktrace as core::fmt::Display>::fmt::h623d9b51f2f453f1
[INFO] [stdout]                                at /rustc/0e09125c6c3c2fd70d7de961bcf0e51575235fad/library/std/src/sys_common/backtrace.rs:44:22
[INFO] [stdout]    4:     0x55669e2b8950 - core::fmt::rt::Argument::fmt::h9f417ac76a86f368
[INFO] [stdout]                                at /rustc/0e09125c6c3c2fd70d7de961bcf0e51575235fad/library/core/src/fmt/rt.rs:142:9
[INFO] [stdout]    5:     0x55669e2b8950 - core::fmt::write::hc9b6faf4ac2aeff7
[INFO] [stdout]                                at /rustc/0e09125c6c3c2fd70d7de961bcf0e51575235fad/library/core/src/fmt/mod.rs:1120:17
[INFO] [stdout]    6:     0x55669e28d56f - std::io::Write::write_fmt::he04625a3a989fec3
[INFO] [stdout]                                at /rustc/0e09125c6c3c2fd70d7de961bcf0e51575235fad/library/std/src/io/mod.rs:1810:15
[INFO] [stdout]    7:     0x55669e28f8e4 - std::sys_common::backtrace::_print::hd5d66399c7df88a2
[INFO] [stdout]                                at /rustc/0e09125c6c3c2fd70d7de961bcf0e51575235fad/library/std/src/sys_common/backtrace.rs:47:5
[INFO] [stdout]    8:     0x55669e28f8e4 - std::sys_common::backtrace::print::he81ed2da642d37e5
[INFO] [stdout]                                at /rustc/0e09125c6c3c2fd70d7de961bcf0e51575235fad/library/std/src/sys_common/backtrace.rs:34:9
[INFO] [stdout]    9:     0x55669e291657 - std::panicking::default_hook::{{closure}}::h85773f4fa117163d
[INFO] [stdout]   10:     0x55669e29133d - std::panicking::default_hook::h6a1694a91d09b278
[INFO] [stdout]                                at /rustc/0e09125c6c3c2fd70d7de961bcf0e51575235fad/library/std/src/panicking.rs:289:9
[INFO] [stdout]   11:     0x55669e261517 - <alloc::boxed::Box<F,A> as core::ops::function::Fn<Args>>::call::h616ac37fa3cd6c8f
[INFO] [stdout]                                at /rustc/0e09125c6c3c2fd70d7de961bcf0e51575235fad/library/alloc/src/boxed.rs:2029:9
[INFO] [stdout]   12:     0x55669e261517 - test::test_main::{{closure}}::h00d84697cefdcbb6
[INFO] [stdout]                                at /rustc/0e09125c6c3c2fd70d7de961bcf0e51575235fad/library/test/src/lib.rs:138:21
[INFO] [stdout]   13:     0x55669e291c76 - <alloc::boxed::Box<F,A> as core::ops::function::Fn<Args>>::call::hcb3fe3b9bb537ba8
[INFO] [stdout]                                at /rustc/0e09125c6c3c2fd70d7de961bcf0e51575235fad/library/alloc/src/boxed.rs:2029:9
[INFO] [stdout]   14:     0x55669e291c76 - std::panicking::rust_panic_with_hook::h0a7ad96e90f7145b
[INFO] [stdout]                                at /rustc/0e09125c6c3c2fd70d7de961bcf0e51575235fad/library/std/src/panicking.rs:783:13
[INFO] [stdout]   15:     0x55669e2919c2 - std::panicking::begin_panic_handler::{{closure}}::h7919090525c6485e
[INFO] [stdout]                                at /rustc/0e09125c6c3c2fd70d7de961bcf0e51575235fad/library/std/src/panicking.rs:657:13
[INFO] [stdout]   16:     0x55669e290006 - std::sys_common::backtrace::__rust_end_short_backtrace::hf3289479464f7dfe
[INFO] [stdout]                                at /rustc/0e09125c6c3c2fd70d7de961bcf0e51575235fad/library/std/src/sys_common/backtrace.rs:171:18
[INFO] [stdout]   17:     0x55669e291720 - rust_begin_unwind
[INFO] [stdout]                                at /rustc/0e09125c6c3c2fd70d7de961bcf0e51575235fad/library/std/src/panicking.rs:645:5
[INFO] [stdout]   18:     0x55669e20fcd5 - core::panicking::panic_fmt::hcc9f77c5c132af55
[INFO] [stdout]                                at /rustc/0e09125c6c3c2fd70d7de961bcf0e51575235fad/library/core/src/panicking.rs:72:14
[INFO] [stdout]   19:     0x55669e21001b - core::panicking::assert_failed_inner::h9f13e27dd63c3a08
[INFO] [stdout]                                at /rustc/0e09125c6c3c2fd70d7de961bcf0e51575235fad/library/core/src/panicking.rs:342:17
[INFO] [stdout]   20:     0x55669e218b5e - core::panicking::assert_failed::h46bad0551428c0dc
[INFO] [stdout]                                at /rustc/0e09125c6c3c2fd70d7de961bcf0e51575235fad/library/core/src/panicking.rs:297:5
[INFO] [stdout]   21:     0x55669e22a4cf - Y86_Compiler::parse::test::halt::h6d1adefae31d3b7b
[INFO] [stdout]                                at /opt/rustwide/workdir/src/parse.rs:147:9
[INFO] [stdout]   22:     0x55669e22a2f7 - Y86_Compiler::parse::test::halt::{{closure}}::hc887c3d42817691e
[INFO] [stdout]                                at /opt/rustwide/workdir/src/parse.rs:142:14
[INFO] [stdout]   23:     0x55669e21dad6 - core::ops::function::FnOnce::call_once::h98c41621c270bb11
[INFO] [stdout]                                at /rustc/0e09125c6c3c2fd70d7de961bcf0e51575235fad/library/core/src/ops/function.rs:250:5
[INFO] [stdout]   24:     0x55669e266def - core::ops::function::FnOnce::call_once::hd64d26f405258157
[INFO] [stdout]                                at /rustc/0e09125c6c3c2fd70d7de961bcf0e51575235fad/library/core/src/ops/function.rs:250:5
[INFO] [stdout]   25:     0x55669e266def - test::__rust_begin_short_backtrace::he21b0b7a6d731bf9
[INFO] [stdout]                                at /rustc/0e09125c6c3c2fd70d7de961bcf0e51575235fad/library/test/src/lib.rs:627:18
[INFO] [stdout]   26:     0x55669e265b71 - test::run_test_in_process::{{closure}}::hf5c73986d7bdfde2
[INFO] [stdout]                                at /rustc/0e09125c6c3c2fd70d7de961bcf0e51575235fad/library/test/src/lib.rs:650:60
[INFO] [stdout]   27:     0x55669e265b71 - <core::panic::unwind_safe::AssertUnwindSafe<F> as core::ops::function::FnOnce<()>>::call_once::h330011ad032aadc0
[INFO] [stdout]                                at /rustc/0e09125c6c3c2fd70d7de961bcf0e51575235fad/library/core/src/panic/unwind_safe.rs:272:9
[INFO] [stdout]   28:     0x55669e265b71 - std::panicking::try::do_call::he61b0a958b795a41
[INFO] [stdout]                                at /rustc/0e09125c6c3c2fd70d7de961bcf0e51575235fad/library/std/src/panicking.rs:552:40
[INFO] [stdout]   29:     0x55669e265b71 - std::panicking::try::h7309da130f906eb7
[INFO] [stdout]                                at /rustc/0e09125c6c3c2fd70d7de961bcf0e51575235fad/library/std/src/panicking.rs:516:19
[INFO] [stdout]   30:     0x55669e265b71 - std::panic::catch_unwind::hc5c3a06fdaf0a92a
[INFO] [stdout]                                at /rustc/0e09125c6c3c2fd70d7de961bcf0e51575235fad/library/std/src/panic.rs:142:14
[INFO] [stdout]   31:     0x55669e265b71 - test::run_test_in_process::h7e7b7c71c3324e0f
[INFO] [stdout]                                at /rustc/0e09125c6c3c2fd70d7de961bcf0e51575235fad/library/test/src/lib.rs:650:27
[INFO] [stdout]   32:     0x55669e265b71 - test::run_test::{{closure}}::h1f509f28f5cf20b1
[INFO] [stdout]                                at /rustc/0e09125c6c3c2fd70d7de961bcf0e51575235fad/library/test/src/lib.rs:573:43
[INFO] [stdout]   33:     0x55669e22cea6 - test::run_test::{{closure}}::h1754218abf443f6d
[INFO] [stdout]                                at /rustc/0e09125c6c3c2fd70d7de961bcf0e51575235fad/library/test/src/lib.rs:601:41
[INFO] [stdout]   34:     0x55669e22cea6 - std::sys_common::backtrace::__rust_begin_short_backtrace::h2ee174b9d5954948
[INFO] [stdout]                                at /rustc/0e09125c6c3c2fd70d7de961bcf0e51575235fad/library/std/src/sys_common/backtrace.rs:155:18
[INFO] [stdout]   35:     0x55669e231f07 - std::thread::Builder::spawn_unchecked_::{{closure}}::{{closure}}::hf60bee9c1a17ef09
[INFO] [stdout]                                at /rustc/0e09125c6c3c2fd70d7de961bcf0e51575235fad/library/std/src/thread/mod.rs:529:17
[INFO] [stdout]   36:     0x55669e231f07 - <core::panic::unwind_safe::AssertUnwindSafe<F> as core::ops::function::FnOnce<()>>::call_once::h33d0dddec5216160
[INFO] [stdout]                                at /rustc/0e09125c6c3c2fd70d7de961bcf0e51575235fad/library/core/src/panic/unwind_safe.rs:272:9
[INFO] [stdout]   37:     0x55669e231f07 - std::panicking::try::do_call::h144b3048b546f835
[INFO] [stdout]                                at /rustc/0e09125c6c3c2fd70d7de961bcf0e51575235fad/library/std/src/panicking.rs:552:40
[INFO] [stdout]   38:     0x55669e231f07 - std::panicking::try::h978244d04646189f
[INFO] [stdout]                                at /rustc/0e09125c6c3c2fd70d7de961bcf0e51575235fad/library/std/src/panicking.rs:516:19
[INFO] [stdout]   39:     0x55669e231f07 - std::panic::catch_unwind::hdf436369d188fe86
[INFO] [stdout]                                at /rustc/0e09125c6c3c2fd70d7de961bcf0e51575235fad/library/std/src/panic.rs:142:14
[INFO] [stdout]   40:     0x55669e231f07 - std::thread::Builder::spawn_unchecked_::{{closure}}::h87329cbdd33c79ec
[INFO] [stdout]                                at /rustc/0e09125c6c3c2fd70d7de961bcf0e51575235fad/library/std/src/thread/mod.rs:528:30
[INFO] [stdout]   41:     0x55669e231f07 - core::ops::function::FnOnce::call_once{{vtable.shim}}::h401abbe67897d450
[INFO] [stdout]                                at /rustc/0e09125c6c3c2fd70d7de961bcf0e51575235fad/library/core/src/ops/function.rs:250:5
[INFO] [stdout]   42:     0x55669e296725 - <alloc::boxed::Box<F,A> as core::ops::function::FnOnce<Args>>::call_once::h5d7c8f150ab9c84c
[INFO] [stdout]                                at /rustc/0e09125c6c3c2fd70d7de961bcf0e51575235fad/library/alloc/src/boxed.rs:2015:9
[INFO] [stdout]   43:     0x55669e296725 - <alloc::boxed::Box<F,A> as core::ops::function::FnOnce<Args>>::call_once::h570d5b005c242c15
[INFO] [stdout]                                at /rustc/0e09125c6c3c2fd70d7de961bcf0e51575235fad/library/alloc/src/boxed.rs:2015:9
[INFO] [stdout]   44:     0x55669e296725 - std::sys::unix::thread::Thread::new::thread_start::h36b0a20c0b2361ad
[INFO] [stdout]                                at /rustc/0e09125c6c3c2fd70d7de961bcf0e51575235fad/library/std/src/sys/unix/thread.rs:108:17
[INFO] [stdout]   45:     0x7f516b356ac3 - <unknown>
[INFO] [stdout]   46:     0x7f516b3e7bf4 - __clone
[INFO] [stdout]   47:                0x0 - <unknown>
[INFO] [stdout] 
[INFO] [stdout] ---- parse::test::jmp stdout ----
[INFO] [stdout] thread 'parse::test::jmp' panicked at src/parse.rs:153:25:
[INFO] [stdout] called `Result::unwrap()` on an `Err` value: InvalidInstruction
[INFO] [stdout] stack backtrace:
[INFO] [stdout]    0:     0x55669e28fb06 - std::backtrace_rs::backtrace::libunwind::trace::h261606ad26a499c1
[INFO] [stdout]                                at /rustc/0e09125c6c3c2fd70d7de961bcf0e51575235fad/library/std/src/../../backtrace/src/backtrace/libunwind.rs:104:5
[INFO] [stdout]    1:     0x55669e28fb06 - std::backtrace_rs::backtrace::trace_unsynchronized::hd183f0625477fb28
[INFO] [stdout]                                at /rustc/0e09125c6c3c2fd70d7de961bcf0e51575235fad/library/std/src/../../backtrace/src/backtrace/mod.rs:66:5
[INFO] [stdout]    2:     0x55669e28fb06 - std::sys_common::backtrace::_print_fmt::hd7f8fef21b4eda67
[INFO] [stdout]                                at /rustc/0e09125c6c3c2fd70d7de961bcf0e51575235fad/library/std/src/sys_common/backtrace.rs:68:5
[INFO] [stdout]    3:     0x55669e28fb06 - <std::sys_common::backtrace::_print::DisplayBacktrace as core::fmt::Display>::fmt::h623d9b51f2f453f1
[INFO] [stdout]                                at /rustc/0e09125c6c3c2fd70d7de961bcf0e51575235fad/library/std/src/sys_common/backtrace.rs:44:22
[INFO] [stdout]    4:     0x55669e2b8950 - core::fmt::rt::Argument::fmt::h9f417ac76a86f368
[INFO] [stdout]                                at /rustc/0e09125c6c3c2fd70d7de961bcf0e51575235fad/library/core/src/fmt/rt.rs:142:9
[INFO] [stdout]    5:     0x55669e2b8950 - core::fmt::write::hc9b6faf4ac2aeff7
[INFO] [stdout]                                at /rustc/0e09125c6c3c2fd70d7de961bcf0e51575235fad/library/core/src/fmt/mod.rs:1120:17
[INFO] [stdout]    6:     0x55669e28d56f - std::io::Write::write_fmt::he04625a3a989fec3
[INFO] [stdout]                                at /rustc/0e09125c6c3c2fd70d7de961bcf0e51575235fad/library/std/src/io/mod.rs:1810:15
[INFO] [stdout]    7:     0x55669e28f8e4 - std::sys_common::backtrace::_print::hd5d66399c7df88a2
[INFO] [stdout]                                at /rustc/0e09125c6c3c2fd70d7de961bcf0e51575235fad/library/std/src/sys_common/backtrace.rs:47:5
[INFO] [stdout]    8:     0x55669e28f8e4 - std::sys_common::backtrace::print::he81ed2da642d37e5
[INFO] [stdout]                                at /rustc/0e09125c6c3c2fd70d7de961bcf0e51575235fad/library/std/src/sys_common/backtrace.rs:34:9
[INFO] [stdout]    9:     0x55669e291657 - std::panicking::default_hook::{{closure}}::h85773f4fa117163d
[INFO] [stdout]   10:     0x55669e29133d - std::panicking::default_hook::h6a1694a91d09b278
[INFO] [stdout]                                at /rustc/0e09125c6c3c2fd70d7de961bcf0e51575235fad/library/std/src/panicking.rs:289:9
[INFO] [stdout]   11:     0x55669e261517 - <alloc::boxed::Box<F,A> as core::ops::function::Fn<Args>>::call::h616ac37fa3cd6c8f
[INFO] [stdout]                                at /rustc/0e09125c6c3c2fd70d7de961bcf0e51575235fad/library/alloc/src/boxed.rs:2029:9
[INFO] [stdout]   12:     0x55669e261517 - test::test_main::{{closure}}::h00d84697cefdcbb6
[INFO] [stdout]                                at /rustc/0e09125c6c3c2fd70d7de961bcf0e51575235fad/library/test/src/lib.rs:138:21
[INFO] [stdout]   13:     0x55669e291c76 - <alloc::boxed::Box<F,A> as core::ops::function::Fn<Args>>::call::hcb3fe3b9bb537ba8
[INFO] [stdout]                                at /rustc/0e09125c6c3c2fd70d7de961bcf0e51575235fad/library/alloc/src/boxed.rs:2029:9
[INFO] [stdout]   14:     0x55669e291c76 - std::panicking::rust_panic_with_hook::h0a7ad96e90f7145b
[INFO] [stdout]                                at /rustc/0e09125c6c3c2fd70d7de961bcf0e51575235fad/library/std/src/panicking.rs:783:13
[INFO] [stdout]   15:     0x55669e2919c2 - std::panicking::begin_panic_handler::{{closure}}::h7919090525c6485e
[INFO] [stdout]                                at /rustc/0e09125c6c3c2fd70d7de961bcf0e51575235fad/library/std/src/panicking.rs:657:13
[INFO] [stdout]   16:     0x55669e290006 - std::sys_common::backtrace::__rust_end_short_backtrace::hf3289479464f7dfe
[INFO] [stdout]                                at /rustc/0e09125c6c3c2fd70d7de961bcf0e51575235fad/library/std/src/sys_common/backtrace.rs:171:18
[INFO] [stdout]   17:     0x55669e291720 - rust_begin_unwind
[INFO] [stdout]                                at /rustc/0e09125c6c3c2fd70d7de961bcf0e51575235fad/library/std/src/panicking.rs:645:5
[INFO] [stdout]   18:     0x55669e20fcd5 - core::panicking::panic_fmt::hcc9f77c5c132af55
[INFO] [stdout]                                at /rustc/0e09125c6c3c2fd70d7de961bcf0e51575235fad/library/core/src/panicking.rs:72:14
[INFO] [stdout]   19:     0x55669e210183 - core::result::unwrap_failed::hbe14f498be1452f9
[INFO] [stdout]                                at /rustc/0e09125c6c3c2fd70d7de961bcf0e51575235fad/library/core/src/result.rs:1649:5
[INFO] [stdout]   20:     0x55669e2188de - core::result::Result<T,E>::unwrap::hb56f132347024c34
[INFO] [stdout]                                at /rustc/0e09125c6c3c2fd70d7de961bcf0e51575235fad/library/core/src/result.rs:1073:23
[INFO] [stdout]   21:     0x55669e22a552 - Y86_Compiler::parse::test::jmp::hd2bb8172a6f09571
[INFO] [stdout]                                at /opt/rustwide/workdir/src/parse.rs:153:20
[INFO] [stdout]   22:     0x55669e22a4f7 - Y86_Compiler::parse::test::jmp::{{closure}}::h3104f33125570172
[INFO] [stdout]                                at /opt/rustwide/workdir/src/parse.rs:151:13
[INFO] [stdout]   23:     0x55669e21d936 - core::ops::function::FnOnce::call_once::h3c133c9eee9924f1
[INFO] [stdout]                                at /rustc/0e09125c6c3c2fd70d7de961bcf0e51575235fad/library/core/src/ops/function.rs:250:5
[INFO] [stdout]   24:     0x55669e266def - core::ops::function::FnOnce::call_once::hd64d26f405258157
[INFO] [stdout]                                at /rustc/0e09125c6c3c2fd70d7de961bcf0e51575235fad/library/core/src/ops/function.rs:250:5
[INFO] [stdout]   25:     0x55669e266def - test::__rust_begin_short_backtrace::he21b0b7a6d731bf9
[INFO] [stdout]                                at /rustc/0e09125c6c3c2fd70d7de961bcf0e51575235fad/library/test/src/lib.rs:627:18
[INFO] [stdout]   26:     0x55669e265b71 - test::run_test_in_process::{{closure}}::hf5c73986d7bdfde2
[INFO] [stdout]                                at /rustc/0e09125c6c3c2fd70d7de961bcf0e51575235fad/library/test/src/lib.rs:650:60
[INFO] [stdout]   27:     0x55669e265b71 - <core::panic::unwind_safe::AssertUnwindSafe<F> as core::ops::function::FnOnce<()>>::call_once::h330011ad032aadc0
[INFO] [stdout]                                at /rustc/0e09125c6c3c2fd70d7de961bcf0e51575235fad/library/core/src/panic/unwind_safe.rs:272:9
[INFO] [stdout]   28:     0x55669e265b71 - std::panicking::try::do_call::he61b0a958b795a41
[INFO] [stdout]                                at /rustc/0e09125c6c3c2fd70d7de961bcf0e51575235fad/library/std/src/panicking.rs:552:40
[INFO] [stdout]   29:     0x55669e265b71 - std::panicking::try::h7309da130f906eb7
[INFO] [stdout]                                at /rustc/0e09125c6c3c2fd70d7de961bcf0e51575235fad/library/std/src/panicking.rs:516:19
[INFO] [stdout]   30:     0x55669e265b71 - std::panic::catch_unwind::hc5c3a06fdaf0a92a
[INFO] [stdout]                                at /rustc/0e09125c6c3c2fd70d7de961bcf0e51575235fad/library/std/src/panic.rs:142:14
[INFO] [stdout]   31:     0x55669e265b71 - test::run_test_in_process::h7e7b7c71c3324e0f
[INFO] [stdout]                                at /rustc/0e09125c6c3c2fd70d7de961bcf0e51575235fad/library/test/src/lib.rs:650:27
[INFO] [stdout]   32:     0x55669e265b71 - test::run_test::{{closure}}::h1f509f28f5cf20b1
[INFO] [stdout]                                at /rustc/0e09125c6c3c2fd70d7de961bcf0e51575235fad/library/test/src/lib.rs:573:43
[INFO] [stdout]   33:     0x55669e22cea6 - test::run_test::{{closure}}::h1754218abf443f6d
[INFO] [stdout]                                at /rustc/0e09125c6c3c2fd70d7de961bcf0e51575235fad/library/test/src/lib.rs:601:41
[INFO] [stdout]   34:     0x55669e22cea6 - std::sys_common::backtrace::__rust_begin_short_backtrace::h2ee174b9d5954948
[INFO] [stdout]                                at /rustc/0e09125c6c3c2fd70d7de961bcf0e51575235fad/library/std/src/sys_common/backtrace.rs:155:18
[INFO] [stdout]   35:     0x55669e231f07 - std::thread::Builder::spawn_unchecked_::{{closure}}::{{closure}}::hf60bee9c1a17ef09
[INFO] [stdout]                                at /rustc/0e09125c6c3c2fd70d7de961bcf0e51575235fad/library/std/src/thread/mod.rs:529:17
[INFO] [stdout]   36:     0x55669e231f07 - <core::panic::unwind_safe::AssertUnwindSafe<F> as core::ops::function::FnOnce<()>>::call_once::h33d0dddec5216160
[INFO] [stdout]                                at /rustc/0e09125c6c3c2fd70d7de961bcf0e51575235fad/library/core/src/panic/unwind_safe.rs:272:9
[INFO] [stdout]   37:     0x55669e231f07 - std::panicking::try::do_call::h144b3048b546f835
[INFO] [stdout]                                at /rustc/0e09125c6c3c2fd70d7de961bcf0e51575235fad/library/std/src/panicking.rs:552:40
[INFO] [stdout]   38:     0x55669e231f07 - std::panicking::try::h978244d04646189f
[INFO] [stdout]                                at /rustc/0e09125c6c3c2fd70d7de961bcf0e51575235fad/library/std/src/panicking.rs:516:19
[INFO] [stdout]   39:     0x55669e231f07 - std::panic::catch_unwind::hdf436369d188fe86
[INFO] [stdout]                                at /rustc/0e09125c6c3c2fd70d7de961bcf0e51575235fad/library/std/src/panic.rs:142:14
[INFO] [stdout]   40:     0x55669e231f07 - std::thread::Builder::spawn_unchecked_::{{closure}}::h87329cbdd33c79ec
[INFO] [stdout]                                at /rustc/0e09125c6c3c2fd70d7de961bcf0e51575235fad/library/std/src/thread/mod.rs:528:30
[INFO] [stdout]   41:     0x55669e231f07 - core::ops::function::FnOnce::call_once{{vtable.shim}}::h401abbe67897d450
[INFO] [stdout]                                at /rustc/0e09125c6c3c2fd70d7de961bcf0e51575235fad/library/core/src/ops/function.rs:250:5
[INFO] [stdout]   42:     0x55669e296725 - <alloc::boxed::Box<F,A> as core::ops::function::FnOnce<Args>>::call_once::h5d7c8f150ab9c84c
[INFO] [stdout]                                at /rustc/0e09125c6c3c2fd70d7de961bcf0e51575235fad/library/alloc/src/boxed.rs:2015:9
[INFO] [stdout]   43:     0x55669e296725 - <alloc::boxed::Box<F,A> as core::ops::function::FnOnce<Args>>::call_once::h570d5b005c242c15
[INFO] [stdout]                                at /rustc/0e09125c6c3c2fd70d7de961bcf0e51575235fad/library/alloc/src/boxed.rs:2015:9
[INFO] [stdout]   44:     0x55669e296725 - std::sys::unix::thread::Thread::new::thread_start::h36b0a20c0b2361ad
[INFO] [stdout]                                at /rustc/0e09125c6c3c2fd70d7de961bcf0e51575235fad/library/std/src/sys/unix/thread.rs:108:17
[INFO] [stdout]   45:     0x7f516b356ac3 - <unknown>
[INFO] [stdout]   46:     0x7f516b3e7bf4 - __clone
[INFO] [stdout]   47:                0x0 - <unknown>
[INFO] [stdout] 
[INFO] [stdout] 
[INFO] [stdout] failures:
[INFO] [stdout]     parse::test::halt
[INFO] [stdout]     parse::test::jmp
[INFO] [stdout] 
[INFO] [stdout] test result: FAILED. 1 passed; 2 failed; 0 ignored; 0 measured; 0 filtered out; finished in 0.01s
[INFO] [stdout] 
[INFO] [stderr] error: test failed, to rerun pass `--bin Y86-Compiler`
[INFO] running `Command { std: "docker" "inspect" "643a41e2506fb6672452d30291f0ce056646613ef760016e4d78f819761921e8", kill_on_drop: false }`
[INFO] running `Command { std: "docker" "rm" "-f" "643a41e2506fb6672452d30291f0ce056646613ef760016e4d78f819761921e8", kill_on_drop: false }`
[INFO] [stdout] 643a41e2506fb6672452d30291f0ce056646613ef760016e4d78f819761921e8
