[INFO] cloning repository https://github.com/TelenorNorway/tnn
[INFO] running `Command { std: "git" "-c" "credential.helper=" "-c" "credential.helper=/workspace/cargo-home/bin/git-credential-null" "clone" "--bare" "https://github.com/TelenorNorway/tnn" "/workspace/cache/git-repos/https%3A%2F%2Fgithub.com%2FTelenorNorway%2Ftnn", kill_on_drop: false }`
[INFO] [stderr] Cloning into bare repository '/workspace/cache/git-repos/https%3A%2F%2Fgithub.com%2FTelenorNorway%2Ftnn'...
[INFO] running `Command { std: "git" "rev-parse" "HEAD", kill_on_drop: false }`
[INFO] [stdout] c0bfe6dc71a50f2dc0ab126b47a1964b789c5ffc
[INFO] testing TelenorNorway/tnn against 1.75.0 for beta-1.76-1
[INFO] running `Command { std: "git" "clone" "/workspace/cache/git-repos/https%3A%2F%2Fgithub.com%2FTelenorNorway%2Ftnn" "/workspace/builds/worker-0-tc1/source", kill_on_drop: false }`
[INFO] [stderr] Cloning into '/workspace/builds/worker-0-tc1/source'...
[INFO] [stderr] done.
[INFO] validating manifest of git repo https://github.com/TelenorNorway/tnn on toolchain 1.75.0
[INFO] running `Command { std: CARGO_HOME="/workspace/cargo-home" RUSTUP_HOME="/workspace/rustup-home" "/workspace/cargo-home/bin/cargo" "+1.75.0" "metadata" "--manifest-path" "Cargo.toml" "--no-deps", kill_on_drop: false }`
[INFO] started tweaking git repo https://github.com/TelenorNorway/tnn
[INFO] finished tweaking git repo https://github.com/TelenorNorway/tnn
[INFO] tweaked toml for git repo https://github.com/TelenorNorway/tnn written to /workspace/builds/worker-0-tc1/source/Cargo.toml
[INFO] crate git repo https://github.com/TelenorNorway/tnn already has a lockfile, it will not be regenerated
[INFO] running `Command { std: CARGO_HOME="/workspace/cargo-home" RUSTUP_HOME="/workspace/rustup-home" "/workspace/cargo-home/bin/cargo" "+1.75.0" "fetch" "--manifest-path" "Cargo.toml", kill_on_drop: false }`
[INFO] running `Command { std: "docker" "create" "-v" "/var/lib/crater-agent-workspace/builds/worker-0-tc1/target:/opt/rustwide/target:rw,Z" "-v" "/var/lib/crater-agent-workspace/builds/worker-0-tc1/source:/opt/rustwide/workdir:ro,Z" "-v" "/var/lib/crater-agent-workspace/cargo-home:/opt/rustwide/cargo-home:ro,Z" "-v" "/var/lib/crater-agent-workspace/rustup-home:/opt/rustwide/rustup-home:ro,Z" "-e" "SOURCE_DIR=/opt/rustwide/workdir" "-e" "CARGO_TARGET_DIR=/opt/rustwide/target" "-e" "CARGO_HOME=/opt/rustwide/cargo-home" "-e" "RUSTUP_HOME=/opt/rustwide/rustup-home" "-w" "/opt/rustwide/workdir" "-m" "1610612736" "--user" "0:0" "--network" "none" "ghcr.io/rust-lang/crates-build-env/linux@sha256:2788e3201cd34a07e3172128adcd8b3090168a8e3bcc40d7c032b9dda1df7d1c" "/opt/rustwide/cargo-home/bin/cargo" "+1.75.0" "metadata" "--no-deps" "--format-version=1", kill_on_drop: false }`
[INFO] [stdout] b33c9a536eff4b46292b61066ede618a8a0d1a67b65446c822ff29a4b6581fdf
[INFO] running `Command { std: "docker" "start" "-a" "b33c9a536eff4b46292b61066ede618a8a0d1a67b65446c822ff29a4b6581fdf", kill_on_drop: false }`
[INFO] running `Command { std: "docker" "inspect" "b33c9a536eff4b46292b61066ede618a8a0d1a67b65446c822ff29a4b6581fdf", kill_on_drop: false }`
[INFO] running `Command { std: "docker" "rm" "-f" "b33c9a536eff4b46292b61066ede618a8a0d1a67b65446c822ff29a4b6581fdf", kill_on_drop: false }`
[INFO] [stdout] b33c9a536eff4b46292b61066ede618a8a0d1a67b65446c822ff29a4b6581fdf
[INFO] running `Command { std: "docker" "create" "-v" "/var/lib/crater-agent-workspace/builds/worker-0-tc1/target:/opt/rustwide/target:rw,Z" "-v" "/var/lib/crater-agent-workspace/builds/worker-0-tc1/source:/opt/rustwide/workdir:ro,Z" "-v" "/var/lib/crater-agent-workspace/cargo-home:/opt/rustwide/cargo-home:ro,Z" "-v" "/var/lib/crater-agent-workspace/rustup-home:/opt/rustwide/rustup-home:ro,Z" "-e" "SOURCE_DIR=/opt/rustwide/workdir" "-e" "CARGO_TARGET_DIR=/opt/rustwide/target" "-e" "CARGO_INCREMENTAL=0" "-e" "RUST_BACKTRACE=full" "-e" "RUSTFLAGS=--cap-lints=warn" "-e" "RUSTDOCFLAGS=--cap-lints=warn" "-e" "CARGO_HOME=/opt/rustwide/cargo-home" "-e" "RUSTUP_HOME=/opt/rustwide/rustup-home" "-w" "/opt/rustwide/workdir" "-m" "1610612736" "--user" "0:0" "--network" "none" "ghcr.io/rust-lang/crates-build-env/linux@sha256:2788e3201cd34a07e3172128adcd8b3090168a8e3bcc40d7c032b9dda1df7d1c" "/opt/rustwide/cargo-home/bin/cargo" "+1.75.0" "build" "--frozen" "--message-format=json", kill_on_drop: false }`
[INFO] [stdout] 844ebb61802ce921a4e5c49c5d5c45f260875e1e018494c06cf5d319a9286fa0
[INFO] running `Command { std: "docker" "start" "-a" "844ebb61802ce921a4e5c49c5d5c45f260875e1e018494c06cf5d319a9286fa0", kill_on_drop: false }`
[INFO] [stderr]    Compiling proc-macro2 v1.0.69
[INFO] [stderr]    Compiling unicode-ident v1.0.12
[INFO] [stderr]    Compiling anyhow v1.0.75
[INFO] [stderr]    Compiling thiserror v1.0.49
[INFO] [stderr]    Compiling serde v1.0.189
[INFO] [stderr]    Compiling unicode-xid v0.2.4
[INFO] [stderr]    Compiling paste v1.0.14
[INFO] [stderr]    Compiling semver v1.0.20
[INFO] [stderr]    Compiling itnn_util v0.2.0 (/opt/rustwide/workdir/itnn_util)
[INFO] [stderr]    Compiling itnn_core v0.2.0 (/opt/rustwide/workdir/itnn_core)
[INFO] [stderr]    Compiling quote v1.0.33
[INFO] [stderr]    Compiling syn v2.0.38
[INFO] [stderr]    Compiling const_format_proc_macros v0.2.32
[INFO] [stderr]    Compiling const_format v0.2.32
[INFO] [stderr]    Compiling thiserror-impl v1.0.49
[INFO] [stderr]    Compiling serde_derive v1.0.189
[INFO] [stderr]    Compiling itnn_extension_util_macros v0.2.0 (/opt/rustwide/workdir/itnn_extension_util_macros)
[INFO] [stderr]    Compiling itnn_extension v0.2.0 (/opt/rustwide/workdir/itnn_extension)
[INFO] [stderr]    Compiling itnn_extension_macros v0.2.0 (/opt/rustwide/workdir/itnn_extension_macros)
[INFO] [stderr]    Compiling itnn_reexports v0.2.0 (/opt/rustwide/workdir/itnn_reexports)
[INFO] [stderr]    Compiling tnn v0.2.0 (/opt/rustwide/workdir/tnn)
[INFO] [stderr]    Compiling showcase1 v0.2.0 (/opt/rustwide/workdir/showcase/showcase1)
[INFO] [stdout] 
[INFO] [stdout] 
[INFO] [stdout] 
[INFO] [stdout] Operation definitions:
[INFO] [stdout] 
[INFO] [stdout] 
[INFO] [stdout] 
[INFO] [stdout] Some([OperationDef { function_handle: TokenStream [Ident { ident: "ops", span: #0 bytes(129..132) }, Punct { ch: ':', spacing: Joint, span: #0 bytes(132..133) }, Punct { ch: ':', spacing: Alone, span: #0 bytes(133..134) }, Ident { ident: "greet", span: #0 bytes(134..139) }], definition_handle: TokenStream [Ident { ident: "ops", span: #0 bytes(129..132) }, Punct { ch: ':', spacing: Joint, span: #0 bytes(132..133) }, Punct { ch: ':', spacing: Alone, span: #0 bytes(133..134) }, Ident { ident: "GREET", span: #30 bytes(36..159) }] }, OperationDef { function_handle: TokenStream [Ident { ident: "ops", span: #0 bytes(143..146) }, Punct { ch: ':', spacing: Joint, span: #0 bytes(146..147) }, Punct { ch: ':', spacing: Alone, span: #0 bytes(147..148) }, Ident { ident: "hello", span: #0 bytes(148..153) }], definition_handle: TokenStream [Ident { ident: "ops", span: #0 bytes(143..146) }, Punct { ch: ':', spacing: Joint, span: #0 bytes(146..147) }, Punct { ch: ':', spacing: Alone, span: #0 bytes(147..148) }, Ident { ident: "HELLO", span: #30 bytes(36..159) }] }])
[INFO] [stdout] 
[INFO] [stdout] 
[INFO] [stdout] 
[INFO] [stderr]     Finished dev [unoptimized + debuginfo] target(s) in 7.99s
[INFO] running `Command { std: "docker" "inspect" "844ebb61802ce921a4e5c49c5d5c45f260875e1e018494c06cf5d319a9286fa0", kill_on_drop: false }`
[INFO] running `Command { std: "docker" "rm" "-f" "844ebb61802ce921a4e5c49c5d5c45f260875e1e018494c06cf5d319a9286fa0", kill_on_drop: false }`
[INFO] [stdout] 844ebb61802ce921a4e5c49c5d5c45f260875e1e018494c06cf5d319a9286fa0
[INFO] running `Command { std: "docker" "create" "-v" "/var/lib/crater-agent-workspace/builds/worker-0-tc1/target:/opt/rustwide/target:rw,Z" "-v" "/var/lib/crater-agent-workspace/builds/worker-0-tc1/source:/opt/rustwide/workdir:ro,Z" "-v" "/var/lib/crater-agent-workspace/cargo-home:/opt/rustwide/cargo-home:ro,Z" "-v" "/var/lib/crater-agent-workspace/rustup-home:/opt/rustwide/rustup-home:ro,Z" "-e" "SOURCE_DIR=/opt/rustwide/workdir" "-e" "CARGO_TARGET_DIR=/opt/rustwide/target" "-e" "CARGO_INCREMENTAL=0" "-e" "RUST_BACKTRACE=full" "-e" "RUSTFLAGS=--cap-lints=warn" "-e" "RUSTDOCFLAGS=--cap-lints=warn" "-e" "CARGO_HOME=/opt/rustwide/cargo-home" "-e" "RUSTUP_HOME=/opt/rustwide/rustup-home" "-w" "/opt/rustwide/workdir" "-m" "1610612736" "--user" "0:0" "--network" "none" "ghcr.io/rust-lang/crates-build-env/linux@sha256:2788e3201cd34a07e3172128adcd8b3090168a8e3bcc40d7c032b9dda1df7d1c" "/opt/rustwide/cargo-home/bin/cargo" "+1.75.0" "test" "--frozen" "--no-run" "--message-format=json", kill_on_drop: false }`
[INFO] [stdout] 10918ab59de68b190b7e7e338ddbf41ab41b4343179402330653f6c179aeccd7
[INFO] running `Command { std: "docker" "start" "-a" "10918ab59de68b190b7e7e338ddbf41ab41b4343179402330653f6c179aeccd7", kill_on_drop: false }`
[INFO] [stderr]    Compiling itnn_core v0.2.0 (/opt/rustwide/workdir/itnn_core)
[INFO] [stderr]    Compiling itnn_util v0.2.0 (/opt/rustwide/workdir/itnn_util)
[INFO] [stderr]    Compiling itnn_extension_util_macros v0.2.0 (/opt/rustwide/workdir/itnn_extension_util_macros)
[INFO] [stderr]    Compiling itnn_extension v0.2.0 (/opt/rustwide/workdir/itnn_extension)
[INFO] [stderr]    Compiling itnn_extension_macros v0.2.0 (/opt/rustwide/workdir/itnn_extension_macros)
[INFO] [stderr]    Compiling itnn_reexports v0.2.0 (/opt/rustwide/workdir/itnn_reexports)
[INFO] [stderr]    Compiling tnn v0.2.0 (/opt/rustwide/workdir/tnn)
[INFO] [stderr]    Compiling showcase1 v0.2.0 (/opt/rustwide/workdir/showcase/showcase1)
[INFO] [stdout] 
[INFO] [stdout] 
[INFO] [stdout] 
[INFO] [stdout] Operation definitions:
[INFO] [stdout] 
[INFO] [stdout] 
[INFO] [stdout] 
[INFO] [stdout] Some([OperationDef { function_handle: TokenStream [Ident { ident: "ops", span: #0 bytes(129..132) }, Punct { ch: ':', spacing: Joint, span: #0 bytes(132..133) }, Punct { ch: ':', spacing: Alone, span: #0 bytes(133..134) }, Ident { ident: "greet", span: #0 bytes(134..139) }], definition_handle: TokenStream [Ident { ident: "ops", span: #0 bytes(129..132) }, Punct { ch: ':', spacing: Joint, span: #0 bytes(132..133) }, Punct { ch: ':', spacing: Alone, span: #0 bytes(133..134) }, Ident { ident: "GREET", span: #30 bytes(36..159) }] }, OperationDef { function_handle: TokenStream [Ident { ident: "ops", span: #0 bytes(143..146) }, Punct { ch: ':', spacing: Joint, span: #0 bytes(146..147) }, Punct { ch: ':', spacing: Alone, span: #0 bytes(147..148) }, Ident { ident: "hello", span: #0 bytes(148..153) }], definition_handle: TokenStream [Ident { ident: "ops", span: #0 bytes(143..146) }, Punct { ch: ':', spacing: Joint, span: #0 bytes(146..147) }, Punct { ch: ':', spacing: Alone, span: #0 bytes(147..148) }, Ident { ident: "HELLO", span: #30 bytes(36..159) }] }])
[INFO] [stdout] 
[INFO] [stdout] 
[INFO] [stdout] 
[INFO] [stdout] 
[INFO] [stdout] 
[INFO] [stdout] 
[INFO] [stdout] Operation definitions:
[INFO] [stdout] 
[INFO] [stdout] 
[INFO] [stdout] 
[INFO] [stdout] Some([OperationDef { function_handle: TokenStream [Ident { ident: "ops", span: #0 bytes(129..132) }, Punct { ch: ':', spacing: Joint, span: #0 bytes(132..133) }, Punct { ch: ':', spacing: Alone, span: #0 bytes(133..134) }, Ident { ident: "greet", span: #0 bytes(134..139) }], definition_handle: TokenStream [Ident { ident: "ops", span: #0 bytes(129..132) }, Punct { ch: ':', spacing: Joint, span: #0 bytes(132..133) }, Punct { ch: ':', spacing: Alone, span: #0 bytes(133..134) }, Ident { ident: "GREET", span: #30 bytes(36..159) }] }, OperationDef { function_handle: TokenStream [Ident { ident: "ops", span: #0 bytes(143..146) }, Punct { ch: ':', spacing: Joint, span: #0 bytes(146..147) }, Punct { ch: ':', spacing: Alone, span: #0 bytes(147..148) }, Ident { ident: "hello", span: #0 bytes(148..153) }], definition_handle: TokenStream [Ident { ident: "ops", span: #0 bytes(143..146) }, Punct { ch: ':', spacing: Joint, span: #0 bytes(146..147) }, Punct { ch: ':', spacing: Alone, span: #0 bytes(147..148) }, Ident { ident: "HELLO", span: #30 bytes(36..159) }] }])
[INFO] [stdout] 
[INFO] [stdout] 
[INFO] [stdout] 
[INFO] [stderr]     Finished test [unoptimized + debuginfo] target(s) in 1.20s
[INFO] running `Command { std: "docker" "inspect" "10918ab59de68b190b7e7e338ddbf41ab41b4343179402330653f6c179aeccd7", kill_on_drop: false }`
[INFO] running `Command { std: "docker" "rm" "-f" "10918ab59de68b190b7e7e338ddbf41ab41b4343179402330653f6c179aeccd7", kill_on_drop: false }`
[INFO] [stdout] 10918ab59de68b190b7e7e338ddbf41ab41b4343179402330653f6c179aeccd7
[INFO] running `Command { std: "docker" "create" "-v" "/var/lib/crater-agent-workspace/builds/worker-0-tc1/target:/opt/rustwide/target:rw,Z" "-v" "/var/lib/crater-agent-workspace/builds/worker-0-tc1/source:/opt/rustwide/workdir:ro,Z" "-v" "/var/lib/crater-agent-workspace/cargo-home:/opt/rustwide/cargo-home:ro,Z" "-v" "/var/lib/crater-agent-workspace/rustup-home:/opt/rustwide/rustup-home:ro,Z" "-e" "SOURCE_DIR=/opt/rustwide/workdir" "-e" "CARGO_TARGET_DIR=/opt/rustwide/target" "-e" "CARGO_INCREMENTAL=0" "-e" "RUST_BACKTRACE=full" "-e" "RUSTFLAGS=--cap-lints=warn" "-e" "RUSTDOCFLAGS=--cap-lints=warn" "-e" "CARGO_HOME=/opt/rustwide/cargo-home" "-e" "RUSTUP_HOME=/opt/rustwide/rustup-home" "-w" "/opt/rustwide/workdir" "-m" "1610612736" "--user" "0:0" "--network" "none" "ghcr.io/rust-lang/crates-build-env/linux@sha256:2788e3201cd34a07e3172128adcd8b3090168a8e3bcc40d7c032b9dda1df7d1c" "/opt/rustwide/cargo-home/bin/cargo" "+1.75.0" "test" "--frozen", kill_on_drop: false }`
[INFO] [stdout] 1e189cfb6f5e7a72d781862fb173e0f31203f184b6f3df154a145c0c0c2c3fc0
[INFO] running `Command { std: "docker" "start" "-a" "1e189cfb6f5e7a72d781862fb173e0f31203f184b6f3df154a145c0c0c2c3fc0", kill_on_drop: false }`
[INFO] [stderr]     Finished test [unoptimized + debuginfo] target(s) in 0.02s
[INFO] [stderr]      Running unittests src/lib.rs (/opt/rustwide/target/debug/deps/itnn_core-653fa1732d0f05a1)
[INFO] [stdout] 
[INFO] [stdout] running 0 tests
[INFO] [stdout] 
[INFO] [stdout] test result: ok. 0 passed; 0 failed; 0 ignored; 0 measured; 0 filtered out; finished in 0.00s
[INFO] [stdout] 
[INFO] [stderr]      Running unittests src/lib.rs (/opt/rustwide/target/debug/deps/itnn_extension-ede14085a73f6648)
[INFO] [stdout] 
[INFO] [stdout] running 0 tests
[INFO] [stdout] 
[INFO] [stdout] test result: ok. 0 passed; 0 failed; 0 ignored; 0 measured; 0 filtered out; finished in 0.00s
[INFO] [stdout] 
[INFO] [stderr]      Running unittests src/lib.rs (/opt/rustwide/target/debug/deps/itnn_extension_macros-767ad4bf194cbcab)
[INFO] [stdout] 
[INFO] [stdout] running 0 tests
[INFO] [stdout] 
[INFO] [stdout] test result: ok. 0 passed; 0 failed; 0 ignored; 0 measured; 0 filtered out; finished in 0.00s
[INFO] [stdout] 
[INFO] [stderr]      Running unittests src/lib.rs (/opt/rustwide/target/debug/deps/itnn_extension_util_macros-d08bb709df9da56e)
[INFO] [stdout] 
[INFO] [stdout] running 0 tests
[INFO] [stdout] 
[INFO] [stdout] test result: ok. 0 passed; 0 failed; 0 ignored; 0 measured; 0 filtered out; finished in 0.00s
[INFO] [stdout] 
[INFO] [stderr]      Running unittests src/lib.rs (/opt/rustwide/target/debug/deps/itnn_reexports-da005b9df2ec4b85)
[INFO] [stdout] 
[INFO] [stdout] running 0 tests
[INFO] [stdout] 
[INFO] [stdout] test result: ok. 0 passed; 0 failed; 0 ignored; 0 measured; 0 filtered out; finished in 0.00s
[INFO] [stdout] 
[INFO] [stderr]      Running unittests src/lib.rs (/opt/rustwide/target/debug/deps/itnn_util-e20e21dae9cd3ecd)
[INFO] [stdout] 
[INFO] [stdout] running 0 tests
[INFO] [stdout] 
[INFO] [stdout] test result: ok. 0 passed; 0 failed; 0 ignored; 0 measured; 0 filtered out; finished in 0.00s
[INFO] [stdout] 
[INFO] [stderr]      Running unittests src/lib.rs (/opt/rustwide/target/debug/deps/showcase1-02fa6d3201a11005)
[INFO] [stdout] 
[INFO] [stdout] running 0 tests
[INFO] [stdout] 
[INFO] [stdout] test result: ok. 0 passed; 0 failed; 0 ignored; 0 measured; 0 filtered out; finished in 0.00s
[INFO] [stdout] 
[INFO] [stderr]      Running unittests src/lib.rs (/opt/rustwide/target/debug/deps/tnn-7469474839a80e87)
[INFO] [stdout] 
[INFO] [stdout] running 0 tests
[INFO] [stdout] 
[INFO] [stdout] test result: ok. 0 passed; 0 failed; 0 ignored; 0 measured; 0 filtered out; finished in 0.00s
[INFO] [stdout] 
[INFO] [stderr]      Running unittests src/main.rs (/opt/rustwide/target/debug/deps/tnn-c11f14c0c7081e50)
[INFO] [stdout] 
[INFO] [stdout] running 0 tests
[INFO] [stdout] 
[INFO] [stdout] test result: ok. 0 passed; 0 failed; 0 ignored; 0 measured; 0 filtered out; finished in 0.00s
[INFO] [stdout] 
[INFO] [stderr]    Doc-tests itnn_core
[INFO] [stdout] 
[INFO] [stdout] running 0 tests
[INFO] [stdout] 
[INFO] [stdout] test result: ok. 0 passed; 0 failed; 0 ignored; 0 measured; 0 filtered out; finished in 0.00s
[INFO] [stdout] 
[INFO] [stderr]    Doc-tests itnn_extension
[INFO] [stdout] 
[INFO] [stdout] running 0 tests
[INFO] [stdout] 
[INFO] [stdout] test result: ok. 0 passed; 0 failed; 0 ignored; 0 measured; 0 filtered out; finished in 0.00s
[INFO] [stdout] 
[INFO] [stderr]    Doc-tests itnn_extension_macros
[INFO] [stdout] 
[INFO] [stdout] running 1 test
[INFO] [stdout] test itnn_extension_macros/src/lib.rs - extension (line 21) ... FAILED
[INFO] [stdout] 
[INFO] [stdout] failures:
[INFO] [stdout] 
[INFO] [stdout] ---- itnn_extension_macros/src/lib.rs - extension (line 21) stdout ----
[INFO] [stdout] error[E0433]: failed to resolve: use of undeclared crate or module `tnn`
[INFO] [stdout]  --> itnn_extension_macros/src/lib.rs:22:1
[INFO] [stdout]   |
[INFO] [stdout] 3 | tnn::extension!(
[INFO] [stdout]   | ^^^ use of undeclared crate or module `tnn`
[INFO] [stdout] 
[INFO] [stdout] error: aborting due to previous error
[INFO] [stdout] 
[INFO] [stdout] For more information about this error, try `rustc --explain E0433`.
[INFO] [stdout] Couldn't compile the test.
[INFO] [stdout] 
[INFO] [stdout] failures:
[INFO] [stdout]     itnn_extension_macros/src/lib.rs - extension (line 21)
[INFO] [stdout] 
[INFO] [stdout] test result: FAILED. 0 passed; 1 failed; 0 ignored; 0 measured; 0 filtered out; finished in 0.03s
[INFO] [stdout] 
[INFO] [stderr] error: doctest failed, to rerun pass `-p itnn_extension_macros --doc`
[INFO] running `Command { std: "docker" "inspect" "1e189cfb6f5e7a72d781862fb173e0f31203f184b6f3df154a145c0c0c2c3fc0", kill_on_drop: false }`
[INFO] running `Command { std: "docker" "rm" "-f" "1e189cfb6f5e7a72d781862fb173e0f31203f184b6f3df154a145c0c0c2c3fc0", kill_on_drop: false }`
[INFO] [stdout] 1e189cfb6f5e7a72d781862fb173e0f31203f184b6f3df154a145c0c0c2c3fc0
[INFO] testing TelenorNorway/tnn against beta-2023-12-22 for beta-1.76-1
[INFO] running `Command { std: "git" "clone" "/workspace/cache/git-repos/https%3A%2F%2Fgithub.com%2FTelenorNorway%2Ftnn" "/workspace/builds/worker-0-tc2/source", kill_on_drop: false }`
[INFO] [stderr] Cloning into '/workspace/builds/worker-0-tc2/source'...
[INFO] [stderr] done.
[INFO] validating manifest of git repo https://github.com/TelenorNorway/tnn on toolchain beta-2023-12-22
[INFO] running `Command { std: CARGO_HOME="/workspace/cargo-home" RUSTUP_HOME="/workspace/rustup-home" "/workspace/cargo-home/bin/cargo" "+beta-2023-12-22" "metadata" "--manifest-path" "Cargo.toml" "--no-deps", kill_on_drop: false }`
[INFO] started tweaking git repo https://github.com/TelenorNorway/tnn
[INFO] finished tweaking git repo https://github.com/TelenorNorway/tnn
[INFO] tweaked toml for git repo https://github.com/TelenorNorway/tnn written to /workspace/builds/worker-0-tc2/source/Cargo.toml
[INFO] crate git repo https://github.com/TelenorNorway/tnn already has a lockfile, it will not be regenerated
[INFO] running `Command { std: CARGO_HOME="/workspace/cargo-home" RUSTUP_HOME="/workspace/rustup-home" "/workspace/cargo-home/bin/cargo" "+beta-2023-12-22" "fetch" "--manifest-path" "Cargo.toml", kill_on_drop: false }`
[INFO] running `Command { std: "docker" "create" "-v" "/var/lib/crater-agent-workspace/builds/worker-0-tc2/target:/opt/rustwide/target:rw,Z" "-v" "/var/lib/crater-agent-workspace/builds/worker-0-tc2/source:/opt/rustwide/workdir:ro,Z" "-v" "/var/lib/crater-agent-workspace/cargo-home:/opt/rustwide/cargo-home:ro,Z" "-v" "/var/lib/crater-agent-workspace/rustup-home:/opt/rustwide/rustup-home:ro,Z" "-e" "SOURCE_DIR=/opt/rustwide/workdir" "-e" "CARGO_TARGET_DIR=/opt/rustwide/target" "-e" "CARGO_HOME=/opt/rustwide/cargo-home" "-e" "RUSTUP_HOME=/opt/rustwide/rustup-home" "-w" "/opt/rustwide/workdir" "-m" "1610612736" "--user" "0:0" "--network" "none" "ghcr.io/rust-lang/crates-build-env/linux@sha256:2788e3201cd34a07e3172128adcd8b3090168a8e3bcc40d7c032b9dda1df7d1c" "/opt/rustwide/cargo-home/bin/cargo" "+beta-2023-12-22" "metadata" "--no-deps" "--format-version=1", kill_on_drop: false }`
[INFO] [stdout] 2c4a1142939b3af1e6cde15dab17830aa747ebec64a80fe7c0345a650fd5f779
[INFO] running `Command { std: "docker" "start" "-a" "2c4a1142939b3af1e6cde15dab17830aa747ebec64a80fe7c0345a650fd5f779", kill_on_drop: false }`
[INFO] running `Command { std: "docker" "inspect" "2c4a1142939b3af1e6cde15dab17830aa747ebec64a80fe7c0345a650fd5f779", kill_on_drop: false }`
[INFO] running `Command { std: "docker" "rm" "-f" "2c4a1142939b3af1e6cde15dab17830aa747ebec64a80fe7c0345a650fd5f779", kill_on_drop: false }`
[INFO] [stdout] 2c4a1142939b3af1e6cde15dab17830aa747ebec64a80fe7c0345a650fd5f779
[INFO] running `Command { std: "docker" "create" "-v" "/var/lib/crater-agent-workspace/builds/worker-0-tc2/target:/opt/rustwide/target:rw,Z" "-v" "/var/lib/crater-agent-workspace/builds/worker-0-tc2/source:/opt/rustwide/workdir:ro,Z" "-v" "/var/lib/crater-agent-workspace/cargo-home:/opt/rustwide/cargo-home:ro,Z" "-v" "/var/lib/crater-agent-workspace/rustup-home:/opt/rustwide/rustup-home:ro,Z" "-e" "SOURCE_DIR=/opt/rustwide/workdir" "-e" "CARGO_TARGET_DIR=/opt/rustwide/target" "-e" "CARGO_INCREMENTAL=0" "-e" "RUST_BACKTRACE=full" "-e" "RUSTFLAGS=--cap-lints=warn" "-e" "RUSTDOCFLAGS=--cap-lints=warn" "-e" "CARGO_HOME=/opt/rustwide/cargo-home" "-e" "RUSTUP_HOME=/opt/rustwide/rustup-home" "-w" "/opt/rustwide/workdir" "-m" "1610612736" "--user" "0:0" "--network" "none" "ghcr.io/rust-lang/crates-build-env/linux@sha256:2788e3201cd34a07e3172128adcd8b3090168a8e3bcc40d7c032b9dda1df7d1c" "/opt/rustwide/cargo-home/bin/cargo" "+beta-2023-12-22" "build" "--frozen" "--message-format=json", kill_on_drop: false }`
[INFO] [stdout] abff6da54f7d0ec8d571ddae69d9af45e0b0a1df6c187cc630515351b040c879
[INFO] running `Command { std: "docker" "start" "-a" "abff6da54f7d0ec8d571ddae69d9af45e0b0a1df6c187cc630515351b040c879", kill_on_drop: false }`
[INFO] [stderr]    Compiling proc-macro2 v1.0.69
[INFO] [stderr]    Compiling unicode-ident v1.0.12
[INFO] [stderr]    Compiling thiserror v1.0.49
[INFO] [stderr]    Compiling anyhow v1.0.75
[INFO] [stderr]    Compiling paste v1.0.14
[INFO] [stderr]    Compiling serde v1.0.189
[INFO] [stderr]    Compiling unicode-xid v0.2.4
[INFO] [stderr]    Compiling semver v1.0.20
[INFO] [stderr]    Compiling itnn_util v0.2.0 (/opt/rustwide/workdir/itnn_util)
[INFO] [stderr]    Compiling itnn_core v0.2.0 (/opt/rustwide/workdir/itnn_core)
[INFO] [stderr]    Compiling quote v1.0.33
[INFO] [stderr]    Compiling syn v2.0.38
[INFO] [stderr]    Compiling const_format_proc_macros v0.2.32
[INFO] [stderr]    Compiling const_format v0.2.32
[INFO] [stderr]    Compiling thiserror-impl v1.0.49
[INFO] [stderr]    Compiling serde_derive v1.0.189
[INFO] [stderr]    Compiling itnn_extension_util_macros v0.2.0 (/opt/rustwide/workdir/itnn_extension_util_macros)
[INFO] [stderr]    Compiling itnn_extension v0.2.0 (/opt/rustwide/workdir/itnn_extension)
[INFO] [stderr]    Compiling itnn_extension_macros v0.2.0 (/opt/rustwide/workdir/itnn_extension_macros)
[INFO] [stderr]    Compiling itnn_reexports v0.2.0 (/opt/rustwide/workdir/itnn_reexports)
[INFO] [stderr]    Compiling tnn v0.2.0 (/opt/rustwide/workdir/tnn)
[INFO] [stderr]    Compiling showcase1 v0.2.0 (/opt/rustwide/workdir/showcase/showcase1)
[INFO] [stdout] 
[INFO] [stdout] 
[INFO] [stdout] 
[INFO] [stdout] Operation definitions:
[INFO] [stdout] 
[INFO] [stdout] 
[INFO] [stdout] 
[INFO] [stdout] Some([OperationDef { function_handle: TokenStream [Ident { ident: "ops", span: #0 bytes(129..132) }, Punct { ch: ':', spacing: Joint, span: #0 bytes(132..133) }, Punct { ch: ':', spacing: Alone, span: #0 bytes(133..134) }, Ident { ident: "greet", span: #0 bytes(134..139) }], definition_handle: TokenStream [Ident { ident: "ops", span: #0 bytes(129..132) }, Punct { ch: ':', spacing: Joint, span: #0 bytes(132..133) }, Punct { ch: ':', spacing: Alone, span: #0 bytes(133..134) }, Ident { ident: "GREET", span: #30 bytes(36..159) }] }, OperationDef { function_handle: TokenStream [Ident { ident: "ops", span: #0 bytes(143..146) }, Punct { ch: ':', spacing: Joint, span: #0 bytes(146..147) }, Punct { ch: ':', spacing: Alone, span: #0 bytes(147..148) }, Ident { ident: "hello", span: #0 bytes(148..153) }], definition_handle: TokenStream [Ident { ident: "ops", span: #0 bytes(143..146) }, Punct { ch: ':', spacing: Joint, span: #0 bytes(146..147) }, Punct { ch: ':', spacing: Alone, span: #0 bytes(147..148) }, Ident { ident: "HELLO", span: #30 bytes(36..159) }] }])
[INFO] [stdout] 
[INFO] [stdout] 
[INFO] [stdout] 
[INFO] [stderr]     Finished dev [unoptimized + debuginfo] target(s) in 7.95s
[INFO] running `Command { std: "docker" "inspect" "abff6da54f7d0ec8d571ddae69d9af45e0b0a1df6c187cc630515351b040c879", kill_on_drop: false }`
[INFO] running `Command { std: "docker" "rm" "-f" "abff6da54f7d0ec8d571ddae69d9af45e0b0a1df6c187cc630515351b040c879", kill_on_drop: false }`
[INFO] [stdout] abff6da54f7d0ec8d571ddae69d9af45e0b0a1df6c187cc630515351b040c879
[INFO] running `Command { std: "docker" "create" "-v" "/var/lib/crater-agent-workspace/builds/worker-0-tc2/target:/opt/rustwide/target:rw,Z" "-v" "/var/lib/crater-agent-workspace/builds/worker-0-tc2/source:/opt/rustwide/workdir:ro,Z" "-v" "/var/lib/crater-agent-workspace/cargo-home:/opt/rustwide/cargo-home:ro,Z" "-v" "/var/lib/crater-agent-workspace/rustup-home:/opt/rustwide/rustup-home:ro,Z" "-e" "SOURCE_DIR=/opt/rustwide/workdir" "-e" "CARGO_TARGET_DIR=/opt/rustwide/target" "-e" "CARGO_INCREMENTAL=0" "-e" "RUST_BACKTRACE=full" "-e" "RUSTFLAGS=--cap-lints=warn" "-e" "RUSTDOCFLAGS=--cap-lints=warn" "-e" "CARGO_HOME=/opt/rustwide/cargo-home" "-e" "RUSTUP_HOME=/opt/rustwide/rustup-home" "-w" "/opt/rustwide/workdir" "-m" "1610612736" "--user" "0:0" "--network" "none" "ghcr.io/rust-lang/crates-build-env/linux@sha256:2788e3201cd34a07e3172128adcd8b3090168a8e3bcc40d7c032b9dda1df7d1c" "/opt/rustwide/cargo-home/bin/cargo" "+beta-2023-12-22" "test" "--frozen" "--no-run" "--message-format=json", kill_on_drop: false }`
[INFO] [stdout] 9460a915a90eb5c072e73f3c296746341dcb05fc1e17cd71c8f11b7bca4dcba1
[INFO] running `Command { std: "docker" "start" "-a" "9460a915a90eb5c072e73f3c296746341dcb05fc1e17cd71c8f11b7bca4dcba1", kill_on_drop: false }`
[INFO] [stderr]    Compiling itnn_util v0.2.0 (/opt/rustwide/workdir/itnn_util)
[INFO] [stderr]    Compiling itnn_core v0.2.0 (/opt/rustwide/workdir/itnn_core)
[INFO] [stderr]    Compiling itnn_extension_util_macros v0.2.0 (/opt/rustwide/workdir/itnn_extension_util_macros)
[INFO] [stderr]    Compiling itnn_extension v0.2.0 (/opt/rustwide/workdir/itnn_extension)
[INFO] [stderr]    Compiling itnn_extension_macros v0.2.0 (/opt/rustwide/workdir/itnn_extension_macros)
[INFO] [stderr]    Compiling itnn_reexports v0.2.0 (/opt/rustwide/workdir/itnn_reexports)
[INFO] [stderr]    Compiling tnn v0.2.0 (/opt/rustwide/workdir/tnn)
[INFO] [stderr]    Compiling showcase1 v0.2.0 (/opt/rustwide/workdir/showcase/showcase1)
[INFO] [stdout] 
[INFO] [stdout] 
[INFO] [stdout] 
[INFO] [stdout] Operation definitions:
[INFO] [stdout] 
[INFO] [stdout] 
[INFO] [stdout] 
[INFO] [stdout] Some([OperationDef { function_handle: TokenStream [Ident { ident: "ops", span: #0 bytes(129..132) }, Punct { ch: ':', spacing: Joint, span: #0 bytes(132..133) }, Punct { ch: ':', spacing: Alone, span: #0 bytes(133..134) }, Ident { ident: "greet", span: #0 bytes(134..139) }], definition_handle: TokenStream [Ident { ident: "ops", span: #0 bytes(129..132) }, Punct { ch: ':', spacing: Joint, span: #0 bytes(132..133) }, Punct { ch: ':', spacing: Alone, span: #0 bytes(133..134) }, Ident { ident: "GREET", span: #30 bytes(36..159) }] }, OperationDef { function_handle: TokenStream [Ident { ident: "ops", span: #0 bytes(143..146) }, Punct { ch: ':', spacing: Joint, span: #0 bytes(146..147) }, Punct { ch: ':', spacing: Alone, span: #0 bytes(147..148) }, Ident { ident: "hello", span: #0 bytes(148..153) }], definition_handle: TokenStream [Ident { ident: "ops", span: #0 bytes(143..146) }, Punct { ch: ':', spacing: Joint, span: #0 bytes(146..147) }, Punct { ch: ':', spacing: Alone, span: #0 bytes(147..148) }, Ident { ident: "HELLO", span: #30 bytes(36..159) }] }])
[INFO] [stdout] 
[INFO] [stdout] 
[INFO] [stdout] 
[INFO] [stdout] 
[INFO] [stdout] 
[INFO] [stdout] 
[INFO] [stdout] Operation definitions:
[INFO] [stdout] 
[INFO] [stdout] 
[INFO] [stdout] 
[INFO] [stdout] Some([OperationDef { function_handle: TokenStream [Ident { ident: "ops", span: #0 bytes(129..132) }, Punct { ch: ':', spacing: Joint, span: #0 bytes(132..133) }, Punct { ch: ':', spacing: Alone, span: #0 bytes(133..134) }, Ident { ident: "greet", span: #0 bytes(134..139) }], definition_handle: TokenStream [Ident { ident: "ops", span: #0 bytes(129..132) }, Punct { ch: ':', spacing: Joint, span: #0 bytes(132..133) }, Punct { ch: ':', spacing: Alone, span: #0 bytes(133..134) }, Ident { ident: "GREET", span: #30 bytes(36..159) }] }, OperationDef { function_handle: TokenStream [Ident { ident: "ops", span: #0 bytes(143..146) }, Punct { ch: ':', spacing: Joint, span: #0 bytes(146..147) }, Punct { ch: ':', spacing: Alone, span: #0 bytes(147..148) }, Ident { ident: "hello", span: #0 bytes(148..153) }], definition_handle: TokenStream [Ident { ident: "ops", span: #0 bytes(143..146) }, Punct { ch: ':', spacing: Joint, span: #0 bytes(146..147) }, Punct { ch: ':', spacing: Alone, span: #0 bytes(147..148) }, Ident { ident: "HELLO", span: #30 bytes(36..159) }] }])
[INFO] [stdout] 
[INFO] [stdout] 
[INFO] [stdout] 
[INFO] [stderr]     Finished test [unoptimized + debuginfo] target(s) in 1.16s
[INFO] running `Command { std: "docker" "inspect" "9460a915a90eb5c072e73f3c296746341dcb05fc1e17cd71c8f11b7bca4dcba1", kill_on_drop: false }`
[INFO] running `Command { std: "docker" "rm" "-f" "9460a915a90eb5c072e73f3c296746341dcb05fc1e17cd71c8f11b7bca4dcba1", kill_on_drop: false }`
[INFO] [stdout] 9460a915a90eb5c072e73f3c296746341dcb05fc1e17cd71c8f11b7bca4dcba1
[INFO] running `Command { std: "docker" "create" "-v" "/var/lib/crater-agent-workspace/builds/worker-0-tc2/target:/opt/rustwide/target:rw,Z" "-v" "/var/lib/crater-agent-workspace/builds/worker-0-tc2/source:/opt/rustwide/workdir:ro,Z" "-v" "/var/lib/crater-agent-workspace/cargo-home:/opt/rustwide/cargo-home:ro,Z" "-v" "/var/lib/crater-agent-workspace/rustup-home:/opt/rustwide/rustup-home:ro,Z" "-e" "SOURCE_DIR=/opt/rustwide/workdir" "-e" "CARGO_TARGET_DIR=/opt/rustwide/target" "-e" "CARGO_INCREMENTAL=0" "-e" "RUST_BACKTRACE=full" "-e" "RUSTFLAGS=--cap-lints=warn" "-e" "RUSTDOCFLAGS=--cap-lints=warn" "-e" "CARGO_HOME=/opt/rustwide/cargo-home" "-e" "RUSTUP_HOME=/opt/rustwide/rustup-home" "-w" "/opt/rustwide/workdir" "-m" "1610612736" "--user" "0:0" "--network" "none" "ghcr.io/rust-lang/crates-build-env/linux@sha256:2788e3201cd34a07e3172128adcd8b3090168a8e3bcc40d7c032b9dda1df7d1c" "/opt/rustwide/cargo-home/bin/cargo" "+beta-2023-12-22" "test" "--frozen", kill_on_drop: false }`
[INFO] [stdout] 4de537d16e5f05f6a65311511d5dd67723fe9dab4275a2953ec258754a8cf113
[INFO] running `Command { std: "docker" "start" "-a" "4de537d16e5f05f6a65311511d5dd67723fe9dab4275a2953ec258754a8cf113", kill_on_drop: false }`
[INFO] [stderr]     Finished test [unoptimized + debuginfo] target(s) in 0.01s
[INFO] [stderr]      Running unittests src/lib.rs (/opt/rustwide/target/debug/deps/itnn_core-29f9c6efa6567c30)
[INFO] [stdout] 
[INFO] [stdout] running 0 tests
[INFO] [stdout] 
[INFO] [stdout] test result: ok. 0 passed; 0 failed; 0 ignored; 0 measured; 0 filtered out; finished in 0.00s
[INFO] [stdout] 
[INFO] [stderr]      Running unittests src/lib.rs (/opt/rustwide/target/debug/deps/itnn_extension-b66478c63902fa5d)
[INFO] [stdout] 
[INFO] [stdout] running 0 tests
[INFO] [stdout] 
[INFO] [stdout] test result: ok. 0 passed; 0 failed; 0 ignored; 0 measured; 0 filtered out; finished in 0.00s
[INFO] [stdout] 
[INFO] [stderr]      Running unittests src/lib.rs (/opt/rustwide/target/debug/deps/itnn_extension_macros-2160614cf99afedf)
[INFO] [stdout] 
[INFO] [stdout] running 0 tests
[INFO] [stdout] 
[INFO] [stdout] test result: ok. 0 passed; 0 failed; 0 ignored; 0 measured; 0 filtered out; finished in 0.00s
[INFO] [stdout] 
[INFO] [stderr]      Running unittests src/lib.rs (/opt/rustwide/target/debug/deps/itnn_extension_util_macros-1b1ddd1604fc4fe4)
[INFO] [stdout] 
[INFO] [stdout] running 0 tests
[INFO] [stdout] 
[INFO] [stdout] test result: ok. 0 passed; 0 failed; 0 ignored; 0 measured; 0 filtered out; finished in 0.00s
[INFO] [stdout] 
[INFO] [stderr]      Running unittests src/lib.rs (/opt/rustwide/target/debug/deps/itnn_reexports-372ecb58de6079d8)
[INFO] [stdout] 
[INFO] [stdout] running 0 tests
[INFO] [stdout] 
[INFO] [stdout] test result: ok. 0 passed; 0 failed; 0 ignored; 0 measured; 0 filtered out; finished in 0.00s
[INFO] [stdout] 
[INFO] [stderr]      Running unittests src/lib.rs (/opt/rustwide/target/debug/deps/itnn_util-a4aa790ae1c7e45e)
[INFO] [stdout] 
[INFO] [stdout] running 0 tests
[INFO] [stdout] 
[INFO] [stdout] test result: ok. 0 passed; 0 failed; 0 ignored; 0 measured; 0 filtered out; finished in 0.00s
[INFO] [stdout] 
[INFO] [stderr]      Running unittests src/lib.rs (/opt/rustwide/target/debug/deps/showcase1-8446b11cef214ff5)
[INFO] [stdout] 
[INFO] [stdout] running 0 tests
[INFO] [stdout] 
[INFO] [stdout] test result: ok. 0 passed; 0 failed; 0 ignored; 0 measured; 0 filtered out; finished in 0.00s
[INFO] [stdout] 
[INFO] [stderr]      Running unittests src/lib.rs (/opt/rustwide/target/debug/deps/tnn-f2af10c53b445b08)
[INFO] [stdout] 
[INFO] [stdout] running 0 tests
[INFO] [stdout] 
[INFO] [stdout] test result: ok. 0 passed; 0 failed; 0 ignored; 0 measured; 0 filtered out; finished in 0.00s
[INFO] [stdout] 
[INFO] [stderr]      Running unittests src/main.rs (/opt/rustwide/target/debug/deps/tnn-615dbabd152c9980)
[INFO] [stdout] 
[INFO] [stdout] running 0 tests
[INFO] [stdout] 
[INFO] [stdout] test result: ok. 0 passed; 0 failed; 0 ignored; 0 measured; 0 filtered out; finished in 0.00s
[INFO] [stdout] 
[INFO] [stderr]    Doc-tests itnn_core
[INFO] [stdout] 
[INFO] [stdout] running 0 tests
[INFO] [stdout] 
[INFO] [stdout] test result: ok. 0 passed; 0 failed; 0 ignored; 0 measured; 0 filtered out; finished in 0.00s
[INFO] [stdout] 
[INFO] [stderr]    Doc-tests itnn_extension
[INFO] [stdout] 
[INFO] [stdout] running 0 tests
[INFO] [stdout] 
[INFO] [stdout] test result: ok. 0 passed; 0 failed; 0 ignored; 0 measured; 0 filtered out; finished in 0.00s
[INFO] [stdout] 
[INFO] [stderr]    Doc-tests itnn_extension_macros
[INFO] [stdout] 
[INFO] [stdout] running 1 test
[INFO] [stdout] test itnn_extension_macros/src/lib.rs - extension (line 21) ... FAILED
[INFO] [stdout] 
[INFO] [stdout] failures:
[INFO] [stdout] 
[INFO] [stdout] ---- itnn_extension_macros/src/lib.rs - extension (line 21) stdout ----
[INFO] [stdout] error[E0433]: failed to resolve: use of undeclared crate or module `tnn`
[INFO] [stdout]  --> itnn_extension_macros/src/lib.rs:22:1
[INFO] [stdout]   |
[INFO] [stdout] 3 | tnn::extension!(
[INFO] [stdout]   | ^^^ use of undeclared crate or module `tnn`
[INFO] [stdout] 
[INFO] [stdout] error: aborting due to 1 previous error
[INFO] [stdout] 
[INFO] [stdout] For more information about this error, try `rustc --explain E0433`.
[INFO] [stdout] Couldn't compile the test.
[INFO] [stdout] 
[INFO] [stdout] failures:
[INFO] [stdout]     itnn_extension_macros/src/lib.rs - extension (line 21)
[INFO] [stdout] 
[INFO] [stdout] test result: FAILED. 0 passed; 1 failed; 0 ignored; 0 measured; 0 filtered out; finished in 0.04s
[INFO] [stdout] 
[INFO] [stderr] error: doctest failed, to rerun pass `-p itnn_extension_macros --doc`
[INFO] running `Command { std: "docker" "inspect" "4de537d16e5f05f6a65311511d5dd67723fe9dab4275a2953ec258754a8cf113", kill_on_drop: false }`
[INFO] running `Command { std: "docker" "rm" "-f" "4de537d16e5f05f6a65311511d5dd67723fe9dab4275a2953ec258754a8cf113", kill_on_drop: false }`
[INFO] [stdout] 4de537d16e5f05f6a65311511d5dd67723fe9dab4275a2953ec258754a8cf113
