[INFO] cloning repository https://github.com/TamaraMilo/iks-oks
[INFO] running `Command { std: "git" "-c" "credential.helper=" "-c" "credential.helper=/workspace/cargo-home/bin/git-credential-null" "clone" "--bare" "https://github.com/TamaraMilo/iks-oks" "/workspace/cache/git-repos/https%3A%2F%2Fgithub.com%2FTamaraMilo%2Fiks-oks", kill_on_drop: false }`
[INFO] [stderr] Cloning into bare repository '/workspace/cache/git-repos/https%3A%2F%2Fgithub.com%2FTamaraMilo%2Fiks-oks'...
[INFO] running `Command { std: "git" "rev-parse" "HEAD", kill_on_drop: false }`
[INFO] [stdout] d87fdf74cccc27efbbdd835d5af44c03257f2c16
[INFO] testing TamaraMilo/iks-oks against 1.75.0 for beta-1.76-1
[INFO] running `Command { std: "git" "clone" "/workspace/cache/git-repos/https%3A%2F%2Fgithub.com%2FTamaraMilo%2Fiks-oks" "/workspace/builds/worker-7-tc1/source", kill_on_drop: false }`
[INFO] [stderr] Cloning into '/workspace/builds/worker-7-tc1/source'...
[INFO] [stderr] done.
[INFO] validating manifest of git repo https://github.com/TamaraMilo/iks-oks on toolchain 1.75.0
[INFO] running `Command { std: CARGO_HOME="/workspace/cargo-home" RUSTUP_HOME="/workspace/rustup-home" "/workspace/cargo-home/bin/cargo" "+1.75.0" "metadata" "--manifest-path" "Cargo.toml" "--no-deps", kill_on_drop: false }`
[INFO] removed /workspace/builds/worker-7-tc1/source/.cargo/config
[INFO] started tweaking git repo https://github.com/TamaraMilo/iks-oks
[INFO] finished tweaking git repo https://github.com/TamaraMilo/iks-oks
[INFO] tweaked toml for git repo https://github.com/TamaraMilo/iks-oks written to /workspace/builds/worker-7-tc1/source/Cargo.toml
[INFO] crate git repo https://github.com/TamaraMilo/iks-oks already has a lockfile, it will not be regenerated
[INFO] running `Command { std: CARGO_HOME="/workspace/cargo-home" RUSTUP_HOME="/workspace/rustup-home" "/workspace/cargo-home/bin/cargo" "+1.75.0" "fetch" "--manifest-path" "Cargo.toml", kill_on_drop: false }`
[INFO] [stderr]     Updating crates.io index
[INFO] [stderr]  Downloading crates ...
[INFO] [stderr]   Downloaded cosmwasm-derive v1.1.4
[INFO] [stderr]   Downloaded cosmwasm-schema-derive v1.1.4
[INFO] [stderr]   Downloaded paginate v1.1.11
[INFO] [stderr]   Downloaded cosmwasm-std v1.1.4
[INFO] [stderr]   Downloaded cosmwasm-storage v1.1.4
[INFO] [stderr]   Downloaded cosmwasm-crypto v1.1.4
[INFO] [stderr]   Downloaded cosmwasm-schema v1.1.4
[INFO] running `Command { std: "docker" "create" "-v" "/var/lib/crater-agent-workspace/builds/worker-7-tc1/target:/opt/rustwide/target:rw,Z" "-v" "/var/lib/crater-agent-workspace/builds/worker-7-tc1/source:/opt/rustwide/workdir:ro,Z" "-v" "/var/lib/crater-agent-workspace/cargo-home:/opt/rustwide/cargo-home:ro,Z" "-v" "/var/lib/crater-agent-workspace/rustup-home:/opt/rustwide/rustup-home:ro,Z" "-e" "SOURCE_DIR=/opt/rustwide/workdir" "-e" "CARGO_TARGET_DIR=/opt/rustwide/target" "-e" "CARGO_HOME=/opt/rustwide/cargo-home" "-e" "RUSTUP_HOME=/opt/rustwide/rustup-home" "-w" "/opt/rustwide/workdir" "-m" "1610612736" "--user" "0:0" "--network" "none" "ghcr.io/rust-lang/crates-build-env/linux@sha256:2788e3201cd34a07e3172128adcd8b3090168a8e3bcc40d7c032b9dda1df7d1c" "/opt/rustwide/cargo-home/bin/cargo" "+1.75.0" "metadata" "--no-deps" "--format-version=1", kill_on_drop: false }`
[INFO] [stdout] bfd3c885ac24e4f80f3fdde56c6fcbdf6e43394c3b07b6e27ab5595f45503ef9
[INFO] running `Command { std: "docker" "start" "-a" "bfd3c885ac24e4f80f3fdde56c6fcbdf6e43394c3b07b6e27ab5595f45503ef9", kill_on_drop: false }`
[INFO] running `Command { std: "docker" "inspect" "bfd3c885ac24e4f80f3fdde56c6fcbdf6e43394c3b07b6e27ab5595f45503ef9", kill_on_drop: false }`
[INFO] running `Command { std: "docker" "rm" "-f" "bfd3c885ac24e4f80f3fdde56c6fcbdf6e43394c3b07b6e27ab5595f45503ef9", kill_on_drop: false }`
[INFO] [stdout] bfd3c885ac24e4f80f3fdde56c6fcbdf6e43394c3b07b6e27ab5595f45503ef9
[INFO] running `Command { std: "docker" "create" "-v" "/var/lib/crater-agent-workspace/builds/worker-7-tc1/target:/opt/rustwide/target:rw,Z" "-v" "/var/lib/crater-agent-workspace/builds/worker-7-tc1/source:/opt/rustwide/workdir:ro,Z" "-v" "/var/lib/crater-agent-workspace/cargo-home:/opt/rustwide/cargo-home:ro,Z" "-v" "/var/lib/crater-agent-workspace/rustup-home:/opt/rustwide/rustup-home:ro,Z" "-e" "SOURCE_DIR=/opt/rustwide/workdir" "-e" "CARGO_TARGET_DIR=/opt/rustwide/target" "-e" "CARGO_INCREMENTAL=0" "-e" "RUST_BACKTRACE=full" "-e" "RUSTFLAGS=--cap-lints=warn" "-e" "RUSTDOCFLAGS=--cap-lints=warn" "-e" "CARGO_HOME=/opt/rustwide/cargo-home" "-e" "RUSTUP_HOME=/opt/rustwide/rustup-home" "-w" "/opt/rustwide/workdir" "-m" "1610612736" "--user" "0:0" "--network" "none" "ghcr.io/rust-lang/crates-build-env/linux@sha256:2788e3201cd34a07e3172128adcd8b3090168a8e3bcc40d7c032b9dda1df7d1c" "/opt/rustwide/cargo-home/bin/cargo" "+1.75.0" "build" "--frozen" "--message-format=json", kill_on_drop: false }`
[INFO] [stdout] fd85bc1ae1924fd580a02f4f9b4ad4aa998593afe1c9335f718d73812f5f8122
[INFO] running `Command { std: "docker" "start" "-a" "fd85bc1ae1924fd580a02f4f9b4ad4aa998593afe1c9335f718d73812f5f8122", kill_on_drop: false }`
[INFO] [stderr]    Compiling version_check v0.9.4
[INFO] [stderr]    Compiling typenum v1.15.0
[INFO] [stderr]    Compiling proc-macro2 v1.0.39
[INFO] [stderr]    Compiling unicode-ident v1.0.0
[INFO] [stderr]    Compiling syn v1.0.95
[INFO] [stderr]    Compiling libc v0.2.126
[INFO] [stderr]    Compiling subtle v2.4.1
[INFO] [stderr]    Compiling zeroize v1.5.5
[INFO] [stderr]    Compiling serde_derive v1.0.145
[INFO] [stderr]    Compiling serde v1.0.145
[INFO] [stderr]    Compiling const-oid v0.9.0
[INFO] [stderr]    Compiling base64ct v1.5.0
[INFO] [stderr]    Compiling getrandom v0.1.16
[INFO] [stderr]    Compiling base16ct v0.1.1
[INFO] [stderr]    Compiling cpufeatures v0.2.2
[INFO] [stderr]    Compiling byteorder v1.4.3
[INFO] [stderr]    Compiling serde_json v1.0.86
[INFO] [stderr]    Compiling opaque-debug v0.3.0
[INFO] [stderr]    Compiling der v0.6.0
[INFO] [stderr]    Compiling schemars v0.8.11
[INFO] [stderr]    Compiling itoa v1.0.2
[INFO] [stderr]    Compiling hex v0.4.3
[INFO] [stderr]    Compiling ryu v1.0.10
[INFO] [stderr]    Compiling crunchy v0.2.2
[INFO] [stderr]    Compiling dyn-clone v1.0.5
[INFO] [stderr]    Compiling static_assertions v1.1.0
[INFO] [stderr]    Compiling base64 v0.13.0
[INFO] [stderr]    Compiling forward_ref v1.0.0
[INFO] [stderr]    Compiling generic-array v0.14.5
[INFO] [stderr]    Compiling paginate v1.1.11
[INFO] [stderr]    Compiling uint v0.9.3
[INFO] [stderr]    Compiling quote v1.0.18
[INFO] [stderr]    Compiling getrandom v0.2.6
[INFO] [stderr]    Compiling spki v0.6.0
[INFO] [stderr]    Compiling rand_core v0.6.3
[INFO] [stderr]    Compiling rand_core v0.5.1
[INFO] [stderr]    Compiling pkcs8 v0.9.0
[INFO] [stderr]    Compiling ff v0.12.0
[INFO] [stderr]    Compiling group v0.12.0
[INFO] [stderr]    Compiling crypto-common v0.1.6
[INFO] [stderr]    Compiling block-buffer v0.10.3
[INFO] [stderr]    Compiling crypto-bigint v0.4.8
[INFO] [stderr]    Compiling sec1 v0.3.0
[INFO] [stderr]    Compiling digest v0.9.0
[INFO] [stderr]    Compiling block-buffer v0.9.0
[INFO] [stderr]    Compiling curve25519-dalek v3.2.0
[INFO] [stderr]    Compiling sha2 v0.9.9
[INFO] [stderr]    Compiling digest v0.10.5
[INFO] [stderr]    Compiling hmac v0.12.1
[INFO] [stderr]    Compiling signature v1.6.3
[INFO] [stderr]    Compiling sha2 v0.10.6
[INFO] [stderr]    Compiling elliptic-curve v0.12.3
[INFO] [stderr]    Compiling rfc6979 v0.3.0
[INFO] [stderr]    Compiling ecdsa v0.14.7
[INFO] [stderr]    Compiling k256 v0.11.5
[INFO] [stderr]    Compiling serde_derive_internals v0.26.0
[INFO] [stderr]    Compiling thiserror-impl v1.0.31
[INFO] [stderr]    Compiling schemars_derive v0.8.11
[INFO] [stderr]    Compiling cosmwasm-derive v1.1.4
[INFO] [stderr]    Compiling derivative v2.2.0
[INFO] [stderr]    Compiling cosmwasm-schema-derive v1.1.4
[INFO] [stderr]    Compiling thiserror v1.0.31
[INFO] [stderr]    Compiling ed25519-zebra v3.0.0
[INFO] [stderr]    Compiling serde-json-wasm v0.4.1
[INFO] [stderr]    Compiling cosmwasm-crypto v1.1.4
[INFO] [stderr]    Compiling cosmwasm-std v1.1.4
[INFO] [stderr]    Compiling cosmwasm-schema v1.1.4
[INFO] [stderr]    Compiling cw-storage-plus v0.15.1
[INFO] [stderr]    Compiling cosmwasm-storage v1.1.4
[INFO] [stderr]    Compiling cw2 v0.15.1
[INFO] [stderr]    Compiling iks-oks v0.1.0 (/opt/rustwide/workdir)
[INFO] [stdout] warning: unused import: `crate::board::Board`
[INFO] [stdout]  --> src/contract.rs:2:5
[INFO] [stdout]   |
[INFO] [stdout] 2 | use crate::board::Board;
[INFO] [stdout]   |     ^^^^^^^^^^^^^^^^^^^
[INFO] [stdout]   |
[INFO] [stdout]   = note: `#[warn(unused_imports)]` on by default
[INFO] [stdout] 
[INFO] [stdout] 
[INFO] [stdout] warning: value assigned to `sign` is never read
[INFO] [stdout]   --> src/contract.rs:89:13
[INFO] [stdout]    |
[INFO] [stdout] 89 |     let mut sign = "".to_string();
[INFO] [stdout]    |             ^^^^
[INFO] [stdout]    |
[INFO] [stdout]    = help: maybe it is overwritten before being read?
[INFO] [stdout]    = note: `#[warn(unused_assignments)]` on by default
[INFO] [stdout] 
[INFO] [stdout] 
[INFO] [stdout] warning: unused variable: `room`
[INFO] [stdout]    --> src/contract.rs:210:9
[INFO] [stdout]     |
[INFO] [stdout] 210 |     let room = room.unwrap();
[INFO] [stdout]     |         ^^^^ help: if this is intentional, prefix it with an underscore: `_room`
[INFO] [stdout]     |
[INFO] [stdout]     = note: `#[warn(unused_variables)]` on by default
[INFO] [stdout] 
[INFO] [stdout] 
[INFO] [stdout] warning: function `must_deserialize` is never used
[INFO] [stdout]   --> src/type_helpers.rs:15:15
[INFO] [stdout]    |
[INFO] [stdout] 15 | pub(crate) fn must_deserialize<T: DeserializeOwned>(value: &Option<Vec<u8>>) -> StdResult<T> {
[INFO] [stdout]    |               ^^^^^^^^^^^^^^^^
[INFO] [stdout]    |
[INFO] [stdout]    = note: `#[warn(dead_code)]` on by default
[INFO] [stdout] 
[INFO] [stdout] 
[INFO] [stdout] warning: 4 warnings emitted
[INFO] [stdout] 
[INFO] [stdout] 
[INFO] [stderr]     Finished dev [unoptimized + debuginfo] target(s) in 14.32s
[INFO] running `Command { std: "docker" "inspect" "fd85bc1ae1924fd580a02f4f9b4ad4aa998593afe1c9335f718d73812f5f8122", kill_on_drop: false }`
[INFO] running `Command { std: "docker" "rm" "-f" "fd85bc1ae1924fd580a02f4f9b4ad4aa998593afe1c9335f718d73812f5f8122", kill_on_drop: false }`
[INFO] [stdout] fd85bc1ae1924fd580a02f4f9b4ad4aa998593afe1c9335f718d73812f5f8122
[INFO] running `Command { std: "docker" "create" "-v" "/var/lib/crater-agent-workspace/builds/worker-7-tc1/target:/opt/rustwide/target:rw,Z" "-v" "/var/lib/crater-agent-workspace/builds/worker-7-tc1/source:/opt/rustwide/workdir:ro,Z" "-v" "/var/lib/crater-agent-workspace/cargo-home:/opt/rustwide/cargo-home:ro,Z" "-v" "/var/lib/crater-agent-workspace/rustup-home:/opt/rustwide/rustup-home:ro,Z" "-e" "SOURCE_DIR=/opt/rustwide/workdir" "-e" "CARGO_TARGET_DIR=/opt/rustwide/target" "-e" "CARGO_INCREMENTAL=0" "-e" "RUST_BACKTRACE=full" "-e" "RUSTFLAGS=--cap-lints=warn" "-e" "RUSTDOCFLAGS=--cap-lints=warn" "-e" "CARGO_HOME=/opt/rustwide/cargo-home" "-e" "RUSTUP_HOME=/opt/rustwide/rustup-home" "-w" "/opt/rustwide/workdir" "-m" "1610612736" "--user" "0:0" "--network" "none" "ghcr.io/rust-lang/crates-build-env/linux@sha256:2788e3201cd34a07e3172128adcd8b3090168a8e3bcc40d7c032b9dda1df7d1c" "/opt/rustwide/cargo-home/bin/cargo" "+1.75.0" "test" "--frozen" "--no-run" "--message-format=json", kill_on_drop: false }`
[INFO] [stdout] 697ae9f0fdbd82529c2ecac488782c65cedcb5b21c6b6d1104b068f207a02371
[INFO] running `Command { std: "docker" "start" "-a" "697ae9f0fdbd82529c2ecac488782c65cedcb5b21c6b6d1104b068f207a02371", kill_on_drop: false }`
[INFO] [stderr]    Compiling anyhow v1.0.57
[INFO] [stderr]    Compiling either v1.6.1
[INFO] [stderr]    Compiling bytes v1.1.0
[INFO] [stderr]    Compiling cosmwasm-std v1.1.4
[INFO] [stderr]    Compiling itertools v0.10.3
[INFO] [stderr]    Compiling prost-derive v0.9.0
[INFO] [stderr]    Compiling cw-storage-plus v0.15.1
[INFO] [stderr]    Compiling cosmwasm-storage v1.1.4
[INFO] [stderr]    Compiling cw-utils v0.13.2
[INFO] [stderr]    Compiling cw-storage-plus v0.13.2
[INFO] [stderr]    Compiling prost v0.9.0
[INFO] [stderr]    Compiling cw2 v0.15.1
[INFO] [stderr]    Compiling cw-multi-test v0.13.2
[INFO] [stderr]    Compiling iks-oks v0.1.0 (/opt/rustwide/workdir)
[INFO] [stdout] warning: unused import: `crate::board::Board`
[INFO] [stdout]  --> src/contract.rs:2:5
[INFO] [stdout]   |
[INFO] [stdout] 2 | use crate::board::Board;
[INFO] [stdout]   |     ^^^^^^^^^^^^^^^^^^^
[INFO] [stdout]   |
[INFO] [stdout]   = note: `#[warn(unused_imports)]` on by default
[INFO] [stdout] 
[INFO] [stdout] 
[INFO] [stdout] warning: unused import: `crate::board::Board`
[INFO] [stdout]  --> src/contract.rs:2:5
[INFO] [stdout]   |
[INFO] [stdout] 2 | use crate::board::Board;
[INFO] [stdout]   |     ^^^^^^^^^^^^^^^^^^^
[INFO] [stdout]   |
[INFO] [stdout]   = note: `#[warn(unused_imports)]` on by default
[INFO] [stdout] 
[INFO] [stdout] 
[INFO] [stdout] warning: value assigned to `sign` is never read
[INFO] [stdout]   --> src/contract.rs:89:13
[INFO] [stdout]    |
[INFO] [stdout] 89 |     let mut sign = "".to_string();
[INFO] [stdout]    |             ^^^^
[INFO] [stdout]    |
[INFO] [stdout]    = help: maybe it is overwritten before being read?
[INFO] [stdout]    = note: `#[warn(unused_assignments)]` on by default
[INFO] [stdout] 
[INFO] [stdout] 
[INFO] [stdout] warning: unused variable: `room`
[INFO] [stdout]    --> src/contract.rs:210:9
[INFO] [stdout]     |
[INFO] [stdout] 210 |     let room = room.unwrap();
[INFO] [stdout]     |         ^^^^ help: if this is intentional, prefix it with an underscore: `_room`
[INFO] [stdout]     |
[INFO] [stdout]     = note: `#[warn(unused_variables)]` on by default
[INFO] [stdout] 
[INFO] [stdout] 
[INFO] [stdout] warning: value assigned to `sign` is never read
[INFO] [stdout]   --> src/contract.rs:89:13
[INFO] [stdout]    |
[INFO] [stdout] 89 |     let mut sign = "".to_string();
[INFO] [stdout]    |             ^^^^
[INFO] [stdout]    |
[INFO] [stdout]    = help: maybe it is overwritten before being read?
[INFO] [stdout]    = note: `#[warn(unused_assignments)]` on by default
[INFO] [stdout] 
[INFO] [stdout] 
[INFO] [stdout] warning: unused variable: `room`
[INFO] [stdout]    --> src/contract.rs:210:9
[INFO] [stdout]     |
[INFO] [stdout] 210 |     let room = room.unwrap();
[INFO] [stdout]     |         ^^^^ help: if this is intentional, prefix it with an underscore: `_room`
[INFO] [stdout]     |
[INFO] [stdout]     = note: `#[warn(unused_variables)]` on by default
[INFO] [stdout] 
[INFO] [stdout] 
[INFO] [stdout] warning: function `must_deserialize` is never used
[INFO] [stdout]   --> src/type_helpers.rs:15:15
[INFO] [stdout]    |
[INFO] [stdout] 15 | pub(crate) fn must_deserialize<T: DeserializeOwned>(value: &Option<Vec<u8>>) -> StdResult<T> {
[INFO] [stdout]    |               ^^^^^^^^^^^^^^^^
[INFO] [stdout]    |
[INFO] [stdout]    = note: `#[warn(dead_code)]` on by default
[INFO] [stdout] 
[INFO] [stdout] 
[INFO] [stdout] warning: function `must_deserialize` is never used
[INFO] [stdout]   --> src/type_helpers.rs:15:15
[INFO] [stdout]    |
[INFO] [stdout] 15 | pub(crate) fn must_deserialize<T: DeserializeOwned>(value: &Option<Vec<u8>>) -> StdResult<T> {
[INFO] [stdout]    |               ^^^^^^^^^^^^^^^^
[INFO] [stdout]    |
[INFO] [stdout]    = note: `#[warn(dead_code)]` on by default
[INFO] [stdout] 
[INFO] [stdout] 
[INFO] [stdout] warning: 4 warnings emitted
[INFO] [stdout] 
[INFO] [stdout] 
[INFO] [stdout] warning: 4 warnings emitted
[INFO] [stdout] 
[INFO] [stdout] 
[INFO] [stderr]     Finished test [unoptimized + debuginfo] target(s) in 4.57s
[INFO] running `Command { std: "docker" "inspect" "697ae9f0fdbd82529c2ecac488782c65cedcb5b21c6b6d1104b068f207a02371", kill_on_drop: false }`
[INFO] running `Command { std: "docker" "rm" "-f" "697ae9f0fdbd82529c2ecac488782c65cedcb5b21c6b6d1104b068f207a02371", kill_on_drop: false }`
[INFO] [stdout] 697ae9f0fdbd82529c2ecac488782c65cedcb5b21c6b6d1104b068f207a02371
[INFO] running `Command { std: "docker" "create" "-v" "/var/lib/crater-agent-workspace/builds/worker-7-tc1/target:/opt/rustwide/target:rw,Z" "-v" "/var/lib/crater-agent-workspace/builds/worker-7-tc1/source:/opt/rustwide/workdir:ro,Z" "-v" "/var/lib/crater-agent-workspace/cargo-home:/opt/rustwide/cargo-home:ro,Z" "-v" "/var/lib/crater-agent-workspace/rustup-home:/opt/rustwide/rustup-home:ro,Z" "-e" "SOURCE_DIR=/opt/rustwide/workdir" "-e" "CARGO_TARGET_DIR=/opt/rustwide/target" "-e" "CARGO_INCREMENTAL=0" "-e" "RUST_BACKTRACE=full" "-e" "RUSTFLAGS=--cap-lints=warn" "-e" "RUSTDOCFLAGS=--cap-lints=warn" "-e" "CARGO_HOME=/opt/rustwide/cargo-home" "-e" "RUSTUP_HOME=/opt/rustwide/rustup-home" "-w" "/opt/rustwide/workdir" "-m" "1610612736" "--user" "0:0" "--network" "none" "ghcr.io/rust-lang/crates-build-env/linux@sha256:2788e3201cd34a07e3172128adcd8b3090168a8e3bcc40d7c032b9dda1df7d1c" "/opt/rustwide/cargo-home/bin/cargo" "+1.75.0" "test" "--frozen", kill_on_drop: false }`
[INFO] [stdout] 37e562fb8767935a23a643596c7f6bd6e6eb945d54d68d444c0dd348e5a5f29c
[INFO] running `Command { std: "docker" "start" "-a" "37e562fb8767935a23a643596c7f6bd6e6eb945d54d68d444c0dd348e5a5f29c", kill_on_drop: false }`
[INFO] [stderr] warning: unused import: `crate::board::Board`
[INFO] [stderr]  --> src/contract.rs:2:5
[INFO] [stderr]   |
[INFO] [stderr] 2 | use crate::board::Board;
[INFO] [stderr]   |     ^^^^^^^^^^^^^^^^^^^
[INFO] [stderr]   |
[INFO] [stderr]   = note: `#[warn(unused_imports)]` on by default
[INFO] [stderr] 
[INFO] [stderr] warning: value assigned to `sign` is never read
[INFO] [stderr]   --> src/contract.rs:89:13
[INFO] [stderr]    |
[INFO] [stderr] 89 |     let mut sign = "".to_string();
[INFO] [stderr]    |             ^^^^
[INFO] [stderr]    |
[INFO] [stderr]    = help: maybe it is overwritten before being read?
[INFO] [stderr]    = note: `#[warn(unused_assignments)]` on by default
[INFO] [stderr] 
[INFO] [stderr] warning: unused variable: `room`
[INFO] [stderr]    --> src/contract.rs:210:9
[INFO] [stderr]     |
[INFO] [stderr] 210 |     let room = room.unwrap();
[INFO] [stderr]     |         ^^^^ help: if this is intentional, prefix it with an underscore: `_room`
[INFO] [stderr]     |
[INFO] [stderr]     = note: `#[warn(unused_variables)]` on by default
[INFO] [stderr] 
[INFO] [stderr] warning: function `must_deserialize` is never used
[INFO] [stderr]   --> src/type_helpers.rs:15:15
[INFO] [stderr]    |
[INFO] [stderr] 15 | pub(crate) fn must_deserialize<T: DeserializeOwned>(value: &Option<Vec<u8>>) -> StdResult<T> {
[INFO] [stderr]    |               ^^^^^^^^^^^^^^^^
[INFO] [stderr]    |
[INFO] [stderr]    = note: `#[warn(dead_code)]` on by default
[INFO] [stderr] 
[INFO] [stderr] warning: `iks-oks` (lib) generated 4 warnings (run `cargo fix --lib -p iks-oks` to apply 2 suggestions)
[INFO] [stderr] warning: `iks-oks` (lib test) generated 4 warnings (4 duplicates)
[INFO] [stderr]     Finished test [unoptimized + debuginfo] target(s) in 0.05s
[INFO] [stderr]      Running unittests src/lib.rs (/opt/rustwide/target/debug/deps/iks_oks-2ca7997e634e480a)
[INFO] [stdout] 
[INFO] [stdout] running 12 tests
[INFO] [stdout] test contract::tests::add_room_test ... ok
[INFO] [stdout] test contract::tests::play_game_in_not_existing_room_test ... ok
[INFO] [stdout] test contract::tests::game_status_query_test ... ok
[INFO] [stdout] test contract::tests::play_move_test ... ok
[INFO] [stdout] test contract::tests::play_same_move_test ... ok
[INFO] [stdout] test contract::tests::play_same_player_test ... ok
[INFO] [stdout] test contract::tests::room_exist_query_test ... ok
[INFO] [stdout] test contract::tests::player_turn_query_test ... ok
[INFO] [stdout] test contract::tests::table_status_query_test ... ok
[INFO] [stdout] test contract::tests::play_winning_game_test ... ok
[INFO] [stdout] test contract::tests::play_tie_game_test ... ok
[INFO] [stdout] test contract::tests::restart_game ... FAILED
[INFO] [stdout] 
[INFO] [stdout] failures:
[INFO] [stdout] 
[INFO] [stdout] ---- contract::tests::restart_game stdout ----
[INFO] [stdout] thread 'contract::tests::restart_game' panicked at src/board.rs:81:18:
[INFO] [stdout] index out of bounds: the len is 0 but the index is 0
[INFO] [stdout] stack backtrace:
[INFO] [stdout]    0:     0x5583bbc8002c - std::backtrace_rs::backtrace::libunwind::trace::ha637c64ce894333a
[INFO] [stdout]                                at /rustc/82e1608dfa6e0b5569232559e3d385fea5a93112/library/std/src/../../backtrace/src/backtrace/libunwind.rs:104:5
[INFO] [stdout]    1:     0x5583bbc8002c - std::backtrace_rs::backtrace::trace_unsynchronized::h47f62dea28e0c88d
[INFO] [stdout]                                at /rustc/82e1608dfa6e0b5569232559e3d385fea5a93112/library/std/src/../../backtrace/src/backtrace/mod.rs:66:5
[INFO] [stdout]    2:     0x5583bbc8002c - std::sys_common::backtrace::_print_fmt::h9eef0abe20ede486
[INFO] [stdout]                                at /rustc/82e1608dfa6e0b5569232559e3d385fea5a93112/library/std/src/sys_common/backtrace.rs:67:5
[INFO] [stdout]    3:     0x5583bbc8002c - <std::sys_common::backtrace::_print::DisplayBacktrace as core::fmt::Display>::fmt::hed7f999df88cc644
[INFO] [stdout]                                at /rustc/82e1608dfa6e0b5569232559e3d385fea5a93112/library/std/src/sys_common/backtrace.rs:44:22
[INFO] [stdout]    4:     0x5583bbcaa340 - core::fmt::rt::Argument::fmt::h1539a9308b8d058d
[INFO] [stdout]                                at /rustc/82e1608dfa6e0b5569232559e3d385fea5a93112/library/core/src/fmt/rt.rs:142:9
[INFO] [stdout]    5:     0x5583bbcaa340 - core::fmt::write::h3a39390d8560d9c9
[INFO] [stdout]                                at /rustc/82e1608dfa6e0b5569232559e3d385fea5a93112/library/core/src/fmt/mod.rs:1120:17
[INFO] [stdout]    6:     0x5583bbc7d9df - std::io::Write::write_fmt::h040b369f3a0f9cbc
[INFO] [stdout]                                at /rustc/82e1608dfa6e0b5569232559e3d385fea5a93112/library/std/src/io/mod.rs:1762:15
[INFO] [stdout]    7:     0x5583bbc7fe14 - std::sys_common::backtrace::_print::h894006fb5c6f3d45
[INFO] [stdout]                                at /rustc/82e1608dfa6e0b5569232559e3d385fea5a93112/library/std/src/sys_common/backtrace.rs:47:5
[INFO] [stdout]    8:     0x5583bbc7fe14 - std::sys_common::backtrace::print::h23a2d212c6fff936
[INFO] [stdout]                                at /rustc/82e1608dfa6e0b5569232559e3d385fea5a93112/library/std/src/sys_common/backtrace.rs:34:9
[INFO] [stdout]    9:     0x5583bbc81ad7 - std::panicking::default_hook::{{closure}}::h8a1d2ee00185001a
[INFO] [stdout]   10:     0x5583bbc817c3 - std::panicking::default_hook::h6038f2eba384e475
[INFO] [stdout]                                at /rustc/82e1608dfa6e0b5569232559e3d385fea5a93112/library/std/src/panicking.rs:289:9
[INFO] [stdout]   11:     0x5583bbb82027 - <alloc::boxed::Box<F,A> as core::ops::function::Fn<Args>>::call::h0ad024c9bdc6d768
[INFO] [stdout]                                at /rustc/82e1608dfa6e0b5569232559e3d385fea5a93112/library/alloc/src/boxed.rs:2021:9
[INFO] [stdout]   12:     0x5583bbb82027 - test::test_main::{{closure}}::h7500b54257359db6
[INFO] [stdout]                                at /rustc/82e1608dfa6e0b5569232559e3d385fea5a93112/library/test/src/lib.rs:138:21
[INFO] [stdout]   13:     0x5583bbc820e8 - <alloc::boxed::Box<F,A> as core::ops::function::Fn<Args>>::call::h1f8f335eaa9cfaee
[INFO] [stdout]                                at /rustc/82e1608dfa6e0b5569232559e3d385fea5a93112/library/alloc/src/boxed.rs:2021:9
[INFO] [stdout]   14:     0x5583bbc820e8 - std::panicking::rust_panic_with_hook::h2b5517d590cab22e
[INFO] [stdout]                                at /rustc/82e1608dfa6e0b5569232559e3d385fea5a93112/library/std/src/panicking.rs:783:13
[INFO] [stdout]   15:     0x5583bbc81e3e - std::panicking::begin_panic_handler::{{closure}}::h233112c06e0ef43e
[INFO] [stdout]                                at /rustc/82e1608dfa6e0b5569232559e3d385fea5a93112/library/std/src/panicking.rs:657:13
[INFO] [stdout]   16:     0x5583bbc804f6 - std::sys_common::backtrace::__rust_end_short_backtrace::h6e893f24d7ebbff8
[INFO] [stdout]                                at /rustc/82e1608dfa6e0b5569232559e3d385fea5a93112/library/std/src/sys_common/backtrace.rs:170:18
[INFO] [stdout]   17:     0x5583bbc81ba2 - rust_begin_unwind
[INFO] [stdout]                                at /rustc/82e1608dfa6e0b5569232559e3d385fea5a93112/library/std/src/panicking.rs:645:5
[INFO] [stdout]   18:     0x5583bbb09cf5 - core::panicking::panic_fmt::hbf0e066aabfa482c
[INFO] [stdout]                                at /rustc/82e1608dfa6e0b5569232559e3d385fea5a93112/library/core/src/panicking.rs:72:14
[INFO] [stdout]   19:     0x5583bbb09eb2 - core::panicking::panic_bounds_check::h326a19b32dc06d6d
[INFO] [stdout]                                at /rustc/82e1608dfa6e0b5569232559e3d385fea5a93112/library/core/src/panicking.rs:190:5
[INFO] [stdout]   20:     0x5583bbb47ece - <usize as core::slice::index::SliceIndex<[T]>>::index_mut::hc78f73f87f8e431e
[INFO] [stdout]                                at /rustc/82e1608dfa6e0b5569232559e3d385fea5a93112/library/core/src/slice/index.rs:264:14
[INFO] [stdout]   21:     0x5583bbb3ae70 - core::slice::index::<impl core::ops::index::IndexMut<I> for [T]>::index_mut::haeb9d8d0f211c121
[INFO] [stdout]                                at /rustc/82e1608dfa6e0b5569232559e3d385fea5a93112/library/core/src/slice/index.rs:29:9
[INFO] [stdout]   22:     0x5583bbb3ae70 - <alloc::vec::Vec<T,A> as core::ops::index::IndexMut<I>>::index_mut::h32afbb81d03d61e7
[INFO] [stdout]                                at /rustc/82e1608dfa6e0b5569232559e3d385fea5a93112/library/alloc/src/vec/mod.rs:2744:9
[INFO] [stdout]   23:     0x5583bbb36dcf - iks_oks::board::Board::restart_board::h2e9283ec86767f0b
[INFO] [stdout]                                at /opt/rustwide/workdir/src/board.rs:81:18
[INFO] [stdout]   24:     0x5583bbb2dde0 - iks_oks::room::Room::restart_game::h37e19e5f059b510c
[INFO] [stdout]                                at /opt/rustwide/workdir/src/room.rs:47:20
[INFO] [stdout]   25:     0x5583bbb49ff4 - iks_oks::contract::restart_game::h8df2ba995c2ce2d8
[INFO] [stdout]                                at /opt/rustwide/workdir/src/contract.rs:164:12
[INFO] [stdout]   26:     0x5583bbb4d0dd - iks_oks::contract::execute::h19ace3abe8e1296c
[INFO] [stdout]                                at /opt/rustwide/workdir/src/contract.rs:39:51
[INFO] [stdout]   27:     0x5583bbb3d130 - iks_oks::contract::tests::restart_game::h3eb0eb068eb9d42f
[INFO] [stdout]                                at /opt/rustwide/workdir/src/contract.rs:376:28
[INFO] [stdout]   28:     0x5583bbb3ca37 - iks_oks::contract::tests::restart_game::{{closure}}::h97cee7052326ea65
[INFO] [stdout]                                at /opt/rustwide/workdir/src/contract.rs:354:22
[INFO] [stdout]   29:     0x5583bbb3f7e6 - core::ops::function::FnOnce::call_once::hc59d8b0f5f8684a8
[INFO] [stdout]                                at /rustc/82e1608dfa6e0b5569232559e3d385fea5a93112/library/core/src/ops/function.rs:250:5
[INFO] [stdout]   30:     0x5583bbb8767f - core::ops::function::FnOnce::call_once::h2b5d431d5046312d
[INFO] [stdout]                                at /rustc/82e1608dfa6e0b5569232559e3d385fea5a93112/library/core/src/ops/function.rs:250:5
[INFO] [stdout]   31:     0x5583bbb8767f - test::__rust_begin_short_backtrace::h7714669af176e207
[INFO] [stdout]                                at /rustc/82e1608dfa6e0b5569232559e3d385fea5a93112/library/test/src/lib.rs:628:18
[INFO] [stdout]   32:     0x5583bbb86695 - test::run_test_in_process::{{closure}}::h85218797dcbcec12
[INFO] [stdout]                                at /rustc/82e1608dfa6e0b5569232559e3d385fea5a93112/library/test/src/lib.rs:651:60
[INFO] [stdout]   33:     0x5583bbb86695 - <core::panic::unwind_safe::AssertUnwindSafe<F> as core::ops::function::FnOnce<()>>::call_once::h76c106ea31c14d7b
[INFO] [stdout]                                at /rustc/82e1608dfa6e0b5569232559e3d385fea5a93112/library/core/src/panic/unwind_safe.rs:272:9
[INFO] [stdout]   34:     0x5583bbb86695 - std::panicking::try::do_call::h3bd5d0f6620ee946
[INFO] [stdout]                                at /rustc/82e1608dfa6e0b5569232559e3d385fea5a93112/library/std/src/panicking.rs:552:40
[INFO] [stdout]   35:     0x5583bbb86695 - std::panicking::try::h232e535e4744fe31
[INFO] [stdout]                                at /rustc/82e1608dfa6e0b5569232559e3d385fea5a93112/library/std/src/panicking.rs:516:19
[INFO] [stdout]   36:     0x5583bbb86695 - std::panic::catch_unwind::h3ce3bd6ca8dbac68
[INFO] [stdout]                                at /rustc/82e1608dfa6e0b5569232559e3d385fea5a93112/library/std/src/panic.rs:142:14
[INFO] [stdout]   37:     0x5583bbb86695 - test::run_test_in_process::hc97b257c9621286a
[INFO] [stdout]                                at /rustc/82e1608dfa6e0b5569232559e3d385fea5a93112/library/test/src/lib.rs:651:27
[INFO] [stdout]   38:     0x5583bbb86695 - test::run_test::{{closure}}::h2aa798823a438d38
[INFO] [stdout]                                at /rustc/82e1608dfa6e0b5569232559e3d385fea5a93112/library/test/src/lib.rs:574:43
[INFO] [stdout]   39:     0x5583bbb4e956 - test::run_test::{{closure}}::h87d231c78fb59832
[INFO] [stdout]                                at /rustc/82e1608dfa6e0b5569232559e3d385fea5a93112/library/test/src/lib.rs:602:41
[INFO] [stdout]   40:     0x5583bbb4e956 - std::sys_common::backtrace::__rust_begin_short_backtrace::he6df152596625789
[INFO] [stdout]                                at /rustc/82e1608dfa6e0b5569232559e3d385fea5a93112/library/std/src/sys_common/backtrace.rs:154:18
[INFO] [stdout]   41:     0x5583bbb53a07 - std::thread::Builder::spawn_unchecked_::{{closure}}::{{closure}}::ha94be15d1e0acf36
[INFO] [stdout]                                at /rustc/82e1608dfa6e0b5569232559e3d385fea5a93112/library/std/src/thread/mod.rs:529:17
[INFO] [stdout]   42:     0x5583bbb53a07 - <core::panic::unwind_safe::AssertUnwindSafe<F> as core::ops::function::FnOnce<()>>::call_once::h9dc6bd6372f16606
[INFO] [stdout]                                at /rustc/82e1608dfa6e0b5569232559e3d385fea5a93112/library/core/src/panic/unwind_safe.rs:272:9
[INFO] [stdout]   43:     0x5583bbb53a07 - std::panicking::try::do_call::h9057517f80303cd4
[INFO] [stdout]                                at /rustc/82e1608dfa6e0b5569232559e3d385fea5a93112/library/std/src/panicking.rs:552:40
[INFO] [stdout]   44:     0x5583bbb53a07 - std::panicking::try::he3a30b11ee45340c
[INFO] [stdout]                                at /rustc/82e1608dfa6e0b5569232559e3d385fea5a93112/library/std/src/panicking.rs:516:19
[INFO] [stdout]   45:     0x5583bbb53a07 - std::panic::catch_unwind::h410458cfd3528b8b
[INFO] [stdout]                                at /rustc/82e1608dfa6e0b5569232559e3d385fea5a93112/library/std/src/panic.rs:142:14
[INFO] [stdout]   46:     0x5583bbb53a07 - std::thread::Builder::spawn_unchecked_::{{closure}}::h72ac3bdb567b737b
[INFO] [stdout]                                at /rustc/82e1608dfa6e0b5569232559e3d385fea5a93112/library/std/src/thread/mod.rs:528:30
[INFO] [stdout]   47:     0x5583bbb53a07 - core::ops::function::FnOnce::call_once{{vtable.shim}}::h38f34da3654a8344
[INFO] [stdout]                                at /rustc/82e1608dfa6e0b5569232559e3d385fea5a93112/library/core/src/ops/function.rs:250:5
[INFO] [stdout]   48:     0x5583bbc86b75 - <alloc::boxed::Box<F,A> as core::ops::function::FnOnce<Args>>::call_once::hc7eafaff61e32df9
[INFO] [stdout]                                at /rustc/82e1608dfa6e0b5569232559e3d385fea5a93112/library/alloc/src/boxed.rs:2007:9
[INFO] [stdout]   49:     0x5583bbc86b75 - <alloc::boxed::Box<F,A> as core::ops::function::FnOnce<Args>>::call_once::h6ba4a5de48dd2304
[INFO] [stdout]                                at /rustc/82e1608dfa6e0b5569232559e3d385fea5a93112/library/alloc/src/boxed.rs:2007:9
[INFO] [stdout]   50:     0x5583bbc86b75 - std::sys::unix::thread::Thread::new::thread_start::he469335aef763e45
[INFO] [stdout]                                at /rustc/82e1608dfa6e0b5569232559e3d385fea5a93112/library/std/src/sys/unix/thread.rs:108:17
[INFO] [stdout]   51:     0x7f732e56eac3 - <unknown>
[INFO] [stdout]   52:     0x7f732e5ffbf4 - __clone
[INFO] [stdout]   53:                0x0 - <unknown>
[INFO] [stdout] 
[INFO] [stdout] 
[INFO] [stdout] failures:
[INFO] [stdout]     contract::tests::restart_game
[INFO] [stdout] 
[INFO] [stdout] test result: FAILED. 11 passed; 1 failed; 0 ignored; 0 measured; 0 filtered out; finished in 0.02s
[INFO] [stdout] 
[INFO] [stderr] error: test failed, to rerun pass `--lib`
[INFO] running `Command { std: "docker" "inspect" "37e562fb8767935a23a643596c7f6bd6e6eb945d54d68d444c0dd348e5a5f29c", kill_on_drop: false }`
[INFO] running `Command { std: "docker" "rm" "-f" "37e562fb8767935a23a643596c7f6bd6e6eb945d54d68d444c0dd348e5a5f29c", kill_on_drop: false }`
[INFO] [stdout] 37e562fb8767935a23a643596c7f6bd6e6eb945d54d68d444c0dd348e5a5f29c
