[INFO] cloning repository https://github.com/T3pp31/caesar_cipher_enc_dec
[INFO] running `Command { std: "git" "-c" "credential.helper=" "-c" "credential.helper=/workspace/cargo-home/bin/git-credential-null" "clone" "--bare" "https://github.com/T3pp31/caesar_cipher_enc_dec" "/workspace/cache/git-repos/https%3A%2F%2Fgithub.com%2FT3pp31%2Fcaesar_cipher_enc_dec", kill_on_drop: false }`
[INFO] [stderr] Cloning into bare repository '/workspace/cache/git-repos/https%3A%2F%2Fgithub.com%2FT3pp31%2Fcaesar_cipher_enc_dec'...
[INFO] running `Command { std: "git" "rev-parse" "HEAD", kill_on_drop: false }`
[INFO] [stdout] 1a5b28d1dda02034e75ab85080ecae2cfd691ce9
[INFO] testing T3pp31/caesar_cipher_enc_dec against 1.75.0 for beta-1.76-1
[INFO] running `Command { std: "git" "clone" "/workspace/cache/git-repos/https%3A%2F%2Fgithub.com%2FT3pp31%2Fcaesar_cipher_enc_dec" "/workspace/builds/worker-5-tc1/source", kill_on_drop: false }`
[INFO] [stderr] Cloning into '/workspace/builds/worker-5-tc1/source'...
[INFO] [stderr] done.
[INFO] validating manifest of git repo https://github.com/T3pp31/caesar_cipher_enc_dec on toolchain 1.75.0
[INFO] running `Command { std: CARGO_HOME="/workspace/cargo-home" RUSTUP_HOME="/workspace/rustup-home" "/workspace/cargo-home/bin/cargo" "+1.75.0" "metadata" "--manifest-path" "Cargo.toml" "--no-deps", kill_on_drop: false }`
[INFO] started tweaking git repo https://github.com/T3pp31/caesar_cipher_enc_dec
[INFO] finished tweaking git repo https://github.com/T3pp31/caesar_cipher_enc_dec
[INFO] tweaked toml for git repo https://github.com/T3pp31/caesar_cipher_enc_dec written to /workspace/builds/worker-5-tc1/source/Cargo.toml
[INFO] crate git repo https://github.com/T3pp31/caesar_cipher_enc_dec already has a lockfile, it will not be regenerated
[INFO] running `Command { std: CARGO_HOME="/workspace/cargo-home" RUSTUP_HOME="/workspace/rustup-home" "/workspace/cargo-home/bin/cargo" "+1.75.0" "fetch" "--manifest-path" "Cargo.toml", kill_on_drop: false }`
[INFO] [stderr]     Blocking waiting for file lock on package cache
[INFO] running `Command { std: "docker" "create" "-v" "/var/lib/crater-agent-workspace/builds/worker-5-tc1/target:/opt/rustwide/target:rw,Z" "-v" "/var/lib/crater-agent-workspace/builds/worker-5-tc1/source:/opt/rustwide/workdir:ro,Z" "-v" "/var/lib/crater-agent-workspace/cargo-home:/opt/rustwide/cargo-home:ro,Z" "-v" "/var/lib/crater-agent-workspace/rustup-home:/opt/rustwide/rustup-home:ro,Z" "-e" "SOURCE_DIR=/opt/rustwide/workdir" "-e" "CARGO_TARGET_DIR=/opt/rustwide/target" "-e" "CARGO_HOME=/opt/rustwide/cargo-home" "-e" "RUSTUP_HOME=/opt/rustwide/rustup-home" "-w" "/opt/rustwide/workdir" "-m" "1610612736" "--user" "0:0" "--network" "none" "ghcr.io/rust-lang/crates-build-env/linux@sha256:2788e3201cd34a07e3172128adcd8b3090168a8e3bcc40d7c032b9dda1df7d1c" "/opt/rustwide/cargo-home/bin/cargo" "+1.75.0" "metadata" "--no-deps" "--format-version=1", kill_on_drop: false }`
[INFO] [stdout] 750bef989ff7d14d2ae9f01028fde0b12e6ecd1ad0b9d477e1674b91a5e1de8e
[INFO] running `Command { std: "docker" "start" "-a" "750bef989ff7d14d2ae9f01028fde0b12e6ecd1ad0b9d477e1674b91a5e1de8e", kill_on_drop: false }`
[INFO] running `Command { std: "docker" "inspect" "750bef989ff7d14d2ae9f01028fde0b12e6ecd1ad0b9d477e1674b91a5e1de8e", kill_on_drop: false }`
[INFO] running `Command { std: "docker" "rm" "-f" "750bef989ff7d14d2ae9f01028fde0b12e6ecd1ad0b9d477e1674b91a5e1de8e", kill_on_drop: false }`
[INFO] [stdout] 750bef989ff7d14d2ae9f01028fde0b12e6ecd1ad0b9d477e1674b91a5e1de8e
[INFO] running `Command { std: "docker" "create" "-v" "/var/lib/crater-agent-workspace/builds/worker-5-tc1/target:/opt/rustwide/target:rw,Z" "-v" "/var/lib/crater-agent-workspace/builds/worker-5-tc1/source:/opt/rustwide/workdir:ro,Z" "-v" "/var/lib/crater-agent-workspace/cargo-home:/opt/rustwide/cargo-home:ro,Z" "-v" "/var/lib/crater-agent-workspace/rustup-home:/opt/rustwide/rustup-home:ro,Z" "-e" "SOURCE_DIR=/opt/rustwide/workdir" "-e" "CARGO_TARGET_DIR=/opt/rustwide/target" "-e" "CARGO_INCREMENTAL=0" "-e" "RUST_BACKTRACE=full" "-e" "RUSTFLAGS=--cap-lints=warn" "-e" "RUSTDOCFLAGS=--cap-lints=warn" "-e" "CARGO_HOME=/opt/rustwide/cargo-home" "-e" "RUSTUP_HOME=/opt/rustwide/rustup-home" "-w" "/opt/rustwide/workdir" "-m" "1610612736" "--user" "0:0" "--network" "none" "ghcr.io/rust-lang/crates-build-env/linux@sha256:2788e3201cd34a07e3172128adcd8b3090168a8e3bcc40d7c032b9dda1df7d1c" "/opt/rustwide/cargo-home/bin/cargo" "+1.75.0" "build" "--frozen" "--message-format=json", kill_on_drop: false }`
[INFO] [stdout] 4066a89b697980c09e2c4a3689ce1e4ed83284e303ebf94e8085a6905f2380a8
[INFO] running `Command { std: "docker" "start" "-a" "4066a89b697980c09e2c4a3689ce1e4ed83284e303ebf94e8085a6905f2380a8", kill_on_drop: false }`
[INFO] [stderr]    Compiling caesar_cipher_enc_dec v0.3.0 (/opt/rustwide/workdir)
[INFO] [stderr]     Finished dev [unoptimized + debuginfo] target(s) in 0.51s
[INFO] running `Command { std: "docker" "inspect" "4066a89b697980c09e2c4a3689ce1e4ed83284e303ebf94e8085a6905f2380a8", kill_on_drop: false }`
[INFO] running `Command { std: "docker" "rm" "-f" "4066a89b697980c09e2c4a3689ce1e4ed83284e303ebf94e8085a6905f2380a8", kill_on_drop: false }`
[INFO] [stdout] 4066a89b697980c09e2c4a3689ce1e4ed83284e303ebf94e8085a6905f2380a8
[INFO] running `Command { std: "docker" "create" "-v" "/var/lib/crater-agent-workspace/builds/worker-5-tc1/target:/opt/rustwide/target:rw,Z" "-v" "/var/lib/crater-agent-workspace/builds/worker-5-tc1/source:/opt/rustwide/workdir:ro,Z" "-v" "/var/lib/crater-agent-workspace/cargo-home:/opt/rustwide/cargo-home:ro,Z" "-v" "/var/lib/crater-agent-workspace/rustup-home:/opt/rustwide/rustup-home:ro,Z" "-e" "SOURCE_DIR=/opt/rustwide/workdir" "-e" "CARGO_TARGET_DIR=/opt/rustwide/target" "-e" "CARGO_INCREMENTAL=0" "-e" "RUST_BACKTRACE=full" "-e" "RUSTFLAGS=--cap-lints=warn" "-e" "RUSTDOCFLAGS=--cap-lints=warn" "-e" "CARGO_HOME=/opt/rustwide/cargo-home" "-e" "RUSTUP_HOME=/opt/rustwide/rustup-home" "-w" "/opt/rustwide/workdir" "-m" "1610612736" "--user" "0:0" "--network" "none" "ghcr.io/rust-lang/crates-build-env/linux@sha256:2788e3201cd34a07e3172128adcd8b3090168a8e3bcc40d7c032b9dda1df7d1c" "/opt/rustwide/cargo-home/bin/cargo" "+1.75.0" "test" "--frozen" "--no-run" "--message-format=json", kill_on_drop: false }`
[INFO] [stdout] 236784d2602957a1d56847acbb15d7613ad3f9c3ec2d8da353b1c60af4568ebf
[INFO] running `Command { std: "docker" "start" "-a" "236784d2602957a1d56847acbb15d7613ad3f9c3ec2d8da353b1c60af4568ebf", kill_on_drop: false }`
[INFO] [stderr]    Compiling caesar_cipher_enc_dec v0.3.0 (/opt/rustwide/workdir)
[INFO] [stderr]     Finished test [unoptimized + debuginfo] target(s) in 0.67s
[INFO] running `Command { std: "docker" "inspect" "236784d2602957a1d56847acbb15d7613ad3f9c3ec2d8da353b1c60af4568ebf", kill_on_drop: false }`
[INFO] running `Command { std: "docker" "rm" "-f" "236784d2602957a1d56847acbb15d7613ad3f9c3ec2d8da353b1c60af4568ebf", kill_on_drop: false }`
[INFO] [stdout] 236784d2602957a1d56847acbb15d7613ad3f9c3ec2d8da353b1c60af4568ebf
[INFO] running `Command { std: "docker" "create" "-v" "/var/lib/crater-agent-workspace/builds/worker-5-tc1/target:/opt/rustwide/target:rw,Z" "-v" "/var/lib/crater-agent-workspace/builds/worker-5-tc1/source:/opt/rustwide/workdir:ro,Z" "-v" "/var/lib/crater-agent-workspace/cargo-home:/opt/rustwide/cargo-home:ro,Z" "-v" "/var/lib/crater-agent-workspace/rustup-home:/opt/rustwide/rustup-home:ro,Z" "-e" "SOURCE_DIR=/opt/rustwide/workdir" "-e" "CARGO_TARGET_DIR=/opt/rustwide/target" "-e" "CARGO_INCREMENTAL=0" "-e" "RUST_BACKTRACE=full" "-e" "RUSTFLAGS=--cap-lints=warn" "-e" "RUSTDOCFLAGS=--cap-lints=warn" "-e" "CARGO_HOME=/opt/rustwide/cargo-home" "-e" "RUSTUP_HOME=/opt/rustwide/rustup-home" "-w" "/opt/rustwide/workdir" "-m" "1610612736" "--user" "0:0" "--network" "none" "ghcr.io/rust-lang/crates-build-env/linux@sha256:2788e3201cd34a07e3172128adcd8b3090168a8e3bcc40d7c032b9dda1df7d1c" "/opt/rustwide/cargo-home/bin/cargo" "+1.75.0" "test" "--frozen", kill_on_drop: false }`
[INFO] [stdout] d22b193c102b95413103a09846d5d9a78c240591e57ed33af2056dea4c66ac4a
[INFO] running `Command { std: "docker" "start" "-a" "d22b193c102b95413103a09846d5d9a78c240591e57ed33af2056dea4c66ac4a", kill_on_drop: false }`
[INFO] [stderr]     Finished test [unoptimized + debuginfo] target(s) in 0.01s
[INFO] [stdout] 
[INFO] [stdout] running 1 test
[INFO] [stderr]      Running unittests src/lib.rs (/opt/rustwide/target/debug/deps/caesar_cipher_enc_dec-400564a17c9955db)
[INFO] [stderr]      Running unittests src/main.rs (/opt/rustwide/target/debug/deps/caesar_cipher_enc_dec-45e6cbae5cbb5673)
[INFO] [stdout] test tests::test_caesar ... ok
[INFO] [stdout] 
[INFO] [stdout] test result: ok. 1 passed; 0 failed; 0 ignored; 0 measured; 0 filtered out; finished in 0.00s
[INFO] [stdout] 
[INFO] [stdout] 
[INFO] [stdout] running 0 tests
[INFO] [stdout] 
[INFO] [stderr]    Doc-tests caesar_cipher_enc_dec
[INFO] [stdout] test result: ok. 0 passed; 0 failed; 0 ignored; 0 measured; 0 filtered out; finished in 0.00s
[INFO] [stdout] 
[INFO] [stdout] 
[INFO] [stdout] running 2 tests
[INFO] [stdout] test src/lib.rs - caesar_cipher (line 17) ... FAILED
[INFO] [stdout] test src/lib.rs - caesar_cipher (line 7) ... ok
[INFO] [stderr] error: doctest failed, to rerun pass `--doc`
[INFO] [stdout] 
[INFO] [stdout] failures:
[INFO] [stdout] 
[INFO] [stdout] ---- src/lib.rs - caesar_cipher (line 17) stdout ----
[INFO] [stdout] error[E0308]: mismatched types
[INFO] [stdout]  --> src/lib.rs:22:4
[INFO] [stdout]   |
[INFO] [stdout] 8 |    caesar_encrypt(&text, i)}
[INFO] [stdout]   |    ^^^^^^^^^^^^^^^^^^^^^^^^- help: consider using a semicolon here: `;`
[INFO] [stdout]   |    |
[INFO] [stdout]   |    expected `()`, found `String`
[INFO] [stdout] 
[INFO] [stdout] error: aborting due to previous error
[INFO] [stdout] 
[INFO] [stdout] For more information about this error, try `rustc --explain E0308`.
[INFO] [stdout] Couldn't compile the test.
[INFO] [stdout] 
[INFO] [stdout] failures:
[INFO] [stdout]     src/lib.rs - caesar_cipher (line 17)
[INFO] [stdout] 
[INFO] [stdout] test result: FAILED. 1 passed; 1 failed; 0 ignored; 0 measured; 0 filtered out; finished in 0.32s
[INFO] [stdout] 
[INFO] running `Command { std: "docker" "inspect" "d22b193c102b95413103a09846d5d9a78c240591e57ed33af2056dea4c66ac4a", kill_on_drop: false }`
[INFO] running `Command { std: "docker" "rm" "-f" "d22b193c102b95413103a09846d5d9a78c240591e57ed33af2056dea4c66ac4a", kill_on_drop: false }`
[INFO] [stdout] d22b193c102b95413103a09846d5d9a78c240591e57ed33af2056dea4c66ac4a
[INFO] testing T3pp31/caesar_cipher_enc_dec against beta-2023-12-22 for beta-1.76-1
[INFO] running `Command { std: "git" "clone" "/workspace/cache/git-repos/https%3A%2F%2Fgithub.com%2FT3pp31%2Fcaesar_cipher_enc_dec" "/workspace/builds/worker-5-tc2/source", kill_on_drop: false }`
[INFO] [stderr] Cloning into '/workspace/builds/worker-5-tc2/source'...
[INFO] [stderr] done.
[INFO] validating manifest of git repo https://github.com/T3pp31/caesar_cipher_enc_dec on toolchain beta-2023-12-22
[INFO] running `Command { std: CARGO_HOME="/workspace/cargo-home" RUSTUP_HOME="/workspace/rustup-home" "/workspace/cargo-home/bin/cargo" "+beta-2023-12-22" "metadata" "--manifest-path" "Cargo.toml" "--no-deps", kill_on_drop: false }`
[INFO] started tweaking git repo https://github.com/T3pp31/caesar_cipher_enc_dec
[INFO] finished tweaking git repo https://github.com/T3pp31/caesar_cipher_enc_dec
[INFO] tweaked toml for git repo https://github.com/T3pp31/caesar_cipher_enc_dec written to /workspace/builds/worker-5-tc2/source/Cargo.toml
[INFO] crate git repo https://github.com/T3pp31/caesar_cipher_enc_dec already has a lockfile, it will not be regenerated
[INFO] running `Command { std: CARGO_HOME="/workspace/cargo-home" RUSTUP_HOME="/workspace/rustup-home" "/workspace/cargo-home/bin/cargo" "+beta-2023-12-22" "fetch" "--manifest-path" "Cargo.toml", kill_on_drop: false }`
[INFO] running `Command { std: "docker" "create" "-v" "/var/lib/crater-agent-workspace/builds/worker-5-tc2/target:/opt/rustwide/target:rw,Z" "-v" "/var/lib/crater-agent-workspace/builds/worker-5-tc2/source:/opt/rustwide/workdir:ro,Z" "-v" "/var/lib/crater-agent-workspace/cargo-home:/opt/rustwide/cargo-home:ro,Z" "-v" "/var/lib/crater-agent-workspace/rustup-home:/opt/rustwide/rustup-home:ro,Z" "-e" "SOURCE_DIR=/opt/rustwide/workdir" "-e" "CARGO_TARGET_DIR=/opt/rustwide/target" "-e" "CARGO_HOME=/opt/rustwide/cargo-home" "-e" "RUSTUP_HOME=/opt/rustwide/rustup-home" "-w" "/opt/rustwide/workdir" "-m" "1610612736" "--user" "0:0" "--network" "none" "ghcr.io/rust-lang/crates-build-env/linux@sha256:2788e3201cd34a07e3172128adcd8b3090168a8e3bcc40d7c032b9dda1df7d1c" "/opt/rustwide/cargo-home/bin/cargo" "+beta-2023-12-22" "metadata" "--no-deps" "--format-version=1", kill_on_drop: false }`
[INFO] [stdout] 1bae4819b7d40a14b92ceea0320bf05e7ea293e44727ba9c62e2a2a3c3f464e4
[INFO] running `Command { std: "docker" "start" "-a" "1bae4819b7d40a14b92ceea0320bf05e7ea293e44727ba9c62e2a2a3c3f464e4", kill_on_drop: false }`
[INFO] running `Command { std: "docker" "inspect" "1bae4819b7d40a14b92ceea0320bf05e7ea293e44727ba9c62e2a2a3c3f464e4", kill_on_drop: false }`
[INFO] running `Command { std: "docker" "rm" "-f" "1bae4819b7d40a14b92ceea0320bf05e7ea293e44727ba9c62e2a2a3c3f464e4", kill_on_drop: false }`
[INFO] [stdout] 1bae4819b7d40a14b92ceea0320bf05e7ea293e44727ba9c62e2a2a3c3f464e4
[INFO] running `Command { std: "docker" "create" "-v" "/var/lib/crater-agent-workspace/builds/worker-5-tc2/target:/opt/rustwide/target:rw,Z" "-v" "/var/lib/crater-agent-workspace/builds/worker-5-tc2/source:/opt/rustwide/workdir:ro,Z" "-v" "/var/lib/crater-agent-workspace/cargo-home:/opt/rustwide/cargo-home:ro,Z" "-v" "/var/lib/crater-agent-workspace/rustup-home:/opt/rustwide/rustup-home:ro,Z" "-e" "SOURCE_DIR=/opt/rustwide/workdir" "-e" "CARGO_TARGET_DIR=/opt/rustwide/target" "-e" "CARGO_INCREMENTAL=0" "-e" "RUST_BACKTRACE=full" "-e" "RUSTFLAGS=--cap-lints=warn" "-e" "RUSTDOCFLAGS=--cap-lints=warn" "-e" "CARGO_HOME=/opt/rustwide/cargo-home" "-e" "RUSTUP_HOME=/opt/rustwide/rustup-home" "-w" "/opt/rustwide/workdir" "-m" "1610612736" "--user" "0:0" "--network" "none" "ghcr.io/rust-lang/crates-build-env/linux@sha256:2788e3201cd34a07e3172128adcd8b3090168a8e3bcc40d7c032b9dda1df7d1c" "/opt/rustwide/cargo-home/bin/cargo" "+beta-2023-12-22" "build" "--frozen" "--message-format=json", kill_on_drop: false }`
[INFO] [stdout] e28fbfa273471bc2075afddf040d093c608699ac1f6210dcf44f9aa8db6eb8c0
[INFO] running `Command { std: "docker" "start" "-a" "e28fbfa273471bc2075afddf040d093c608699ac1f6210dcf44f9aa8db6eb8c0", kill_on_drop: false }`
[INFO] [stderr]    Compiling caesar_cipher_enc_dec v0.3.0 (/opt/rustwide/workdir)
[INFO] [stderr]     Finished dev [unoptimized + debuginfo] target(s) in 0.49s
[INFO] running `Command { std: "docker" "inspect" "e28fbfa273471bc2075afddf040d093c608699ac1f6210dcf44f9aa8db6eb8c0", kill_on_drop: false }`
[INFO] running `Command { std: "docker" "rm" "-f" "e28fbfa273471bc2075afddf040d093c608699ac1f6210dcf44f9aa8db6eb8c0", kill_on_drop: false }`
[INFO] [stdout] e28fbfa273471bc2075afddf040d093c608699ac1f6210dcf44f9aa8db6eb8c0
[INFO] running `Command { std: "docker" "create" "-v" "/var/lib/crater-agent-workspace/builds/worker-5-tc2/target:/opt/rustwide/target:rw,Z" "-v" "/var/lib/crater-agent-workspace/builds/worker-5-tc2/source:/opt/rustwide/workdir:ro,Z" "-v" "/var/lib/crater-agent-workspace/cargo-home:/opt/rustwide/cargo-home:ro,Z" "-v" "/var/lib/crater-agent-workspace/rustup-home:/opt/rustwide/rustup-home:ro,Z" "-e" "SOURCE_DIR=/opt/rustwide/workdir" "-e" "CARGO_TARGET_DIR=/opt/rustwide/target" "-e" "CARGO_INCREMENTAL=0" "-e" "RUST_BACKTRACE=full" "-e" "RUSTFLAGS=--cap-lints=warn" "-e" "RUSTDOCFLAGS=--cap-lints=warn" "-e" "CARGO_HOME=/opt/rustwide/cargo-home" "-e" "RUSTUP_HOME=/opt/rustwide/rustup-home" "-w" "/opt/rustwide/workdir" "-m" "1610612736" "--user" "0:0" "--network" "none" "ghcr.io/rust-lang/crates-build-env/linux@sha256:2788e3201cd34a07e3172128adcd8b3090168a8e3bcc40d7c032b9dda1df7d1c" "/opt/rustwide/cargo-home/bin/cargo" "+beta-2023-12-22" "test" "--frozen" "--no-run" "--message-format=json", kill_on_drop: false }`
[INFO] [stdout] fd57d93e37f1e9805cfe86ce8aace0701032d1f31cf0ffde60880c223bf9342c
[INFO] running `Command { std: "docker" "start" "-a" "fd57d93e37f1e9805cfe86ce8aace0701032d1f31cf0ffde60880c223bf9342c", kill_on_drop: false }`
[INFO] [stderr]    Compiling caesar_cipher_enc_dec v0.3.0 (/opt/rustwide/workdir)
[INFO] [stderr]     Finished test [unoptimized + debuginfo] target(s) in 0.66s
[INFO] running `Command { std: "docker" "inspect" "fd57d93e37f1e9805cfe86ce8aace0701032d1f31cf0ffde60880c223bf9342c", kill_on_drop: false }`
[INFO] running `Command { std: "docker" "rm" "-f" "fd57d93e37f1e9805cfe86ce8aace0701032d1f31cf0ffde60880c223bf9342c", kill_on_drop: false }`
[INFO] [stdout] fd57d93e37f1e9805cfe86ce8aace0701032d1f31cf0ffde60880c223bf9342c
[INFO] running `Command { std: "docker" "create" "-v" "/var/lib/crater-agent-workspace/builds/worker-5-tc2/target:/opt/rustwide/target:rw,Z" "-v" "/var/lib/crater-agent-workspace/builds/worker-5-tc2/source:/opt/rustwide/workdir:ro,Z" "-v" "/var/lib/crater-agent-workspace/cargo-home:/opt/rustwide/cargo-home:ro,Z" "-v" "/var/lib/crater-agent-workspace/rustup-home:/opt/rustwide/rustup-home:ro,Z" "-e" "SOURCE_DIR=/opt/rustwide/workdir" "-e" "CARGO_TARGET_DIR=/opt/rustwide/target" "-e" "CARGO_INCREMENTAL=0" "-e" "RUST_BACKTRACE=full" "-e" "RUSTFLAGS=--cap-lints=warn" "-e" "RUSTDOCFLAGS=--cap-lints=warn" "-e" "CARGO_HOME=/opt/rustwide/cargo-home" "-e" "RUSTUP_HOME=/opt/rustwide/rustup-home" "-w" "/opt/rustwide/workdir" "-m" "1610612736" "--user" "0:0" "--network" "none" "ghcr.io/rust-lang/crates-build-env/linux@sha256:2788e3201cd34a07e3172128adcd8b3090168a8e3bcc40d7c032b9dda1df7d1c" "/opt/rustwide/cargo-home/bin/cargo" "+beta-2023-12-22" "test" "--frozen", kill_on_drop: false }`
[INFO] [stdout] 450211fb55ee14096c83dc4ce7fbb7604ef6f9546b2463bc1dcda7d93815eda7
[INFO] running `Command { std: "docker" "start" "-a" "450211fb55ee14096c83dc4ce7fbb7604ef6f9546b2463bc1dcda7d93815eda7", kill_on_drop: false }`
[INFO] [stderr]     Finished test [unoptimized + debuginfo] target(s) in 0.01s
[INFO] [stderr]      Running unittests src/lib.rs (/opt/rustwide/target/debug/deps/caesar_cipher_enc_dec-79c21d4394b4936c)
[INFO] [stdout] 
[INFO] [stderr]      Running unittests src/main.rs (/opt/rustwide/target/debug/deps/caesar_cipher_enc_dec-b9fa197e19ba7c64)
[INFO] [stdout] running 1 test
[INFO] [stdout] test tests::test_caesar ... ok
[INFO] [stdout] 
[INFO] [stdout] test result: ok. 1 passed; 0 failed; 0 ignored; 0 measured; 0 filtered out; finished in 0.00s
[INFO] [stdout] 
[INFO] [stdout] 
[INFO] [stderr]    Doc-tests caesar_cipher_enc_dec
[INFO] [stdout] running 0 tests
[INFO] [stdout] 
[INFO] [stdout] test result: ok. 0 passed; 0 failed; 0 ignored; 0 measured; 0 filtered out; finished in 0.00s
[INFO] [stdout] 
[INFO] [stdout] 
[INFO] [stdout] running 2 tests
[INFO] [stdout] test src/lib.rs - caesar_cipher (line 17) ... FAILED
[INFO] [stdout] test src/lib.rs - caesar_cipher (line 7) ... ok
[INFO] [stdout] 
[INFO] [stdout] failures:
[INFO] [stdout] 
[INFO] [stdout] ---- src/lib.rs - caesar_cipher (line 17) stdout ----
[INFO] [stdout] error[E0308]: mismatched types
[INFO] [stdout]  --> src/lib.rs:22:4
[INFO] [stdout]   |
[INFO] [stdout] 8 |    caesar_encrypt(&text, i)}
[INFO] [stdout]   |    ^^^^^^^^^^^^^^^^^^^^^^^^- help: consider using a semicolon here: `;`
[INFO] [stdout]   |    |
[INFO] [stdout]   |    expected `()`, found `String`
[INFO] [stdout] 
[INFO] [stdout] error: aborting due to 1 previous error
[INFO] [stdout] 
[INFO] [stdout] For more information about this error, try `rustc --explain E0308`.
[INFO] [stdout] Couldn't compile the test.
[INFO] [stdout] 
[INFO] [stdout] failures:
[INFO] [stdout]     src/lib.rs - caesar_cipher (line 17)
[INFO] [stdout] 
[INFO] [stdout] test result: FAILED. 1 passed; 1 failed; 0 ignored; 0 measured; 0 filtered out; finished in 0.26s
[INFO] [stdout] 
[INFO] [stderr] error: doctest failed, to rerun pass `--doc`
[INFO] running `Command { std: "docker" "inspect" "450211fb55ee14096c83dc4ce7fbb7604ef6f9546b2463bc1dcda7d93815eda7", kill_on_drop: false }`
[INFO] running `Command { std: "docker" "rm" "-f" "450211fb55ee14096c83dc4ce7fbb7604ef6f9546b2463bc1dcda7d93815eda7", kill_on_drop: false }`
[INFO] [stdout] 450211fb55ee14096c83dc4ce7fbb7604ef6f9546b2463bc1dcda7d93815eda7
