[INFO] cloning repository https://github.com/Syfaro/bkapi
[INFO] running `Command { std: "git" "-c" "credential.helper=" "-c" "credential.helper=/workspace/cargo-home/bin/git-credential-null" "clone" "--bare" "https://github.com/Syfaro/bkapi" "/workspace/cache/git-repos/https%3A%2F%2Fgithub.com%2FSyfaro%2Fbkapi", kill_on_drop: false }`
[INFO] [stderr] Cloning into bare repository '/workspace/cache/git-repos/https%3A%2F%2Fgithub.com%2FSyfaro%2Fbkapi'...
[INFO] running `Command { std: "git" "rev-parse" "HEAD", kill_on_drop: false }`
[INFO] [stdout] 01c13f224487de5ce858c0d02985a52b00fddd7c
[INFO] testing Syfaro/bkapi against 1.75.0 for beta-1.76-1
[INFO] running `Command { std: "git" "clone" "/workspace/cache/git-repos/https%3A%2F%2Fgithub.com%2FSyfaro%2Fbkapi" "/workspace/builds/worker-5-tc1/source", kill_on_drop: false }`
[INFO] [stderr] Cloning into '/workspace/builds/worker-5-tc1/source'...
[INFO] [stderr] done.
[INFO] validating manifest of git repo https://github.com/Syfaro/bkapi on toolchain 1.75.0
[INFO] running `Command { std: CARGO_HOME="/workspace/cargo-home" RUSTUP_HOME="/workspace/rustup-home" "/workspace/cargo-home/bin/cargo" "+1.75.0" "metadata" "--manifest-path" "Cargo.toml" "--no-deps", kill_on_drop: false }`
[INFO] started tweaking git repo https://github.com/Syfaro/bkapi
[INFO] finished tweaking git repo https://github.com/Syfaro/bkapi
[INFO] tweaked toml for git repo https://github.com/Syfaro/bkapi written to /workspace/builds/worker-5-tc1/source/Cargo.toml
[INFO] crate git repo https://github.com/Syfaro/bkapi already has a lockfile, it will not be regenerated
[INFO] running `Command { std: CARGO_HOME="/workspace/cargo-home" RUSTUP_HOME="/workspace/rustup-home" "/workspace/cargo-home/bin/cargo" "+1.75.0" "fetch" "--manifest-path" "Cargo.toml", kill_on_drop: false }`
[INFO] [stderr]     Updating crates.io index
[INFO] [stderr]     Updating git repository `https://github.com/Syfaro/foxlib.git`
[INFO] [stderr]  Downloading crates ...
[INFO] [stderr]   Downloaded serde_nanos v0.1.3
[INFO] [stderr]   Downloaded hamming v0.1.3
[INFO] [stderr]   Downloaded tracing-unwrap v0.10.0
[INFO] [stderr]   Downloaded procfs v0.14.2
[INFO] [stderr]   Downloaded bk-tree v0.5.0
[INFO] [stderr]   Downloaded nkeys v0.3.1
[INFO] [stderr]   Downloaded async-nats v0.31.0
[INFO] [stderr]   Downloaded rustix v0.36.15
[INFO] running `Command { std: "docker" "create" "-v" "/var/lib/crater-agent-workspace/builds/worker-5-tc1/target:/opt/rustwide/target:rw,Z" "-v" "/var/lib/crater-agent-workspace/builds/worker-5-tc1/source:/opt/rustwide/workdir:ro,Z" "-v" "/var/lib/crater-agent-workspace/cargo-home:/opt/rustwide/cargo-home:ro,Z" "-v" "/var/lib/crater-agent-workspace/rustup-home:/opt/rustwide/rustup-home:ro,Z" "-e" "SOURCE_DIR=/opt/rustwide/workdir" "-e" "CARGO_TARGET_DIR=/opt/rustwide/target" "-e" "CARGO_HOME=/opt/rustwide/cargo-home" "-e" "RUSTUP_HOME=/opt/rustwide/rustup-home" "-w" "/opt/rustwide/workdir" "-m" "1610612736" "--user" "0:0" "--network" "none" "ghcr.io/rust-lang/crates-build-env/linux@sha256:2788e3201cd34a07e3172128adcd8b3090168a8e3bcc40d7c032b9dda1df7d1c" "/opt/rustwide/cargo-home/bin/cargo" "+1.75.0" "metadata" "--no-deps" "--format-version=1", kill_on_drop: false }`
[INFO] [stdout] cc5db9146ce10182a620440a8627330b76e3cbb51430fed33edacf40c53add4a
[INFO] running `Command { std: "docker" "start" "-a" "cc5db9146ce10182a620440a8627330b76e3cbb51430fed33edacf40c53add4a", kill_on_drop: false }`
[INFO] running `Command { std: "docker" "inspect" "cc5db9146ce10182a620440a8627330b76e3cbb51430fed33edacf40c53add4a", kill_on_drop: false }`
[INFO] running `Command { std: "docker" "rm" "-f" "cc5db9146ce10182a620440a8627330b76e3cbb51430fed33edacf40c53add4a", kill_on_drop: false }`
[INFO] [stdout] cc5db9146ce10182a620440a8627330b76e3cbb51430fed33edacf40c53add4a
[INFO] running `Command { std: "docker" "create" "-v" "/var/lib/crater-agent-workspace/builds/worker-5-tc1/target:/opt/rustwide/target:rw,Z" "-v" "/var/lib/crater-agent-workspace/builds/worker-5-tc1/source:/opt/rustwide/workdir:ro,Z" "-v" "/var/lib/crater-agent-workspace/cargo-home:/opt/rustwide/cargo-home:ro,Z" "-v" "/var/lib/crater-agent-workspace/rustup-home:/opt/rustwide/rustup-home:ro,Z" "-e" "SOURCE_DIR=/opt/rustwide/workdir" "-e" "CARGO_TARGET_DIR=/opt/rustwide/target" "-e" "CARGO_INCREMENTAL=0" "-e" "RUST_BACKTRACE=full" "-e" "RUSTFLAGS=--cap-lints=warn" "-e" "RUSTDOCFLAGS=--cap-lints=warn" "-e" "CARGO_HOME=/opt/rustwide/cargo-home" "-e" "RUSTUP_HOME=/opt/rustwide/rustup-home" "-w" "/opt/rustwide/workdir" "-m" "1610612736" "--user" "0:0" "--network" "none" "ghcr.io/rust-lang/crates-build-env/linux@sha256:2788e3201cd34a07e3172128adcd8b3090168a8e3bcc40d7c032b9dda1df7d1c" "/opt/rustwide/cargo-home/bin/cargo" "+1.75.0" "build" "--frozen" "--message-format=json", kill_on_drop: false }`
[INFO] [stdout] c9b9dae8c5a7c1b1f67ac3636e1624f0ba5cee8a64258a9119f6953f19da0e67
[INFO] running `Command { std: "docker" "start" "-a" "c9b9dae8c5a7c1b1f67ac3636e1624f0ba5cee8a64258a9119f6953f19da0e67", kill_on_drop: false }`
[INFO] [stderr]    Compiling libc v0.2.147
[INFO] [stderr]    Compiling proc-macro2 v1.0.66
[INFO] [stderr]    Compiling unicode-ident v1.0.11
[INFO] [stderr]    Compiling autocfg v1.1.0
[INFO] [stderr]    Compiling serde v1.0.183
[INFO] [stderr]    Compiling serde_derive v1.0.183
[INFO] [stderr]    Compiling once_cell v1.18.0
[INFO] [stderr]    Compiling pin-project-lite v0.2.12
[INFO] [stderr]    Compiling log v0.4.20
[INFO] [stderr]    Compiling memchr v2.5.0
[INFO] [stderr]    Compiling version_check v0.9.4
[INFO] [stderr]    Compiling smallvec v1.11.0
[INFO] [stderr]    Compiling lock_api v0.4.10
[INFO] [stderr]    Compiling futures-core v0.3.28
[INFO] [stderr]    Compiling scopeguard v1.2.0
[INFO] [stderr]    Compiling parking_lot_core v0.9.8
[INFO] [stderr]    Compiling futures-sink v0.3.28
[INFO] [stderr]    Compiling slab v0.4.8
[INFO] [stderr]    Compiling quote v1.0.32
[INFO] [stderr]    Compiling futures-task v0.3.28
[INFO] [stderr]    Compiling syn v2.0.28
[INFO] [stderr]    Compiling futures-channel v0.3.28
[INFO] [stderr]    Compiling futures-util v0.3.28
[INFO] [stderr]    Compiling indexmap v1.9.3
[INFO] [stderr]    Compiling futures-io v0.3.28
[INFO] [stderr]    Compiling pin-utils v0.1.0
[INFO] [stderr]    Compiling hashbrown v0.12.3
[INFO] [stderr]    Compiling itoa v1.0.9
[INFO] [stderr]    Compiling tracing-core v0.1.31
[INFO] [stderr]    Compiling ppv-lite86 v0.2.17
[INFO] [stderr]    Compiling typenum v1.16.0
[INFO] [stderr]    Compiling generic-array v0.14.7
[INFO] [stderr]    Compiling percent-encoding v2.3.0
[INFO] [stderr]    Compiling syn v1.0.109
[INFO] [stderr]    Compiling num_cpus v1.16.0
[INFO] [stderr]    Compiling signal-hook-registry v1.4.1
[INFO] [stderr]    Compiling socket2 v0.5.3
[INFO] [stderr]    Compiling parking_lot v0.12.1
[INFO] [stderr]    Compiling mio v0.8.8
[INFO] [stderr]    Compiling getrandom v0.2.10
[INFO] [stderr]    Compiling jobserver v0.1.26
[INFO] [stderr]    Compiling rand_core v0.6.4
[INFO] [stderr]    Compiling cc v1.0.82
[INFO] [stderr]    Compiling ahash v0.8.3
[INFO] [stderr]    Compiling rand_chacha v0.3.1
[INFO] [stderr]    Compiling thiserror v1.0.44
[INFO] [stderr]    Compiling rand v0.8.5
[INFO] [stderr]    Compiling bytes v1.4.0
[INFO] [stderr]    Compiling aho-corasick v1.0.4
[INFO] [stderr]    Compiling either v1.9.0
[INFO] [stderr]    Compiling regex-syntax v0.7.4
[INFO] [stderr]    Compiling crossbeam-utils v0.8.16
[INFO] [stderr]    Compiling async-trait v0.1.73
[INFO] [stderr]    Compiling http v0.2.9
[INFO] [stderr]    Compiling allocator-api2 v0.2.16
[INFO] [stderr]    Compiling ring v0.16.20
[INFO] [stderr]    Compiling subtle v2.5.0
[INFO] [stderr]    Compiling hashbrown v0.14.0
[INFO] [stderr]    Compiling itertools v0.10.5
[INFO] [stderr]    Compiling bitflags v1.3.2
[INFO] [stderr]    Compiling httparse v1.8.0
[INFO] [stderr]    Compiling untrusted v0.7.1
[INFO] [stderr]    Compiling spin v0.5.2
[INFO] [stderr]    Compiling rustix v0.38.8
[INFO] [stderr]    Compiling ryu v1.0.15
[INFO] [stderr]    Compiling tinyvec_macros v0.1.1
[INFO] [stderr]    Compiling bitflags v2.4.0
[INFO] [stderr]    Compiling linux-raw-sys v0.4.5
[INFO] [stderr]    Compiling regex-automata v0.3.6
[INFO] [stderr]    Compiling serde_json v1.0.104
[INFO] [stderr]    Compiling anyhow v1.0.72
[INFO] [stderr]    Compiling tinyvec v1.6.0
[INFO] [stderr]    Compiling crypto-common v0.1.6
[INFO] [stderr]    Compiling block-buffer v0.10.4
[INFO] [stderr]    Compiling socket2 v0.4.9
[INFO] [stderr]    Compiling cpufeatures v0.2.9
[INFO] [stderr]    Compiling byteorder v1.4.3
[INFO] [stderr]    Compiling tokio-macros v2.1.0
[INFO] [stderr]    Compiling futures-macro v0.3.28
[INFO] [stderr]    Compiling tracing-attributes v0.1.26
[INFO] [stderr]    Compiling thiserror-impl v1.0.44
[INFO] [stderr]    Compiling regex v1.9.3
[INFO] [stderr]    Compiling rustversion v1.0.14
[INFO] [stderr]    Compiling tokio v1.31.0
[INFO] [stderr]    Compiling httpdate v1.0.3
[INFO] [stderr]    Compiling unicode-segmentation v1.10.1
[INFO] [stderr]    Compiling tracing v0.1.37
[INFO] [stderr]    Compiling heck v0.4.1
[INFO] [stderr]    Compiling pin-project-internal v1.1.3
[INFO] [stderr]    Compiling unicode-normalization v0.1.22
[INFO] [stderr]    Compiling digest v0.10.7
[INFO] [stderr]    Compiling num-traits v0.2.16
[INFO] [stderr]    Compiling unicode-bidi v0.3.13
[INFO] [stderr]    Compiling base64 v0.21.2
[INFO] [stderr]    Compiling tower-service v0.3.2
[INFO] [stderr]    Compiling mime v0.3.17
[INFO] [stderr]    Compiling prost-derive v0.11.9
[INFO] [stderr]    Compiling http-body v0.4.5
[INFO] [stderr]    Compiling dashmap v5.5.0
[INFO] [stderr]    Compiling pin-project v1.1.3
[INFO] [stderr]    Compiling crossbeam-channel v0.5.8
[INFO] [stderr]    Compiling form_urlencoded v1.2.0
[INFO] [stderr]    Compiling try-lock v0.2.4
[INFO] [stderr]    Compiling futures-executor v0.3.28
[INFO] [stderr]    Compiling opentelemetry_api v0.18.0
[INFO] [stderr]    Compiling paste v1.0.14
[INFO] [stderr]    Compiling want v0.3.1
[INFO] [stderr]    Compiling idna v0.4.0
[INFO] [stderr]    Compiling sct v0.7.0
[INFO] [stderr]    Compiling pkg-config v0.3.27
[INFO] [stderr]    Compiling prettyplease v0.1.25
[INFO] [stderr]    Compiling fixedbitset v0.4.2
[INFO] [stderr]    Compiling zstd-sys v2.0.8+zstd.1.5.5
[INFO] [stderr]    Compiling url v2.4.0
[INFO] [stderr]    Compiling fastrand v2.0.0
[INFO] [stderr]    Compiling petgraph v0.6.3
[INFO] [stderr]    Compiling prost v0.11.9
[INFO] [stderr]    Compiling tempfile v3.7.1
[INFO] [stderr]    Compiling axum-core v0.3.4
[INFO] [stderr]    Compiling tokio-util v0.7.8
[INFO] [stderr]    Compiling tokio-stream v0.1.14
[INFO] [stderr]    Compiling prost-types v0.11.9
[INFO] [stderr]    Compiling zeroize_derive v1.4.2
[INFO] [stderr]    Compiling webpki v0.22.0
[INFO] [stderr]    Compiling opentelemetry_sdk v0.18.0
[INFO] [stderr]    Compiling h2 v0.3.20
[INFO] [stderr]    Compiling which v4.4.0
[INFO] [stderr]    Compiling ahash v0.7.6
[INFO] [stderr]    Compiling tower-layer v0.3.2
[INFO] [stderr]    Compiling base64 v0.13.1
[INFO] [stderr]    Compiling multimap v0.8.3
[INFO] [stderr]    Compiling parking_lot_core v0.8.6
[INFO] [stderr]    Compiling rustls v0.20.8
[INFO] [stderr]    Compiling regex-syntax v0.6.29
[INFO] [stderr]    Compiling prost-build v0.11.9
[INFO] [stderr]    Compiling zeroize v1.6.0
[INFO] [stderr]    Compiling opentelemetry v0.18.0
[INFO] [stderr]    Compiling futures v0.3.28
[INFO] [stderr]    Compiling axum v0.6.20
[INFO] [stderr]    Compiling sha1 v0.10.5
[INFO] [stderr]    Compiling instant v0.1.12
[INFO] [stderr]    Compiling alloc-no-stdlib v2.0.4
[INFO] [stderr]    Compiling crc32fast v1.3.2
[INFO] [stderr]    Compiling overload v0.1.1
[INFO] [stderr]    Compiling hex v0.4.3
[INFO] [stderr]    Compiling io-lifetimes v1.0.11
[INFO] [stderr]    Compiling time-core v0.1.1
[INFO] [stderr]    Compiling const-oid v0.6.2
[INFO] [stderr]    Compiling local-waker v0.1.3
[INFO] [stderr]    Compiling zstd-safe v6.0.6
[INFO] [stderr]    Compiling der v0.4.5
[INFO] [stderr]    Compiling time-macros v0.2.11
[INFO] [stderr]    Compiling tonic-build v0.8.4
[INFO] [stderr]    Compiling nu-ansi-term v0.46.0
[INFO] [stderr]    Compiling regex-automata v0.1.10
[INFO] [stderr]    Compiling alloc-stdlib v0.2.2
[INFO] [stderr]    Compiling matchers v0.1.0
[INFO] [stderr]    Compiling tower v0.4.13
[INFO] [stderr]    Compiling tokio-io-timeout v1.2.0
[INFO] [stderr]    Compiling rustls-pemfile v1.0.3
[INFO] [stderr]    Compiling hyper v0.14.27
[INFO] [stderr]    Compiling async-stream-impl v0.3.5
[INFO] [stderr]    Compiling bytestring v1.3.0
[INFO] [stderr]    Compiling sharded-slab v0.1.4
[INFO] [stderr]    Compiling tracing-log v0.1.3
[INFO] [stderr]    Compiling digest v0.9.0
[INFO] [stderr]    Compiling tracing-serde v0.1.3
[INFO] [stderr]    Compiling deranged v0.3.7
[INFO] [stderr]    Compiling thread_local v1.1.7
[INFO] [stderr]    Compiling encoding_rs v0.8.32
[INFO] [stderr]    Compiling minimal-lexical v0.2.1
[INFO] [stderr]    Compiling signature v1.6.4
[INFO] [stderr]    Compiling rustix v0.36.15
[INFO] [stderr]    Compiling base64ct v1.1.1
[INFO] [stderr]    Compiling matchit v0.7.2
[INFO] [stderr]    Compiling crossbeam-queue v0.3.8
[INFO] [stderr]    Compiling adler v1.0.2
[INFO] [stderr]    Compiling sync_wrapper v0.1.2
[INFO] [stderr]    Compiling miniz_oxide v0.7.1
[INFO] [stderr]    Compiling time v0.3.25
[INFO] [stderr]    Compiling pem-rfc7468 v0.2.4
[INFO] [stderr]    Compiling nom v7.1.3
[INFO] [stderr]    Compiling tracing-subscriber v0.3.17
[INFO] [stderr]    Compiling tokio-rustls v0.23.4
[INFO] [stderr]    Compiling async-stream v0.3.5
[INFO] [stderr]    Compiling opentelemetry-proto v0.1.0
[INFO] [stderr]    Compiling parking_lot v0.11.2
[INFO] [stderr]    Compiling brotli-decompressor v2.3.4
[INFO] [stderr]    Compiling spki v0.4.1
[INFO] [stderr]    Compiling hyper-timeout v0.4.1
[INFO] [stderr]    Compiling actix-utils v3.0.1
[INFO] [stderr]    Compiling actix-rt v2.8.0
[INFO] [stderr]    Compiling actix-service v2.0.2
[INFO] [stderr]    Compiling serde_urlencoded v0.7.1
[INFO] [stderr]    Compiling tracing-futures v0.2.5
[INFO] [stderr]    Compiling hmac v0.12.1
[INFO] [stderr]    Compiling block-buffer v0.9.0
[INFO] [stderr]    Compiling dirs-sys v0.3.7
[INFO] [stderr]    Compiling cookie v0.16.2
[INFO] [stderr]    Compiling procfs v0.14.2
[INFO] [stderr]    Compiling rustls v0.21.6
[INFO] [stderr]    Compiling crc-catalog v2.2.0
[INFO] [stderr]    Compiling protobuf v2.28.0
[INFO] [stderr]    Compiling linux-raw-sys v0.1.4
[INFO] [stderr]    Compiling rand_core v0.5.1
[INFO] [stderr]    Compiling convert_case v0.4.0
[INFO] [stderr]    Compiling unicode_categories v0.1.1
[INFO] [stderr]    Compiling curve25519-dalek v3.2.0
[INFO] [stderr]    Compiling crc v3.0.1
[INFO] [stderr]    Compiling sqlformat v0.2.1
[INFO] [stderr]    Compiling sha2 v0.9.9
[INFO] [stderr]    Compiling anstyle-parse v0.2.1
[INFO] [stderr]    Compiling dirs v4.0.0
[INFO] [stderr]    Compiling derive_more v0.99.17
[INFO] [stderr]    Compiling hkdf v0.12.3
[INFO] [stderr]    Compiling brotli v3.3.4
[INFO] [stderr]    Compiling tracing-opentelemetry v0.18.0
[INFO] [stderr]    Compiling flate2 v1.0.26
[INFO] [stderr]    Compiling pkcs8 v0.7.6
[INFO] [stderr]    Compiling futures-intrusive v0.4.2
[INFO] [stderr]    Compiling sqlx-rt v0.6.3
[INFO] [stderr]    Compiling ed25519 v1.5.3
[INFO] [stderr]    Compiling actix-router v0.5.1
[INFO] [stderr]    Compiling local-channel v0.1.3
[INFO] [stderr]    Compiling actix-codec v0.5.1
[INFO] [stderr]    Compiling webpki-roots v0.22.6
[INFO] [stderr]    Compiling atoi v1.0.0
[INFO] [stderr]    Compiling ordered-float v1.1.1
[INFO] [stderr]    Compiling stringprep v0.1.3
[INFO] [stderr]    Compiling md-5 v0.10.5
[INFO] [stderr]    Compiling tonic v0.8.3
[INFO] [stderr]    Compiling sha2 v0.10.7
[INFO] [stderr]    Compiling is-terminal v0.4.9
[INFO] [stderr]    Compiling rustls-webpki v0.101.3
[INFO] [stderr]    Compiling hashlink v0.8.3
[INFO] [stderr]    Compiling threadpool v1.8.1
[INFO] [stderr]    Compiling event-listener v2.5.3
[INFO] [stderr]    Compiling language-tags v0.3.2
[INFO] [stderr]    Compiling whoami v1.4.1
[INFO] [stderr]    Compiling prometheus v0.13.3
[INFO] [stderr]    Compiling integer-encoding v3.0.4
[INFO] [stderr]    Compiling anstyle v1.0.1
[INFO] [stderr]    Compiling dotenvy v0.15.7
[INFO] [stderr]    Compiling anstream v0.3.2
[INFO] [stderr]    Compiling thrift v0.16.0
[INFO] [stderr]    Compiling sqlx-core v0.6.3
[INFO] [stderr]    Compiling actix-web-codegen v4.2.0
[INFO] [stderr]    Compiling ed25519-dalek v1.0.1
[INFO] [stderr]    Compiling signatory v0.23.2
[INFO] [stderr]    Compiling actix-server v2.2.0
[INFO] [stderr]    Compiling opentelemetry-semantic-conventions v0.10.0
[INFO] [stderr]    Compiling opentelemetry-http v0.7.0
[INFO] [stderr]    Compiling actix-macros v0.2.4
[INFO] [stderr]    Compiling time v0.1.45
[INFO] [stderr]    Compiling clap_lex v0.5.0
[INFO] [stderr]    Compiling data-encoding v2.4.0
[INFO] [stderr]    Compiling openssl-probe v0.1.5
[INFO] [stderr]    Compiling virtue v0.0.13
[INFO] [stderr]    Compiling iana-time-zone v0.1.57
[INFO] [stderr]    Compiling bincode_derive v2.0.0-rc.3
[INFO] [stderr]    Compiling chrono v0.4.26
[INFO] [stderr]    Compiling rustls-native-certs v0.6.3
[INFO] [stderr]    Compiling nkeys v0.3.1
[INFO] [stderr]    Compiling clap_builder v4.3.21
[INFO] [stderr]    Compiling opentelemetry-jaeger v0.17.0
[INFO] [stderr]    Compiling tokio-rustls v0.24.1
[INFO] [stderr]    Compiling opentelemetry-otlp v0.11.0
[INFO] [stderr]    Compiling tokio-retry v0.3.0
[INFO] [stderr]    Compiling clap_derive v4.3.12
[INFO] [stderr]    Compiling serde_repr v0.1.16
[INFO] [stderr]    Compiling nuid v0.3.2
[INFO] [stderr]    Compiling serde_nanos v0.1.3
[INFO] [stderr]    Compiling uuid v1.4.1
[INFO] [stderr]    Compiling ipnet v2.8.0
[INFO] [stderr]    Compiling triple_accel v0.3.4
[INFO] [stderr]    Compiling async-nats v0.31.0
[INFO] [stderr]    Compiling reqwest v0.11.18
[INFO] [stderr]    Compiling foxlib v0.1.0 (https://github.com/Syfaro/foxlib.git#7bf8fb25)
[INFO] [stderr]    Compiling bk-tree v0.5.0
[INFO] [stderr]    Compiling bincode v2.0.0-rc.3
[INFO] [stderr]    Compiling clap v4.3.21
[INFO] [stderr]    Compiling tracing-unwrap v0.10.0
[INFO] [stderr]    Compiling hamming v0.1.3
[INFO] [stderr]    Compiling bkapi-client v0.3.0 (/opt/rustwide/workdir/bkapi-client)
[INFO] [stderr]    Compiling sqlx-macros v0.6.3
[INFO] [stderr]    Compiling zstd v0.12.4
[INFO] [stderr]    Compiling actix-http v3.3.1
[INFO] [stderr]    Compiling sqlx v0.6.3
[INFO] [stderr]    Compiling actix-web v4.3.1
[INFO] [stderr]    Compiling tracing-actix-web v0.7.6
[INFO] [stderr]    Compiling bkapi v0.3.0 (/opt/rustwide/workdir/bkapi)
[INFO] [stderr]     Finished dev [unoptimized + debuginfo] target(s) in 2m 37s
[INFO] running `Command { std: "docker" "inspect" "c9b9dae8c5a7c1b1f67ac3636e1624f0ba5cee8a64258a9119f6953f19da0e67", kill_on_drop: false }`
[INFO] running `Command { std: "docker" "rm" "-f" "c9b9dae8c5a7c1b1f67ac3636e1624f0ba5cee8a64258a9119f6953f19da0e67", kill_on_drop: false }`
[INFO] [stdout] c9b9dae8c5a7c1b1f67ac3636e1624f0ba5cee8a64258a9119f6953f19da0e67
[INFO] running `Command { std: "docker" "create" "-v" "/var/lib/crater-agent-workspace/builds/worker-5-tc1/target:/opt/rustwide/target:rw,Z" "-v" "/var/lib/crater-agent-workspace/builds/worker-5-tc1/source:/opt/rustwide/workdir:ro,Z" "-v" "/var/lib/crater-agent-workspace/cargo-home:/opt/rustwide/cargo-home:ro,Z" "-v" "/var/lib/crater-agent-workspace/rustup-home:/opt/rustwide/rustup-home:ro,Z" "-e" "SOURCE_DIR=/opt/rustwide/workdir" "-e" "CARGO_TARGET_DIR=/opt/rustwide/target" "-e" "CARGO_INCREMENTAL=0" "-e" "RUST_BACKTRACE=full" "-e" "RUSTFLAGS=--cap-lints=warn" "-e" "RUSTDOCFLAGS=--cap-lints=warn" "-e" "CARGO_HOME=/opt/rustwide/cargo-home" "-e" "RUSTUP_HOME=/opt/rustwide/rustup-home" "-w" "/opt/rustwide/workdir" "-m" "1610612736" "--user" "0:0" "--network" "none" "ghcr.io/rust-lang/crates-build-env/linux@sha256:2788e3201cd34a07e3172128adcd8b3090168a8e3bcc40d7c032b9dda1df7d1c" "/opt/rustwide/cargo-home/bin/cargo" "+1.75.0" "test" "--frozen" "--no-run" "--message-format=json", kill_on_drop: false }`
[INFO] [stdout] 09ba381577b6dc0d16505a4c967dc02cc353bad15c17ef3901cc031d90f570d3
[INFO] running `Command { std: "docker" "start" "-a" "09ba381577b6dc0d16505a4c967dc02cc353bad15c17ef3901cc031d90f570d3", kill_on_drop: false }`
[INFO] [stderr]    Compiling bkapi-client v0.3.0 (/opt/rustwide/workdir/bkapi-client)
[INFO] [stderr]    Compiling bkapi v0.3.0 (/opt/rustwide/workdir/bkapi)
[INFO] [stderr]     Finished test [unoptimized + debuginfo] target(s) in 8.97s
[INFO] running `Command { std: "docker" "inspect" "09ba381577b6dc0d16505a4c967dc02cc353bad15c17ef3901cc031d90f570d3", kill_on_drop: false }`
[INFO] running `Command { std: "docker" "rm" "-f" "09ba381577b6dc0d16505a4c967dc02cc353bad15c17ef3901cc031d90f570d3", kill_on_drop: false }`
[INFO] [stdout] 09ba381577b6dc0d16505a4c967dc02cc353bad15c17ef3901cc031d90f570d3
[INFO] running `Command { std: "docker" "create" "-v" "/var/lib/crater-agent-workspace/builds/worker-5-tc1/target:/opt/rustwide/target:rw,Z" "-v" "/var/lib/crater-agent-workspace/builds/worker-5-tc1/source:/opt/rustwide/workdir:ro,Z" "-v" "/var/lib/crater-agent-workspace/cargo-home:/opt/rustwide/cargo-home:ro,Z" "-v" "/var/lib/crater-agent-workspace/rustup-home:/opt/rustwide/rustup-home:ro,Z" "-e" "SOURCE_DIR=/opt/rustwide/workdir" "-e" "CARGO_TARGET_DIR=/opt/rustwide/target" "-e" "CARGO_INCREMENTAL=0" "-e" "RUST_BACKTRACE=full" "-e" "RUSTFLAGS=--cap-lints=warn" "-e" "RUSTDOCFLAGS=--cap-lints=warn" "-e" "CARGO_HOME=/opt/rustwide/cargo-home" "-e" "RUSTUP_HOME=/opt/rustwide/rustup-home" "-w" "/opt/rustwide/workdir" "-m" "1610612736" "--user" "0:0" "--network" "none" "ghcr.io/rust-lang/crates-build-env/linux@sha256:2788e3201cd34a07e3172128adcd8b3090168a8e3bcc40d7c032b9dda1df7d1c" "/opt/rustwide/cargo-home/bin/cargo" "+1.75.0" "test" "--frozen", kill_on_drop: false }`
[INFO] [stdout] ce6e9e64806ad1ade2ddc719fa16266802e37dde4e76c6e3b3d6843192266c6c
[INFO] running `Command { std: "docker" "start" "-a" "ce6e9e64806ad1ade2ddc719fa16266802e37dde4e76c6e3b3d6843192266c6c", kill_on_drop: false }`
[INFO] [stderr]     Finished test [unoptimized + debuginfo] target(s) in 0.35s
[INFO] [stderr]      Running unittests src/main.rs (/opt/rustwide/target/debug/deps/bkapi-356a345910d80248)
[INFO] [stdout] 
[INFO] [stderr]      Running unittests src/lib.rs (/opt/rustwide/target/debug/deps/bkapi_client-9ae255cc69a2a370)
[INFO] [stdout] running 0 tests
[INFO] [stdout] 
[INFO] [stdout] test result: ok. 0 passed; 0 failed; 0 ignored; 0 measured; 0 filtered out; finished in 0.00s
[INFO] [stdout] 
[INFO] [stdout] 
[INFO] [stdout] running 2 tests
[INFO] [stdout] test tests::test_search ... FAILED
[INFO] [stdout] test tests::test_search_many ... FAILED
[INFO] [stdout] 
[INFO] [stdout] failures:
[INFO] [stdout] 
[INFO] [stdout] ---- tests::test_search stdout ----
[INFO] [stdout] thread 'tests::test_search' panicked at bkapi-client/src/lib.rs:121:41:
[INFO] [stdout] tests require BKAPI_ENDPOINT to be set: NotPresent
[INFO] [stdout] stack backtrace:
[INFO] [stdout]    0:     0x558f6035a84c - std::backtrace_rs::backtrace::libunwind::trace::ha637c64ce894333a
[INFO] [stdout]                                at /rustc/82e1608dfa6e0b5569232559e3d385fea5a93112/library/std/src/../../backtrace/src/backtrace/libunwind.rs:104:5
[INFO] [stdout]    1:     0x558f6035a84c - std::backtrace_rs::backtrace::trace_unsynchronized::h47f62dea28e0c88d
[INFO] [stdout]                                at /rustc/82e1608dfa6e0b5569232559e3d385fea5a93112/library/std/src/../../backtrace/src/backtrace/mod.rs:66:5
[INFO] [stdout]    2:     0x558f6035a84c - std::sys_common::backtrace::_print_fmt::h9eef0abe20ede486
[INFO] [stdout]                                at /rustc/82e1608dfa6e0b5569232559e3d385fea5a93112/library/std/src/sys_common/backtrace.rs:67:5
[INFO] [stdout]    3:     0x558f6035a84c - <std::sys_common::backtrace::_print::DisplayBacktrace as core::fmt::Display>::fmt::hed7f999df88cc644
[INFO] [stdout]                                at /rustc/82e1608dfa6e0b5569232559e3d385fea5a93112/library/std/src/sys_common/backtrace.rs:44:22
[INFO] [stdout]    4:     0x558f603876c0 - core::fmt::rt::Argument::fmt::h1539a9308b8d058d
[INFO] [stdout]                                at /rustc/82e1608dfa6e0b5569232559e3d385fea5a93112/library/core/src/fmt/rt.rs:142:9
[INFO] [stdout]    5:     0x558f603876c0 - core::fmt::write::h3a39390d8560d9c9
[INFO] [stdout]                                at /rustc/82e1608dfa6e0b5569232559e3d385fea5a93112/library/core/src/fmt/mod.rs:1120:17
[INFO] [stdout]    6:     0x558f6035775f - std::io::Write::write_fmt::h040b369f3a0f9cbc
[INFO] [stdout]                                at /rustc/82e1608dfa6e0b5569232559e3d385fea5a93112/library/std/src/io/mod.rs:1762:15
[INFO] [stdout]    7:     0x558f6035a634 - std::sys_common::backtrace::_print::h894006fb5c6f3d45
[INFO] [stdout]                                at /rustc/82e1608dfa6e0b5569232559e3d385fea5a93112/library/std/src/sys_common/backtrace.rs:47:5
[INFO] [stdout]    8:     0x558f6035a634 - std::sys_common::backtrace::print::h23a2d212c6fff936
[INFO] [stdout]                                at /rustc/82e1608dfa6e0b5569232559e3d385fea5a93112/library/std/src/sys_common/backtrace.rs:34:9
[INFO] [stdout]    9:     0x558f6035c2f7 - std::panicking::default_hook::{{closure}}::h8a1d2ee00185001a
[INFO] [stdout]   10:     0x558f6035bfe3 - std::panicking::default_hook::h6038f2eba384e475
[INFO] [stdout]                                at /rustc/82e1608dfa6e0b5569232559e3d385fea5a93112/library/std/src/panicking.rs:289:9
[INFO] [stdout]   11:     0x558f60223797 - <alloc::boxed::Box<F,A> as core::ops::function::Fn<Args>>::call::h0ad024c9bdc6d768
[INFO] [stdout]                                at /rustc/82e1608dfa6e0b5569232559e3d385fea5a93112/library/alloc/src/boxed.rs:2021:9
[INFO] [stdout]   12:     0x558f60223797 - test::test_main::{{closure}}::h7500b54257359db6
[INFO] [stdout]                                at /rustc/82e1608dfa6e0b5569232559e3d385fea5a93112/library/test/src/lib.rs:138:21
[INFO] [stdout]   13:     0x558f6035c908 - <alloc::boxed::Box<F,A> as core::ops::function::Fn<Args>>::call::h1f8f335eaa9cfaee
[INFO] [stdout]                                at /rustc/82e1608dfa6e0b5569232559e3d385fea5a93112/library/alloc/src/boxed.rs:2021:9
[INFO] [stdout]   14:     0x558f6035c908 - std::panicking::rust_panic_with_hook::h2b5517d590cab22e
[INFO] [stdout]                                at /rustc/82e1608dfa6e0b5569232559e3d385fea5a93112/library/std/src/panicking.rs:783:13
[INFO] [stdout]   15:     0x558f6035c65e - std::panicking::begin_panic_handler::{{closure}}::h233112c06e0ef43e
[INFO] [stdout]                                at /rustc/82e1608dfa6e0b5569232559e3d385fea5a93112/library/std/src/panicking.rs:657:13
[INFO] [stdout]   16:     0x558f6035ad16 - std::sys_common::backtrace::__rust_end_short_backtrace::h6e893f24d7ebbff8
[INFO] [stdout]                                at /rustc/82e1608dfa6e0b5569232559e3d385fea5a93112/library/std/src/sys_common/backtrace.rs:170:18
[INFO] [stdout]   17:     0x558f6035c3c2 - rust_begin_unwind
[INFO] [stdout]                                at /rustc/82e1608dfa6e0b5569232559e3d385fea5a93112/library/std/src/panicking.rs:645:5
[INFO] [stdout]   18:     0x558f5fe0f435 - core::panicking::panic_fmt::hbf0e066aabfa482c
[INFO] [stdout]                                at /rustc/82e1608dfa6e0b5569232559e3d385fea5a93112/library/core/src/panicking.rs:72:14
[INFO] [stdout]   19:     0x558f5fe0fa63 - core::result::unwrap_failed::hddb4fea594200c52
[INFO] [stdout]                                at /rustc/82e1608dfa6e0b5569232559e3d385fea5a93112/library/core/src/result.rs:1653:5
[INFO] [stdout]   20:     0x558f5fe1b676 - core::result::Result<T,E>::expect::h401d62a79a395b8d
[INFO] [stdout]                                at /rustc/82e1608dfa6e0b5569232559e3d385fea5a93112/library/core/src/result.rs:1034:23
[INFO] [stdout]   21:     0x558f5fe1f4d7 - bkapi_client::tests::get_test_endpoint::hc76ff2996380218b
[INFO] [stdout]                                at /opt/rustwide/workdir/bkapi-client/src/lib.rs:121:9
[INFO] [stdout]   22:     0x558f5fe1f760 - bkapi_client::tests::test_search::{{closure}}::h2422656551d2e5e2
[INFO] [stdout]                                at /opt/rustwide/workdir/bkapi-client/src/lib.rs:126:24
[INFO] [stdout]   23:     0x558f5fe14fa8 - <core::pin::Pin<P> as core::future::future::Future>::poll::h325ea560987f4f67
[INFO] [stdout]                                at /rustc/82e1608dfa6e0b5569232559e3d385fea5a93112/library/core/src/future/future.rs:125:9
[INFO] [stdout]   24:     0x558f5fe14ffb - <core::pin::Pin<P> as core::future::future::Future>::poll::hc5c7bccf169af513
[INFO] [stdout]                                at /rustc/82e1608dfa6e0b5569232559e3d385fea5a93112/library/core/src/future/future.rs:125:9
[INFO] [stdout]   25:     0x558f5fe256b4 - tokio::runtime::scheduler::current_thread::CoreGuard::block_on::{{closure}}::{{closure}}::{{closure}}::h3c8208916c0e3103
[INFO] [stdout]                                at /opt/rustwide/cargo-home/registry/src/index.crates.io-6f17d22bba15001f/tokio-1.31.0/src/runtime/scheduler/current_thread/mod.rs:665:57
[INFO] [stdout]   26:     0x558f5fe255da - tokio::runtime::coop::with_budget::hcf08bc5bf90f6dc6
[INFO] [stdout]                                at /opt/rustwide/cargo-home/registry/src/index.crates.io-6f17d22bba15001f/tokio-1.31.0/src/runtime/coop.rs:107:5
[INFO] [stdout]   27:     0x558f5fe255da - tokio::runtime::coop::budget::h85307370a202a023
[INFO] [stdout]                                at /opt/rustwide/cargo-home/registry/src/index.crates.io-6f17d22bba15001f/tokio-1.31.0/src/runtime/coop.rs:73:5
[INFO] [stdout]   28:     0x558f5fe255da - tokio::runtime::scheduler::current_thread::CoreGuard::block_on::{{closure}}::{{closure}}::h25beb3c7dc055de6
[INFO] [stdout]                                at /opt/rustwide/cargo-home/registry/src/index.crates.io-6f17d22bba15001f/tokio-1.31.0/src/runtime/scheduler/current_thread/mod.rs:665:25
[INFO] [stdout]   29:     0x558f5fe2426c - tokio::runtime::scheduler::current_thread::Context::enter::hd640be5a380d027f
[INFO] [stdout]                                at /opt/rustwide/cargo-home/registry/src/index.crates.io-6f17d22bba15001f/tokio-1.31.0/src/runtime/scheduler/current_thread/mod.rs:410:19
[INFO] [stdout]   30:     0x558f5fe24dde - tokio::runtime::scheduler::current_thread::CoreGuard::block_on::{{closure}}::hdb4a96499c84fb54
[INFO] [stdout]                                at /opt/rustwide/cargo-home/registry/src/index.crates.io-6f17d22bba15001f/tokio-1.31.0/src/runtime/scheduler/current_thread/mod.rs:664:36
[INFO] [stdout]   31:     0x558f5fe24aeb - tokio::runtime::scheduler::current_thread::CoreGuard::enter::{{closure}}::hbbcd06eea3a00913
[INFO] [stdout]                                at /opt/rustwide/cargo-home/registry/src/index.crates.io-6f17d22bba15001f/tokio-1.31.0/src/runtime/scheduler/current_thread/mod.rs:743:68
[INFO] [stdout]   32:     0x558f5fe1451b - tokio::runtime::context::scoped::Scoped<T>::set::he04186557dc812e7
[INFO] [stdout]                                at /opt/rustwide/cargo-home/registry/src/index.crates.io-6f17d22bba15001f/tokio-1.31.0/src/runtime/context/scoped.rs:40:9
[INFO] [stdout]   33:     0x558f5fe142c9 - tokio::runtime::context::set_scheduler::{{closure}}::h4bf55542d0dd0a69
[INFO] [stdout]                                at /opt/rustwide/cargo-home/registry/src/index.crates.io-6f17d22bba15001f/tokio-1.31.0/src/runtime/context.rs:176:26
[INFO] [stdout]   34:     0x558f5fe34fc6 - std::thread::local::LocalKey<T>::try_with::he186c114186695db
[INFO] [stdout]                                at /rustc/82e1608dfa6e0b5569232559e3d385fea5a93112/library/std/src/thread/local.rs:270:16
[INFO] [stdout]   35:     0x558f5fe345ea - std::thread::local::LocalKey<T>::with::hea1700a822455976
[INFO] [stdout]                                at /rustc/82e1608dfa6e0b5569232559e3d385fea5a93112/library/std/src/thread/local.rs:246:9
[INFO] [stdout]   36:     0x558f5fe1427d - tokio::runtime::context::set_scheduler::h04fe2394bd1be437
[INFO] [stdout]                                at /opt/rustwide/cargo-home/registry/src/index.crates.io-6f17d22bba15001f/tokio-1.31.0/src/runtime/context.rs:176:9
[INFO] [stdout]   37:     0x558f5fe24880 - tokio::runtime::scheduler::current_thread::CoreGuard::enter::hbffc90ec2c1240db
[INFO] [stdout]                                at /opt/rustwide/cargo-home/registry/src/index.crates.io-6f17d22bba15001f/tokio-1.31.0/src/runtime/scheduler/current_thread/mod.rs:743:27
[INFO] [stdout]   38:     0x558f5fe24b1d - tokio::runtime::scheduler::current_thread::CoreGuard::block_on::hde011dc784666093
[INFO] [stdout]                                at /opt/rustwide/cargo-home/registry/src/index.crates.io-6f17d22bba15001f/tokio-1.31.0/src/runtime/scheduler/current_thread/mod.rs:652:19
[INFO] [stdout]   39:     0x558f5fe23a4d - tokio::runtime::scheduler::current_thread::CurrentThread::block_on::{{closure}}::hef6e5c206a229361
[INFO] [stdout]                                at /opt/rustwide/cargo-home/registry/src/index.crates.io-6f17d22bba15001f/tokio-1.31.0/src/runtime/scheduler/current_thread/mod.rs:175:28
[INFO] [stdout]   40:     0x558f5fe1cd6a - tokio::runtime::context::runtime::enter_runtime::h730641401e912cd4
[INFO] [stdout]                                at /opt/rustwide/cargo-home/registry/src/index.crates.io-6f17d22bba15001f/tokio-1.31.0/src/runtime/context/runtime.rs:65:16
[INFO] [stdout]   41:     0x558f5fe23960 - tokio::runtime::scheduler::current_thread::CurrentThread::block_on::hf30687f528138ca5
[INFO] [stdout]                                at /opt/rustwide/cargo-home/registry/src/index.crates.io-6f17d22bba15001f/tokio-1.31.0/src/runtime/scheduler/current_thread/mod.rs:167:9
[INFO] [stdout]   42:     0x558f5fe36c6d - tokio::runtime::runtime::Runtime::block_on::h39d07d4e67fdf252
[INFO] [stdout]                                at /opt/rustwide/cargo-home/registry/src/index.crates.io-6f17d22bba15001f/tokio-1.31.0/src/runtime/runtime.rs:347:47
[INFO] [stdout]   43:     0x558f5fe1f678 - bkapi_client::tests::test_search::hefe7ea5c7617afd2
[INFO] [stdout]                                at /opt/rustwide/workdir/bkapi-client/src/lib.rs:137:9
[INFO] [stdout]   44:     0x558f5fe1f507 - bkapi_client::tests::test_search::{{closure}}::h37da8755f063f13b
[INFO] [stdout]                                at /opt/rustwide/workdir/bkapi-client/src/lib.rs:125:27
[INFO] [stdout]   45:     0x558f5fe11086 - core::ops::function::FnOnce::call_once::h77df3665221abced
[INFO] [stdout]                                at /rustc/82e1608dfa6e0b5569232559e3d385fea5a93112/library/core/src/ops/function.rs:250:5
[INFO] [stdout]   46:     0x558f60228def - core::ops::function::FnOnce::call_once::h2b5d431d5046312d
[INFO] [stdout]                                at /rustc/82e1608dfa6e0b5569232559e3d385fea5a93112/library/core/src/ops/function.rs:250:5
[INFO] [stdout]   47:     0x558f60228def - test::__rust_begin_short_backtrace::h7714669af176e207
[INFO] [stdout]                                at /rustc/82e1608dfa6e0b5569232559e3d385fea5a93112/library/test/src/lib.rs:628:18
[INFO] [stdout]   48:     0x558f60227e05 - test::run_test_in_process::{{closure}}::h85218797dcbcec12
[INFO] [stdout]                                at /rustc/82e1608dfa6e0b5569232559e3d385fea5a93112/library/test/src/lib.rs:651:60
[INFO] [stdout]   49:     0x558f60227e05 - <core::panic::unwind_safe::AssertUnwindSafe<F> as core::ops::function::FnOnce<()>>::call_once::h76c106ea31c14d7b
[INFO] [stdout]                                at /rustc/82e1608dfa6e0b5569232559e3d385fea5a93112/library/core/src/panic/unwind_safe.rs:272:9
[INFO] [stdout]   50:     0x558f60227e05 - std::panicking::try::do_call::h3bd5d0f6620ee946
[INFO] [stdout]                                at /rustc/82e1608dfa6e0b5569232559e3d385fea5a93112/library/std/src/panicking.rs:552:40
[INFO] [stdout]   51:     0x558f60227e05 - std::panicking::try::h232e535e4744fe31
[INFO] [stdout]                                at /rustc/82e1608dfa6e0b5569232559e3d385fea5a93112/library/std/src/panicking.rs:516:19
[INFO] [stdout]   52:     0x558f60227e05 - std::panic::catch_unwind::h3ce3bd6ca8dbac68
[INFO] [stdout]                                at /rustc/82e1608dfa6e0b5569232559e3d385fea5a93112/library/std/src/panic.rs:142:14
[INFO] [stdout]   53:     0x558f60227e05 - test::run_test_in_process::hc97b257c9621286a
[INFO] [stdout]                                at /rustc/82e1608dfa6e0b5569232559e3d385fea5a93112/library/test/src/lib.rs:651:27
[INFO] [stdout]   54:     0x558f60227e05 - test::run_test::{{closure}}::h2aa798823a438d38
[INFO] [stdout]                                at /rustc/82e1608dfa6e0b5569232559e3d385fea5a93112/library/test/src/lib.rs:574:43
[INFO] [stdout]   55:     0x558f601f00c6 - test::run_test::{{closure}}::h87d231c78fb59832
[INFO] [stdout]                                at /rustc/82e1608dfa6e0b5569232559e3d385fea5a93112/library/test/src/lib.rs:602:41
[INFO] [stdout]   56:     0x558f601f00c6 - std::sys_common::backtrace::__rust_begin_short_backtrace::he6df152596625789
[INFO] [stdout]                                at /rustc/82e1608dfa6e0b5569232559e3d385fea5a93112/library/std/src/sys_common/backtrace.rs:154:18
[INFO] [stdout]   57:     0x558f601f5177 - std::thread::Builder::spawn_unchecked_::{{closure}}::{{closure}}::ha94be15d1e0acf36
[INFO] [stdout]                                at /rustc/82e1608dfa6e0b5569232559e3d385fea5a93112/library/std/src/thread/mod.rs:529:17
[INFO] [stdout]   58:     0x558f601f5177 - <core::panic::unwind_safe::AssertUnwindSafe<F> as core::ops::function::FnOnce<()>>::call_once::h9dc6bd6372f16606
[INFO] [stdout]                                at /rustc/82e1608dfa6e0b5569232559e3d385fea5a93112/library/core/src/panic/unwind_safe.rs:272:9
[INFO] [stdout]   59:     0x558f601f5177 - std::panicking::try::do_call::h9057517f80303cd4
[INFO] [stdout]                                at /rustc/82e1608dfa6e0b5569232559e3d385fea5a93112/library/std/src/panicking.rs:552:40
[INFO] [stdout]   60:     0x558f601f5177 - std::panicking::try::he3a30b11ee45340c
[INFO] [stdout]                                at /rustc/82e1608dfa6e0b5569232559e3d385fea5a93112/library/std/src/panicking.rs:516:19
[INFO] [stdout]   61:     0x558f601f5177 - std::panic::catch_unwind::h410458cfd3528b8b
[INFO] [stdout]                                at /rustc/82e1608dfa6e0b5569232559e3d385fea5a93112/library/std/src/panic.rs:142:14
[INFO] [stdout]   62:     0x558f601f5177 - std::thread::Builder::spawn_unchecked_::{{closure}}::h72ac3bdb567b737b
[INFO] [stdout]                                at /rustc/82e1608dfa6e0b5569232559e3d385fea5a93112/library/std/src/thread/mod.rs:528:30
[INFO] [stdout]   63:     0x558f601f5177 - core::ops::function::FnOnce::call_once{{vtable.shim}}::h38f34da3654a8344
[INFO] [stdout]                                at /rustc/82e1608dfa6e0b5569232559e3d385fea5a93112/library/core/src/ops/function.rs:250:5
[INFO] [stdout]   64:     0x558f60361515 - <alloc::boxed::Box<F,A> as core::ops::function::FnOnce<Args>>::call_once::hc7eafaff61e32df9
[INFO] [stdout]                                at /rustc/82e1608dfa6e0b5569232559e3d385fea5a93112/library/alloc/src/boxed.rs:2007:9
[INFO] [stdout]   65:     0x558f60361515 - <alloc::boxed::Box<F,A> as core::ops::function::FnOnce<Args>>::call_once::h6ba4a5de48dd2304
[INFO] [stdout]                                at /rustc/82e1608dfa6e0b5569232559e3d385fea5a93112/library/alloc/src/boxed.rs:2007:9
[INFO] [stdout]   66:     0x558f60361515 - std::sys::unix::thread::Thread::new::thread_start::he469335aef763e45
[INFO] [stdout]                                at /rustc/82e1608dfa6e0b5569232559e3d385fea5a93112/library/std/src/sys/unix/thread.rs:108:17
[INFO] [stdout]   67:     0x7f23c2301ac3 - <unknown>
[INFO] [stdout]   68:     0x7f23c2392bf4 - __clone
[INFO] [stdout]   69:                0x0 - <unknown>
[INFO] [stdout] 
[INFO] [stdout] ---- tests::test_search_many stdout ----
[INFO] [stdout] thread 'tests::test_search_many' panicked at bkapi-client/src/lib.rs:121:41:
[INFO] [stdout] tests require BKAPI_ENDPOINT to be set: NotPresent
[INFO] [stdout] stack backtrace:
[INFO] [stdout]    0:     0x558f6035a84c - std::backtrace_rs::backtrace::libunwind::trace::ha637c64ce894333a
[INFO] [stdout]                                at /rustc/82e1608dfa6e0b5569232559e3d385fea5a93112/library/std/src/../../backtrace/src/backtrace/libunwind.rs:104:5
[INFO] [stdout]    1:     0x558f6035a84c - std::backtrace_rs::backtrace::trace_unsynchronized::h47f62dea28e0c88d
[INFO] [stdout]                                at /rustc/82e1608dfa6e0b5569232559e3d385fea5a93112/library/std/src/../../backtrace/src/backtrace/mod.rs:66:5
[INFO] [stdout]    2:     0x558f6035a84c - std::sys_common::backtrace::_print_fmt::h9eef0abe20ede486
[INFO] [stdout]                                at /rustc/82e1608dfa6e0b5569232559e3d385fea5a93112/library/std/src/sys_common/backtrace.rs:67:5
[INFO] [stdout]    3:     0x558f6035a84c - <std::sys_common::backtrace::_print::DisplayBacktrace as core::fmt::Display>::fmt::hed7f999df88cc644
[INFO] [stdout]                                at /rustc/82e1608dfa6e0b5569232559e3d385fea5a93112/library/std/src/sys_common/backtrace.rs:44:22
[INFO] [stdout]    4:     0x558f603876c0 - core::fmt::rt::Argument::fmt::h1539a9308b8d058d
[INFO] [stdout]                                at /rustc/82e1608dfa6e0b5569232559e3d385fea5a93112/library/core/src/fmt/rt.rs:142:9
[INFO] [stdout]    5:     0x558f603876c0 - core::fmt::write::h3a39390d8560d9c9
[INFO] [stdout]                                at /rustc/82e1608dfa6e0b5569232559e3d385fea5a93112/library/core/src/fmt/mod.rs:1120:17
[INFO] [stdout]    6:     0x558f6035775f - std::io::Write::write_fmt::h040b369f3a0f9cbc
[INFO] [stdout]                                at /rustc/82e1608dfa6e0b5569232559e3d385fea5a93112/library/std/src/io/mod.rs:1762:15
[INFO] [stdout]    7:     0x558f6035a634 - std::sys_common::backtrace::_print::h894006fb5c6f3d45
[INFO] [stdout]                                at /rustc/82e1608dfa6e0b5569232559e3d385fea5a93112/library/std/src/sys_common/backtrace.rs:47:5
[INFO] [stdout]    8:     0x558f6035a634 - std::sys_common::backtrace::print::h23a2d212c6fff936
[INFO] [stdout]                                at /rustc/82e1608dfa6e0b5569232559e3d385fea5a93112/library/std/src/sys_common/backtrace.rs:34:9
[INFO] [stdout]    9:     0x558f6035c2f7 - std::panicking::default_hook::{{closure}}::h8a1d2ee00185001a
[INFO] [stdout]   10:     0x558f6035bfe3 - std::panicking::default_hook::h6038f2eba384e475
[INFO] [stdout]                                at /rustc/82e1608dfa6e0b5569232559e3d385fea5a93112/library/std/src/panicking.rs:289:9
[INFO] [stdout]   11:     0x558f60223797 - <alloc::boxed::Box<F,A> as core::ops::function::Fn<Args>>::call::h0ad024c9bdc6d768
[INFO] [stdout]                                at /rustc/82e1608dfa6e0b5569232559e3d385fea5a93112/library/alloc/src/boxed.rs:2021:9
[INFO] [stdout]   12:     0x558f60223797 - test::test_main::{{closure}}::h7500b54257359db6
[INFO] [stdout]                                at /rustc/82e1608dfa6e0b5569232559e3d385fea5a93112/library/test/src/lib.rs:138:21
[INFO] [stdout]   13:     0x558f6035c908 - <alloc::boxed::Box<F,A> as core::ops::function::Fn<Args>>::call::h1f8f335eaa9cfaee
[INFO] [stdout]                                at /rustc/82e1608dfa6e0b5569232559e3d385fea5a93112/library/alloc/src/boxed.rs:2021:9
[INFO] [stdout]   14:     0x558f6035c908 - std::panicking::rust_panic_with_hook::h2b5517d590cab22e
[INFO] [stdout]                                at /rustc/82e1608dfa6e0b5569232559e3d385fea5a93112/library/std/src/panicking.rs:783:13
[INFO] [stdout]   15:     0x558f6035c65e - std::panicking::begin_panic_handler::{{closure}}::h233112c06e0ef43e
[INFO] [stdout]                                at /rustc/82e1608dfa6e0b5569232559e3d385fea5a93112/library/std/src/panicking.rs:657:13
[INFO] [stdout]   16:     0x558f6035ad16 - std::sys_common::backtrace::__rust_end_short_backtrace::h6e893f24d7ebbff8
[INFO] [stdout]                                at /rustc/82e1608dfa6e0b5569232559e3d385fea5a93112/library/std/src/sys_common/backtrace.rs:170:18
[INFO] [stdout]   17:     0x558f6035c3c2 - rust_begin_unwind
[INFO] [stdout]                                at /rustc/82e1608dfa6e0b5569232559e3d385fea5a93112/library/std/src/panicking.rs:645:5
[INFO] [stdout]   18:     0x558f5fe0f435 - core::panicking::panic_fmt::hbf0e066aabfa482c
[INFO] [stdout]                                at /rustc/82e1608dfa6e0b5569232559e3d385fea5a93112/library/core/src/panicking.rs:72:14
[INFO] [stdout]   19:     0x558f5fe0fa63 - core::result::unwrap_failed::hddb4fea594200c52
[INFO] [stdout]                                at /rustc/82e1608dfa6e0b5569232559e3d385fea5a93112/library/core/src/result.rs:1653:5
[INFO] [stdout]   20:     0x558f5fe1b676 - core::result::Result<T,E>::expect::h401d62a79a395b8d
[INFO] [stdout]                                at /rustc/82e1608dfa6e0b5569232559e3d385fea5a93112/library/core/src/result.rs:1034:23
[INFO] [stdout]   21:     0x558f5fe1f4d7 - bkapi_client::tests::get_test_endpoint::hc76ff2996380218b
[INFO] [stdout]                                at /opt/rustwide/workdir/bkapi-client/src/lib.rs:121:9
[INFO] [stdout]   22:     0x558f5fe20060 - bkapi_client::tests::test_search_many::{{closure}}::h658490aa9dc7df94
[INFO] [stdout]                                at /opt/rustwide/workdir/bkapi-client/src/lib.rs:146:24
[INFO] [stdout]   23:     0x558f5fe14fa8 - <core::pin::Pin<P> as core::future::future::Future>::poll::h325ea560987f4f67
[INFO] [stdout]                                at /rustc/82e1608dfa6e0b5569232559e3d385fea5a93112/library/core/src/future/future.rs:125:9
[INFO] [stdout]   24:     0x558f5fe14ffb - <core::pin::Pin<P> as core::future::future::Future>::poll::hc5c7bccf169af513
[INFO] [stdout]                                at /rustc/82e1608dfa6e0b5569232559e3d385fea5a93112/library/core/src/future/future.rs:125:9
[INFO] [stdout]   25:     0x558f5fe256b4 - tokio::runtime::scheduler::current_thread::CoreGuard::block_on::{{closure}}::{{closure}}::{{closure}}::h3c8208916c0e3103
[INFO] [stdout]                                at /opt/rustwide/cargo-home/registry/src/index.crates.io-6f17d22bba15001f/tokio-1.31.0/src/runtime/scheduler/current_thread/mod.rs:665:57
[INFO] [stdout]   26:     0x558f5fe255da - tokio::runtime::coop::with_budget::hcf08bc5bf90f6dc6
[INFO] [stdout]                                at /opt/rustwide/cargo-home/registry/src/index.crates.io-6f17d22bba15001f/tokio-1.31.0/src/runtime/coop.rs:107:5
[INFO] [stdout]   27:     0x558f5fe255da - tokio::runtime::coop::budget::h85307370a202a023
[INFO] [stdout]                                at /opt/rustwide/cargo-home/registry/src/index.crates.io-6f17d22bba15001f/tokio-1.31.0/src/runtime/coop.rs:73:5
[INFO] [stdout]   28:     0x558f5fe255da - tokio::runtime::scheduler::current_thread::CoreGuard::block_on::{{closure}}::{{closure}}::h25beb3c7dc055de6
[INFO] [stdout]                                at /opt/rustwide/cargo-home/registry/src/index.crates.io-6f17d22bba15001f/tokio-1.31.0/src/runtime/scheduler/current_thread/mod.rs:665:25
[INFO] [stdout]   29:     0x558f5fe2426c - tokio::runtime::scheduler::current_thread::Context::enter::hd640be5a380d027f
[INFO] [stdout]                                at /opt/rustwide/cargo-home/registry/src/index.crates.io-6f17d22bba15001f/tokio-1.31.0/src/runtime/scheduler/current_thread/mod.rs:410:19
[INFO] [stdout]   30:     0x558f5fe24dde - tokio::runtime::scheduler::current_thread::CoreGuard::block_on::{{closure}}::hdb4a96499c84fb54
[INFO] [stdout]                                at /opt/rustwide/cargo-home/registry/src/index.crates.io-6f17d22bba15001f/tokio-1.31.0/src/runtime/scheduler/current_thread/mod.rs:664:36
[INFO] [stdout]   31:     0x558f5fe24aeb - tokio::runtime::scheduler::current_thread::CoreGuard::enter::{{closure}}::hbbcd06eea3a00913
[INFO] [stdout]                                at /opt/rustwide/cargo-home/registry/src/index.crates.io-6f17d22bba15001f/tokio-1.31.0/src/runtime/scheduler/current_thread/mod.rs:743:68
[INFO] [stdout]   32:     0x558f5fe1451b - tokio::runtime::context::scoped::Scoped<T>::set::he04186557dc812e7
[INFO] [stdout]                                at /opt/rustwide/cargo-home/registry/src/index.crates.io-6f17d22bba15001f/tokio-1.31.0/src/runtime/context/scoped.rs:40:9
[INFO] [stdout]   33:     0x558f5fe142c9 - tokio::runtime::context::set_scheduler::{{closure}}::h4bf55542d0dd0a69
[INFO] [stdout]                                at /opt/rustwide/cargo-home/registry/src/index.crates.io-6f17d22bba15001f/tokio-1.31.0/src/runtime/context.rs:176:26
[INFO] [stdout]   34:     0x558f5fe34fc6 - std::thread::local::LocalKey<T>::try_with::he186c114186695db
[INFO] [stdout]                                at /rustc/82e1608dfa6e0b5569232559e3d385fea5a93112/library/std/src/thread/local.rs:270:16
[INFO] [stdout]   35:     0x558f5fe345ea - std::thread::local::LocalKey<T>::with::hea1700a822455976
[INFO] [stdout]                                at /rustc/82e1608dfa6e0b5569232559e3d385fea5a93112/library/std/src/thread/local.rs:246:9
[INFO] [stdout]   36:     0x558f5fe1427d - tokio::runtime::context::set_scheduler::h04fe2394bd1be437
[INFO] [stdout]                                at /opt/rustwide/cargo-home/registry/src/index.crates.io-6f17d22bba15001f/tokio-1.31.0/src/runtime/context.rs:176:9
[INFO] [stdout]   37:     0x558f5fe24880 - tokio::runtime::scheduler::current_thread::CoreGuard::enter::hbffc90ec2c1240db
[INFO] [stdout]                                at /opt/rustwide/cargo-home/registry/src/index.crates.io-6f17d22bba15001f/tokio-1.31.0/src/runtime/scheduler/current_thread/mod.rs:743:27
[INFO] [stdout]   38:     0x558f5fe24b1d - tokio::runtime::scheduler::current_thread::CoreGuard::block_on::hde011dc784666093
[INFO] [stdout]                                at /opt/rustwide/cargo-home/registry/src/index.crates.io-6f17d22bba15001f/tokio-1.31.0/src/runtime/scheduler/current_thread/mod.rs:652:19
[INFO] [stdout]   39:     0x558f5fe23a4d - tokio::runtime::scheduler::current_thread::CurrentThread::block_on::{{closure}}::hef6e5c206a229361
[INFO] [stdout]                                at /opt/rustwide/cargo-home/registry/src/index.crates.io-6f17d22bba15001f/tokio-1.31.0/src/runtime/scheduler/current_thread/mod.rs:175:28
[INFO] [stdout]   40:     0x558f5fe1cd6a - tokio::runtime::context::runtime::enter_runtime::h730641401e912cd4
[INFO] [stdout]                                at /opt/rustwide/cargo-home/registry/src/index.crates.io-6f17d22bba15001f/tokio-1.31.0/src/runtime/context/runtime.rs:65:16
[INFO] [stdout]   41:     0x558f5fe23960 - tokio::runtime::scheduler::current_thread::CurrentThread::block_on::hf30687f528138ca5
[INFO] [stdout]                                at /opt/rustwide/cargo-home/registry/src/index.crates.io-6f17d22bba15001f/tokio-1.31.0/src/runtime/scheduler/current_thread/mod.rs:167:9
[INFO] [stdout]   42:     0x558f5fe36c6d - tokio::runtime::runtime::Runtime::block_on::h39d07d4e67fdf252
[INFO] [stdout]                                at /opt/rustwide/cargo-home/registry/src/index.crates.io-6f17d22bba15001f/tokio-1.31.0/src/runtime/runtime.rs:347:47
[INFO] [stdout]   43:     0x558f5fe1ff78 - bkapi_client::tests::test_search_many::ha3043f584d094244
[INFO] [stdout]                                at /opt/rustwide/workdir/bkapi-client/src/lib.rs:152:9
[INFO] [stdout]   44:     0x558f5fe1fe07 - bkapi_client::tests::test_search_many::{{closure}}::h552fcf92b1b0ab72
[INFO] [stdout]                                at /opt/rustwide/workdir/bkapi-client/src/lib.rs:145:32
[INFO] [stdout]   45:     0x558f5fe11046 - core::ops::function::FnOnce::call_once::h571bc6c64457c8d6
[INFO] [stdout]                                at /rustc/82e1608dfa6e0b5569232559e3d385fea5a93112/library/core/src/ops/function.rs:250:5
[INFO] [stdout]   46:     0x558f60228def - core::ops::function::FnOnce::call_once::h2b5d431d5046312d
[INFO] [stdout]                                at /rustc/82e1608dfa6e0b5569232559e3d385fea5a93112/library/core/src/ops/function.rs:250:5
[INFO] [stdout]   47:     0x558f60228def - test::__rust_begin_short_backtrace::h7714669af176e207
[INFO] [stdout]                                at /rustc/82e1608dfa6e0b5569232559e3d385fea5a93112/library/test/src/lib.rs:628:18
[INFO] [stdout]   48:     0x558f60227e05 - test::run_test_in_process::{{closure}}::h85218797dcbcec12
[INFO] [stdout]                                at /rustc/82e1608dfa6e0b5569232559e3d385fea5a93112/library/test/src/lib.rs:651:60
[INFO] [stdout]   49:     0x558f60227e05 - <core::panic::unwind_safe::AssertUnwindSafe<F> as core::ops::function::FnOnce<()>>::call_once::h76c106ea31c14d7b
[INFO] [stdout]                                at /rustc/82e1608dfa6e0b5569232559e3d385fea5a93112/library/core/src/panic/unwind_safe.rs:272:9
[INFO] [stdout]   50:     0x558f60227e05 - std::panicking::try::do_call::h3bd5d0f6620ee946
[INFO] [stdout]                                at /rustc/82e1608dfa6e0b5569232559e3d385fea5a93112/library/std/src/panicking.rs:552:40
[INFO] [stdout]   51:     0x558f60227e05 - std::panicking::try::h232e535e4744fe31
[INFO] [stdout]                                at /rustc/82e1608dfa6e0b5569232559e3d385fea5a93112/library/std/src/panicking.rs:516:19
[INFO] [stdout]   52:     0x558f60227e05 - std::panic::catch_unwind::h3ce3bd6ca8dbac68
[INFO] [stdout]                                at /rustc/82e1608dfa6e0b5569232559e3d385fea5a93112/library/std/src/panic.rs:142:14
[INFO] [stdout]   53:     0x558f60227e05 - test::run_test_in_process::hc97b257c9621286a
[INFO] [stdout]                                at /rustc/82e1608dfa6e0b5569232559e3d385fea5a93112/library/test/src/lib.rs:651:27
[INFO] [stdout]   54:     0x558f60227e05 - test::run_test::{{closure}}::h2aa798823a438d38
[INFO] [stdout]                                at /rustc/82e1608dfa6e0b5569232559e3d385fea5a93112/library/test/src/lib.rs:574:43
[INFO] [stdout]   55:     0x558f601f00c6 - test::run_test::{{closure}}::h87d231c78fb59832
[INFO] [stdout]                                at /rustc/82e1608dfa6e0b5569232559e3d385fea5a93112/library/test/src/lib.rs:602:41
[INFO] [stdout]   56:     0x558f601f00c6 - std::sys_common::backtrace::__rust_begin_short_backtrace::he6df152596625789
[INFO] [stdout]                                at /rustc/82e1608dfa6e0b5569232559e3d385fea5a93112/library/std/src/sys_common/backtrace.rs:154:18
[INFO] [stdout]   57:     0x558f601f5177 - std::thread::Builder::spawn_unchecked_::{{closure}}::{{closure}}::ha94be15d1e0acf36
[INFO] [stdout]                                at /rustc/82e1608dfa6e0b5569232559e3d385fea5a93112/library/std/src/thread/mod.rs:529:17
[INFO] [stdout]   58:     0x558f601f5177 - <core::panic::unwind_safe::AssertUnwindSafe<F> as core::ops::function::FnOnce<()>>::call_once::h9dc6bd6372f16606
[INFO] [stdout]                                at /rustc/82e1608dfa6e0b5569232559e3d385fea5a93112/library/core/src/panic/unwind_safe.rs:272:9
[INFO] [stdout]   59:     0x558f601f5177 - std::panicking::try::do_call::h9057517f80303cd4
[INFO] [stdout]                                at /rustc/82e1608dfa6e0b5569232559e3d385fea5a93112/library/std/src/panicking.rs:552:40
[INFO] [stdout]   60:     0x558f601f5177 - std::panicking::try::he3a30b11ee45340c
[INFO] [stdout]                                at /rustc/82e1608dfa6e0b5569232559e3d385fea5a93112/library/std/src/panicking.rs:516:19
[INFO] [stdout]   61:     0x558f601f5177 - std::panic::catch_unwind::h410458cfd3528b8b
[INFO] [stdout]                                at /rustc/82e1608dfa6e0b5569232559e3d385fea5a93112/library/std/src/panic.rs:142:14
[INFO] [stdout]   62:     0x558f601f5177 - std::thread::Builder::spawn_unchecked_::{{closure}}::h72ac3bdb567b737b
[INFO] [stdout]                                at /rustc/82e1608dfa6e0b5569232559e3d385fea5a93112/library/std/src/thread/mod.rs:528:30
[INFO] [stdout]   63:     0x558f601f5177 - core::ops::function::FnOnce::call_once{{vtable.shim}}::h38f34da3654a8344
[INFO] [stdout]                                at /rustc/82e1608dfa6e0b5569232559e3d385fea5a93112/library/core/src/ops/function.rs:250:5
[INFO] [stdout]   64:     0x558f60361515 - <alloc::boxed::Box<F,A> as core::ops::function::FnOnce<Args>>::call_once::hc7eafaff61e32df9
[INFO] [stdout]                                at /rustc/82e1608dfa6e0b5569232559e3d385fea5a93112/library/alloc/src/boxed.rs:2007:9
[INFO] [stdout]   65:     0x558f60361515 - <alloc::boxed::Box<F,A> as core::ops::function::FnOnce<Args>>::call_once::h6ba4a5de48dd2304
[INFO] [stdout]                                at /rustc/82e1608dfa6e0b5569232559e3d385fea5a93112/library/alloc/src/boxed.rs:2007:9
[INFO] [stdout]   66:     0x558f60361515 - std::sys::unix::thread::Thread::new::thread_start::he469335aef763e45
[INFO] [stdout]                                at /rustc/82e1608dfa6e0b5569232559e3d385fea5a93112/library/std/src/sys/unix/thread.rs:108:17
[INFO] [stdout]   67:     0x7f23c2301ac3 - <unknown>
[INFO] [stdout]   68:     0x7f23c2392bf4 - __clone
[INFO] [stdout]   69:                0x0 - <unknown>
[INFO] [stdout] 
[INFO] [stdout] 
[INFO] [stdout] failures:
[INFO] [stdout]     tests::test_search
[INFO] [stdout]     tests::test_search_many
[INFO] [stdout] 
[INFO] [stdout] test result: FAILED. 0 passed; 2 failed; 0 ignored; 0 measured; 0 filtered out; finished in 0.11s
[INFO] [stdout] 
[INFO] [stderr] error: test failed, to rerun pass `-p bkapi-client --lib`
[INFO] running `Command { std: "docker" "inspect" "ce6e9e64806ad1ade2ddc719fa16266802e37dde4e76c6e3b3d6843192266c6c", kill_on_drop: false }`
[INFO] running `Command { std: "docker" "rm" "-f" "ce6e9e64806ad1ade2ddc719fa16266802e37dde4e76c6e3b3d6843192266c6c", kill_on_drop: false }`
[INFO] [stdout] ce6e9e64806ad1ade2ddc719fa16266802e37dde4e76c6e3b3d6843192266c6c
[INFO] testing Syfaro/bkapi against beta-2023-12-22 for beta-1.76-1
[INFO] running `Command { std: "git" "clone" "/workspace/cache/git-repos/https%3A%2F%2Fgithub.com%2FSyfaro%2Fbkapi" "/workspace/builds/worker-5-tc2/source", kill_on_drop: false }`
[INFO] [stderr] Cloning into '/workspace/builds/worker-5-tc2/source'...
[INFO] [stderr] done.
[INFO] validating manifest of git repo https://github.com/Syfaro/bkapi on toolchain beta-2023-12-22
[INFO] running `Command { std: CARGO_HOME="/workspace/cargo-home" RUSTUP_HOME="/workspace/rustup-home" "/workspace/cargo-home/bin/cargo" "+beta-2023-12-22" "metadata" "--manifest-path" "Cargo.toml" "--no-deps", kill_on_drop: false }`
[INFO] started tweaking git repo https://github.com/Syfaro/bkapi
[INFO] finished tweaking git repo https://github.com/Syfaro/bkapi
[INFO] tweaked toml for git repo https://github.com/Syfaro/bkapi written to /workspace/builds/worker-5-tc2/source/Cargo.toml
[INFO] crate git repo https://github.com/Syfaro/bkapi already has a lockfile, it will not be regenerated
[INFO] running `Command { std: CARGO_HOME="/workspace/cargo-home" RUSTUP_HOME="/workspace/rustup-home" "/workspace/cargo-home/bin/cargo" "+beta-2023-12-22" "fetch" "--manifest-path" "Cargo.toml", kill_on_drop: false }`
[INFO] running `Command { std: "docker" "create" "-v" "/var/lib/crater-agent-workspace/builds/worker-5-tc2/target:/opt/rustwide/target:rw,Z" "-v" "/var/lib/crater-agent-workspace/builds/worker-5-tc2/source:/opt/rustwide/workdir:ro,Z" "-v" "/var/lib/crater-agent-workspace/cargo-home:/opt/rustwide/cargo-home:ro,Z" "-v" "/var/lib/crater-agent-workspace/rustup-home:/opt/rustwide/rustup-home:ro,Z" "-e" "SOURCE_DIR=/opt/rustwide/workdir" "-e" "CARGO_TARGET_DIR=/opt/rustwide/target" "-e" "CARGO_HOME=/opt/rustwide/cargo-home" "-e" "RUSTUP_HOME=/opt/rustwide/rustup-home" "-w" "/opt/rustwide/workdir" "-m" "1610612736" "--user" "0:0" "--network" "none" "ghcr.io/rust-lang/crates-build-env/linux@sha256:2788e3201cd34a07e3172128adcd8b3090168a8e3bcc40d7c032b9dda1df7d1c" "/opt/rustwide/cargo-home/bin/cargo" "+beta-2023-12-22" "metadata" "--no-deps" "--format-version=1", kill_on_drop: false }`
[INFO] [stdout] f90a75df0b30e81d86163cf128bc08bfa9cf5bbcd673131a843e4810a4b69c6c
[INFO] running `Command { std: "docker" "start" "-a" "f90a75df0b30e81d86163cf128bc08bfa9cf5bbcd673131a843e4810a4b69c6c", kill_on_drop: false }`
[INFO] running `Command { std: "docker" "inspect" "f90a75df0b30e81d86163cf128bc08bfa9cf5bbcd673131a843e4810a4b69c6c", kill_on_drop: false }`
[INFO] running `Command { std: "docker" "rm" "-f" "f90a75df0b30e81d86163cf128bc08bfa9cf5bbcd673131a843e4810a4b69c6c", kill_on_drop: false }`
[INFO] [stdout] f90a75df0b30e81d86163cf128bc08bfa9cf5bbcd673131a843e4810a4b69c6c
[INFO] running `Command { std: "docker" "create" "-v" "/var/lib/crater-agent-workspace/builds/worker-5-tc2/target:/opt/rustwide/target:rw,Z" "-v" "/var/lib/crater-agent-workspace/builds/worker-5-tc2/source:/opt/rustwide/workdir:ro,Z" "-v" "/var/lib/crater-agent-workspace/cargo-home:/opt/rustwide/cargo-home:ro,Z" "-v" "/var/lib/crater-agent-workspace/rustup-home:/opt/rustwide/rustup-home:ro,Z" "-e" "SOURCE_DIR=/opt/rustwide/workdir" "-e" "CARGO_TARGET_DIR=/opt/rustwide/target" "-e" "CARGO_INCREMENTAL=0" "-e" "RUST_BACKTRACE=full" "-e" "RUSTFLAGS=--cap-lints=warn" "-e" "RUSTDOCFLAGS=--cap-lints=warn" "-e" "CARGO_HOME=/opt/rustwide/cargo-home" "-e" "RUSTUP_HOME=/opt/rustwide/rustup-home" "-w" "/opt/rustwide/workdir" "-m" "1610612736" "--user" "0:0" "--network" "none" "ghcr.io/rust-lang/crates-build-env/linux@sha256:2788e3201cd34a07e3172128adcd8b3090168a8e3bcc40d7c032b9dda1df7d1c" "/opt/rustwide/cargo-home/bin/cargo" "+beta-2023-12-22" "build" "--frozen" "--message-format=json", kill_on_drop: false }`
[INFO] [stdout] 8d8a4e23ba7a20914dcc8a097cb0dd43ee4379e48d01e4d1ffa09385883d74d0
[INFO] running `Command { std: "docker" "start" "-a" "8d8a4e23ba7a20914dcc8a097cb0dd43ee4379e48d01e4d1ffa09385883d74d0", kill_on_drop: false }`
[INFO] [stderr]    Compiling libc v0.2.147
[INFO] [stderr]    Compiling proc-macro2 v1.0.66
[INFO] [stderr]    Compiling unicode-ident v1.0.11
[INFO] [stderr]    Compiling autocfg v1.1.0
[INFO] [stderr]    Compiling serde v1.0.183
[INFO] [stderr]    Compiling serde_derive v1.0.183
[INFO] [stderr]    Compiling once_cell v1.18.0
[INFO] [stderr]    Compiling pin-project-lite v0.2.12
[INFO] [stderr]    Compiling log v0.4.20
[INFO] [stderr]    Compiling memchr v2.5.0
[INFO] [stderr]    Compiling version_check v0.9.4
[INFO] [stderr]    Compiling smallvec v1.11.0
[INFO] [stderr]    Compiling futures-core v0.3.28
[INFO] [stderr]    Compiling lock_api v0.4.10
[INFO] [stderr]    Compiling scopeguard v1.2.0
[INFO] [stderr]    Compiling parking_lot_core v0.9.8
[INFO] [stderr]    Compiling futures-sink v0.3.28
[INFO] [stderr]    Compiling slab v0.4.8
[INFO] [stderr]    Compiling futures-channel v0.3.28
[INFO] [stderr]    Compiling quote v1.0.32
[INFO] [stderr]    Compiling futures-task v0.3.28
[INFO] [stderr]    Compiling futures-util v0.3.28
[INFO] [stderr]    Compiling syn v2.0.28
[INFO] [stderr]    Compiling indexmap v1.9.3
[INFO] [stderr]    Compiling pin-utils v0.1.0
[INFO] [stderr]    Compiling futures-io v0.3.28
[INFO] [stderr]    Compiling hashbrown v0.12.3
[INFO] [stderr]    Compiling itoa v1.0.9
[INFO] [stderr]    Compiling tracing-core v0.1.31
[INFO] [stderr]    Compiling ppv-lite86 v0.2.17
[INFO] [stderr]    Compiling typenum v1.16.0
[INFO] [stderr]    Compiling generic-array v0.14.7
[INFO] [stderr]    Compiling num_cpus v1.16.0
[INFO] [stderr]    Compiling socket2 v0.5.3
[INFO] [stderr]    Compiling signal-hook-registry v1.4.1
[INFO] [stderr]    Compiling parking_lot v0.12.1
[INFO] [stderr]    Compiling mio v0.8.8
[INFO] [stderr]    Compiling getrandom v0.2.10
[INFO] [stderr]    Compiling jobserver v0.1.26
[INFO] [stderr]    Compiling rand_core v0.6.4
[INFO] [stderr]    Compiling cc v1.0.82
[INFO] [stderr]    Compiling rand_chacha v0.3.1
[INFO] [stderr]    Compiling percent-encoding v2.3.0
[INFO] [stderr]    Compiling rand v0.8.5
[INFO] [stderr]    Compiling syn v1.0.109
[INFO] [stderr]    Compiling ahash v0.8.3
[INFO] [stderr]    Compiling thiserror v1.0.44
[INFO] [stderr]    Compiling aho-corasick v1.0.4
[INFO] [stderr]    Compiling crossbeam-utils v0.8.16
[INFO] [stderr]    Compiling regex-syntax v0.7.4
[INFO] [stderr]    Compiling either v1.9.0
[INFO] [stderr]    Compiling bytes v1.4.0
[INFO] [stderr]    Compiling async-trait v0.1.73
[INFO] [stderr]    Compiling ring v0.16.20
[INFO] [stderr]    Compiling subtle v2.5.0
[INFO] [stderr]    Compiling allocator-api2 v0.2.16
[INFO] [stderr]    Compiling http v0.2.9
[INFO] [stderr]    Compiling hashbrown v0.14.0
[INFO] [stderr]    Compiling itertools v0.10.5
[INFO] [stderr]    Compiling regex-automata v0.3.6
[INFO] [stderr]    Compiling bitflags v1.3.2
[INFO] [stderr]    Compiling rustix v0.38.8
[INFO] [stderr]    Compiling spin v0.5.2
[INFO] [stderr]    Compiling untrusted v0.7.1
[INFO] [stderr]    Compiling httparse v1.8.0
[INFO] [stderr]    Compiling serde_json v1.0.104
[INFO] [stderr]    Compiling linux-raw-sys v0.4.5
[INFO] [stderr]    Compiling tinyvec_macros v0.1.1
[INFO] [stderr]    Compiling ryu v1.0.15
[INFO] [stderr]    Compiling bitflags v2.4.0
[INFO] [stderr]    Compiling anyhow v1.0.72
[INFO] [stderr]    Compiling tinyvec v1.6.0
[INFO] [stderr]    Compiling block-buffer v0.10.4
[INFO] [stderr]    Compiling crypto-common v0.1.6
[INFO] [stderr]    Compiling socket2 v0.4.9
[INFO] [stderr]    Compiling httpdate v1.0.3
[INFO] [stderr]    Compiling tokio-macros v2.1.0
[INFO] [stderr]    Compiling futures-macro v0.3.28
[INFO] [stderr]    Compiling tracing-attributes v0.1.26
[INFO] [stderr]    Compiling thiserror-impl v1.0.44
[INFO] [stderr]    Compiling tokio v1.31.0
[INFO] [stderr]    Compiling regex v1.9.3
[INFO] [stderr]    Compiling unicode-segmentation v1.10.1
[INFO] [stderr]    Compiling byteorder v1.4.3
[INFO] [stderr]    Compiling rustversion v1.0.14
[INFO] [stderr]    Compiling cpufeatures v0.2.9
[INFO] [stderr]    Compiling heck v0.4.1
[INFO] [stderr]    Compiling unicode-normalization v0.1.22
[INFO] [stderr]    Compiling pin-project-internal v1.1.3
[INFO] [stderr]    Compiling digest v0.10.7
[INFO] [stderr]    Compiling tracing v0.1.37
[INFO] [stderr]    Compiling num-traits v0.2.16
[INFO] [stderr]    Compiling unicode-bidi v0.3.13
[INFO] [stderr]    Compiling tower-service v0.3.2
[INFO] [stderr]    Compiling mime v0.3.17
[INFO] [stderr]    Compiling base64 v0.21.2
[INFO] [stderr]    Compiling prost-derive v0.11.9
[INFO] [stderr]    Compiling pin-project v1.1.3
[INFO] [stderr]    Compiling http-body v0.4.5
[INFO] [stderr]    Compiling dashmap v5.5.0
[INFO] [stderr]    Compiling crossbeam-channel v0.5.8
[INFO] [stderr]    Compiling form_urlencoded v1.2.0
[INFO] [stderr]    Compiling try-lock v0.2.4
[INFO] [stderr]    Compiling paste v1.0.14
[INFO] [stderr]    Compiling want v0.3.1
[INFO] [stderr]    Compiling idna v0.4.0
[INFO] [stderr]    Compiling sct v0.7.0
[INFO] [stderr]    Compiling pkg-config v0.3.27
[INFO] [stderr]    Compiling prettyplease v0.1.25
[INFO] [stderr]    Compiling futures-executor v0.3.28
[INFO] [stderr]    Compiling opentelemetry_api v0.18.0
[INFO] [stderr]    Compiling zstd-sys v2.0.8+zstd.1.5.5
[INFO] [stderr]    Compiling url v2.4.0
[INFO] [stderr]    Compiling tokio-util v0.7.8
[INFO] [stderr]    Compiling tokio-stream v0.1.14
[INFO] [stderr]    Compiling fixedbitset v0.4.2
[INFO] [stderr]    Compiling fastrand v2.0.0
[INFO] [stderr]    Compiling petgraph v0.6.3
[INFO] [stderr]    Compiling prost v0.11.9
[INFO] [stderr]    Compiling tempfile v3.7.1
[INFO] [stderr]    Compiling opentelemetry_sdk v0.18.0
[INFO] [stderr]    Compiling h2 v0.3.20
[INFO] [stderr]    Compiling prost-types v0.11.9
[INFO] [stderr]    Compiling axum-core v0.3.4
[INFO] [stderr]    Compiling webpki v0.22.0
[INFO] [stderr]    Compiling opentelemetry v0.18.0
[INFO] [stderr]    Compiling zeroize_derive v1.4.2
[INFO] [stderr]    Compiling which v4.4.0
[INFO] [stderr]    Compiling ahash v0.7.6
[INFO] [stderr]    Compiling regex-syntax v0.6.29
[INFO] [stderr]    Compiling tower-layer v0.3.2
[INFO] [stderr]    Compiling rustls v0.20.8
[INFO] [stderr]    Compiling base64 v0.13.1
[INFO] [stderr]    Compiling parking_lot_core v0.8.6
[INFO] [stderr]    Compiling multimap v0.8.3
[INFO] [stderr]    Compiling prost-build v0.11.9
[INFO] [stderr]    Compiling zeroize v1.6.0
[INFO] [stderr]    Compiling futures v0.3.28
[INFO] [stderr]    Compiling axum v0.6.20
[INFO] [stderr]    Compiling sha1 v0.10.5
[INFO] [stderr]    Compiling instant v0.1.12
[INFO] [stderr]    Compiling crc32fast v1.3.2
[INFO] [stderr]    Compiling io-lifetimes v1.0.11
[INFO] [stderr]    Compiling const-oid v0.6.2
[INFO] [stderr]    Compiling zstd-safe v6.0.6
[INFO] [stderr]    Compiling time-core v0.1.1
[INFO] [stderr]    Compiling local-waker v0.1.3
[INFO] [stderr]    Compiling hex v0.4.3
[INFO] [stderr]    Compiling alloc-no-stdlib v2.0.4
[INFO] [stderr]    Compiling overload v0.1.1
[INFO] [stderr]    Compiling nu-ansi-term v0.46.0
[INFO] [stderr]    Compiling alloc-stdlib v0.2.2
[INFO] [stderr]    Compiling tonic-build v0.8.4
[INFO] [stderr]    Compiling time-macros v0.2.11
[INFO] [stderr]    Compiling der v0.4.5
[INFO] [stderr]    Compiling regex-automata v0.1.10
[INFO] [stderr]    Compiling matchers v0.1.0
[INFO] [stderr]    Compiling tower v0.4.13
[INFO] [stderr]    Compiling tokio-io-timeout v1.2.0
[INFO] [stderr]    Compiling rustls-pemfile v1.0.3
[INFO] [stderr]    Compiling hyper v0.14.27
[INFO] [stderr]    Compiling async-stream-impl v0.3.5
[INFO] [stderr]    Compiling bytestring v1.3.0
[INFO] [stderr]    Compiling digest v0.9.0
[INFO] [stderr]    Compiling deranged v0.3.7
[INFO] [stderr]    Compiling tracing-serde v0.1.3
[INFO] [stderr]    Compiling sharded-slab v0.1.4
[INFO] [stderr]    Compiling tracing-log v0.1.3
[INFO] [stderr]    Compiling thread_local v1.1.7
[INFO] [stderr]    Compiling encoding_rs v0.8.32
[INFO] [stderr]    Compiling signature v1.6.4
[INFO] [stderr]    Compiling minimal-lexical v0.2.1
[INFO] [stderr]    Compiling adler v1.0.2
[INFO] [stderr]    Compiling rustix v0.36.15
[INFO] [stderr]    Compiling base64ct v1.1.1
[INFO] [stderr]    Compiling sync_wrapper v0.1.2
[INFO] [stderr]    Compiling crossbeam-queue v0.3.8
[INFO] [stderr]    Compiling matchit v0.7.2
[INFO] [stderr]    Compiling time v0.3.25
[INFO] [stderr]    Compiling pem-rfc7468 v0.2.4
[INFO] [stderr]    Compiling nom v7.1.3
[INFO] [stderr]    Compiling miniz_oxide v0.7.1
[INFO] [stderr]    Compiling tracing-subscriber v0.3.17
[INFO] [stderr]    Compiling tokio-rustls v0.23.4
[INFO] [stderr]    Compiling async-stream v0.3.5
[INFO] [stderr]    Compiling spki v0.4.1
[INFO] [stderr]    Compiling parking_lot v0.11.2
[INFO] [stderr]    Compiling opentelemetry-proto v0.1.0
[INFO] [stderr]    Compiling brotli-decompressor v2.3.4
[INFO] [stderr]    Compiling actix-utils v3.0.1
[INFO] [stderr]    Compiling actix-service v2.0.2
[INFO] [stderr]    Compiling actix-rt v2.8.0
[INFO] [stderr]    Compiling serde_urlencoded v0.7.1
[INFO] [stderr]    Compiling tracing-futures v0.2.5
[INFO] [stderr]    Compiling hyper-timeout v0.4.1
[INFO] [stderr]    Compiling hmac v0.12.1
[INFO] [stderr]    Compiling block-buffer v0.9.0
[INFO] [stderr]    Compiling dirs-sys v0.3.7
[INFO] [stderr]    Compiling cookie v0.16.2
[INFO] [stderr]    Compiling rand_core v0.5.1
[INFO] [stderr]    Compiling unicode_categories v0.1.1
[INFO] [stderr]    Compiling procfs v0.14.2
[INFO] [stderr]    Compiling rustls v0.21.6
[INFO] [stderr]    Compiling convert_case v0.4.0
[INFO] [stderr]    Compiling linux-raw-sys v0.1.4
[INFO] [stderr]    Compiling crc-catalog v2.2.0
[INFO] [stderr]    Compiling protobuf v2.28.0
[INFO] [stderr]    Compiling crc v3.0.1
[INFO] [stderr]    Compiling sha2 v0.9.9
[INFO] [stderr]    Compiling anstyle-parse v0.2.1
[INFO] [stderr]    Compiling derive_more v0.99.17
[INFO] [stderr]    Compiling sqlformat v0.2.1
[INFO] [stderr]    Compiling curve25519-dalek v3.2.0
[INFO] [stderr]    Compiling dirs v4.0.0
[INFO] [stderr]    Compiling hkdf v0.12.3
[INFO] [stderr]    Compiling brotli v3.3.4
[INFO] [stderr]    Compiling tracing-opentelemetry v0.18.0
[INFO] [stderr]    Compiling flate2 v1.0.26
[INFO] [stderr]    Compiling futures-intrusive v0.4.2
[INFO] [stderr]    Compiling pkcs8 v0.7.6
[INFO] [stderr]    Compiling sqlx-rt v0.6.3
[INFO] [stderr]    Compiling ed25519 v1.5.3
[INFO] [stderr]    Compiling actix-router v0.5.1
[INFO] [stderr]    Compiling local-channel v0.1.3
[INFO] [stderr]    Compiling webpki-roots v0.22.6
[INFO] [stderr]    Compiling actix-codec v0.5.1
[INFO] [stderr]    Compiling ordered-float v1.1.1
[INFO] [stderr]    Compiling atoi v1.0.0
[INFO] [stderr]    Compiling stringprep v0.1.3
[INFO] [stderr]    Compiling md-5 v0.10.5
[INFO] [stderr]    Compiling sha2 v0.10.7
[INFO] [stderr]    Compiling is-terminal v0.4.9
[INFO] [stderr]    Compiling rustls-webpki v0.101.3
[INFO] [stderr]    Compiling hashlink v0.8.3
[INFO] [stderr]    Compiling threadpool v1.8.1
[INFO] [stderr]    Compiling whoami v1.4.1
[INFO] [stderr]    Compiling language-tags v0.3.2
[INFO] [stderr]    Compiling tonic v0.8.3
[INFO] [stderr]    Compiling integer-encoding v3.0.4
[INFO] [stderr]    Compiling prometheus v0.13.3
[INFO] [stderr]    Compiling event-listener v2.5.3
[INFO] [stderr]    Compiling dotenvy v0.15.7
[INFO] [stderr]    Compiling anstyle v1.0.1
[INFO] [stderr]    Compiling sqlx-core v0.6.3
[INFO] [stderr]    Compiling thrift v0.16.0
[INFO] [stderr]    Compiling anstream v0.3.2
[INFO] [stderr]    Compiling actix-web-codegen v4.2.0
[INFO] [stderr]    Compiling ed25519-dalek v1.0.1
[INFO] [stderr]    Compiling signatory v0.23.2
[INFO] [stderr]    Compiling actix-server v2.2.0
[INFO] [stderr]    Compiling opentelemetry-semantic-conventions v0.10.0
[INFO] [stderr]    Compiling opentelemetry-http v0.7.0
[INFO] [stderr]    Compiling actix-macros v0.2.4
[INFO] [stderr]    Compiling time v0.1.45
[INFO] [stderr]    Compiling iana-time-zone v0.1.57
[INFO] [stderr]    Compiling clap_lex v0.5.0
[INFO] [stderr]    Compiling virtue v0.0.13
[INFO] [stderr]    Compiling data-encoding v2.4.0
[INFO] [stderr]    Compiling openssl-probe v0.1.5
[INFO] [stderr]    Compiling clap_builder v4.3.21
[INFO] [stderr]    Compiling rustls-native-certs v0.6.3
[INFO] [stderr]    Compiling nkeys v0.3.1
[INFO] [stderr]    Compiling bincode_derive v2.0.0-rc.3
[INFO] [stderr]    Compiling chrono v0.4.26
[INFO] [stderr]    Compiling tokio-rustls v0.24.1
[INFO] [stderr]    Compiling opentelemetry-jaeger v0.17.0
[INFO] [stderr]    Compiling opentelemetry-otlp v0.11.0
[INFO] [stderr]    Compiling tokio-retry v0.3.0
[INFO] [stderr]    Compiling clap_derive v4.3.12
[INFO] [stderr]    Compiling serde_repr v0.1.16
[INFO] [stderr]    Compiling serde_nanos v0.1.3
[INFO] [stderr]    Compiling nuid v0.3.2
[INFO] [stderr]    Compiling uuid v1.4.1
[INFO] [stderr]    Compiling triple_accel v0.3.4
[INFO] [stderr]    Compiling ipnet v2.8.0
[INFO] [stderr]    Compiling async-nats v0.31.0
[INFO] [stderr]    Compiling reqwest v0.11.18
[INFO] [stderr]    Compiling foxlib v0.1.0 (https://github.com/Syfaro/foxlib.git#7bf8fb25)
[INFO] [stderr]    Compiling clap v4.3.21
[INFO] [stderr]    Compiling bk-tree v0.5.0
[INFO] [stderr]    Compiling bincode v2.0.0-rc.3
[INFO] [stderr]    Compiling tracing-unwrap v0.10.0
[INFO] [stderr]    Compiling hamming v0.1.3
[INFO] [stderr]    Compiling bkapi-client v0.3.0 (/opt/rustwide/workdir/bkapi-client)
[INFO] [stderr]    Compiling sqlx-macros v0.6.3
[INFO] [stderr]    Compiling zstd v0.12.4
[INFO] [stderr]    Compiling actix-http v3.3.1
[INFO] [stderr]    Compiling sqlx v0.6.3
[INFO] [stderr]    Compiling actix-web v4.3.1
[INFO] [stderr]    Compiling tracing-actix-web v0.7.6
[INFO] [stderr]    Compiling bkapi v0.3.0 (/opt/rustwide/workdir/bkapi)
[INFO] [stderr]     Finished dev [unoptimized + debuginfo] target(s) in 2m 56s
[INFO] running `Command { std: "docker" "inspect" "8d8a4e23ba7a20914dcc8a097cb0dd43ee4379e48d01e4d1ffa09385883d74d0", kill_on_drop: false }`
[INFO] running `Command { std: "docker" "rm" "-f" "8d8a4e23ba7a20914dcc8a097cb0dd43ee4379e48d01e4d1ffa09385883d74d0", kill_on_drop: false }`
[INFO] [stdout] 8d8a4e23ba7a20914dcc8a097cb0dd43ee4379e48d01e4d1ffa09385883d74d0
[INFO] running `Command { std: "docker" "create" "-v" "/var/lib/crater-agent-workspace/builds/worker-5-tc2/target:/opt/rustwide/target:rw,Z" "-v" "/var/lib/crater-agent-workspace/builds/worker-5-tc2/source:/opt/rustwide/workdir:ro,Z" "-v" "/var/lib/crater-agent-workspace/cargo-home:/opt/rustwide/cargo-home:ro,Z" "-v" "/var/lib/crater-agent-workspace/rustup-home:/opt/rustwide/rustup-home:ro,Z" "-e" "SOURCE_DIR=/opt/rustwide/workdir" "-e" "CARGO_TARGET_DIR=/opt/rustwide/target" "-e" "CARGO_INCREMENTAL=0" "-e" "RUST_BACKTRACE=full" "-e" "RUSTFLAGS=--cap-lints=warn" "-e" "RUSTDOCFLAGS=--cap-lints=warn" "-e" "CARGO_HOME=/opt/rustwide/cargo-home" "-e" "RUSTUP_HOME=/opt/rustwide/rustup-home" "-w" "/opt/rustwide/workdir" "-m" "1610612736" "--user" "0:0" "--network" "none" "ghcr.io/rust-lang/crates-build-env/linux@sha256:2788e3201cd34a07e3172128adcd8b3090168a8e3bcc40d7c032b9dda1df7d1c" "/opt/rustwide/cargo-home/bin/cargo" "+beta-2023-12-22" "test" "--frozen" "--no-run" "--message-format=json", kill_on_drop: false }`
[INFO] [stdout] 856e991522035ae9eff910bc4d975df211008127653376354de84ef8a312a31d
[INFO] running `Command { std: "docker" "start" "-a" "856e991522035ae9eff910bc4d975df211008127653376354de84ef8a312a31d", kill_on_drop: false }`
[INFO] [stderr]    Compiling bkapi-client v0.3.0 (/opt/rustwide/workdir/bkapi-client)
[INFO] [stderr]    Compiling bkapi v0.3.0 (/opt/rustwide/workdir/bkapi)
[INFO] [stderr]     Finished test [unoptimized + debuginfo] target(s) in 7.27s
[INFO] running `Command { std: "docker" "inspect" "856e991522035ae9eff910bc4d975df211008127653376354de84ef8a312a31d", kill_on_drop: false }`
[INFO] running `Command { std: "docker" "rm" "-f" "856e991522035ae9eff910bc4d975df211008127653376354de84ef8a312a31d", kill_on_drop: false }`
[INFO] [stdout] 856e991522035ae9eff910bc4d975df211008127653376354de84ef8a312a31d
[INFO] running `Command { std: "docker" "create" "-v" "/var/lib/crater-agent-workspace/builds/worker-5-tc2/target:/opt/rustwide/target:rw,Z" "-v" "/var/lib/crater-agent-workspace/builds/worker-5-tc2/source:/opt/rustwide/workdir:ro,Z" "-v" "/var/lib/crater-agent-workspace/cargo-home:/opt/rustwide/cargo-home:ro,Z" "-v" "/var/lib/crater-agent-workspace/rustup-home:/opt/rustwide/rustup-home:ro,Z" "-e" "SOURCE_DIR=/opt/rustwide/workdir" "-e" "CARGO_TARGET_DIR=/opt/rustwide/target" "-e" "CARGO_INCREMENTAL=0" "-e" "RUST_BACKTRACE=full" "-e" "RUSTFLAGS=--cap-lints=warn" "-e" "RUSTDOCFLAGS=--cap-lints=warn" "-e" "CARGO_HOME=/opt/rustwide/cargo-home" "-e" "RUSTUP_HOME=/opt/rustwide/rustup-home" "-w" "/opt/rustwide/workdir" "-m" "1610612736" "--user" "0:0" "--network" "none" "ghcr.io/rust-lang/crates-build-env/linux@sha256:2788e3201cd34a07e3172128adcd8b3090168a8e3bcc40d7c032b9dda1df7d1c" "/opt/rustwide/cargo-home/bin/cargo" "+beta-2023-12-22" "test" "--frozen", kill_on_drop: false }`
[INFO] [stdout] c0a04499cda4467436ce632eafae552a573b9ae931cd5fd6d377a4a7b976832a
[INFO] running `Command { std: "docker" "start" "-a" "c0a04499cda4467436ce632eafae552a573b9ae931cd5fd6d377a4a7b976832a", kill_on_drop: false }`
[INFO] [stderr]     Finished test [unoptimized + debuginfo] target(s) in 0.30s
[INFO] [stderr]      Running unittests src/main.rs (/opt/rustwide/target/debug/deps/bkapi-cf860c90fcf6fc63)
[INFO] [stdout] 
[INFO] [stdout] running 0 tests
[INFO] [stdout] 
[INFO] [stdout] test result: ok. 0 passed; 0 failed; 0 ignored; 0 measured; 0 filtered out; finished in 0.00s
[INFO] [stdout] 
[INFO] [stderr]      Running unittests src/lib.rs (/opt/rustwide/target/debug/deps/bkapi_client-1bfb66a7b68c4f10)
[INFO] [stdout] 
[INFO] [stdout] running 2 tests
[INFO] [stdout] test tests::test_search_many ... FAILED
[INFO] [stdout] test tests::test_search ... FAILED
[INFO] [stdout] 
[INFO] [stdout] failures:
[INFO] [stdout] 
[INFO] [stdout] ---- tests::test_search_many stdout ----
[INFO] [stdout] thread 'tests::test_search_many' panicked at bkapi-client/src/lib.rs:121:41:
[INFO] [stdout] tests require BKAPI_ENDPOINT to be set: NotPresent
[INFO] [stdout] stack backtrace:
[INFO] [stdout]    0:     0x563811176d66 - std::backtrace_rs::backtrace::libunwind::trace::h261606ad26a499c1
[INFO] [stdout]                                at /rustc/0e09125c6c3c2fd70d7de961bcf0e51575235fad/library/std/src/../../backtrace/src/backtrace/libunwind.rs:104:5
[INFO] [stdout]    1:     0x563811176d66 - std::backtrace_rs::backtrace::trace_unsynchronized::hd183f0625477fb28
[INFO] [stdout]                                at /rustc/0e09125c6c3c2fd70d7de961bcf0e51575235fad/library/std/src/../../backtrace/src/backtrace/mod.rs:66:5
[INFO] [stdout]    2:     0x563811176d66 - std::sys_common::backtrace::_print_fmt::hd7f8fef21b4eda67
[INFO] [stdout]                                at /rustc/0e09125c6c3c2fd70d7de961bcf0e51575235fad/library/std/src/sys_common/backtrace.rs:68:5
[INFO] [stdout]    3:     0x563811176d66 - <std::sys_common::backtrace::_print::DisplayBacktrace as core::fmt::Display>::fmt::h623d9b51f2f453f1
[INFO] [stdout]                                at /rustc/0e09125c6c3c2fd70d7de961bcf0e51575235fad/library/std/src/sys_common/backtrace.rs:44:22
[INFO] [stdout]    4:     0x5638111a2ea0 - core::fmt::rt::Argument::fmt::h9f417ac76a86f368
[INFO] [stdout]                                at /rustc/0e09125c6c3c2fd70d7de961bcf0e51575235fad/library/core/src/fmt/rt.rs:142:9
[INFO] [stdout]    5:     0x5638111a2ea0 - core::fmt::write::hc9b6faf4ac2aeff7
[INFO] [stdout]                                at /rustc/0e09125c6c3c2fd70d7de961bcf0e51575235fad/library/core/src/fmt/mod.rs:1120:17
[INFO] [stdout]    6:     0x563811173c2f - std::io::Write::write_fmt::he04625a3a989fec3
[INFO] [stdout]                                at /rustc/0e09125c6c3c2fd70d7de961bcf0e51575235fad/library/std/src/io/mod.rs:1810:15
[INFO] [stdout]    7:     0x563811176b44 - std::sys_common::backtrace::_print::hd5d66399c7df88a2
[INFO] [stdout]                                at /rustc/0e09125c6c3c2fd70d7de961bcf0e51575235fad/library/std/src/sys_common/backtrace.rs:47:5
[INFO] [stdout]    8:     0x563811176b44 - std::sys_common::backtrace::print::he81ed2da642d37e5
[INFO] [stdout]                                at /rustc/0e09125c6c3c2fd70d7de961bcf0e51575235fad/library/std/src/sys_common/backtrace.rs:34:9
[INFO] [stdout]    9:     0x5638111788b7 - std::panicking::default_hook::{{closure}}::h85773f4fa117163d
[INFO] [stdout]   10:     0x56381117859d - std::panicking::default_hook::h6a1694a91d09b278
[INFO] [stdout]                                at /rustc/0e09125c6c3c2fd70d7de961bcf0e51575235fad/library/std/src/panicking.rs:289:9
[INFO] [stdout]   11:     0x56381103d6c7 - <alloc::boxed::Box<F,A> as core::ops::function::Fn<Args>>::call::h616ac37fa3cd6c8f
[INFO] [stdout]                                at /rustc/0e09125c6c3c2fd70d7de961bcf0e51575235fad/library/alloc/src/boxed.rs:2029:9
[INFO] [stdout]   12:     0x56381103d6c7 - test::test_main::{{closure}}::h00d84697cefdcbb6
[INFO] [stdout]                                at /rustc/0e09125c6c3c2fd70d7de961bcf0e51575235fad/library/test/src/lib.rs:138:21
[INFO] [stdout]   13:     0x563811178ed6 - <alloc::boxed::Box<F,A> as core::ops::function::Fn<Args>>::call::hcb3fe3b9bb537ba8
[INFO] [stdout]                                at /rustc/0e09125c6c3c2fd70d7de961bcf0e51575235fad/library/alloc/src/boxed.rs:2029:9
[INFO] [stdout]   14:     0x563811178ed6 - std::panicking::rust_panic_with_hook::h0a7ad96e90f7145b
[INFO] [stdout]                                at /rustc/0e09125c6c3c2fd70d7de961bcf0e51575235fad/library/std/src/panicking.rs:783:13
[INFO] [stdout]   15:     0x563811178c22 - std::panicking::begin_panic_handler::{{closure}}::h7919090525c6485e
[INFO] [stdout]                                at /rustc/0e09125c6c3c2fd70d7de961bcf0e51575235fad/library/std/src/panicking.rs:657:13
[INFO] [stdout]   16:     0x563811177266 - std::sys_common::backtrace::__rust_end_short_backtrace::hf3289479464f7dfe
[INFO] [stdout]                                at /rustc/0e09125c6c3c2fd70d7de961bcf0e51575235fad/library/std/src/sys_common/backtrace.rs:171:18
[INFO] [stdout]   17:     0x563811178980 - rust_begin_unwind
[INFO] [stdout]                                at /rustc/0e09125c6c3c2fd70d7de961bcf0e51575235fad/library/std/src/panicking.rs:645:5
[INFO] [stdout]   18:     0x563810c31415 - core::panicking::panic_fmt::hcc9f77c5c132af55
[INFO] [stdout]                                at /rustc/0e09125c6c3c2fd70d7de961bcf0e51575235fad/library/core/src/panicking.rs:72:14
[INFO] [stdout]   19:     0x563810c31a53 - core::result::unwrap_failed::hbe14f498be1452f9
[INFO] [stdout]                                at /rustc/0e09125c6c3c2fd70d7de961bcf0e51575235fad/library/core/src/result.rs:1649:5
[INFO] [stdout]   20:     0x563810c3bf46 - core::result::Result<T,E>::expect::h4fd53e18d9053c02
[INFO] [stdout]                                at /rustc/0e09125c6c3c2fd70d7de961bcf0e51575235fad/library/core/src/result.rs:1030:23
[INFO] [stdout]   21:     0x563810c42597 - bkapi_client::tests::get_test_endpoint::h1a29d0bb6b5fad28
[INFO] [stdout]                                at /opt/rustwide/workdir/bkapi-client/src/lib.rs:121:9
[INFO] [stdout]   22:     0x563810c43130 - bkapi_client::tests::test_search_many::{{closure}}::h0965024bcc7d82d4
[INFO] [stdout]                                at /opt/rustwide/workdir/bkapi-client/src/lib.rs:146:24
[INFO] [stdout]   23:     0x563810c40798 - <core::pin::Pin<P> as core::future::future::Future>::poll::hca7f6cab90ce4b40
[INFO] [stdout]                                at /rustc/0e09125c6c3c2fd70d7de961bcf0e51575235fad/library/core/src/future/future.rs:124:9
[INFO] [stdout]   24:     0x563810c4073b - <core::pin::Pin<P> as core::future::future::Future>::poll::h31b7f411414fba99
[INFO] [stdout]                                at /rustc/0e09125c6c3c2fd70d7de961bcf0e51575235fad/library/core/src/future/future.rs:124:9
[INFO] [stdout]   25:     0x563810c40384 - tokio::runtime::scheduler::current_thread::CoreGuard::block_on::{{closure}}::{{closure}}::{{closure}}::h9da9a69d52d5002e
[INFO] [stdout]                                at /opt/rustwide/cargo-home/registry/src/index.crates.io-6f17d22bba15001f/tokio-1.31.0/src/runtime/scheduler/current_thread/mod.rs:665:57
[INFO] [stdout]   26:     0x563810c402ba - tokio::runtime::coop::with_budget::h015205c00a372f25
[INFO] [stdout]                                at /opt/rustwide/cargo-home/registry/src/index.crates.io-6f17d22bba15001f/tokio-1.31.0/src/runtime/coop.rs:107:5
[INFO] [stdout]   27:     0x563810c402ba - tokio::runtime::coop::budget::hac9e3444447d62db
[INFO] [stdout]                                at /opt/rustwide/cargo-home/registry/src/index.crates.io-6f17d22bba15001f/tokio-1.31.0/src/runtime/coop.rs:73:5
[INFO] [stdout]   28:     0x563810c402ba - tokio::runtime::scheduler::current_thread::CoreGuard::block_on::{{closure}}::{{closure}}::hb903aee5891221b4
[INFO] [stdout]                                at /opt/rustwide/cargo-home/registry/src/index.crates.io-6f17d22bba15001f/tokio-1.31.0/src/runtime/scheduler/current_thread/mod.rs:665:25
[INFO] [stdout]   29:     0x563810c3ec3c - tokio::runtime::scheduler::current_thread::Context::enter::h6fd04d14664a8703
[INFO] [stdout]                                at /opt/rustwide/cargo-home/registry/src/index.crates.io-6f17d22bba15001f/tokio-1.31.0/src/runtime/scheduler/current_thread/mod.rs:410:19
[INFO] [stdout]   30:     0x563810c3faae - tokio::runtime::scheduler::current_thread::CoreGuard::block_on::{{closure}}::h170acda45c2ef79f
[INFO] [stdout]                                at /opt/rustwide/cargo-home/registry/src/index.crates.io-6f17d22bba15001f/tokio-1.31.0/src/runtime/scheduler/current_thread/mod.rs:664:36
[INFO] [stdout]   31:     0x563810c3f7bb - tokio::runtime::scheduler::current_thread::CoreGuard::enter::{{closure}}::h92b837231dc05c22
[INFO] [stdout]                                at /opt/rustwide/cargo-home/registry/src/index.crates.io-6f17d22bba15001f/tokio-1.31.0/src/runtime/scheduler/current_thread/mod.rs:743:68
[INFO] [stdout]   32:     0x563810c3dbdb - tokio::runtime::context::scoped::Scoped<T>::set::h9d05688946bd82bf
[INFO] [stdout]                                at /opt/rustwide/cargo-home/registry/src/index.crates.io-6f17d22bba15001f/tokio-1.31.0/src/runtime/context/scoped.rs:40:9
[INFO] [stdout]   33:     0x563810c3d989 - tokio::runtime::context::set_scheduler::{{closure}}::h40d4aa326f14f9d6
[INFO] [stdout]                                at /opt/rustwide/cargo-home/registry/src/index.crates.io-6f17d22bba15001f/tokio-1.31.0/src/runtime/context.rs:176:26
[INFO] [stdout]   34:     0x563810c57386 - std::thread::local::LocalKey<T>::try_with::hcaf5bb33019120b8
[INFO] [stdout]                                at /rustc/0e09125c6c3c2fd70d7de961bcf0e51575235fad/library/std/src/thread/local.rs:270:16
[INFO] [stdout]   35:     0x563810c568ea - std::thread::local::LocalKey<T>::with::h085cc025860ce001
[INFO] [stdout]                                at /rustc/0e09125c6c3c2fd70d7de961bcf0e51575235fad/library/std/src/thread/local.rs:246:9
[INFO] [stdout]   36:     0x563810c3d93d - tokio::runtime::context::set_scheduler::ha3c1307703dedc8c
[INFO] [stdout]                                at /opt/rustwide/cargo-home/registry/src/index.crates.io-6f17d22bba15001f/tokio-1.31.0/src/runtime/context.rs:176:9
[INFO] [stdout]   37:     0x563810c3f550 - tokio::runtime::scheduler::current_thread::CoreGuard::enter::h85a283e02cf71975
[INFO] [stdout]                                at /opt/rustwide/cargo-home/registry/src/index.crates.io-6f17d22bba15001f/tokio-1.31.0/src/runtime/scheduler/current_thread/mod.rs:743:27
[INFO] [stdout]   38:     0x563810c3f7ed - tokio::runtime::scheduler::current_thread::CoreGuard::block_on::h6f731dedfa3d4d1b
[INFO] [stdout]                                at /opt/rustwide/cargo-home/registry/src/index.crates.io-6f17d22bba15001f/tokio-1.31.0/src/runtime/scheduler/current_thread/mod.rs:652:19
[INFO] [stdout]   39:     0x563810c3e72d - tokio::runtime::scheduler::current_thread::CurrentThread::block_on::{{closure}}::h1b9a2cfe0bd0a763
[INFO] [stdout]                                at /opt/rustwide/cargo-home/registry/src/index.crates.io-6f17d22bba15001f/tokio-1.31.0/src/runtime/scheduler/current_thread/mod.rs:175:28
[INFO] [stdout]   40:     0x563810c3e05a - tokio::runtime::context::runtime::enter_runtime::hbd9b3d9f483ece73
[INFO] [stdout]                                at /opt/rustwide/cargo-home/registry/src/index.crates.io-6f17d22bba15001f/tokio-1.31.0/src/runtime/context/runtime.rs:65:16
[INFO] [stdout]   41:     0x563810c3e63e - tokio::runtime::scheduler::current_thread::CurrentThread::block_on::hc8b60103c429e2e6
[INFO] [stdout]                                at /opt/rustwide/cargo-home/registry/src/index.crates.io-6f17d22bba15001f/tokio-1.31.0/src/runtime/scheduler/current_thread/mod.rs:167:9
[INFO] [stdout]   42:     0x563810c5873d - tokio::runtime::runtime::Runtime::block_on::h7cf67ada4e390a64
[INFO] [stdout]                                at /opt/rustwide/cargo-home/registry/src/index.crates.io-6f17d22bba15001f/tokio-1.31.0/src/runtime/runtime.rs:347:47
[INFO] [stdout]   43:     0x563810c43048 - bkapi_client::tests::test_search_many::h44917dcea7727d33
[INFO] [stdout]                                at /opt/rustwide/workdir/bkapi-client/src/lib.rs:152:9
[INFO] [stdout]   44:     0x563810c42ed7 - bkapi_client::tests::test_search_many::{{closure}}::hbc9054b561c1f9d7
[INFO] [stdout]                                at /opt/rustwide/workdir/bkapi-client/src/lib.rs:145:32
[INFO] [stdout]   45:     0x563810c44116 - core::ops::function::FnOnce::call_once::h3fca3805c86aa36c
[INFO] [stdout]                                at /rustc/0e09125c6c3c2fd70d7de961bcf0e51575235fad/library/core/src/ops/function.rs:250:5
[INFO] [stdout]   46:     0x563811042f9f - core::ops::function::FnOnce::call_once::hd64d26f405258157
[INFO] [stdout]                                at /rustc/0e09125c6c3c2fd70d7de961bcf0e51575235fad/library/core/src/ops/function.rs:250:5
[INFO] [stdout]   47:     0x563811042f9f - test::__rust_begin_short_backtrace::he21b0b7a6d731bf9
[INFO] [stdout]                                at /rustc/0e09125c6c3c2fd70d7de961bcf0e51575235fad/library/test/src/lib.rs:627:18
[INFO] [stdout]   48:     0x563811041d21 - test::run_test_in_process::{{closure}}::hf5c73986d7bdfde2
[INFO] [stdout]                                at /rustc/0e09125c6c3c2fd70d7de961bcf0e51575235fad/library/test/src/lib.rs:650:60
[INFO] [stdout]   49:     0x563811041d21 - <core::panic::unwind_safe::AssertUnwindSafe<F> as core::ops::function::FnOnce<()>>::call_once::h330011ad032aadc0
[INFO] [stdout]                                at /rustc/0e09125c6c3c2fd70d7de961bcf0e51575235fad/library/core/src/panic/unwind_safe.rs:272:9
[INFO] [stdout]   50:     0x563811041d21 - std::panicking::try::do_call::he61b0a958b795a41
[INFO] [stdout]                                at /rustc/0e09125c6c3c2fd70d7de961bcf0e51575235fad/library/std/src/panicking.rs:552:40
[INFO] [stdout]   51:     0x563811041d21 - std::panicking::try::h7309da130f906eb7
[INFO] [stdout]                                at /rustc/0e09125c6c3c2fd70d7de961bcf0e51575235fad/library/std/src/panicking.rs:516:19
[INFO] [stdout]   52:     0x563811041d21 - std::panic::catch_unwind::hc5c3a06fdaf0a92a
[INFO] [stdout]                                at /rustc/0e09125c6c3c2fd70d7de961bcf0e51575235fad/library/std/src/panic.rs:142:14
[INFO] [stdout]   53:     0x563811041d21 - test::run_test_in_process::h7e7b7c71c3324e0f
[INFO] [stdout]                                at /rustc/0e09125c6c3c2fd70d7de961bcf0e51575235fad/library/test/src/lib.rs:650:27
[INFO] [stdout]   54:     0x563811041d21 - test::run_test::{{closure}}::h1f509f28f5cf20b1
[INFO] [stdout]                                at /rustc/0e09125c6c3c2fd70d7de961bcf0e51575235fad/library/test/src/lib.rs:573:43
[INFO] [stdout]   55:     0x563811009056 - test::run_test::{{closure}}::h1754218abf443f6d
[INFO] [stdout]                                at /rustc/0e09125c6c3c2fd70d7de961bcf0e51575235fad/library/test/src/lib.rs:601:41
[INFO] [stdout]   56:     0x563811009056 - std::sys_common::backtrace::__rust_begin_short_backtrace::h2ee174b9d5954948
[INFO] [stdout]                                at /rustc/0e09125c6c3c2fd70d7de961bcf0e51575235fad/library/std/src/sys_common/backtrace.rs:155:18
[INFO] [stdout]   57:     0x56381100e0b7 - std::thread::Builder::spawn_unchecked_::{{closure}}::{{closure}}::hf60bee9c1a17ef09
[INFO] [stdout]                                at /rustc/0e09125c6c3c2fd70d7de961bcf0e51575235fad/library/std/src/thread/mod.rs:529:17
[INFO] [stdout]   58:     0x56381100e0b7 - <core::panic::unwind_safe::AssertUnwindSafe<F> as core::ops::function::FnOnce<()>>::call_once::h33d0dddec5216160
[INFO] [stdout]                                at /rustc/0e09125c6c3c2fd70d7de961bcf0e51575235fad/library/core/src/panic/unwind_safe.rs:272:9
[INFO] [stdout]   59:     0x56381100e0b7 - std::panicking::try::do_call::h144b3048b546f835
[INFO] [stdout]                                at /rustc/0e09125c6c3c2fd70d7de961bcf0e51575235fad/library/std/src/panicking.rs:552:40
[INFO] [stdout]   60:     0x56381100e0b7 - std::panicking::try::h978244d04646189f
[INFO] [stdout]                                at /rustc/0e09125c6c3c2fd70d7de961bcf0e51575235fad/library/std/src/panicking.rs:516:19
[INFO] [stdout]   61:     0x56381100e0b7 - std::panic::catch_unwind::hdf436369d188fe86
[INFO] [stdout]                                at /rustc/0e09125c6c3c2fd70d7de961bcf0e51575235fad/library/std/src/panic.rs:142:14
[INFO] [stdout]   62:     0x56381100e0b7 - std::thread::Builder::spawn_unchecked_::{{closure}}::h87329cbdd33c79ec
[INFO] [stdout]                                at /rustc/0e09125c6c3c2fd70d7de961bcf0e51575235fad/library/std/src/thread/mod.rs:528:30
[INFO] [stdout]   63:     0x56381100e0b7 - core::ops::function::FnOnce::call_once{{vtable.shim}}::h401abbe67897d450
[INFO] [stdout]                                at /rustc/0e09125c6c3c2fd70d7de961bcf0e51575235fad/library/core/src/ops/function.rs:250:5
[INFO] [stdout]   64:     0x56381117db05 - <alloc::boxed::Box<F,A> as core::ops::function::FnOnce<Args>>::call_once::h5d7c8f150ab9c84c
[INFO] [stdout]                                at /rustc/0e09125c6c3c2fd70d7de961bcf0e51575235fad/library/alloc/src/boxed.rs:2015:9
[INFO] [stdout]   65:     0x56381117db05 - <alloc::boxed::Box<F,A> as core::ops::function::FnOnce<Args>>::call_once::h570d5b005c242c15
[INFO] [stdout]                                at /rustc/0e09125c6c3c2fd70d7de961bcf0e51575235fad/library/alloc/src/boxed.rs:2015:9
[INFO] [stdout]   66:     0x56381117db05 - std::sys::unix::thread::Thread::new::thread_start::h36b0a20c0b2361ad
[INFO] [stdout]                                at /rustc/0e09125c6c3c2fd70d7de961bcf0e51575235fad/library/std/src/sys/unix/thread.rs:108:17
[INFO] [stdout]   67:     0x7f0f78122ac3 - <unknown>
[INFO] [stdout]   68:     0x7f0f781b3bf4 - __clone
[INFO] [stdout]   69:                0x0 - <unknown>
[INFO] [stdout] 
[INFO] [stdout] ---- tests::test_search stdout ----
[INFO] [stdout] thread 'tests::test_search' panicked at bkapi-client/src/lib.rs:121:41:
[INFO] [stdout] tests require BKAPI_ENDPOINT to be set: NotPresent
[INFO] [stdout] stack backtrace:
[INFO] [stdout]    0:     0x563811176d66 - std::backtrace_rs::backtrace::libunwind::trace::h261606ad26a499c1
[INFO] [stdout]                                at /rustc/0e09125c6c3c2fd70d7de961bcf0e51575235fad/library/std/src/../../backtrace/src/backtrace/libunwind.rs:104:5
[INFO] [stdout]    1:     0x563811176d66 - std::backtrace_rs::backtrace::trace_unsynchronized::hd183f0625477fb28
[INFO] [stdout]                                at /rustc/0e09125c6c3c2fd70d7de961bcf0e51575235fad/library/std/src/../../backtrace/src/backtrace/mod.rs:66:5
[INFO] [stdout]    2:     0x563811176d66 - std::sys_common::backtrace::_print_fmt::hd7f8fef21b4eda67
[INFO] [stdout]                                at /rustc/0e09125c6c3c2fd70d7de961bcf0e51575235fad/library/std/src/sys_common/backtrace.rs:68:5
[INFO] [stdout]    3:     0x563811176d66 - <std::sys_common::backtrace::_print::DisplayBacktrace as core::fmt::Display>::fmt::h623d9b51f2f453f1
[INFO] [stdout]                                at /rustc/0e09125c6c3c2fd70d7de961bcf0e51575235fad/library/std/src/sys_common/backtrace.rs:44:22
[INFO] [stdout]    4:     0x5638111a2ea0 - core::fmt::rt::Argument::fmt::h9f417ac76a86f368
[INFO] [stdout]                                at /rustc/0e09125c6c3c2fd70d7de961bcf0e51575235fad/library/core/src/fmt/rt.rs:142:9
[INFO] [stdout]    5:     0x5638111a2ea0 - core::fmt::write::hc9b6faf4ac2aeff7
[INFO] [stdout]                                at /rustc/0e09125c6c3c2fd70d7de961bcf0e51575235fad/library/core/src/fmt/mod.rs:1120:17
[INFO] [stdout]    6:     0x563811173c2f - std::io::Write::write_fmt::he04625a3a989fec3
[INFO] [stdout]                                at /rustc/0e09125c6c3c2fd70d7de961bcf0e51575235fad/library/std/src/io/mod.rs:1810:15
[INFO] [stdout]    7:     0x563811176b44 - std::sys_common::backtrace::_print::hd5d66399c7df88a2
[INFO] [stdout]                                at /rustc/0e09125c6c3c2fd70d7de961bcf0e51575235fad/library/std/src/sys_common/backtrace.rs:47:5
[INFO] [stdout]    8:     0x563811176b44 - std::sys_common::backtrace::print::he81ed2da642d37e5
[INFO] [stdout]                                at /rustc/0e09125c6c3c2fd70d7de961bcf0e51575235fad/library/std/src/sys_common/backtrace.rs:34:9
[INFO] [stdout]    9:     0x5638111788b7 - std::panicking::default_hook::{{closure}}::h85773f4fa117163d
[INFO] [stdout]   10:     0x56381117859d - std::panicking::default_hook::h6a1694a91d09b278
[INFO] [stdout]                                at /rustc/0e09125c6c3c2fd70d7de961bcf0e51575235fad/library/std/src/panicking.rs:289:9
[INFO] [stdout]   11:     0x56381103d6c7 - <alloc::boxed::Box<F,A> as core::ops::function::Fn<Args>>::call::h616ac37fa3cd6c8f
[INFO] [stdout]                                at /rustc/0e09125c6c3c2fd70d7de961bcf0e51575235fad/library/alloc/src/boxed.rs:2029:9
[INFO] [stdout]   12:     0x56381103d6c7 - test::test_main::{{closure}}::h00d84697cefdcbb6
[INFO] [stdout]                                at /rustc/0e09125c6c3c2fd70d7de961bcf0e51575235fad/library/test/src/lib.rs:138:21
[INFO] [stdout]   13:     0x563811178ed6 - <alloc::boxed::Box<F,A> as core::ops::function::Fn<Args>>::call::hcb3fe3b9bb537ba8
[INFO] [stdout]                                at /rustc/0e09125c6c3c2fd70d7de961bcf0e51575235fad/library/alloc/src/boxed.rs:2029:9
[INFO] [stdout]   14:     0x563811178ed6 - std::panicking::rust_panic_with_hook::h0a7ad96e90f7145b
[INFO] [stdout]                                at /rustc/0e09125c6c3c2fd70d7de961bcf0e51575235fad/library/std/src/panicking.rs:783:13
[INFO] [stdout]   15:     0x563811178c22 - std::panicking::begin_panic_handler::{{closure}}::h7919090525c6485e
[INFO] [stdout]                                at /rustc/0e09125c6c3c2fd70d7de961bcf0e51575235fad/library/std/src/panicking.rs:657:13
[INFO] [stdout]   16:     0x563811177266 - std::sys_common::backtrace::__rust_end_short_backtrace::hf3289479464f7dfe
[INFO] [stdout]                                at /rustc/0e09125c6c3c2fd70d7de961bcf0e51575235fad/library/std/src/sys_common/backtrace.rs:171:18
[INFO] [stdout]   17:     0x563811178980 - rust_begin_unwind
[INFO] [stdout]                                at /rustc/0e09125c6c3c2fd70d7de961bcf0e51575235fad/library/std/src/panicking.rs:645:5
[INFO] [stdout]   18:     0x563810c31415 - core::panicking::panic_fmt::hcc9f77c5c132af55
[INFO] [stdout]                                at /rustc/0e09125c6c3c2fd70d7de961bcf0e51575235fad/library/core/src/panicking.rs:72:14
[INFO] [stdout]   19:     0x563810c31a53 - core::result::unwrap_failed::hbe14f498be1452f9
[INFO] [stdout]                                at /rustc/0e09125c6c3c2fd70d7de961bcf0e51575235fad/library/core/src/result.rs:1649:5
[INFO] [stdout]   20:     0x563810c3bf46 - core::result::Result<T,E>::expect::h4fd53e18d9053c02
[INFO] [stdout]                                at /rustc/0e09125c6c3c2fd70d7de961bcf0e51575235fad/library/core/src/result.rs:1030:23
[INFO] [stdout]   21:     0x563810c42597 - bkapi_client::tests::get_test_endpoint::h1a29d0bb6b5fad28
[INFO] [stdout]                                at /opt/rustwide/workdir/bkapi-client/src/lib.rs:121:9
[INFO] [stdout]   22:     0x563810c42820 - bkapi_client::tests::test_search::{{closure}}::hec61f3d010a1ce0b
[INFO] [stdout]                                at /opt/rustwide/workdir/bkapi-client/src/lib.rs:126:24
[INFO] [stdout]   23:     0x563810c40798 - <core::pin::Pin<P> as core::future::future::Future>::poll::hca7f6cab90ce4b40
[INFO] [stdout]                                at /rustc/0e09125c6c3c2fd70d7de961bcf0e51575235fad/library/core/src/future/future.rs:124:9
[INFO] [stdout]   24:     0x563810c4073b - <core::pin::Pin<P> as core::future::future::Future>::poll::h31b7f411414fba99
[INFO] [stdout]                                at /rustc/0e09125c6c3c2fd70d7de961bcf0e51575235fad/library/core/src/future/future.rs:124:9
[INFO] [stdout]   25:     0x563810c40384 - tokio::runtime::scheduler::current_thread::CoreGuard::block_on::{{closure}}::{{closure}}::{{closure}}::h9da9a69d52d5002e
[INFO] [stdout]                                at /opt/rustwide/cargo-home/registry/src/index.crates.io-6f17d22bba15001f/tokio-1.31.0/src/runtime/scheduler/current_thread/mod.rs:665:57
[INFO] [stdout]   26:     0x563810c402ba - tokio::runtime::coop::with_budget::h015205c00a372f25
[INFO] [stdout]                                at /opt/rustwide/cargo-home/registry/src/index.crates.io-6f17d22bba15001f/tokio-1.31.0/src/runtime/coop.rs:107:5
[INFO] [stdout]   27:     0x563810c402ba - tokio::runtime::coop::budget::hac9e3444447d62db
[INFO] [stdout]                                at /opt/rustwide/cargo-home/registry/src/index.crates.io-6f17d22bba15001f/tokio-1.31.0/src/runtime/coop.rs:73:5
[INFO] [stdout]   28:     0x563810c402ba - tokio::runtime::scheduler::current_thread::CoreGuard::block_on::{{closure}}::{{closure}}::hb903aee5891221b4
[INFO] [stdout]                                at /opt/rustwide/cargo-home/registry/src/index.crates.io-6f17d22bba15001f/tokio-1.31.0/src/runtime/scheduler/current_thread/mod.rs:665:25
[INFO] [stdout]   29:     0x563810c3ec3c - tokio::runtime::scheduler::current_thread::Context::enter::h6fd04d14664a8703
[INFO] [stdout]                                at /opt/rustwide/cargo-home/registry/src/index.crates.io-6f17d22bba15001f/tokio-1.31.0/src/runtime/scheduler/current_thread/mod.rs:410:19
[INFO] [stdout]   30:     0x563810c3faae - tokio::runtime::scheduler::current_thread::CoreGuard::block_on::{{closure}}::h170acda45c2ef79f
[INFO] [stdout]                                at /opt/rustwide/cargo-home/registry/src/index.crates.io-6f17d22bba15001f/tokio-1.31.0/src/runtime/scheduler/current_thread/mod.rs:664:36
[INFO] [stdout]   31:     0x563810c3f7bb - tokio::runtime::scheduler::current_thread::CoreGuard::enter::{{closure}}::h92b837231dc05c22
[INFO] [stdout]                                at /opt/rustwide/cargo-home/registry/src/index.crates.io-6f17d22bba15001f/tokio-1.31.0/src/runtime/scheduler/current_thread/mod.rs:743:68
[INFO] [stdout]   32:     0x563810c3dbdb - tokio::runtime::context::scoped::Scoped<T>::set::h9d05688946bd82bf
[INFO] [stdout]                                at /opt/rustwide/cargo-home/registry/src/index.crates.io-6f17d22bba15001f/tokio-1.31.0/src/runtime/context/scoped.rs:40:9
[INFO] [stdout]   33:     0x563810c3d989 - tokio::runtime::context::set_scheduler::{{closure}}::h40d4aa326f14f9d6
[INFO] [stdout]                                at /opt/rustwide/cargo-home/registry/src/index.crates.io-6f17d22bba15001f/tokio-1.31.0/src/runtime/context.rs:176:26
[INFO] [stdout]   34:     0x563810c57386 - std::thread::local::LocalKey<T>::try_with::hcaf5bb33019120b8
[INFO] [stdout]                                at /rustc/0e09125c6c3c2fd70d7de961bcf0e51575235fad/library/std/src/thread/local.rs:270:16
[INFO] [stdout]   35:     0x563810c568ea - std::thread::local::LocalKey<T>::with::h085cc025860ce001
[INFO] [stdout]                                at /rustc/0e09125c6c3c2fd70d7de961bcf0e51575235fad/library/std/src/thread/local.rs:246:9
[INFO] [stdout]   36:     0x563810c3d93d - tokio::runtime::context::set_scheduler::ha3c1307703dedc8c
[INFO] [stdout]                                at /opt/rustwide/cargo-home/registry/src/index.crates.io-6f17d22bba15001f/tokio-1.31.0/src/runtime/context.rs:176:9
[INFO] [stdout]   37:     0x563810c3f550 - tokio::runtime::scheduler::current_thread::CoreGuard::enter::h85a283e02cf71975
[INFO] [stdout]                                at /opt/rustwide/cargo-home/registry/src/index.crates.io-6f17d22bba15001f/tokio-1.31.0/src/runtime/scheduler/current_thread/mod.rs:743:27
[INFO] [stdout]   38:     0x563810c3f7ed - tokio::runtime::scheduler::current_thread::CoreGuard::block_on::h6f731dedfa3d4d1b
[INFO] [stdout]                                at /opt/rustwide/cargo-home/registry/src/index.crates.io-6f17d22bba15001f/tokio-1.31.0/src/runtime/scheduler/current_thread/mod.rs:652:19
[INFO] [stdout]   39:     0x563810c3e72d - tokio::runtime::scheduler::current_thread::CurrentThread::block_on::{{closure}}::h1b9a2cfe0bd0a763
[INFO] [stdout]                                at /opt/rustwide/cargo-home/registry/src/index.crates.io-6f17d22bba15001f/tokio-1.31.0/src/runtime/scheduler/current_thread/mod.rs:175:28
[INFO] [stdout]   40:     0x563810c3e05a - tokio::runtime::context::runtime::enter_runtime::hbd9b3d9f483ece73
[INFO] [stdout]                                at /opt/rustwide/cargo-home/registry/src/index.crates.io-6f17d22bba15001f/tokio-1.31.0/src/runtime/context/runtime.rs:65:16
[INFO] [stdout]   41:     0x563810c3e63e - tokio::runtime::scheduler::current_thread::CurrentThread::block_on::hc8b60103c429e2e6
[INFO] [stdout]                                at /opt/rustwide/cargo-home/registry/src/index.crates.io-6f17d22bba15001f/tokio-1.31.0/src/runtime/scheduler/current_thread/mod.rs:167:9
[INFO] [stdout]   42:     0x563810c5873d - tokio::runtime::runtime::Runtime::block_on::h7cf67ada4e390a64
[INFO] [stdout]                                at /opt/rustwide/cargo-home/registry/src/index.crates.io-6f17d22bba15001f/tokio-1.31.0/src/runtime/runtime.rs:347:47
[INFO] [stdout]   43:     0x563810c42738 - bkapi_client::tests::test_search::hf1e6a2f1abc17e9b
[INFO] [stdout]                                at /opt/rustwide/workdir/bkapi-client/src/lib.rs:137:9
[INFO] [stdout]   44:     0x563810c425c7 - bkapi_client::tests::test_search::{{closure}}::ha9a3ca9329789db6
[INFO] [stdout]                                at /opt/rustwide/workdir/bkapi-client/src/lib.rs:125:27
[INFO] [stdout]   45:     0x563810c440d6 - core::ops::function::FnOnce::call_once::h1298ba724d11f17c
[INFO] [stdout]                                at /rustc/0e09125c6c3c2fd70d7de961bcf0e51575235fad/library/core/src/ops/function.rs:250:5
[INFO] [stdout]   46:     0x563811042f9f - core::ops::function::FnOnce::call_once::hd64d26f405258157
[INFO] [stdout]                                at /rustc/0e09125c6c3c2fd70d7de961bcf0e51575235fad/library/core/src/ops/function.rs:250:5
[INFO] [stdout]   47:     0x563811042f9f - test::__rust_begin_short_backtrace::he21b0b7a6d731bf9
[INFO] [stdout]                                at /rustc/0e09125c6c3c2fd70d7de961bcf0e51575235fad/library/test/src/lib.rs:627:18
[INFO] [stdout]   48:     0x563811041d21 - test::run_test_in_process::{{closure}}::hf5c73986d7bdfde2
[INFO] [stdout]                                at /rustc/0e09125c6c3c2fd70d7de961bcf0e51575235fad/library/test/src/lib.rs:650:60
[INFO] [stdout]   49:     0x563811041d21 - <core::panic::unwind_safe::AssertUnwindSafe<F> as core::ops::function::FnOnce<()>>::call_once::h330011ad032aadc0
[INFO] [stdout]                                at /rustc/0e09125c6c3c2fd70d7de961bcf0e51575235fad/library/core/src/panic/unwind_safe.rs:272:9
[INFO] [stdout]   50:     0x563811041d21 - std::panicking::try::do_call::he61b0a958b795a41
[INFO] [stdout]                                at /rustc/0e09125c6c3c2fd70d7de961bcf0e51575235fad/library/std/src/panicking.rs:552:40
[INFO] [stdout]   51:     0x563811041d21 - std::panicking::try::h7309da130f906eb7
[INFO] [stdout]                                at /rustc/0e09125c6c3c2fd70d7de961bcf0e51575235fad/library/std/src/panicking.rs:516:19
[INFO] [stdout]   52:     0x563811041d21 - std::panic::catch_unwind::hc5c3a06fdaf0a92a
[INFO] [stdout]                                at /rustc/0e09125c6c3c2fd70d7de961bcf0e51575235fad/library/std/src/panic.rs:142:14
[INFO] [stdout]   53:     0x563811041d21 - test::run_test_in_process::h7e7b7c71c3324e0f
[INFO] [stdout]                                at /rustc/0e09125c6c3c2fd70d7de961bcf0e51575235fad/library/test/src/lib.rs:650:27
[INFO] [stdout]   54:     0x563811041d21 - test::run_test::{{closure}}::h1f509f28f5cf20b1
[INFO] [stdout]                                at /rustc/0e09125c6c3c2fd70d7de961bcf0e51575235fad/library/test/src/lib.rs:573:43
[INFO] [stdout]   55:     0x563811009056 - test::run_test::{{closure}}::h1754218abf443f6d
[INFO] [stdout]                                at /rustc/0e09125c6c3c2fd70d7de961bcf0e51575235fad/library/test/src/lib.rs:601:41
[INFO] [stdout]   56:     0x563811009056 - std::sys_common::backtrace::__rust_begin_short_backtrace::h2ee174b9d5954948
[INFO] [stdout]                                at /rustc/0e09125c6c3c2fd70d7de961bcf0e51575235fad/library/std/src/sys_common/backtrace.rs:155:18
[INFO] [stdout]   57:     0x56381100e0b7 - std::thread::Builder::spawn_unchecked_::{{closure}}::{{closure}}::hf60bee9c1a17ef09
[INFO] [stdout]                                at /rustc/0e09125c6c3c2fd70d7de961bcf0e51575235fad/library/std/src/thread/mod.rs:529:17
[INFO] [stdout]   58:     0x56381100e0b7 - <core::panic::unwind_safe::AssertUnwindSafe<F> as core::ops::function::FnOnce<()>>::call_once::h33d0dddec5216160
[INFO] [stdout]                                at /rustc/0e09125c6c3c2fd70d7de961bcf0e51575235fad/library/core/src/panic/unwind_safe.rs:272:9
[INFO] [stdout]   59:     0x56381100e0b7 - std::panicking::try::do_call::h144b3048b546f835
[INFO] [stdout]                                at /rustc/0e09125c6c3c2fd70d7de961bcf0e51575235fad/library/std/src/panicking.rs:552:40
[INFO] [stdout]   60:     0x56381100e0b7 - std::panicking::try::h978244d04646189f
[INFO] [stdout]                                at /rustc/0e09125c6c3c2fd70d7de961bcf0e51575235fad/library/std/src/panicking.rs:516:19
[INFO] [stdout]   61:     0x56381100e0b7 - std::panic::catch_unwind::hdf436369d188fe86
[INFO] [stdout]                                at /rustc/0e09125c6c3c2fd70d7de961bcf0e51575235fad/library/std/src/panic.rs:142:14
[INFO] [stdout]   62:     0x56381100e0b7 - std::thread::Builder::spawn_unchecked_::{{closure}}::h87329cbdd33c79ec
[INFO] [stdout]                                at /rustc/0e09125c6c3c2fd70d7de961bcf0e51575235fad/library/std/src/thread/mod.rs:528:30
[INFO] [stdout]   63:     0x56381100e0b7 - core::ops::function::FnOnce::call_once{{vtable.shim}}::h401abbe67897d450
[INFO] [stdout]                                at /rustc/0e09125c6c3c2fd70d7de961bcf0e51575235fad/library/core/src/ops/function.rs:250:5
[INFO] [stdout]   64:     0x56381117db05 - <alloc::boxed::Box<F,A> as core::ops::function::FnOnce<Args>>::call_once::h5d7c8f150ab9c84c
[INFO] [stdout]                                at /rustc/0e09125c6c3c2fd70d7de961bcf0e51575235fad/library/alloc/src/boxed.rs:2015:9
[INFO] [stdout]   65:     0x56381117db05 - <alloc::boxed::Box<F,A> as core::ops::function::FnOnce<Args>>::call_once::h570d5b005c242c15
[INFO] [stdout]                                at /rustc/0e09125c6c3c2fd70d7de961bcf0e51575235fad/library/alloc/src/boxed.rs:2015:9
[INFO] [stdout]   66:     0x56381117db05 - std::sys::unix::thread::Thread::new::thread_start::h36b0a20c0b2361ad
[INFO] [stdout]                                at /rustc/0e09125c6c3c2fd70d7de961bcf0e51575235fad/library/std/src/sys/unix/thread.rs:108:17
[INFO] [stdout]   67:     0x7f0f78122ac3 - <unknown>
[INFO] [stdout]   68:     0x7f0f781b3bf4 - __clone
[INFO] [stdout]   69:                0x0 - <unknown>
[INFO] [stdout] 
[INFO] [stdout] 
[INFO] [stdout] failures:
[INFO] [stdout]     tests::test_search
[INFO] [stdout]     tests::test_search_many
[INFO] [stdout] 
[INFO] [stdout] test result: FAILED. 0 passed; 2 failed; 0 ignored; 0 measured; 0 filtered out; finished in 0.11s
[INFO] [stdout] 
[INFO] [stderr] error: test failed, to rerun pass `-p bkapi-client --lib`
[INFO] running `Command { std: "docker" "inspect" "c0a04499cda4467436ce632eafae552a573b9ae931cd5fd6d377a4a7b976832a", kill_on_drop: false }`
[INFO] running `Command { std: "docker" "rm" "-f" "c0a04499cda4467436ce632eafae552a573b9ae931cd5fd6d377a4a7b976832a", kill_on_drop: false }`
[INFO] [stdout] c0a04499cda4467436ce632eafae552a573b9ae931cd5fd6d377a4a7b976832a
