[INFO] cloning repository https://github.com/Sugar-Coder/egui_plotter
[INFO] running `Command { std: "git" "-c" "credential.helper=" "-c" "credential.helper=/workspace/cargo-home/bin/git-credential-null" "clone" "--bare" "https://github.com/Sugar-Coder/egui_plotter" "/workspace/cache/git-repos/https%3A%2F%2Fgithub.com%2FSugar-Coder%2Fegui_plotter", kill_on_drop: false }`
[INFO] [stderr] Cloning into bare repository '/workspace/cache/git-repos/https%3A%2F%2Fgithub.com%2FSugar-Coder%2Fegui_plotter'...
[INFO] running `Command { std: "git" "rev-parse" "HEAD", kill_on_drop: false }`
[INFO] [stdout] 6c00a50fbcf06b56f8ca8307c15fbca2cf325bcd
[INFO] testing Sugar-Coder/egui_plotter against 1.75.0 for beta-1.76-1
[INFO] running `Command { std: "git" "clone" "/workspace/cache/git-repos/https%3A%2F%2Fgithub.com%2FSugar-Coder%2Fegui_plotter" "/workspace/builds/worker-2-tc1/source", kill_on_drop: false }`
[INFO] [stderr] Cloning into '/workspace/builds/worker-2-tc1/source'...
[INFO] [stderr] done.
[INFO] validating manifest of git repo https://github.com/Sugar-Coder/egui_plotter on toolchain 1.75.0
[INFO] running `Command { std: CARGO_HOME="/workspace/cargo-home" RUSTUP_HOME="/workspace/rustup-home" "/workspace/cargo-home/bin/cargo" "+1.75.0" "metadata" "--manifest-path" "Cargo.toml" "--no-deps", kill_on_drop: false }`
[INFO] removed /workspace/builds/worker-2-tc1/source/.cargo/config.toml
[INFO] started tweaking git repo https://github.com/Sugar-Coder/egui_plotter
[INFO] finished tweaking git repo https://github.com/Sugar-Coder/egui_plotter
[INFO] tweaked toml for git repo https://github.com/Sugar-Coder/egui_plotter written to /workspace/builds/worker-2-tc1/source/Cargo.toml
[INFO] crate git repo https://github.com/Sugar-Coder/egui_plotter already has a lockfile, it will not be regenerated
[INFO] running `Command { std: CARGO_HOME="/workspace/cargo-home" RUSTUP_HOME="/workspace/rustup-home" "/workspace/cargo-home/bin/cargo" "+1.75.0" "fetch" "--manifest-path" "Cargo.toml", kill_on_drop: false }`
[INFO] [stderr]  Downloading crates ...
[INFO] [stderr]   Downloaded accesskit_winit v0.7.1
[INFO] [stderr]   Downloaded accesskit_macos v0.2.1
[INFO] [stderr]   Downloaded accesskit_consumer v0.10.0
[INFO] [stderr]   Downloaded egui_glow v0.20.0
[INFO] [stderr]   Downloaded egui-winit v0.20.0
[INFO] [stderr]   Downloaded rfd v0.11.1
[INFO] [stderr]   Downloaded egui v0.20.0
[INFO] [stderr]   Downloaded eframe v0.20.0
[INFO] [stderr]   Downloaded accesskit_windows v0.10.1
[INFO] running `Command { std: "docker" "create" "-v" "/var/lib/crater-agent-workspace/builds/worker-2-tc1/target:/opt/rustwide/target:rw,Z" "-v" "/var/lib/crater-agent-workspace/builds/worker-2-tc1/source:/opt/rustwide/workdir:ro,Z" "-v" "/var/lib/crater-agent-workspace/cargo-home:/opt/rustwide/cargo-home:ro,Z" "-v" "/var/lib/crater-agent-workspace/rustup-home:/opt/rustwide/rustup-home:ro,Z" "-e" "SOURCE_DIR=/opt/rustwide/workdir" "-e" "CARGO_TARGET_DIR=/opt/rustwide/target" "-e" "CARGO_HOME=/opt/rustwide/cargo-home" "-e" "RUSTUP_HOME=/opt/rustwide/rustup-home" "-w" "/opt/rustwide/workdir" "-m" "1610612736" "--user" "0:0" "--network" "none" "ghcr.io/rust-lang/crates-build-env/linux@sha256:2788e3201cd34a07e3172128adcd8b3090168a8e3bcc40d7c032b9dda1df7d1c" "/opt/rustwide/cargo-home/bin/cargo" "+1.75.0" "metadata" "--no-deps" "--format-version=1", kill_on_drop: false }`
[INFO] [stdout] a0a45471e01a703612a1aeecc79d61ea9debbc65c6f9aa58ec560195d7e682f1
[INFO] running `Command { std: "docker" "start" "-a" "a0a45471e01a703612a1aeecc79d61ea9debbc65c6f9aa58ec560195d7e682f1", kill_on_drop: false }`
[INFO] running `Command { std: "docker" "inspect" "a0a45471e01a703612a1aeecc79d61ea9debbc65c6f9aa58ec560195d7e682f1", kill_on_drop: false }`
[INFO] running `Command { std: "docker" "rm" "-f" "a0a45471e01a703612a1aeecc79d61ea9debbc65c6f9aa58ec560195d7e682f1", kill_on_drop: false }`
[INFO] [stdout] a0a45471e01a703612a1aeecc79d61ea9debbc65c6f9aa58ec560195d7e682f1
[INFO] running `Command { std: "docker" "create" "-v" "/var/lib/crater-agent-workspace/builds/worker-2-tc1/target:/opt/rustwide/target:rw,Z" "-v" "/var/lib/crater-agent-workspace/builds/worker-2-tc1/source:/opt/rustwide/workdir:ro,Z" "-v" "/var/lib/crater-agent-workspace/cargo-home:/opt/rustwide/cargo-home:ro,Z" "-v" "/var/lib/crater-agent-workspace/rustup-home:/opt/rustwide/rustup-home:ro,Z" "-e" "SOURCE_DIR=/opt/rustwide/workdir" "-e" "CARGO_TARGET_DIR=/opt/rustwide/target" "-e" "CARGO_INCREMENTAL=0" "-e" "RUST_BACKTRACE=full" "-e" "RUSTFLAGS=--cap-lints=warn" "-e" "RUSTDOCFLAGS=--cap-lints=warn" "-e" "CARGO_HOME=/opt/rustwide/cargo-home" "-e" "RUSTUP_HOME=/opt/rustwide/rustup-home" "-w" "/opt/rustwide/workdir" "-m" "1610612736" "--user" "0:0" "--network" "none" "ghcr.io/rust-lang/crates-build-env/linux@sha256:2788e3201cd34a07e3172128adcd8b3090168a8e3bcc40d7c032b9dda1df7d1c" "/opt/rustwide/cargo-home/bin/cargo" "+1.75.0" "build" "--frozen" "--message-format=json", kill_on_drop: false }`
[INFO] [stdout] 2945d8bb4ded9f1cafe6a6b502eeeaccde6e0be8b03ea694386f0b9d35264aa1
[INFO] running `Command { std: "docker" "start" "-a" "2945d8bb4ded9f1cafe6a6b502eeeaccde6e0be8b03ea694386f0b9d35264aa1", kill_on_drop: false }`
[INFO] [stderr]    Compiling pkg-config v0.3.26
[INFO] [stderr]    Compiling cfg-if v1.0.0
[INFO] [stderr]    Compiling proc-macro2 v1.0.47
[INFO] [stderr]    Compiling unicode-ident v1.0.5
[INFO] [stderr]    Compiling quote v1.0.21
[INFO] [stderr]    Compiling smallvec v1.10.0
[INFO] [stderr]    Compiling libc v0.2.138
[INFO] [stderr]    Compiling syn v1.0.105
[INFO] [stderr]    Compiling autocfg v1.1.0
[INFO] [stderr]    Compiling serde v1.0.149
[INFO] [stderr]    Compiling cfg-expr v0.11.0
[INFO] [stderr]    Compiling version-compare v0.1.1
[INFO] [stderr]    Compiling heck v0.4.1
[INFO] [stderr]    Compiling bitflags v1.3.2
[INFO] [stderr]    Compiling xml-rs v0.8.4
[INFO] [stderr]    Compiling once_cell v1.16.0
[INFO] [stderr]    Compiling memoffset v0.6.5
[INFO] [stderr]    Compiling lazy_static v1.4.0
[INFO] [stderr]    Compiling log v0.4.17
[INFO] [stderr]    Compiling memchr v2.5.0
[INFO] [stderr]    Compiling serde_derive v1.0.149
[INFO] [stderr]    Compiling cc v1.0.77
[INFO] [stderr]    Compiling version_check v0.9.4
[INFO] [stderr]    Compiling cmake v0.1.49
[INFO] [stderr]    Compiling libloading v0.7.4
[INFO] [stderr]    Compiling nix v0.24.3
[INFO] [stderr]    Compiling dlib v0.5.0
[INFO] [stderr]    Compiling wayland-scanner v0.29.5
[INFO] [stderr]    Compiling wayland-sys v0.29.5
[INFO] [stderr]    Compiling toml v0.5.9
[INFO] [stderr]    Compiling crc32fast v1.3.2
[INFO] [stderr]    Compiling lock_api v0.4.9
[INFO] [stderr]    Compiling khronos_api v3.1.0
[INFO] [stderr]    Compiling adler v1.0.2
[INFO] [stderr]    Compiling fnv v1.0.7
[INFO] [stderr]    Compiling system-deps v6.0.3
[INFO] [stderr]    Compiling thiserror v1.0.37
[INFO] [stderr]    Compiling parking_lot_core v0.9.5
[INFO] [stderr]    Compiling ident_case v1.0.1
[INFO] [stderr]    Compiling darling_core v0.14.2
[INFO] [stderr]    Compiling miniz_oxide v0.6.2
[INFO] [stderr]    Compiling freetype-sys v0.13.1
[INFO] [stderr]    Compiling expat-sys v2.1.6
[INFO] [stderr]    Compiling wayland-client v0.29.5
[INFO] [stderr]    Compiling wayland-commons v0.29.5
[INFO] [stderr]    Compiling slotmap v1.0.6
[INFO] [stderr]    Compiling minimal-lexical v0.2.1
[INFO] [stderr]    Compiling scoped-tls v1.0.1
[INFO] [stderr]    Compiling scopeguard v1.1.0
[INFO] [stderr]    Compiling downcast-rs v1.2.0
[INFO] [stderr]    Compiling glib-sys v0.16.3
[INFO] [stderr]    Compiling nom v7.1.1
[INFO] [stderr]    Compiling gobject-sys v0.16.3
[INFO] [stderr]    Compiling flate2 v1.0.25
[INFO] [stderr]    Compiling wayland-protocols v0.29.5
[INFO] [stderr]    Compiling servo-fontconfig-sys v5.1.0
[INFO] [stderr]    Compiling parking_lot v0.12.1
[INFO] [stderr]    Compiling gl_generator v0.14.0
[INFO] [stderr]    Compiling xcursor v0.3.4
[INFO] [stderr]    Compiling nix v0.25.1
[INFO] [stderr]    Compiling x11-dl v2.20.1
[INFO] [stderr]    Compiling smithay-client-toolkit v0.16.0
[INFO] [stderr]    Compiling vec_map v0.8.2
[INFO] [stderr]    Compiling pin-project-lite v0.2.9
[INFO] [stderr]    Compiling cty v0.2.2
[INFO] [stderr]    Compiling wayland-cursor v0.29.5
[INFO] [stderr]    Compiling ahash v0.8.2
[INFO] [stderr]    Compiling memmap2 v0.5.8
[INFO] [stderr]    Compiling crossfont v0.5.1
[INFO] [stderr]    Compiling tracing-core v0.1.30
[INFO] [stderr]    Compiling tinyvec_macros v0.1.0
[INFO] [stderr]    Compiling arrayvec v0.7.2
[INFO] [stderr]    Compiling ttf-parser v0.17.1
[INFO] [stderr]    Compiling foreign-types-shared v0.3.1
[INFO] [stderr]    Compiling percent-encoding v2.2.0
[INFO] [stderr]    Compiling arrayref v0.3.6
[INFO] [stderr]    Compiling tinyvec v1.6.0
[INFO] [stderr]    Compiling servo-fontconfig v0.5.1
[INFO] [stderr]    Compiling raw-window-handle v0.5.0
[INFO] [stderr]    Compiling freetype-rs v0.26.0
[INFO] [stderr]    Compiling png v0.17.7
[INFO] [stderr]    Compiling owned_ttf_parser v0.17.1
[INFO] [stderr]    Compiling gio-sys v0.16.3
[INFO] [stderr]    Compiling atk-sys v0.16.0
[INFO] [stderr]    Compiling gdk-sys v0.16.0
[INFO] [stderr]    Compiling ab_glyph_rasterizer v0.1.7
[INFO] [stderr]    Compiling futures-core v0.3.26
[INFO] [stderr]    Compiling arrayvec v0.5.2
[INFO] [stderr]    Compiling ab_glyph v0.2.18
[INFO] [stderr]    Compiling unicode-normalization v0.1.22
[INFO] [stderr]    Compiling gdk-pixbuf-sys v0.16.3
[INFO] [stderr]    Compiling pango-sys v0.16.3
[INFO] [stderr]    Compiling cairo-sys-rs v0.16.3
[INFO] [stderr]    Compiling slab v0.4.7
[INFO] [stderr]    Compiling nohash-hasher v0.2.0
[INFO] [stderr]    Compiling futures-channel v0.3.26
[INFO] [stderr]    Compiling base64 v0.13.1
[INFO] [stderr]    Compiling futures-task v0.3.26
[INFO] [stderr]    Compiling unicode-bidi v0.3.8
[INFO] [stderr]    Compiling idna v0.3.0
[INFO] [stderr]    Compiling form_urlencoded v1.1.0
[INFO] [stderr]    Compiling tracing v0.1.37
[INFO] [stderr]    Compiling raw-window-handle v0.4.3
[INFO] [stderr]    Compiling glutin_egl_sys v0.3.1
[INFO] [stderr]    Compiling glutin_glx_sys v0.3.0
[INFO] [stderr]    Compiling gtk-sys v0.16.0
[INFO] [stderr]    Compiling x11rb-protocol v0.10.0
[INFO] [stderr]    Compiling mio v0.8.5
[INFO] [stderr]    Compiling gethostname v0.2.3
[INFO] [stderr]    Compiling wayland-sys v0.30.1
[INFO] [stderr]    Compiling num-traits v0.2.15
[INFO] [stderr]    Compiling instant v0.1.12
[INFO] [stderr]    Compiling futures-util v0.3.26
[INFO] [stderr]    Compiling cfg_aliases v0.1.1
[INFO] [stderr]    Compiling futures-sink v0.3.26
[INFO] [stderr]    Compiling glutin v0.30.3
[INFO] [stderr]    Compiling url v2.3.1
[INFO] [stderr]    Compiling num-integer v0.1.45
[INFO] [stderr]    Compiling encoding_rs v0.8.32
[INFO] [stderr]    Compiling pin-utils v0.1.0
[INFO] [stderr]    Compiling futures-io v0.3.26
[INFO] [stderr]    Compiling webbrowser v0.8.2
[INFO] [stderr]    Compiling x11rb v0.10.1
[INFO] [stderr]    Compiling dirs-sys-next v0.1.2
[INFO] [stderr]    Compiling overload v0.1.1
[INFO] [stderr]    Compiling glow v0.11.2
[INFO] [stderr]    Compiling rfd v0.11.1
[INFO] [stderr]    Compiling byteorder v1.4.3
[INFO] [stderr]    Compiling nu-ansi-term v0.46.0
[INFO] [stderr]    Compiling directories-next v2.0.0
[INFO] [stderr]    Compiling zip v0.6.4
[INFO] [stderr]    Compiling bytemuck_derive v1.3.0
[INFO] [stderr]    Compiling thiserror-impl v1.0.37
[INFO] [stderr]    Compiling darling_macro v0.14.2
[INFO] [stderr]    Compiling foreign-types-macros v0.2.2
[INFO] [stderr]    Compiling darling v0.14.2
[INFO] [stderr]    Compiling enumset_derive v0.6.1
[INFO] [stderr]    Compiling futures-macro v0.3.26
[INFO] [stderr]    Compiling foreign-types v0.5.0
[INFO] [stderr]    Compiling bytemuck v1.12.3
[INFO] [stderr]    Compiling tiny-skia-path v0.7.0
[INFO] [stderr]    Compiling safe_arch v0.5.2
[INFO] [stderr]    Compiling tiny-skia v0.7.0
[INFO] [stderr]    Compiling quick-xml v0.25.0
[INFO] [stderr]    Compiling calloop v0.10.4
[INFO] [stderr]    Compiling arboard v3.2.0
[INFO] [stderr]    Compiling codepage v0.1.1
[INFO] [stderr]    Compiling tracing-log v0.1.3
[INFO] [stderr]    Compiling time v0.1.45
[INFO] [stderr]    Compiling sharded-slab v0.1.4
[INFO] [stderr]    Compiling thread_local v1.1.4
[INFO] [stderr]    Compiling iana-time-zone v0.1.53
[INFO] [stderr]    Compiling tracing-subscriber v0.3.16
[INFO] [stderr]    Compiling chrono v0.4.23
[INFO] [stderr]    Compiling futures-executor v0.3.26
[INFO] [stderr]    Compiling futures v0.3.26
[INFO] [stderr]    Compiling kurbo v0.8.3
[INFO] [stderr]    Compiling enumset v1.0.12
[INFO] [stderr]    Compiling emath v0.20.0
[INFO] [stderr]    Compiling ecolor v0.20.0
[INFO] [stderr]    Compiling ron v0.8.0
[INFO] [stderr]    Compiling calamine v0.19.1
[INFO] [stderr]    Compiling epaint v0.20.0
[INFO] [stderr]    Compiling accesskit v0.8.1
[INFO] [stderr]    Compiling egui v0.20.0
[INFO] [stderr]    Compiling sctk-adwaita v0.4.3
[INFO] [stderr]    Compiling smithay-clipboard v0.6.6
[INFO] [stderr]    Compiling egui_glow v0.20.0
[INFO] [stderr]    Compiling winit v0.27.5
[INFO] [stderr]    Compiling accesskit_winit v0.7.1
[INFO] [stderr]    Compiling egui-winit v0.20.0
[INFO] [stderr]    Compiling eframe v0.20.0
[INFO] [stderr]    Compiling egui_plotter v0.1.0 (/opt/rustwide/workdir)
[INFO] [stdout] warning: unused import: `read_excel_wasm`
[INFO] [stdout]  --> src/app.rs:1:46
[INFO] [stdout]   |
[INFO] [stdout] 1 | use crate::{ChartsDemo, reader::{read_excel, read_excel_wasm}};
[INFO] [stdout]   |                                              ^^^^^^^^^^^^^^^
[INFO] [stdout]   |
[INFO] [stdout]   = note: `#[warn(unused_imports)]` on by default
[INFO] [stdout] 
[INFO] [stdout] 
[INFO] [stdout] warning: unused import: `rfd::AsyncFileDialog`
[INFO] [stdout]  --> src/app.rs:2:5
[INFO] [stdout]   |
[INFO] [stdout] 2 | use rfd::AsyncFileDialog;  // for wasm
[INFO] [stdout]   |     ^^^^^^^^^^^^^^^^^^^^
[INFO] [stdout] 
[INFO] [stdout] 
[INFO] [stdout] warning: field `data_channel` is never read
[INFO] [stdout]  --> src/app.rs:8:5
[INFO] [stdout]   |
[INFO] [stdout] 5 | pub struct TemplateApp {
[INFO] [stdout]   |            ----------- field in this struct
[INFO] [stdout] ...
[INFO] [stdout] 8 |     data_channel: (
[INFO] [stdout]   |     ^^^^^^^^^^^^
[INFO] [stdout]   |
[INFO] [stdout]   = note: `#[warn(dead_code)]` on by default
[INFO] [stdout] 
[INFO] [stdout] 
[INFO] [stdout] warning: function `execute` is never used
[INFO] [stdout]    --> src/app.rs:131:4
[INFO] [stdout]     |
[INFO] [stdout] 131 | fn execute<F: Future<Output = ()> + Send + 'static>(f: F) {
[INFO] [stdout]     |    ^^^^^^^
[INFO] [stdout] 
[INFO] [stdout] 
[INFO] [stdout] warning: function `read_excel_wasm` is never used
[INFO] [stdout]   --> src/reader.rs:17:8
[INFO] [stdout]    |
[INFO] [stdout] 17 | pub fn read_excel_wasm(data: Vec<u8>) -> Option<Range<DataType>> {
[INFO] [stdout]    |        ^^^^^^^^^^^^^^^
[INFO] [stdout] 
[INFO] [stdout] 
[INFO] [stdout] warning: 5 warnings emitted
[INFO] [stdout] 
[INFO] [stdout] 
[INFO] [stderr]     Finished dev [unoptimized + debuginfo] target(s) in 4m 02s
[INFO] running `Command { std: "docker" "inspect" "2945d8bb4ded9f1cafe6a6b502eeeaccde6e0be8b03ea694386f0b9d35264aa1", kill_on_drop: false }`
[INFO] running `Command { std: "docker" "rm" "-f" "2945d8bb4ded9f1cafe6a6b502eeeaccde6e0be8b03ea694386f0b9d35264aa1", kill_on_drop: false }`
[INFO] [stdout] 2945d8bb4ded9f1cafe6a6b502eeeaccde6e0be8b03ea694386f0b9d35264aa1
[INFO] running `Command { std: "docker" "create" "-v" "/var/lib/crater-agent-workspace/builds/worker-2-tc1/target:/opt/rustwide/target:rw,Z" "-v" "/var/lib/crater-agent-workspace/builds/worker-2-tc1/source:/opt/rustwide/workdir:ro,Z" "-v" "/var/lib/crater-agent-workspace/cargo-home:/opt/rustwide/cargo-home:ro,Z" "-v" "/var/lib/crater-agent-workspace/rustup-home:/opt/rustwide/rustup-home:ro,Z" "-e" "SOURCE_DIR=/opt/rustwide/workdir" "-e" "CARGO_TARGET_DIR=/opt/rustwide/target" "-e" "CARGO_INCREMENTAL=0" "-e" "RUST_BACKTRACE=full" "-e" "RUSTFLAGS=--cap-lints=warn" "-e" "RUSTDOCFLAGS=--cap-lints=warn" "-e" "CARGO_HOME=/opt/rustwide/cargo-home" "-e" "RUSTUP_HOME=/opt/rustwide/rustup-home" "-w" "/opt/rustwide/workdir" "-m" "1610612736" "--user" "0:0" "--network" "none" "ghcr.io/rust-lang/crates-build-env/linux@sha256:2788e3201cd34a07e3172128adcd8b3090168a8e3bcc40d7c032b9dda1df7d1c" "/opt/rustwide/cargo-home/bin/cargo" "+1.75.0" "test" "--frozen" "--no-run" "--message-format=json", kill_on_drop: false }`
[INFO] [stdout] ceca44594897cac528b363d412b5108c579d62365daa03b57393d4423651e171
[INFO] running `Command { std: "docker" "start" "-a" "ceca44594897cac528b363d412b5108c579d62365daa03b57393d4423651e171", kill_on_drop: false }`
[INFO] [stdout] warning: unused import: `read_excel_wasm`
[INFO] [stdout]  --> src/app.rs:1:46
[INFO] [stdout]   |
[INFO] [stdout] 1 | use crate::{ChartsDemo, reader::{read_excel, read_excel_wasm}};
[INFO] [stdout]   |                                              ^^^^^^^^^^^^^^^
[INFO] [stdout]   |
[INFO] [stdout]   = note: `#[warn(unused_imports)]` on by default
[INFO] [stdout] 
[INFO] [stdout] 
[INFO] [stdout] warning: unused import: `rfd::AsyncFileDialog`
[INFO] [stdout]  --> src/app.rs:2:5
[INFO] [stdout]   |
[INFO] [stdout] 2 | use rfd::AsyncFileDialog;  // for wasm
[INFO] [stdout]   |     ^^^^^^^^^^^^^^^^^^^^
[INFO] [stdout] 
[INFO] [stdout] 
[INFO] [stdout] warning: field `data_channel` is never read
[INFO] [stdout]  --> src/app.rs:8:5
[INFO] [stdout]   |
[INFO] [stdout] 5 | pub struct TemplateApp {
[INFO] [stdout]   |            ----------- field in this struct
[INFO] [stdout] ...
[INFO] [stdout] 8 |     data_channel: (
[INFO] [stdout]   |     ^^^^^^^^^^^^
[INFO] [stdout]   |
[INFO] [stdout]   = note: `#[warn(dead_code)]` on by default
[INFO] [stdout] 
[INFO] [stdout] 
[INFO] [stdout] warning: function `execute` is never used
[INFO] [stdout]    --> src/app.rs:131:4
[INFO] [stdout]     |
[INFO] [stdout] 131 | fn execute<F: Future<Output = ()> + Send + 'static>(f: F) {
[INFO] [stdout]     |    ^^^^^^^
[INFO] [stdout] 
[INFO] [stdout] 
[INFO] [stdout] warning: function `read_excel_wasm` is never used
[INFO] [stdout]   --> src/reader.rs:17:8
[INFO] [stdout]    |
[INFO] [stdout] 17 | pub fn read_excel_wasm(data: Vec<u8>) -> Option<Range<DataType>> {
[INFO] [stdout]    |        ^^^^^^^^^^^^^^^
[INFO] [stdout] 
[INFO] [stdout] 
[INFO] [stderr]    Compiling egui_plotter v0.1.0 (/opt/rustwide/workdir)
[INFO] [stdout] warning: 5 warnings emitted
[INFO] [stdout] 
[INFO] [stdout] 
[INFO] [stdout] warning: unused variable: `count`
[INFO] [stdout]  --> examples/excel_reader.rs:7:17
[INFO] [stdout]   |
[INFO] [stdout] 7 |         let mut count = 5;
[INFO] [stdout]   |                 ^^^^^ help: if this is intentional, prefix it with an underscore: `_count`
[INFO] [stdout]   |
[INFO] [stdout]   = note: `#[warn(unused_variables)]` on by default
[INFO] [stdout] 
[INFO] [stdout] 
[INFO] [stdout] warning: variable does not need to be mutable
[INFO] [stdout]  --> examples/excel_reader.rs:7:13
[INFO] [stdout]   |
[INFO] [stdout] 7 |         let mut count = 5;
[INFO] [stdout]   |             ----^^^^^
[INFO] [stdout]   |             |
[INFO] [stdout]   |             help: remove this `mut`
[INFO] [stdout]   |
[INFO] [stdout]   = note: `#[warn(unused_mut)]` on by default
[INFO] [stdout] 
[INFO] [stdout] 
[INFO] [stdout] warning: unused imports: `BoxElem`, `BoxPlot`, `BoxSpread`
[INFO] [stdout]  --> examples/chart_demo.rs:6:12
[INFO] [stdout]   |
[INFO] [stdout] 6 | use plot::{BoxPlot, BoxSpread, BoxElem, Legend, Plot, Line, Points};
[INFO] [stdout]   |            ^^^^^^^  ^^^^^^^^^  ^^^^^^^
[INFO] [stdout]   |
[INFO] [stdout]   = note: `#[warn(unused_imports)]` on by default
[INFO] [stdout] 
[INFO] [stdout] 
[INFO] [stdout] warning: unused import: `read_excel_wasm`
[INFO] [stdout]  --> src/app.rs:1:46
[INFO] [stdout]   |
[INFO] [stdout] 1 | use crate::{ChartsDemo, reader::{read_excel, read_excel_wasm}};
[INFO] [stdout]   |                                              ^^^^^^^^^^^^^^^
[INFO] [stdout]   |
[INFO] [stdout]   = note: `#[warn(unused_imports)]` on by default
[INFO] [stdout] 
[INFO] [stdout] 
[INFO] [stdout] warning: unused import: `rfd::AsyncFileDialog`
[INFO] [stdout]  --> src/app.rs:2:5
[INFO] [stdout]   |
[INFO] [stdout] 2 | use rfd::AsyncFileDialog;  // for wasm
[INFO] [stdout]   |     ^^^^^^^^^^^^^^^^^^^^
[INFO] [stdout] 
[INFO] [stdout] 
[INFO] [stdout] warning: variable does not need to be mutable
[INFO] [stdout]   --> examples/chart_demo.rs:53:13
[INFO] [stdout]    |
[INFO] [stdout] 53 |         let mut sin_values: Vec<_> = (0..=n)
[INFO] [stdout]    |             ----^^^^^^^^^^
[INFO] [stdout]    |             |
[INFO] [stdout]    |             help: remove this `mut`
[INFO] [stdout]    |
[INFO] [stdout]    = note: `#[warn(unused_mut)]` on by default
[INFO] [stdout] 
[INFO] [stdout] 
[INFO] [stdout] warning: field `vertical` is never read
[INFO] [stdout]  --> examples/chart_demo.rs:9:5
[INFO] [stdout]   |
[INFO] [stdout] 8 | struct ChartsDemo {
[INFO] [stdout]   |        ---------- field in this struct
[INFO] [stdout] 9 |     vertical: bool,
[INFO] [stdout]   |     ^^^^^^^^
[INFO] [stdout]   |
[INFO] [stdout]   = note: `#[warn(dead_code)]` on by default
[INFO] [stdout] 
[INFO] [stdout] 
[INFO] [stdout] warning: field `data_channel` is never read
[INFO] [stdout]  --> src/app.rs:8:5
[INFO] [stdout]   |
[INFO] [stdout] 5 | pub struct TemplateApp {
[INFO] [stdout]   |            ----------- field in this struct
[INFO] [stdout] ...
[INFO] [stdout] 8 |     data_channel: (
[INFO] [stdout]   |     ^^^^^^^^^^^^
[INFO] [stdout]   |
[INFO] [stdout]   = note: `#[warn(dead_code)]` on by default
[INFO] [stdout] 
[INFO] [stdout] 
[INFO] [stdout] warning: function `execute` is never used
[INFO] [stdout]    --> src/app.rs:131:4
[INFO] [stdout]     |
[INFO] [stdout] 131 | fn execute<F: Future<Output = ()> + Send + 'static>(f: F) {
[INFO] [stdout]     |    ^^^^^^^
[INFO] [stdout] 
[INFO] [stdout] 
[INFO] [stdout] warning: function `read_excel_wasm` is never used
[INFO] [stdout]   --> src/reader.rs:17:8
[INFO] [stdout]    |
[INFO] [stdout] 17 | pub fn read_excel_wasm(data: Vec<u8>) -> Option<Range<DataType>> {
[INFO] [stdout]    |        ^^^^^^^^^^^^^^^
[INFO] [stdout] 
[INFO] [stdout] 
[INFO] [stdout] warning: 2 warnings emitted
[INFO] [stdout] 
[INFO] [stdout] 
[INFO] [stdout] warning: 5 warnings emitted
[INFO] [stdout] 
[INFO] [stdout] 
[INFO] [stdout] warning: 3 warnings emitted
[INFO] [stdout] 
[INFO] [stdout] 
[INFO] [stderr]     Finished test [unoptimized + debuginfo] target(s) in 4.31s
[INFO] running `Command { std: "docker" "inspect" "ceca44594897cac528b363d412b5108c579d62365daa03b57393d4423651e171", kill_on_drop: false }`
[INFO] running `Command { std: "docker" "rm" "-f" "ceca44594897cac528b363d412b5108c579d62365daa03b57393d4423651e171", kill_on_drop: false }`
[INFO] [stdout] ceca44594897cac528b363d412b5108c579d62365daa03b57393d4423651e171
[INFO] running `Command { std: "docker" "create" "-v" "/var/lib/crater-agent-workspace/builds/worker-2-tc1/target:/opt/rustwide/target:rw,Z" "-v" "/var/lib/crater-agent-workspace/builds/worker-2-tc1/source:/opt/rustwide/workdir:ro,Z" "-v" "/var/lib/crater-agent-workspace/cargo-home:/opt/rustwide/cargo-home:ro,Z" "-v" "/var/lib/crater-agent-workspace/rustup-home:/opt/rustwide/rustup-home:ro,Z" "-e" "SOURCE_DIR=/opt/rustwide/workdir" "-e" "CARGO_TARGET_DIR=/opt/rustwide/target" "-e" "CARGO_INCREMENTAL=0" "-e" "RUST_BACKTRACE=full" "-e" "RUSTFLAGS=--cap-lints=warn" "-e" "RUSTDOCFLAGS=--cap-lints=warn" "-e" "CARGO_HOME=/opt/rustwide/cargo-home" "-e" "RUSTUP_HOME=/opt/rustwide/rustup-home" "-w" "/opt/rustwide/workdir" "-m" "1610612736" "--user" "0:0" "--network" "none" "ghcr.io/rust-lang/crates-build-env/linux@sha256:2788e3201cd34a07e3172128adcd8b3090168a8e3bcc40d7c032b9dda1df7d1c" "/opt/rustwide/cargo-home/bin/cargo" "+1.75.0" "test" "--frozen", kill_on_drop: false }`
[INFO] [stdout] 9f0e5e4fb9f398e9968d9bddc1760638b88b4cb5832e2500ee6f916e7dcae315
[INFO] running `Command { std: "docker" "start" "-a" "9f0e5e4fb9f398e9968d9bddc1760638b88b4cb5832e2500ee6f916e7dcae315", kill_on_drop: false }`
[INFO] [stderr] warning: unused import: `read_excel_wasm`
[INFO] [stderr]  --> src/app.rs:1:46
[INFO] [stderr]   |
[INFO] [stderr] 1 | use crate::{ChartsDemo, reader::{read_excel, read_excel_wasm}};
[INFO] [stderr]   |                                              ^^^^^^^^^^^^^^^
[INFO] [stderr]   |
[INFO] [stderr]   = note: `#[warn(unused_imports)]` on by default
[INFO] [stderr] 
[INFO] [stderr] warning: unused import: `rfd::AsyncFileDialog`
[INFO] [stderr]  --> src/app.rs:2:5
[INFO] [stderr]   |
[INFO] [stderr] 2 | use rfd::AsyncFileDialog;  // for wasm
[INFO] [stderr]   |     ^^^^^^^^^^^^^^^^^^^^
[INFO] [stderr] 
[INFO] [stderr] warning: field `data_channel` is never read
[INFO] [stderr]  --> src/app.rs:8:5
[INFO] [stderr]   |
[INFO] [stderr] 5 | pub struct TemplateApp {
[INFO] [stderr]   |            ----------- field in this struct
[INFO] [stderr] ...
[INFO] [stderr] 8 |     data_channel: (
[INFO] [stderr]   |     ^^^^^^^^^^^^
[INFO] [stderr]   |
[INFO] [stderr]   = note: `#[warn(dead_code)]` on by default
[INFO] [stderr] 
[INFO] [stderr] warning: function `execute` is never used
[INFO] [stderr]    --> src/app.rs:131:4
[INFO] [stderr]     |
[INFO] [stderr] 131 | fn execute<F: Future<Output = ()> + Send + 'static>(f: F) {
[INFO] [stderr]     |    ^^^^^^^
[INFO] [stderr] 
[INFO] [stderr] warning: function `read_excel_wasm` is never used
[INFO] [stderr]   --> src/reader.rs:17:8
[INFO] [stderr]    |
[INFO] [stderr] 17 | pub fn read_excel_wasm(data: Vec<u8>) -> Option<Range<DataType>> {
[INFO] [stderr]    |        ^^^^^^^^^^^^^^^
[INFO] [stderr] 
[INFO] [stderr] warning: `egui_plotter` (lib) generated 5 warnings (run `cargo fix --lib -p egui_plotter` to apply 2 suggestions)
[INFO] [stderr] warning: `egui_plotter` (lib test) generated 5 warnings (5 duplicates)
[INFO] [stderr] warning: unused imports: `BoxElem`, `BoxPlot`, `BoxSpread`
[INFO] [stderr]  --> examples/chart_demo.rs:6:12
[INFO] [stderr]   |
[INFO] [stderr] 6 | use plot::{BoxPlot, BoxSpread, BoxElem, Legend, Plot, Line, Points};
[INFO] [stderr]   |            ^^^^^^^  ^^^^^^^^^  ^^^^^^^
[INFO] [stderr]   |
[INFO] [stderr]   = note: `#[warn(unused_imports)]` on by default
[INFO] [stderr] 
[INFO] [stderr] warning: variable does not need to be mutable
[INFO] [stderr]   --> examples/chart_demo.rs:53:13
[INFO] [stderr]    |
[INFO] [stderr] 53 |         let mut sin_values: Vec<_> = (0..=n)
[INFO] [stderr]    |             ----^^^^^^^^^^
[INFO] [stderr]    |             |
[INFO] [stderr]    |             help: remove this `mut`
[INFO] [stderr]    |
[INFO] [stderr]    = note: `#[warn(unused_mut)]` on by default
[INFO] [stderr] 
[INFO] [stderr] warning: field `vertical` is never read
[INFO] [stderr]  --> examples/chart_demo.rs:9:5
[INFO] [stderr]   |
[INFO] [stderr] 8 | struct ChartsDemo {
[INFO] [stderr]   |        ---------- field in this struct
[INFO] [stderr] 9 |     vertical: bool,
[INFO] [stderr]   |     ^^^^^^^^
[INFO] [stderr]   |
[INFO] [stderr]   = note: `#[warn(dead_code)]` on by default
[INFO] [stderr] 
[INFO] [stderr] warning: unused variable: `count`
[INFO] [stderr]  --> examples/excel_reader.rs:7:17
[INFO] [stderr]   |
[INFO] [stderr] 7 |         let mut count = 5;
[INFO] [stderr]   |                 ^^^^^ help: if this is intentional, prefix it with an underscore: `_count`
[INFO] [stderr]   |
[INFO] [stderr]   = note: `#[warn(unused_variables)]` on by default
[INFO] [stderr] 
[INFO] [stderr] warning: variable does not need to be mutable
[INFO] [stderr]  --> examples/excel_reader.rs:7:13
[INFO] [stderr]   |
[INFO] [stderr] 7 |         let mut count = 5;
[INFO] [stderr]   |             ----^^^^^
[INFO] [stderr]   |             |
[INFO] [stderr]   |             help: remove this `mut`
[INFO] [stderr]   |
[INFO] [stderr]   = note: `#[warn(unused_mut)]` on by default
[INFO] [stderr] 
[INFO] [stderr] warning: `egui_plotter` (example "chart_demo") generated 3 warnings (run `cargo fix --example "chart_demo"` to apply 2 suggestions)
[INFO] [stderr] warning: `egui_plotter` (example "excel_reader") generated 2 warnings (run `cargo fix --example "excel_reader"` to apply 2 suggestions)
[INFO] [stderr]     Finished test [unoptimized + debuginfo] target(s) in 0.12s
[INFO] [stderr]      Running unittests src/lib.rs (/opt/rustwide/target/debug/deps/egui_plotter-912f7068b02bde0d)
[INFO] [stdout] 
[INFO] [stdout] running 2 tests
[INFO] [stdout] test chart::test_date2days ... ok
[INFO] [stdout] test chart::test_parse_column ... FAILED
[INFO] [stdout] 
[INFO] [stdout] failures:
[INFO] [stdout] 
[INFO] [stdout] ---- chart::test_parse_column stdout ----
[INFO] [stdout] thread 'chart::test_parse_column' panicked at src/chart.rs:140:58:
[INFO] [stdout] called `Option::unwrap()` on a `None` value
[INFO] [stdout] stack backtrace:
[INFO] [stdout]    0:     0x55daaf5419fc - std::backtrace_rs::backtrace::libunwind::trace::ha637c64ce894333a
[INFO] [stdout]                                at /rustc/82e1608dfa6e0b5569232559e3d385fea5a93112/library/std/src/../../backtrace/src/backtrace/libunwind.rs:104:5
[INFO] [stdout]    1:     0x55daaf5419fc - std::backtrace_rs::backtrace::trace_unsynchronized::h47f62dea28e0c88d
[INFO] [stdout]                                at /rustc/82e1608dfa6e0b5569232559e3d385fea5a93112/library/std/src/../../backtrace/src/backtrace/mod.rs:66:5
[INFO] [stdout]    2:     0x55daaf5419fc - std::sys_common::backtrace::_print_fmt::h9eef0abe20ede486
[INFO] [stdout]                                at /rustc/82e1608dfa6e0b5569232559e3d385fea5a93112/library/std/src/sys_common/backtrace.rs:67:5
[INFO] [stdout]    3:     0x55daaf5419fc - <std::sys_common::backtrace::_print::DisplayBacktrace as core::fmt::Display>::fmt::hed7f999df88cc644
[INFO] [stdout]                                at /rustc/82e1608dfa6e0b5569232559e3d385fea5a93112/library/std/src/sys_common/backtrace.rs:44:22
[INFO] [stdout]    4:     0x55daaf56c400 - core::fmt::rt::Argument::fmt::h1539a9308b8d058d
[INFO] [stdout]                                at /rustc/82e1608dfa6e0b5569232559e3d385fea5a93112/library/core/src/fmt/rt.rs:142:9
[INFO] [stdout]    5:     0x55daaf56c400 - core::fmt::write::h3a39390d8560d9c9
[INFO] [stdout]                                at /rustc/82e1608dfa6e0b5569232559e3d385fea5a93112/library/core/src/fmt/mod.rs:1120:17
[INFO] [stdout]    6:     0x55daaf53f3af - std::io::Write::write_fmt::h040b369f3a0f9cbc
[INFO] [stdout]                                at /rustc/82e1608dfa6e0b5569232559e3d385fea5a93112/library/std/src/io/mod.rs:1762:15
[INFO] [stdout]    7:     0x55daaf5417e4 - std::sys_common::backtrace::_print::h894006fb5c6f3d45
[INFO] [stdout]                                at /rustc/82e1608dfa6e0b5569232559e3d385fea5a93112/library/std/src/sys_common/backtrace.rs:47:5
[INFO] [stdout]    8:     0x55daaf5417e4 - std::sys_common::backtrace::print::h23a2d212c6fff936
[INFO] [stdout]                                at /rustc/82e1608dfa6e0b5569232559e3d385fea5a93112/library/std/src/sys_common/backtrace.rs:34:9
[INFO] [stdout]    9:     0x55daaf5434a7 - std::panicking::default_hook::{{closure}}::h8a1d2ee00185001a
[INFO] [stdout]   10:     0x55daaf543193 - std::panicking::default_hook::h6038f2eba384e475
[INFO] [stdout]                                at /rustc/82e1608dfa6e0b5569232559e3d385fea5a93112/library/std/src/panicking.rs:289:9
[INFO] [stdout]   11:     0x55daaf4f33a7 - <alloc::boxed::Box<F,A> as core::ops::function::Fn<Args>>::call::h0ad024c9bdc6d768
[INFO] [stdout]                                at /rustc/82e1608dfa6e0b5569232559e3d385fea5a93112/library/alloc/src/boxed.rs:2021:9
[INFO] [stdout]   12:     0x55daaf4f33a7 - test::test_main::{{closure}}::h7500b54257359db6
[INFO] [stdout]                                at /rustc/82e1608dfa6e0b5569232559e3d385fea5a93112/library/test/src/lib.rs:138:21
[INFO] [stdout]   13:     0x55daaf543ab8 - <alloc::boxed::Box<F,A> as core::ops::function::Fn<Args>>::call::h1f8f335eaa9cfaee
[INFO] [stdout]                                at /rustc/82e1608dfa6e0b5569232559e3d385fea5a93112/library/alloc/src/boxed.rs:2021:9
[INFO] [stdout]   14:     0x55daaf543ab8 - std::panicking::rust_panic_with_hook::h2b5517d590cab22e
[INFO] [stdout]                                at /rustc/82e1608dfa6e0b5569232559e3d385fea5a93112/library/std/src/panicking.rs:783:13
[INFO] [stdout]   15:     0x55daaf5437d9 - std::panicking::begin_panic_handler::{{closure}}::h233112c06e0ef43e
[INFO] [stdout]                                at /rustc/82e1608dfa6e0b5569232559e3d385fea5a93112/library/std/src/panicking.rs:649:13
[INFO] [stdout]   16:     0x55daaf541ec6 - std::sys_common::backtrace::__rust_end_short_backtrace::h6e893f24d7ebbff8
[INFO] [stdout]                                at /rustc/82e1608dfa6e0b5569232559e3d385fea5a93112/library/std/src/sys_common/backtrace.rs:170:18
[INFO] [stdout]   17:     0x55daaf543572 - rust_begin_unwind
[INFO] [stdout]                                at /rustc/82e1608dfa6e0b5569232559e3d385fea5a93112/library/std/src/panicking.rs:645:5
[INFO] [stdout]   18:     0x55daaf47b935 - core::panicking::panic_fmt::hbf0e066aabfa482c
[INFO] [stdout]                                at /rustc/82e1608dfa6e0b5569232559e3d385fea5a93112/library/core/src/panicking.rs:72:14
[INFO] [stdout]   19:     0x55daaf47b9d3 - core::panicking::panic::h195fc2a96298d4c3
[INFO] [stdout]                                at /rustc/82e1608dfa6e0b5569232559e3d385fea5a93112/library/core/src/panicking.rs:127:5
[INFO] [stdout]   20:     0x55daaf49da3a - core::option::Option<T>::unwrap::hccc6546632b9da2c
[INFO] [stdout]                                at /rustc/82e1608dfa6e0b5569232559e3d385fea5a93112/library/core/src/option.rs:931:21
[INFO] [stdout]   21:     0x55daaf4a089a - egui_plotter::chart::test_parse_column::h62e891985e80db0b
[INFO] [stdout]                                at /opt/rustwide/workdir/src/chart.rs:140:40
[INFO] [stdout]   22:     0x55daaf4a0787 - egui_plotter::chart::test_parse_column::{{closure}}::h6ac853e82cc21097
[INFO] [stdout]                                at /opt/rustwide/workdir/src/chart.rs:136:23
[INFO] [stdout]   23:     0x55daaf4b1756 - core::ops::function::FnOnce::call_once::h1bb9c4338cb1ea6c
[INFO] [stdout]                                at /rustc/82e1608dfa6e0b5569232559e3d385fea5a93112/library/core/src/ops/function.rs:250:5
[INFO] [stdout]   24:     0x55daaf4f89ff - core::ops::function::FnOnce::call_once::h2b5d431d5046312d
[INFO] [stdout]                                at /rustc/82e1608dfa6e0b5569232559e3d385fea5a93112/library/core/src/ops/function.rs:250:5
[INFO] [stdout]   25:     0x55daaf4f89ff - test::__rust_begin_short_backtrace::h7714669af176e207
[INFO] [stdout]                                at /rustc/82e1608dfa6e0b5569232559e3d385fea5a93112/library/test/src/lib.rs:628:18
[INFO] [stdout]   26:     0x55daaf4f7a15 - test::run_test_in_process::{{closure}}::h85218797dcbcec12
[INFO] [stdout]                                at /rustc/82e1608dfa6e0b5569232559e3d385fea5a93112/library/test/src/lib.rs:651:60
[INFO] [stdout]   27:     0x55daaf4f7a15 - <core::panic::unwind_safe::AssertUnwindSafe<F> as core::ops::function::FnOnce<()>>::call_once::h76c106ea31c14d7b
[INFO] [stdout]                                at /rustc/82e1608dfa6e0b5569232559e3d385fea5a93112/library/core/src/panic/unwind_safe.rs:272:9
[INFO] [stdout]   28:     0x55daaf4f7a15 - std::panicking::try::do_call::h3bd5d0f6620ee946
[INFO] [stdout]                                at /rustc/82e1608dfa6e0b5569232559e3d385fea5a93112/library/std/src/panicking.rs:552:40
[INFO] [stdout]   29:     0x55daaf4f7a15 - std::panicking::try::h232e535e4744fe31
[INFO] [stdout]                                at /rustc/82e1608dfa6e0b5569232559e3d385fea5a93112/library/std/src/panicking.rs:516:19
[INFO] [stdout]   30:     0x55daaf4f7a15 - std::panic::catch_unwind::h3ce3bd6ca8dbac68
[INFO] [stdout]                                at /rustc/82e1608dfa6e0b5569232559e3d385fea5a93112/library/std/src/panic.rs:142:14
[INFO] [stdout]   31:     0x55daaf4f7a15 - test::run_test_in_process::hc97b257c9621286a
[INFO] [stdout]                                at /rustc/82e1608dfa6e0b5569232559e3d385fea5a93112/library/test/src/lib.rs:651:27
[INFO] [stdout]   32:     0x55daaf4f7a15 - test::run_test::{{closure}}::h2aa798823a438d38
[INFO] [stdout]                                at /rustc/82e1608dfa6e0b5569232559e3d385fea5a93112/library/test/src/lib.rs:574:43
[INFO] [stdout]   33:     0x55daaf4bfcd6 - test::run_test::{{closure}}::h87d231c78fb59832
[INFO] [stdout]                                at /rustc/82e1608dfa6e0b5569232559e3d385fea5a93112/library/test/src/lib.rs:602:41
[INFO] [stdout]   34:     0x55daaf4bfcd6 - std::sys_common::backtrace::__rust_begin_short_backtrace::he6df152596625789
[INFO] [stdout]                                at /rustc/82e1608dfa6e0b5569232559e3d385fea5a93112/library/std/src/sys_common/backtrace.rs:154:18
[INFO] [stdout]   35:     0x55daaf4c4d87 - std::thread::Builder::spawn_unchecked_::{{closure}}::{{closure}}::ha94be15d1e0acf36
[INFO] [stdout]                                at /rustc/82e1608dfa6e0b5569232559e3d385fea5a93112/library/std/src/thread/mod.rs:529:17
[INFO] [stdout]   36:     0x55daaf4c4d87 - <core::panic::unwind_safe::AssertUnwindSafe<F> as core::ops::function::FnOnce<()>>::call_once::h9dc6bd6372f16606
[INFO] [stdout]                                at /rustc/82e1608dfa6e0b5569232559e3d385fea5a93112/library/core/src/panic/unwind_safe.rs:272:9
[INFO] [stdout]   37:     0x55daaf4c4d87 - std::panicking::try::do_call::h9057517f80303cd4
[INFO] [stdout]                                at /rustc/82e1608dfa6e0b5569232559e3d385fea5a93112/library/std/src/panicking.rs:552:40
[INFO] [stdout]   38:     0x55daaf4c4d87 - std::panicking::try::he3a30b11ee45340c
[INFO] [stdout]                                at /rustc/82e1608dfa6e0b5569232559e3d385fea5a93112/library/std/src/panicking.rs:516:19
[INFO] [stdout]   39:     0x55daaf4c4d87 - std::panic::catch_unwind::h410458cfd3528b8b
[INFO] [stdout]                                at /rustc/82e1608dfa6e0b5569232559e3d385fea5a93112/library/std/src/panic.rs:142:14
[INFO] [stdout]   40:     0x55daaf4c4d87 - std::thread::Builder::spawn_unchecked_::{{closure}}::h72ac3bdb567b737b
[INFO] [stdout]                                at /rustc/82e1608dfa6e0b5569232559e3d385fea5a93112/library/std/src/thread/mod.rs:528:30
[INFO] [stdout]   41:     0x55daaf4c4d87 - core::ops::function::FnOnce::call_once{{vtable.shim}}::h38f34da3654a8344
[INFO] [stdout]                                at /rustc/82e1608dfa6e0b5569232559e3d385fea5a93112/library/core/src/ops/function.rs:250:5
[INFO] [stdout]   42:     0x55daaf548545 - <alloc::boxed::Box<F,A> as core::ops::function::FnOnce<Args>>::call_once::hc7eafaff61e32df9
[INFO] [stdout]                                at /rustc/82e1608dfa6e0b5569232559e3d385fea5a93112/library/alloc/src/boxed.rs:2007:9
[INFO] [stdout]   43:     0x55daaf548545 - <alloc::boxed::Box<F,A> as core::ops::function::FnOnce<Args>>::call_once::h6ba4a5de48dd2304
[INFO] [stdout]                                at /rustc/82e1608dfa6e0b5569232559e3d385fea5a93112/library/alloc/src/boxed.rs:2007:9
[INFO] [stdout]   44:     0x55daaf548545 - std::sys::unix::thread::Thread::new::thread_start::he469335aef763e45
[INFO] [stdout]                                at /rustc/82e1608dfa6e0b5569232559e3d385fea5a93112/library/std/src/sys/unix/thread.rs:108:17
[INFO] [stdout]   45:     0x7f85c1fa5ac3 - <unknown>
[INFO] [stdout]   46:     0x7f85c2036bf4 - __clone
[INFO] [stdout]   47:                0x0 - <unknown>
[INFO] [stdout] 
[INFO] [stdout] 
[INFO] [stdout] failures:
[INFO] [stdout]     chart::test_parse_column
[INFO] [stdout] 
[INFO] [stdout] test result: FAILED. 1 passed; 1 failed; 0 ignored; 0 measured; 0 filtered out; finished in 0.02s
[INFO] [stdout] 
[INFO] [stderr] error: test failed, to rerun pass `--lib`
[INFO] running `Command { std: "docker" "inspect" "9f0e5e4fb9f398e9968d9bddc1760638b88b4cb5832e2500ee6f916e7dcae315", kill_on_drop: false }`
[INFO] running `Command { std: "docker" "rm" "-f" "9f0e5e4fb9f398e9968d9bddc1760638b88b4cb5832e2500ee6f916e7dcae315", kill_on_drop: false }`
[INFO] [stdout] 9f0e5e4fb9f398e9968d9bddc1760638b88b4cb5832e2500ee6f916e7dcae315
