[INFO] cloning repository https://github.com/Stolkerve/easy-opengl
[INFO] running `Command { std: "git" "-c" "credential.helper=" "-c" "credential.helper=/workspace/cargo-home/bin/git-credential-null" "clone" "--bare" "https://github.com/Stolkerve/easy-opengl" "/workspace/cache/git-repos/https%3A%2F%2Fgithub.com%2FStolkerve%2Feasy-opengl", kill_on_drop: false }`
[INFO] [stderr] Cloning into bare repository '/workspace/cache/git-repos/https%3A%2F%2Fgithub.com%2FStolkerve%2Feasy-opengl'...
[INFO] running `Command { std: "git" "rev-parse" "HEAD", kill_on_drop: false }`
[INFO] [stdout] ebbdd87b2ae6c45cd99e825853f63badbaabf331
[INFO] testing Stolkerve/easy-opengl against 1.75.0 for beta-1.76-1
[INFO] running `Command { std: "git" "clone" "/workspace/cache/git-repos/https%3A%2F%2Fgithub.com%2FStolkerve%2Feasy-opengl" "/workspace/builds/worker-4-tc1/source", kill_on_drop: false }`
[INFO] [stderr] Cloning into '/workspace/builds/worker-4-tc1/source'...
[INFO] [stderr] done.
[INFO] validating manifest of git repo https://github.com/Stolkerve/easy-opengl on toolchain 1.75.0
[INFO] running `Command { std: CARGO_HOME="/workspace/cargo-home" RUSTUP_HOME="/workspace/rustup-home" "/workspace/cargo-home/bin/cargo" "+1.75.0" "metadata" "--manifest-path" "Cargo.toml" "--no-deps", kill_on_drop: false }`
[INFO] started tweaking git repo https://github.com/Stolkerve/easy-opengl
[INFO] finished tweaking git repo https://github.com/Stolkerve/easy-opengl
[INFO] tweaked toml for git repo https://github.com/Stolkerve/easy-opengl written to /workspace/builds/worker-4-tc1/source/Cargo.toml
[INFO] crate git repo https://github.com/Stolkerve/easy-opengl already has a lockfile, it will not be regenerated
[INFO] running `Command { std: CARGO_HOME="/workspace/cargo-home" RUSTUP_HOME="/workspace/rustup-home" "/workspace/cargo-home/bin/cargo" "+1.75.0" "fetch" "--manifest-path" "Cargo.toml", kill_on_drop: false }`
[INFO] [stderr] warning: unused manifest key: package.author
[INFO] [stderr]     Updating crates.io index
[INFO] [stderr]  Downloading crates ...
[INFO] [stderr]   Downloaded stb_image v0.2.4
[INFO] running `Command { std: "docker" "create" "-v" "/var/lib/crater-agent-workspace/builds/worker-4-tc1/target:/opt/rustwide/target:rw,Z" "-v" "/var/lib/crater-agent-workspace/builds/worker-4-tc1/source:/opt/rustwide/workdir:ro,Z" "-v" "/var/lib/crater-agent-workspace/cargo-home:/opt/rustwide/cargo-home:ro,Z" "-v" "/var/lib/crater-agent-workspace/rustup-home:/opt/rustwide/rustup-home:ro,Z" "-e" "SOURCE_DIR=/opt/rustwide/workdir" "-e" "CARGO_TARGET_DIR=/opt/rustwide/target" "-e" "CARGO_HOME=/opt/rustwide/cargo-home" "-e" "RUSTUP_HOME=/opt/rustwide/rustup-home" "-w" "/opt/rustwide/workdir" "-m" "1610612736" "--user" "0:0" "--network" "none" "ghcr.io/rust-lang/crates-build-env/linux@sha256:2788e3201cd34a07e3172128adcd8b3090168a8e3bcc40d7c032b9dda1df7d1c" "/opt/rustwide/cargo-home/bin/cargo" "+1.75.0" "metadata" "--no-deps" "--format-version=1", kill_on_drop: false }`
[INFO] [stdout] 3b51e1100173254e92fca968b51e2f0acfe610eec72272378f651632903490ea
[INFO] running `Command { std: "docker" "start" "-a" "3b51e1100173254e92fca968b51e2f0acfe610eec72272378f651632903490ea", kill_on_drop: false }`
[INFO] running `Command { std: "docker" "inspect" "3b51e1100173254e92fca968b51e2f0acfe610eec72272378f651632903490ea", kill_on_drop: false }`
[INFO] running `Command { std: "docker" "rm" "-f" "3b51e1100173254e92fca968b51e2f0acfe610eec72272378f651632903490ea", kill_on_drop: false }`
[INFO] [stdout] 3b51e1100173254e92fca968b51e2f0acfe610eec72272378f651632903490ea
[INFO] running `Command { std: "docker" "create" "-v" "/var/lib/crater-agent-workspace/builds/worker-4-tc1/target:/opt/rustwide/target:rw,Z" "-v" "/var/lib/crater-agent-workspace/builds/worker-4-tc1/source:/opt/rustwide/workdir:ro,Z" "-v" "/var/lib/crater-agent-workspace/cargo-home:/opt/rustwide/cargo-home:ro,Z" "-v" "/var/lib/crater-agent-workspace/rustup-home:/opt/rustwide/rustup-home:ro,Z" "-e" "SOURCE_DIR=/opt/rustwide/workdir" "-e" "CARGO_TARGET_DIR=/opt/rustwide/target" "-e" "CARGO_INCREMENTAL=0" "-e" "RUST_BACKTRACE=full" "-e" "RUSTFLAGS=--cap-lints=warn" "-e" "RUSTDOCFLAGS=--cap-lints=warn" "-e" "CARGO_HOME=/opt/rustwide/cargo-home" "-e" "RUSTUP_HOME=/opt/rustwide/rustup-home" "-w" "/opt/rustwide/workdir" "-m" "1610612736" "--user" "0:0" "--network" "none" "ghcr.io/rust-lang/crates-build-env/linux@sha256:2788e3201cd34a07e3172128adcd8b3090168a8e3bcc40d7c032b9dda1df7d1c" "/opt/rustwide/cargo-home/bin/cargo" "+1.75.0" "build" "--frozen" "--message-format=json", kill_on_drop: false }`
[INFO] [stdout] 59af34ebef010251180fc4e2ed253e58f40a9cc5739f7dd181084a47d3362bc7
[INFO] running `Command { std: "docker" "start" "-a" "59af34ebef010251180fc4e2ed253e58f40a9cc5739f7dd181084a47d3362bc7", kill_on_drop: false }`
[INFO] [stderr] warning: unused manifest key: package.author
[INFO] [stderr]    Compiling log v0.4.17
[INFO] [stderr]    Compiling khronos_api v3.1.0
[INFO] [stderr]    Compiling cfg-if v1.0.0
[INFO] [stderr]    Compiling xml-rs v0.8.4
[INFO] [stderr]    Compiling libc v0.2.137
[INFO] [stderr]    Compiling cc v1.0.74
[INFO] [stderr]    Compiling gl_generator v0.14.0
[INFO] [stderr]    Compiling stb_image v0.2.4
[INFO] [stderr]    Compiling gl v0.14.0
[INFO] [stderr]    Compiling easy-opengl v0.1.3 (/opt/rustwide/workdir)
[INFO] [stdout] warning: static variable `read_files` should have an upper case name
[INFO] [stdout]   --> src/shader.rs:90:16
[INFO] [stdout]    |
[INFO] [stdout] 90 |         static read_files: fn(filename: &str) -> String = |filename: &str| -> String {
[INFO] [stdout]    |                ^^^^^^^^^^ help: convert the identifier to upper case: `READ_FILES`
[INFO] [stdout]    |
[INFO] [stdout]    = note: `#[warn(non_upper_case_globals)]` on by default
[INFO] [stdout] 
[INFO] [stdout] 
[INFO] [stdout] warning: 1 warning emitted
[INFO] [stdout] 
[INFO] [stdout] 
[INFO] [stderr]     Finished dev [unoptimized + debuginfo] target(s) in 2.80s
[INFO] running `Command { std: "docker" "inspect" "59af34ebef010251180fc4e2ed253e58f40a9cc5739f7dd181084a47d3362bc7", kill_on_drop: false }`
[INFO] running `Command { std: "docker" "rm" "-f" "59af34ebef010251180fc4e2ed253e58f40a9cc5739f7dd181084a47d3362bc7", kill_on_drop: false }`
[INFO] [stdout] 59af34ebef010251180fc4e2ed253e58f40a9cc5739f7dd181084a47d3362bc7
[INFO] running `Command { std: "docker" "create" "-v" "/var/lib/crater-agent-workspace/builds/worker-4-tc1/target:/opt/rustwide/target:rw,Z" "-v" "/var/lib/crater-agent-workspace/builds/worker-4-tc1/source:/opt/rustwide/workdir:ro,Z" "-v" "/var/lib/crater-agent-workspace/cargo-home:/opt/rustwide/cargo-home:ro,Z" "-v" "/var/lib/crater-agent-workspace/rustup-home:/opt/rustwide/rustup-home:ro,Z" "-e" "SOURCE_DIR=/opt/rustwide/workdir" "-e" "CARGO_TARGET_DIR=/opt/rustwide/target" "-e" "CARGO_INCREMENTAL=0" "-e" "RUST_BACKTRACE=full" "-e" "RUSTFLAGS=--cap-lints=warn" "-e" "RUSTDOCFLAGS=--cap-lints=warn" "-e" "CARGO_HOME=/opt/rustwide/cargo-home" "-e" "RUSTUP_HOME=/opt/rustwide/rustup-home" "-w" "/opt/rustwide/workdir" "-m" "1610612736" "--user" "0:0" "--network" "none" "ghcr.io/rust-lang/crates-build-env/linux@sha256:2788e3201cd34a07e3172128adcd8b3090168a8e3bcc40d7c032b9dda1df7d1c" "/opt/rustwide/cargo-home/bin/cargo" "+1.75.0" "test" "--frozen" "--no-run" "--message-format=json", kill_on_drop: false }`
[INFO] [stdout] 537dfffb9fdee7408709c693164fb97b169bc962914a15e2b929d6af5d86476e
[INFO] running `Command { std: "docker" "start" "-a" "537dfffb9fdee7408709c693164fb97b169bc962914a15e2b929d6af5d86476e", kill_on_drop: false }`
[INFO] [stderr] warning: unused manifest key: package.author
[INFO] [stdout] warning: static variable `read_files` should have an upper case name
[INFO] [stdout]   --> src/shader.rs:90:16
[INFO] [stdout]    |
[INFO] [stdout] 90 |         static read_files: fn(filename: &str) -> String = |filename: &str| -> String {
[INFO] [stdout]    |                ^^^^^^^^^^ help: convert the identifier to upper case: `READ_FILES`
[INFO] [stdout]    |
[INFO] [stdout]    = note: `#[warn(non_upper_case_globals)]` on by default
[INFO] [stdout] 
[INFO] [stdout] 
[INFO] [stderr]    Compiling easy-opengl v0.1.3 (/opt/rustwide/workdir)
[INFO] [stdout] warning: 1 warning emitted
[INFO] [stdout] 
[INFO] [stdout] 
[INFO] [stdout] warning: static variable `read_files` should have an upper case name
[INFO] [stdout]   --> src/shader.rs:90:16
[INFO] [stdout]    |
[INFO] [stdout] 90 |         static read_files: fn(filename: &str) -> String = |filename: &str| -> String {
[INFO] [stdout]    |                ^^^^^^^^^^ help: convert the identifier to upper case: `READ_FILES`
[INFO] [stdout]    |
[INFO] [stdout]    = note: `#[warn(non_upper_case_globals)]` on by default
[INFO] [stdout] 
[INFO] [stdout] 
[INFO] [stdout] warning: 1 warning emitted
[INFO] [stdout] 
[INFO] [stdout] 
[INFO] [stderr]     Finished test [unoptimized + debuginfo] target(s) in 0.25s
[INFO] running `Command { std: "docker" "inspect" "537dfffb9fdee7408709c693164fb97b169bc962914a15e2b929d6af5d86476e", kill_on_drop: false }`
[INFO] running `Command { std: "docker" "rm" "-f" "537dfffb9fdee7408709c693164fb97b169bc962914a15e2b929d6af5d86476e", kill_on_drop: false }`
[INFO] [stdout] 537dfffb9fdee7408709c693164fb97b169bc962914a15e2b929d6af5d86476e
[INFO] running `Command { std: "docker" "create" "-v" "/var/lib/crater-agent-workspace/builds/worker-4-tc1/target:/opt/rustwide/target:rw,Z" "-v" "/var/lib/crater-agent-workspace/builds/worker-4-tc1/source:/opt/rustwide/workdir:ro,Z" "-v" "/var/lib/crater-agent-workspace/cargo-home:/opt/rustwide/cargo-home:ro,Z" "-v" "/var/lib/crater-agent-workspace/rustup-home:/opt/rustwide/rustup-home:ro,Z" "-e" "SOURCE_DIR=/opt/rustwide/workdir" "-e" "CARGO_TARGET_DIR=/opt/rustwide/target" "-e" "CARGO_INCREMENTAL=0" "-e" "RUST_BACKTRACE=full" "-e" "RUSTFLAGS=--cap-lints=warn" "-e" "RUSTDOCFLAGS=--cap-lints=warn" "-e" "CARGO_HOME=/opt/rustwide/cargo-home" "-e" "RUSTUP_HOME=/opt/rustwide/rustup-home" "-w" "/opt/rustwide/workdir" "-m" "1610612736" "--user" "0:0" "--network" "none" "ghcr.io/rust-lang/crates-build-env/linux@sha256:2788e3201cd34a07e3172128adcd8b3090168a8e3bcc40d7c032b9dda1df7d1c" "/opt/rustwide/cargo-home/bin/cargo" "+1.75.0" "test" "--frozen", kill_on_drop: false }`
[INFO] [stdout] 37d5062e12ef6c32832cd3ade7debee55d2d42fe0382077f49e465aac7fcf521
[INFO] running `Command { std: "docker" "start" "-a" "37d5062e12ef6c32832cd3ade7debee55d2d42fe0382077f49e465aac7fcf521", kill_on_drop: false }`
[INFO] [stderr] warning: unused manifest key: package.author
[INFO] [stderr] warning: static variable `read_files` should have an upper case name
[INFO] [stderr]   --> src/shader.rs:90:16
[INFO] [stderr]    |
[INFO] [stderr] 90 |         static read_files: fn(filename: &str) -> String = |filename: &str| -> String {
[INFO] [stderr]    |                ^^^^^^^^^^ help: convert the identifier to upper case: `READ_FILES`
[INFO] [stderr]    |
[INFO] [stderr]    = note: `#[warn(non_upper_case_globals)]` on by default
[INFO] [stderr] 
[INFO] [stderr] warning: `easy-opengl` (lib) generated 1 warning
[INFO] [stderr] warning: `easy-opengl` (lib test) generated 1 warning (1 duplicate)
[INFO] [stderr]     Finished test [unoptimized + debuginfo] target(s) in 0.01s
[INFO] [stderr]      Running unittests src/lib.rs (/opt/rustwide/target/debug/deps/easy_opengl-0b850a03766303cb)
[INFO] [stdout] 
[INFO] [stdout] running 0 tests
[INFO] [stdout] 
[INFO] [stdout] test result: ok. 0 passed; 0 failed; 0 ignored; 0 measured; 0 filtered out; finished in 0.00s
[INFO] [stdout] 
[INFO] [stderr]    Doc-tests easy-opengl
[INFO] [stdout] 
[INFO] [stdout] running 1 test
[INFO] [stdout] test src/lib.rs - (line 6) ... FAILED
[INFO] [stdout] 
[INFO] [stdout] failures:
[INFO] [stdout] 
[INFO] [stdout] ---- src/lib.rs - (line 6) stdout ----
[INFO] [stdout] error[E0463]: can't find crate for `sdl2`
[INFO] [stdout]  --> src/lib.rs:7:1
[INFO] [stdout]   |
[INFO] [stdout] 3 | extern crate sdl2;
[INFO] [stdout]   | ^^^^^^^^^^^^^^^^^^ can't find crate
[INFO] [stdout] 
[INFO] [stdout] error: aborting due to previous error
[INFO] [stdout] 
[INFO] [stdout] For more information about this error, try `rustc --explain E0463`.
[INFO] [stdout] Couldn't compile the test.
[INFO] [stdout] 
[INFO] [stdout] failures:
[INFO] [stdout]     src/lib.rs - (line 6)
[INFO] [stdout] 
[INFO] [stdout] test result: FAILED. 0 passed; 1 failed; 0 ignored; 0 measured; 0 filtered out; finished in 0.04s
[INFO] [stdout] 
[INFO] [stderr] error: doctest failed, to rerun pass `--doc`
[INFO] running `Command { std: "docker" "inspect" "37d5062e12ef6c32832cd3ade7debee55d2d42fe0382077f49e465aac7fcf521", kill_on_drop: false }`
[INFO] running `Command { std: "docker" "rm" "-f" "37d5062e12ef6c32832cd3ade7debee55d2d42fe0382077f49e465aac7fcf521", kill_on_drop: false }`
[INFO] [stdout] 37d5062e12ef6c32832cd3ade7debee55d2d42fe0382077f49e465aac7fcf521
