[INFO] cloning repository https://github.com/StefosGeo/gem-farm-greedy
[INFO] running `Command { std: "git" "-c" "credential.helper=" "-c" "credential.helper=/workspace/cargo-home/bin/git-credential-null" "clone" "--bare" "https://github.com/StefosGeo/gem-farm-greedy" "/workspace/cache/git-repos/https%3A%2F%2Fgithub.com%2FStefosGeo%2Fgem-farm-greedy", kill_on_drop: false }`
[INFO] [stderr] Cloning into bare repository '/workspace/cache/git-repos/https%3A%2F%2Fgithub.com%2FStefosGeo%2Fgem-farm-greedy'...
[INFO] running `Command { std: "git" "rev-parse" "HEAD", kill_on_drop: false }`
[INFO] [stdout] e8e3ab7d96b82dfbf3f256e081a340b7f2ffa36b
[INFO] testing StefosGeo/gem-farm-greedy against 1.75.0 for beta-1.76-1
[INFO] running `Command { std: "git" "clone" "/workspace/cache/git-repos/https%3A%2F%2Fgithub.com%2FStefosGeo%2Fgem-farm-greedy" "/workspace/builds/worker-1-tc1/source", kill_on_drop: false }`
[INFO] [stderr] Cloning into '/workspace/builds/worker-1-tc1/source'...
[INFO] [stderr] done.
[INFO] validating manifest of git repo https://github.com/StefosGeo/gem-farm-greedy on toolchain 1.75.0
[INFO] running `Command { std: CARGO_HOME="/workspace/cargo-home" RUSTUP_HOME="/workspace/rustup-home" "/workspace/cargo-home/bin/cargo" "+1.75.0" "metadata" "--manifest-path" "Cargo.toml" "--no-deps", kill_on_drop: false }`
[INFO] started tweaking git repo https://github.com/StefosGeo/gem-farm-greedy
[INFO] finished tweaking git repo https://github.com/StefosGeo/gem-farm-greedy
[INFO] tweaked toml for git repo https://github.com/StefosGeo/gem-farm-greedy written to /workspace/builds/worker-1-tc1/source/Cargo.toml
[INFO] crate git repo https://github.com/StefosGeo/gem-farm-greedy already has a lockfile, it will not be regenerated
[INFO] running `Command { std: CARGO_HOME="/workspace/cargo-home" RUSTUP_HOME="/workspace/rustup-home" "/workspace/cargo-home/bin/cargo" "+1.75.0" "fetch" "--manifest-path" "Cargo.toml", kill_on_drop: false }`
[INFO] [stderr] warning: virtual workspace defaulting to `resolver = "1"` despite one or more workspace members being on edition 2021 which implies `resolver = "2"`
[INFO] [stderr] note: to keep the current resolver, specify `workspace.resolver = "1"` in the workspace root's manifest
[INFO] [stderr] note: to use the edition 2021 resolver, specify `workspace.resolver = "2"` in the workspace root's manifest
[INFO] [stderr] note: for more details see https://doc.rust-lang.org/cargo/reference/resolver.html#resolver-versions
[INFO] [stderr]  Downloading crates ...
[INFO] [stderr]   Downloaded anchor-attribute-interface v0.22.0
[INFO] [stderr]   Downloaded anchor-spl v0.22.0
[INFO] [stderr]   Downloaded anchor-attribute-access-control v0.22.0
[INFO] [stderr]   Downloaded anchor-derive-accounts v0.22.0
[INFO] [stderr]   Downloaded anchor-attribute-account v0.22.0
[INFO] [stderr]   Downloaded anchor-lang v0.22.0
[INFO] [stderr]   Downloaded anchor-attribute-state v0.22.0
[INFO] [stderr]   Downloaded anchor-attribute-program v0.22.0
[INFO] [stderr]   Downloaded anchor-attribute-error v0.22.0
[INFO] [stderr]   Downloaded anchor-attribute-constant v0.22.0
[INFO] [stderr]   Downloaded anchor-syn v0.22.0
[INFO] [stderr]   Downloaded anchor-attribute-event v0.22.0
[INFO] running `Command { std: "docker" "create" "-v" "/var/lib/crater-agent-workspace/builds/worker-1-tc1/target:/opt/rustwide/target:rw,Z" "-v" "/var/lib/crater-agent-workspace/builds/worker-1-tc1/source:/opt/rustwide/workdir:ro,Z" "-v" "/var/lib/crater-agent-workspace/cargo-home:/opt/rustwide/cargo-home:ro,Z" "-v" "/var/lib/crater-agent-workspace/rustup-home:/opt/rustwide/rustup-home:ro,Z" "-e" "SOURCE_DIR=/opt/rustwide/workdir" "-e" "CARGO_TARGET_DIR=/opt/rustwide/target" "-e" "CARGO_HOME=/opt/rustwide/cargo-home" "-e" "RUSTUP_HOME=/opt/rustwide/rustup-home" "-w" "/opt/rustwide/workdir" "-m" "1610612736" "--user" "0:0" "--network" "none" "ghcr.io/rust-lang/crates-build-env/linux@sha256:2788e3201cd34a07e3172128adcd8b3090168a8e3bcc40d7c032b9dda1df7d1c" "/opt/rustwide/cargo-home/bin/cargo" "+1.75.0" "metadata" "--no-deps" "--format-version=1", kill_on_drop: false }`
[INFO] [stdout] e4d406fca4b57e3d2a447e731dd1a94caf3689af88e37ca24af79afd75efde6e
[INFO] running `Command { std: "docker" "start" "-a" "e4d406fca4b57e3d2a447e731dd1a94caf3689af88e37ca24af79afd75efde6e", kill_on_drop: false }`
[INFO] running `Command { std: "docker" "inspect" "e4d406fca4b57e3d2a447e731dd1a94caf3689af88e37ca24af79afd75efde6e", kill_on_drop: false }`
[INFO] running `Command { std: "docker" "rm" "-f" "e4d406fca4b57e3d2a447e731dd1a94caf3689af88e37ca24af79afd75efde6e", kill_on_drop: false }`
[INFO] [stdout] e4d406fca4b57e3d2a447e731dd1a94caf3689af88e37ca24af79afd75efde6e
[INFO] running `Command { std: "docker" "create" "-v" "/var/lib/crater-agent-workspace/builds/worker-1-tc1/target:/opt/rustwide/target:rw,Z" "-v" "/var/lib/crater-agent-workspace/builds/worker-1-tc1/source:/opt/rustwide/workdir:ro,Z" "-v" "/var/lib/crater-agent-workspace/cargo-home:/opt/rustwide/cargo-home:ro,Z" "-v" "/var/lib/crater-agent-workspace/rustup-home:/opt/rustwide/rustup-home:ro,Z" "-e" "SOURCE_DIR=/opt/rustwide/workdir" "-e" "CARGO_TARGET_DIR=/opt/rustwide/target" "-e" "CARGO_INCREMENTAL=0" "-e" "RUST_BACKTRACE=full" "-e" "RUSTFLAGS=--cap-lints=warn" "-e" "RUSTDOCFLAGS=--cap-lints=warn" "-e" "CARGO_HOME=/opt/rustwide/cargo-home" "-e" "RUSTUP_HOME=/opt/rustwide/rustup-home" "-w" "/opt/rustwide/workdir" "-m" "1610612736" "--user" "0:0" "--network" "none" "ghcr.io/rust-lang/crates-build-env/linux@sha256:2788e3201cd34a07e3172128adcd8b3090168a8e3bcc40d7c032b9dda1df7d1c" "/opt/rustwide/cargo-home/bin/cargo" "+1.75.0" "build" "--frozen" "--message-format=json", kill_on_drop: false }`
[INFO] [stdout] 6a6c755dc064334a6ff8ebc05391a6fec34e4fb369879878c7b87624cf690e6f
[INFO] running `Command { std: "docker" "start" "-a" "6a6c755dc064334a6ff8ebc05391a6fec34e4fb369879878c7b87624cf690e6f", kill_on_drop: false }`
[INFO] [stderr] warning: virtual workspace defaulting to `resolver = "1"` despite one or more workspace members being on edition 2021 which implies `resolver = "2"`
[INFO] [stderr] note: to keep the current resolver, specify `workspace.resolver = "1"` in the workspace root's manifest
[INFO] [stderr] note: to use the edition 2021 resolver, specify `workspace.resolver = "2"` in the workspace root's manifest
[INFO] [stderr] note: for more details see https://doc.rust-lang.org/cargo/reference/resolver.html#resolver-versions
[INFO] [stderr]    Compiling proc-macro2 v1.0.32
[INFO] [stderr]    Compiling syn v1.0.82
[INFO] [stderr]    Compiling serde_derive v1.0.130
[INFO] [stderr]    Compiling serde v1.0.130
[INFO] [stderr]    Compiling typenum v1.14.0
[INFO] [stderr]    Compiling generic-array v0.14.4
[INFO] [stderr]    Compiling block-padding v0.2.1
[INFO] [stderr]    Compiling opaque-debug v0.3.0
[INFO] [stderr]    Compiling cpufeatures v0.2.1
[INFO] [stderr]    Compiling libc v0.2.108
[INFO] [stderr]    Compiling bs58 v0.3.1
[INFO] [stderr]    Compiling subtle v2.4.1
[INFO] [stderr]    Compiling semver-parser v0.7.0
[INFO] [stderr]    Compiling crunchy v0.2.2
[INFO] [stderr]    Compiling getrandom v0.1.16
[INFO] [stderr]    Compiling ryu v1.0.6
[INFO] [stderr]    Compiling proc-macro2-diagnostics v0.9.1
[INFO] [stderr]    Compiling semver v0.9.0
[INFO] [stderr]    Compiling serde_json v1.0.72
[INFO] [stderr]    Compiling anyhow v1.0.51
[INFO] [stderr]    Compiling rustc_version v0.2.3
[INFO] [stderr]    Compiling quote v1.0.10
[INFO] [stderr]    Compiling yansi v0.5.0
[INFO] [stderr]    Compiling regex-syntax v0.6.25
[INFO] [stderr]    Compiling itoa v0.4.8
[INFO] [stderr]    Compiling rustversion v1.0.5
[INFO] [stderr]    Compiling feature-probe v0.1.1
[INFO] [stderr]    Compiling rand_core v0.5.1
[INFO] [stderr]    Compiling bv v0.11.1
[INFO] [stderr]    Compiling atty v0.2.14
[INFO] [stderr]    Compiling solana-frozen-abi-macro v1.8.5
[INFO] [stderr]    Compiling cc v1.0.72
[INFO] [stderr]    Compiling ppv-lite86 v0.2.15
[INFO] [stderr]    Compiling num-traits v0.2.14
[INFO] [stderr]    Compiling generic-array v0.12.4
[INFO] [stderr]    Compiling solana-frozen-abi v1.8.5
[INFO] [stderr]    Compiling arrayref v0.3.6
[INFO] [stderr]    Compiling ahash v0.4.7
[INFO] [stderr]    Compiling byteorder v1.4.3
[INFO] [stderr]    Compiling rand_chacha v0.2.2
[INFO] [stderr]    Compiling hashbrown v0.9.1
[INFO] [stderr]    Compiling rand v0.7.3
[INFO] [stderr]    Compiling digest v0.8.1
[INFO] [stderr]    Compiling memmap2 v0.1.0
[INFO] [stderr]    Compiling solana-program v1.8.5
[INFO] [stderr]    Compiling zeroize v1.4.3
[INFO] [stderr]    Compiling arrayvec v0.5.2
[INFO] [stderr]    Compiling base64 v0.12.3
[INFO] [stderr]    Compiling keccak v0.1.0
[INFO] [stderr]    Compiling blake3 v0.3.8
[INFO] [stderr]    Compiling constant_time_eq v0.1.5
[INFO] [stderr]    Compiling regex v1.5.4
[INFO] [stderr]    Compiling itertools v0.9.0
[INFO] [stderr]    Compiling curve25519-dalek v2.1.3
[INFO] [stderr]    Compiling hex v0.4.3
[INFO] [stderr]    Compiling base64 v0.13.0
[INFO] [stderr]    Compiling env_logger v0.8.4
[INFO] [stderr]    Compiling bs58 v0.4.0
[INFO] [stderr]    Compiling static_assertions v1.1.0
[INFO] [stderr]    Compiling rustc-hex v2.1.0
[INFO] [stderr]    Compiling uint v0.8.5
[INFO] [stderr]    Compiling solana-logger v1.8.5
[INFO] [stderr]    Compiling borsh-derive-internal v0.9.1
[INFO] [stderr]    Compiling borsh-schema-derive-internal v0.9.1
[INFO] [stderr]    Compiling borsh-schema-derive-internal v0.7.2
[INFO] [stderr]    Compiling borsh-derive-internal v0.7.2
[INFO] [stderr]    Compiling borsh-schema-derive-internal v0.8.2
[INFO] [stderr]    Compiling borsh-derive-internal v0.8.2
[INFO] [stderr]    Compiling thiserror-impl v1.0.30
[INFO] [stderr]    Compiling bytemuck_derive v1.0.1
[INFO] [stderr]    Compiling num-derive v0.3.3
[INFO] [stderr]    Compiling solana-sdk-macro v1.8.5
[INFO] [stderr]    Compiling derivative v2.2.0
[INFO] [stderr]    Compiling borsh-derive v0.7.2
[INFO] [stderr]    Compiling proc_macros v0.1.0 (/opt/rustwide/workdir/lib/proc_macros)
[INFO] [stderr]    Compiling borsh v0.7.2
[INFO] [stderr]    Compiling bytemuck v1.7.2
[INFO] [stderr]    Compiling thiserror v1.0.30
[INFO] [stderr]    Compiling toml v0.5.8
[INFO] [stderr]    Compiling bincode v1.3.3
[INFO] [stderr]    Compiling serde_bytes v0.11.5
[INFO] [stderr]    Compiling digest v0.9.0
[INFO] [stderr]    Compiling block-buffer v0.9.0
[INFO] [stderr]    Compiling crypto-mac v0.8.0
[INFO] [stderr]    Compiling libsecp256k1-core v0.2.2
[INFO] [stderr]    Compiling hmac v0.8.1
[INFO] [stderr]    Compiling sha2 v0.9.8
[INFO] [stderr]    Compiling sha3 v0.9.1
[INFO] [stderr]    Compiling hmac-drbg v0.3.0
[INFO] [stderr]    Compiling proc-macro-crate v0.1.5
[INFO] [stderr]    Compiling proc-macro-crate v1.1.0
[INFO] [stderr]    Compiling anchor-syn v0.22.0
[INFO] [stderr]    Compiling borsh-derive v0.9.1
[INFO] [stderr]    Compiling num_enum_derive v0.5.4
[INFO] [stderr]    Compiling borsh-derive v0.8.2
[INFO] [stderr]    Compiling libsecp256k1-gen-genmult v0.2.1
[INFO] [stderr]    Compiling libsecp256k1-gen-ecmult v0.2.1
[INFO] [stderr]    Compiling libsecp256k1 v0.5.0
[INFO] [stderr]    Compiling borsh v0.9.1
[INFO] [stderr]    Compiling num_enum v0.5.4
[INFO] [stderr]    Compiling anchor-attribute-error v0.22.0
[INFO] [stderr]    Compiling anchor-attribute-program v0.22.0
[INFO] [stderr]    Compiling anchor-attribute-state v0.22.0
[INFO] [stderr]    Compiling anchor-attribute-interface v0.22.0
[INFO] [stderr]    Compiling anchor-attribute-account v0.22.0
[INFO] [stderr]    Compiling anchor-derive-accounts v0.22.0
[INFO] [stderr]    Compiling anchor-attribute-access-control v0.22.0
[INFO] [stderr]    Compiling anchor-attribute-constant v0.22.0
[INFO] [stderr]    Compiling anchor-attribute-event v0.22.0
[INFO] [stderr]    Compiling anchor-lang v0.22.0
[INFO] [stderr]    Compiling spl-token v3.2.0
[INFO] [stderr]    Compiling spl-math v0.1.0
[INFO] [stderr]    Compiling spl-associated-token-account v1.0.3
[INFO] [stderr]    Compiling metaplex-token-vault v0.0.1
[INFO] [stderr]    Compiling anchor-spl v0.22.0
[INFO] [stderr]    Compiling metaplex-token-metadata v0.0.1
[INFO] [stderr]    Compiling gem_common v0.1.0 (/opt/rustwide/workdir/lib/gem_common)
[INFO] [stderr]    Compiling gem_bank v0.1.0 (/opt/rustwide/workdir/programs/gem_bank)
[INFO] [stdout] warning: ambiguous glob re-exports
[INFO] [stdout]   --> programs/gem_bank/src/instructions/mod.rs:13:9
[INFO] [stdout]    |
[INFO] [stdout] 13 | pub use add_to_whitelist::*;
[INFO] [stdout]    |         ^^^^^^^^^^^^^^^^^^^ the name `handler` in the value namespace is first re-exported here
[INFO] [stdout] ...
[INFO] [stdout] 23 | pub use withdraw_gem::*;
[INFO] [stdout]    |         --------------- but the name `handler` in the value namespace is also re-exported here
[INFO] [stdout]    |
[INFO] [stdout]    = note: `#[warn(ambiguous_glob_reexports)]` on by default
[INFO] [stdout] 
[INFO] [stdout] 
[INFO] [stdout] warning: 1 warning emitted
[INFO] [stdout] 
[INFO] [stdout] 
[INFO] [stderr]    Compiling gem_farm v0.1.0 (/opt/rustwide/workdir/programs/gem_farm)
[INFO] [stdout] warning: ambiguous glob re-exports
[INFO] [stdout]   --> programs/gem_farm/src/instructions/mod.rs:20:9
[INFO] [stdout]    |
[INFO] [stdout] 20 | pub use add_rarities_to_bank::*;
[INFO] [stdout]    |         ^^^^^^^^^^^^^^^^^^^^^^^ the name `handler` in the value namespace is first re-exported here
[INFO] [stdout] ...
[INFO] [stdout] 37 | pub use update_farm::*;
[INFO] [stdout]    |         -------------- but the name `handler` in the value namespace is also re-exported here
[INFO] [stdout]    |
[INFO] [stdout]    = note: `#[warn(ambiguous_glob_reexports)]` on by default
[INFO] [stdout] 
[INFO] [stdout] 
[INFO] [stdout] warning: 1 warning emitted
[INFO] [stdout] 
[INFO] [stdout] 
[INFO] [stderr]     Finished dev [unoptimized + debuginfo] target(s) in 24.09s
[INFO] running `Command { std: "docker" "inspect" "6a6c755dc064334a6ff8ebc05391a6fec34e4fb369879878c7b87624cf690e6f", kill_on_drop: false }`
[INFO] running `Command { std: "docker" "rm" "-f" "6a6c755dc064334a6ff8ebc05391a6fec34e4fb369879878c7b87624cf690e6f", kill_on_drop: false }`
[INFO] [stdout] 6a6c755dc064334a6ff8ebc05391a6fec34e4fb369879878c7b87624cf690e6f
[INFO] running `Command { std: "docker" "create" "-v" "/var/lib/crater-agent-workspace/builds/worker-1-tc1/target:/opt/rustwide/target:rw,Z" "-v" "/var/lib/crater-agent-workspace/builds/worker-1-tc1/source:/opt/rustwide/workdir:ro,Z" "-v" "/var/lib/crater-agent-workspace/cargo-home:/opt/rustwide/cargo-home:ro,Z" "-v" "/var/lib/crater-agent-workspace/rustup-home:/opt/rustwide/rustup-home:ro,Z" "-e" "SOURCE_DIR=/opt/rustwide/workdir" "-e" "CARGO_TARGET_DIR=/opt/rustwide/target" "-e" "CARGO_INCREMENTAL=0" "-e" "RUST_BACKTRACE=full" "-e" "RUSTFLAGS=--cap-lints=warn" "-e" "RUSTDOCFLAGS=--cap-lints=warn" "-e" "CARGO_HOME=/opt/rustwide/cargo-home" "-e" "RUSTUP_HOME=/opt/rustwide/rustup-home" "-w" "/opt/rustwide/workdir" "-m" "1610612736" "--user" "0:0" "--network" "none" "ghcr.io/rust-lang/crates-build-env/linux@sha256:2788e3201cd34a07e3172128adcd8b3090168a8e3bcc40d7c032b9dda1df7d1c" "/opt/rustwide/cargo-home/bin/cargo" "+1.75.0" "test" "--frozen" "--no-run" "--message-format=json", kill_on_drop: false }`
[INFO] [stdout] ca3410f7dbf27282256b8d1a511762dd5c9fd9c9bba3acdcbced844e3dde316a
[INFO] running `Command { std: "docker" "start" "-a" "ca3410f7dbf27282256b8d1a511762dd5c9fd9c9bba3acdcbced844e3dde316a", kill_on_drop: false }`
[INFO] [stderr] warning: virtual workspace defaulting to `resolver = "1"` despite one or more workspace members being on edition 2021 which implies `resolver = "2"`
[INFO] [stderr] note: to keep the current resolver, specify `workspace.resolver = "1"` in the workspace root's manifest
[INFO] [stderr] note: to use the edition 2021 resolver, specify `workspace.resolver = "2"` in the workspace root's manifest
[INFO] [stderr] note: for more details see https://doc.rust-lang.org/cargo/reference/resolver.html#resolver-versions
[INFO] [stderr]    Compiling proc_macros v0.1.0 (/opt/rustwide/workdir/lib/proc_macros)
[INFO] [stderr]    Compiling gem_common v0.1.0 (/opt/rustwide/workdir/lib/gem_common)
[INFO] [stderr]    Compiling gem_bank v0.1.0 (/opt/rustwide/workdir/programs/gem_bank)
[INFO] [stdout] warning: ambiguous glob re-exports
[INFO] [stdout]   --> programs/gem_bank/src/instructions/mod.rs:13:9
[INFO] [stdout]    |
[INFO] [stdout] 13 | pub use add_to_whitelist::*;
[INFO] [stdout]    |         ^^^^^^^^^^^^^^^^^^^ the name `handler` in the value namespace is first re-exported here
[INFO] [stdout] ...
[INFO] [stdout] 23 | pub use withdraw_gem::*;
[INFO] [stdout]    |         --------------- but the name `handler` in the value namespace is also re-exported here
[INFO] [stdout]    |
[INFO] [stdout]    = note: `#[warn(ambiguous_glob_reexports)]` on by default
[INFO] [stdout] 
[INFO] [stdout] 
[INFO] [stdout] warning: ambiguous glob re-exports
[INFO] [stdout]   --> programs/gem_bank/src/instructions/mod.rs:13:9
[INFO] [stdout]    |
[INFO] [stdout] 13 | pub use add_to_whitelist::*;
[INFO] [stdout]    |         ^^^^^^^^^^^^^^^^^^^ the name `handler` in the value namespace is first re-exported here
[INFO] [stdout] ...
[INFO] [stdout] 23 | pub use withdraw_gem::*;
[INFO] [stdout]    |         --------------- but the name `handler` in the value namespace is also re-exported here
[INFO] [stdout]    |
[INFO] [stdout]    = note: `#[warn(ambiguous_glob_reexports)]` on by default
[INFO] [stdout] 
[INFO] [stdout] 
[INFO] [stdout] warning: 1 warning emitted
[INFO] [stdout] 
[INFO] [stdout] 
[INFO] [stdout] warning: 1 warning emitted
[INFO] [stdout] 
[INFO] [stdout] 
[INFO] [stderr]    Compiling gem_farm v0.1.0 (/opt/rustwide/workdir/programs/gem_farm)
[INFO] [stdout] warning: ambiguous glob re-exports
[INFO] [stdout]   --> programs/gem_farm/src/instructions/mod.rs:20:9
[INFO] [stdout]    |
[INFO] [stdout] 20 | pub use add_rarities_to_bank::*;
[INFO] [stdout]    |         ^^^^^^^^^^^^^^^^^^^^^^^ the name `handler` in the value namespace is first re-exported here
[INFO] [stdout] ...
[INFO] [stdout] 37 | pub use update_farm::*;
[INFO] [stdout]    |         -------------- but the name `handler` in the value namespace is also re-exported here
[INFO] [stdout]    |
[INFO] [stdout]    = note: `#[warn(ambiguous_glob_reexports)]` on by default
[INFO] [stdout] 
[INFO] [stdout] 
[INFO] [stdout] warning: 1 warning emitted
[INFO] [stdout] 
[INFO] [stdout] 
[INFO] [stderr]     Finished test [unoptimized + debuginfo] target(s) in 3.51s
[INFO] running `Command { std: "docker" "inspect" "ca3410f7dbf27282256b8d1a511762dd5c9fd9c9bba3acdcbced844e3dde316a", kill_on_drop: false }`
[INFO] running `Command { std: "docker" "rm" "-f" "ca3410f7dbf27282256b8d1a511762dd5c9fd9c9bba3acdcbced844e3dde316a", kill_on_drop: false }`
[INFO] [stdout] ca3410f7dbf27282256b8d1a511762dd5c9fd9c9bba3acdcbced844e3dde316a
[INFO] running `Command { std: "docker" "create" "-v" "/var/lib/crater-agent-workspace/builds/worker-1-tc1/target:/opt/rustwide/target:rw,Z" "-v" "/var/lib/crater-agent-workspace/builds/worker-1-tc1/source:/opt/rustwide/workdir:ro,Z" "-v" "/var/lib/crater-agent-workspace/cargo-home:/opt/rustwide/cargo-home:ro,Z" "-v" "/var/lib/crater-agent-workspace/rustup-home:/opt/rustwide/rustup-home:ro,Z" "-e" "SOURCE_DIR=/opt/rustwide/workdir" "-e" "CARGO_TARGET_DIR=/opt/rustwide/target" "-e" "CARGO_INCREMENTAL=0" "-e" "RUST_BACKTRACE=full" "-e" "RUSTFLAGS=--cap-lints=warn" "-e" "RUSTDOCFLAGS=--cap-lints=warn" "-e" "CARGO_HOME=/opt/rustwide/cargo-home" "-e" "RUSTUP_HOME=/opt/rustwide/rustup-home" "-w" "/opt/rustwide/workdir" "-m" "1610612736" "--user" "0:0" "--network" "none" "ghcr.io/rust-lang/crates-build-env/linux@sha256:2788e3201cd34a07e3172128adcd8b3090168a8e3bcc40d7c032b9dda1df7d1c" "/opt/rustwide/cargo-home/bin/cargo" "+1.75.0" "test" "--frozen", kill_on_drop: false }`
[INFO] [stdout] 6c77c4bb00d312741316782f0aa69477abfa40700c05ed0f42bad09517e2e72b
[INFO] running `Command { std: "docker" "start" "-a" "6c77c4bb00d312741316782f0aa69477abfa40700c05ed0f42bad09517e2e72b", kill_on_drop: false }`
[INFO] [stderr] warning: virtual workspace defaulting to `resolver = "1"` despite one or more workspace members being on edition 2021 which implies `resolver = "2"`
[INFO] [stderr] note: to keep the current resolver, specify `workspace.resolver = "1"` in the workspace root's manifest
[INFO] [stderr] note: to use the edition 2021 resolver, specify `workspace.resolver = "2"` in the workspace root's manifest
[INFO] [stderr] note: for more details see https://doc.rust-lang.org/cargo/reference/resolver.html#resolver-versions
[INFO] [stderr] warning: ambiguous glob re-exports
[INFO] [stderr]   --> programs/gem_bank/src/instructions/mod.rs:13:9
[INFO] [stderr]    |
[INFO] [stderr] 13 | pub use add_to_whitelist::*;
[INFO] [stderr]    |         ^^^^^^^^^^^^^^^^^^^ the name `handler` in the value namespace is first re-exported here
[INFO] [stderr] ...
[INFO] [stderr] 23 | pub use withdraw_gem::*;
[INFO] [stderr]    |         --------------- but the name `handler` in the value namespace is also re-exported here
[INFO] [stderr]    |
[INFO] [stderr]    = note: `#[warn(ambiguous_glob_reexports)]` on by default
[INFO] [stderr] 
[INFO] [stderr] warning: `gem_bank` (lib) generated 1 warning
[INFO] [stderr] warning: `gem_bank` (lib test) generated 1 warning (1 duplicate)
[INFO] [stderr] warning: ambiguous glob re-exports
[INFO] [stderr]   --> programs/gem_farm/src/instructions/mod.rs:20:9
[INFO] [stderr]    |
[INFO] [stderr] 20 | pub use add_rarities_to_bank::*;
[INFO] [stderr]    |         ^^^^^^^^^^^^^^^^^^^^^^^ the name `handler` in the value namespace is first re-exported here
[INFO] [stderr] ...
[INFO] [stderr] 37 | pub use update_farm::*;
[INFO] [stderr]    |         -------------- but the name `handler` in the value namespace is also re-exported here
[INFO] [stderr]    |
[INFO] [stderr]    = note: `#[warn(ambiguous_glob_reexports)]` on by default
[INFO] [stderr] 
[INFO] [stderr] warning: `gem_farm` (lib test) generated 1 warning
[INFO] [stderr]     Finished test [unoptimized + debuginfo] target(s) in 0.07s
[INFO] [stderr]      Running unittests src/lib.rs (/opt/rustwide/target/debug/deps/gem_bank-ab53ce2418f17d5f)
[INFO] [stdout] 
[INFO] [stdout] running 1 test
[INFO] [stdout] test test_id ... ok
[INFO] [stdout] 
[INFO] [stdout] test result: ok. 1 passed; 0 failed; 0 ignored; 0 measured; 0 filtered out; finished in 0.00s
[INFO] [stdout] 
[INFO] [stderr]      Running unittests src/lib.rs (/opt/rustwide/target/debug/deps/gem_common-ef5197ce7adf1b16)
[INFO] [stdout] 
[INFO] [stdout] running 12 tests
[INFO] [stdout] test try_math::tests::test_add_assign ... ok
[INFO] [stdout] test try_math::tests::test_div ... ok
[INFO] [stdout] test try_math::tests::test_ceil_div_assign ... ok
[INFO] [stdout] test try_math::tests::test_ceil_div ... ok
[INFO] [stdout] test try_math::tests::test_div_assign ... ok
[INFO] [stdout] test try_math::tests::test_mul_assign ... ok
[INFO] [stdout] test try_math::tests::test_pow_assign ... ok
[INFO] [stdout] test try_math::tests::test_rounded_div ... ok
[INFO] [stdout] test try_math::tests::test_rounded_div_assign ... ok
[INFO] [stdout] test try_math::tests::test_sqrt_assign ... ok
[INFO] [stdout] test try_math::tests::test_sub_assign ... ok
[INFO] [stdout] test try_math::tests::test_try_cast - should panic ... ok
[INFO] [stdout] 
[INFO] [stdout] test result: ok. 12 passed; 0 failed; 0 ignored; 0 measured; 0 filtered out; finished in 0.02s
[INFO] [stdout] 
[INFO] [stderr]      Running unittests src/lib.rs (/opt/rustwide/target/debug/deps/gem_farm-667189cfbe8a4175)
[INFO] [stdout] 
[INFO] [stdout] running 44 tests
[INFO] [stdout] test number128::tests2::ceil_gt_one ... ok
[INFO] [stdout] test number128::tests2::ceil_of_int ... ok
[INFO] [stdout] test number128::tests2::multiply_by_u64 ... ok
[INFO] [stdout] test number128::tests2::one_divided_by_one_equals_one ... ok
[INFO] [stdout] test number128::tests2::one_equals_one ... ok
[INFO] [stdout] test number128::tests2::one_minus_one_equals_zero ... ok
[INFO] [stdout] test number128::tests2::one_times_one_equals_one ... ok
[INFO] [stdout] test number128::tests2::one_plus_one_equals_two ... ok
[INFO] [stdout] test number128::tests2::ten_div_100_equals_point_1 ... ok
[INFO] [stdout] test number128::tests2::test_add_assign ... ok
[INFO] [stdout] test number128::tests2::test_div ... ok
[INFO] [stdout] test number128::tests2::test_div_assign ... ok
[INFO] [stdout] test number128::tests2::test_mul_assign ... ok
[INFO] [stdout] test number128::tests2::test_pow_assign ... ok
[INFO] [stdout] test number128::tests2::test_sub_assign ... ok
[INFO] [stdout] test number128::tests2::zero_equals_zero ... ok
[INFO] [stdout] test number128::tests2::to_string ... ok
[INFO] [stdout] test state::farmer::tests::test_farmer_fixed_rate_reward ... ok
[INFO] [stdout] test state::farm::tests::test_time_tracker ... ok
[INFO] [stdout] test state::farm::tests::test_time_tracker_end_reward ... ok
[INFO] [stdout] test state::farm::tests::test_funds_tracker ... ok
[INFO] [stdout] test state::farmer::tests::test_farmer_reward_claim ... ok
[INFO] [stdout] test state::farmer::tests::test_farmer_reward_update_variable ... ok
[INFO] [stdout] test state::fixed_rewards::tests::test_base_reward_amounts_with_denominator ... ok
[INFO] [stdout] test state::fixed_rewards::tests::test_base_reward_amounts_with_inconvenient_denominator ... ok
[INFO] [stdout] test state::fixed_rewards::tests::test_good_schedule_invariants ... ok
[INFO] [stdout] test state::fixed_rewards::tests::test_base_reward_amounts ... ok
[INFO] [stdout] test state::fixed_rewards::tests::test_t1_reward_amounts ... ok
[INFO] [stdout] test state::farmer::tests::test_farmer_reward_update_fixed ... ok
[INFO] [stdout] test state::fixed_rewards::tests::test_t2_reward_amounts ... ok
[INFO] [stdout] test number128::tests2::ceil_lt_one ... FAILED
[INFO] [stdout] test state::fixed_rewards::tests::test_t3_reward_amounts ... ok
[INFO] [stdout] test state::variable_rewards::tests::test_accrued_reward_per_rarity_point ... ok
[INFO] [stdout] test state::variable_rewards::tests::test_fund_reward_fresh ... ok
[INFO] [stdout] test state::fixed_rewards::tests::test_base_bad_denominator - should panic ... ok
[INFO] [stdout] test state::variable_rewards::tests::test_fund_reward_merged_1 ... ok
[INFO] [stdout] test state::variable_rewards::tests::test_fund_reward_merged_2 ... ok
[INFO] [stdout] test test_id ... ok
[INFO] [stdout] test state::fixed_rewards::tests::test_t2_bad_gap - should panic ... ok
[INFO] [stdout] test state::fixed_rewards::tests::test_t2_bad_tenure - should panic ... ok
[INFO] [stdout] test state::fixed_rewards::tests::test_t3_bad_gap_t1 - should panic ... ok
[INFO] [stdout] test state::fixed_rewards::tests::test_t3_bad_gap_t2 - should panic ... ok
[INFO] [stdout] test state::fixed_rewards::tests::test_t3_bad_tenure_t3 - should panic ... ok
[INFO] [stdout] test state::fixed_rewards::tests::test_t3_bad_tenure_t2 - should panic ... ok
[INFO] [stdout] 
[INFO] [stdout] failures:
[INFO] [stdout] 
[INFO] [stdout] ---- number128::tests2::ceil_lt_one stdout ----
[INFO] [stdout] thread 'number128::tests2::ceil_lt_one' panicked at programs/gem_farm/src/number128.rs:324:9:
[INFO] [stdout] assertion `left == right` failed
[INFO] [stdout]   left: 0
[INFO] [stdout]  right: 1
[INFO] [stdout] stack backtrace:
[INFO] [stdout]    0:     0x55716a051fbc - std::backtrace_rs::backtrace::libunwind::trace::ha637c64ce894333a
[INFO] [stdout]                                at /rustc/82e1608dfa6e0b5569232559e3d385fea5a93112/library/std/src/../../backtrace/src/backtrace/libunwind.rs:104:5
[INFO] [stdout]    1:     0x55716a051fbc - std::backtrace_rs::backtrace::trace_unsynchronized::h47f62dea28e0c88d
[INFO] [stdout]                                at /rustc/82e1608dfa6e0b5569232559e3d385fea5a93112/library/std/src/../../backtrace/src/backtrace/mod.rs:66:5
[INFO] [stdout]    2:     0x55716a051fbc - std::sys_common::backtrace::_print_fmt::h9eef0abe20ede486
[INFO] [stdout]                                at /rustc/82e1608dfa6e0b5569232559e3d385fea5a93112/library/std/src/sys_common/backtrace.rs:67:5
[INFO] [stdout]    3:     0x55716a051fbc - <std::sys_common::backtrace::_print::DisplayBacktrace as core::fmt::Display>::fmt::hed7f999df88cc644
[INFO] [stdout]                                at /rustc/82e1608dfa6e0b5569232559e3d385fea5a93112/library/std/src/sys_common/backtrace.rs:44:22
[INFO] [stdout]    4:     0x55716a07bb30 - core::fmt::rt::Argument::fmt::h1539a9308b8d058d
[INFO] [stdout]                                at /rustc/82e1608dfa6e0b5569232559e3d385fea5a93112/library/core/src/fmt/rt.rs:142:9
[INFO] [stdout]    5:     0x55716a07bb30 - core::fmt::write::h3a39390d8560d9c9
[INFO] [stdout]                                at /rustc/82e1608dfa6e0b5569232559e3d385fea5a93112/library/core/src/fmt/mod.rs:1120:17
[INFO] [stdout]    6:     0x55716a04f96f - std::io::Write::write_fmt::h040b369f3a0f9cbc
[INFO] [stdout]                                at /rustc/82e1608dfa6e0b5569232559e3d385fea5a93112/library/std/src/io/mod.rs:1762:15
[INFO] [stdout]    7:     0x55716a051da4 - std::sys_common::backtrace::_print::h894006fb5c6f3d45
[INFO] [stdout]                                at /rustc/82e1608dfa6e0b5569232559e3d385fea5a93112/library/std/src/sys_common/backtrace.rs:47:5
[INFO] [stdout]    8:     0x55716a051da4 - std::sys_common::backtrace::print::h23a2d212c6fff936
[INFO] [stdout]                                at /rustc/82e1608dfa6e0b5569232559e3d385fea5a93112/library/std/src/sys_common/backtrace.rs:34:9
[INFO] [stdout]    9:     0x55716a053a67 - std::panicking::default_hook::{{closure}}::h8a1d2ee00185001a
[INFO] [stdout]   10:     0x55716a053753 - std::panicking::default_hook::h6038f2eba384e475
[INFO] [stdout]                                at /rustc/82e1608dfa6e0b5569232559e3d385fea5a93112/library/std/src/panicking.rs:289:9
[INFO] [stdout]   11:     0x55716a011ae7 - <alloc::boxed::Box<F,A> as core::ops::function::Fn<Args>>::call::h0ad024c9bdc6d768
[INFO] [stdout]                                at /rustc/82e1608dfa6e0b5569232559e3d385fea5a93112/library/alloc/src/boxed.rs:2021:9
[INFO] [stdout]   12:     0x55716a011ae7 - test::test_main::{{closure}}::h7500b54257359db6
[INFO] [stdout]                                at /rustc/82e1608dfa6e0b5569232559e3d385fea5a93112/library/test/src/lib.rs:138:21
[INFO] [stdout]   13:     0x55716a054078 - <alloc::boxed::Box<F,A> as core::ops::function::Fn<Args>>::call::h1f8f335eaa9cfaee
[INFO] [stdout]                                at /rustc/82e1608dfa6e0b5569232559e3d385fea5a93112/library/alloc/src/boxed.rs:2021:9
[INFO] [stdout]   14:     0x55716a054078 - std::panicking::rust_panic_with_hook::h2b5517d590cab22e
[INFO] [stdout]                                at /rustc/82e1608dfa6e0b5569232559e3d385fea5a93112/library/std/src/panicking.rs:783:13
[INFO] [stdout]   15:     0x55716a053dce - std::panicking::begin_panic_handler::{{closure}}::h233112c06e0ef43e
[INFO] [stdout]                                at /rustc/82e1608dfa6e0b5569232559e3d385fea5a93112/library/std/src/panicking.rs:657:13
[INFO] [stdout]   16:     0x55716a052486 - std::sys_common::backtrace::__rust_end_short_backtrace::h6e893f24d7ebbff8
[INFO] [stdout]                                at /rustc/82e1608dfa6e0b5569232559e3d385fea5a93112/library/std/src/sys_common/backtrace.rs:170:18
[INFO] [stdout]   17:     0x55716a053b32 - rust_begin_unwind
[INFO] [stdout]                                at /rustc/82e1608dfa6e0b5569232559e3d385fea5a93112/library/std/src/panicking.rs:645:5
[INFO] [stdout]   18:     0x557169fc8cf5 - core::panicking::panic_fmt::hbf0e066aabfa482c
[INFO] [stdout]                                at /rustc/82e1608dfa6e0b5569232559e3d385fea5a93112/library/core/src/panicking.rs:72:14
[INFO] [stdout]   19:     0x557169fc910b - core::panicking::assert_failed_inner::h0bba8b7c26ee4492
[INFO] [stdout]   20:     0x55716a02a44e - core::panicking::assert_failed::h35964bb1eb1fe065
[INFO] [stdout]                                at /rustc/82e1608dfa6e0b5569232559e3d385fea5a93112/library/core/src/panicking.rs:279:5
[INFO] [stdout]   21:     0x557169fd6b33 - gem_farm::number128::tests2::ceil_lt_one::h5545783cee0e4e94
[INFO] [stdout]                                at /opt/rustwide/workdir/programs/gem_farm/src/number128.rs:324:9
[INFO] [stdout]   22:     0x557169fd6967 - gem_farm::number128::tests2::ceil_lt_one::{{closure}}::he596510ef6d6796d
[INFO] [stdout]                                at /opt/rustwide/workdir/programs/gem_farm/src/number128.rs:317:21
[INFO] [stdout]   23:     0x557169fcea36 - core::ops::function::FnOnce::call_once::h73c418c31526fd8b
[INFO] [stdout]                                at /rustc/82e1608dfa6e0b5569232559e3d385fea5a93112/library/core/src/ops/function.rs:250:5
[INFO] [stdout]   24:     0x55716a01713f - core::ops::function::FnOnce::call_once::h2b5d431d5046312d
[INFO] [stdout]                                at /rustc/82e1608dfa6e0b5569232559e3d385fea5a93112/library/core/src/ops/function.rs:250:5
[INFO] [stdout]   25:     0x55716a01713f - test::__rust_begin_short_backtrace::h7714669af176e207
[INFO] [stdout]                                at /rustc/82e1608dfa6e0b5569232559e3d385fea5a93112/library/test/src/lib.rs:628:18
[INFO] [stdout]   26:     0x55716a016155 - test::run_test_in_process::{{closure}}::h85218797dcbcec12
[INFO] [stdout]                                at /rustc/82e1608dfa6e0b5569232559e3d385fea5a93112/library/test/src/lib.rs:651:60
[INFO] [stdout]   27:     0x55716a016155 - <core::panic::unwind_safe::AssertUnwindSafe<F> as core::ops::function::FnOnce<()>>::call_once::h76c106ea31c14d7b
[INFO] [stdout]                                at /rustc/82e1608dfa6e0b5569232559e3d385fea5a93112/library/core/src/panic/unwind_safe.rs:272:9
[INFO] [stdout]   28:     0x55716a016155 - std::panicking::try::do_call::h3bd5d0f6620ee946
[INFO] [stdout]                                at /rustc/82e1608dfa6e0b5569232559e3d385fea5a93112/library/std/src/panicking.rs:552:40
[INFO] [stdout]   29:     0x55716a016155 - std::panicking::try::h232e535e4744fe31
[INFO] [stdout]                                at /rustc/82e1608dfa6e0b5569232559e3d385fea5a93112/library/std/src/panicking.rs:516:19
[INFO] [stdout]   30:     0x55716a016155 - std::panic::catch_unwind::h3ce3bd6ca8dbac68
[INFO] [stdout]                                at /rustc/82e1608dfa6e0b5569232559e3d385fea5a93112/library/std/src/panic.rs:142:14
[INFO] [stdout]   31:     0x55716a016155 - test::run_test_in_process::hc97b257c9621286a
[INFO] [stdout]                                at /rustc/82e1608dfa6e0b5569232559e3d385fea5a93112/library/test/src/lib.rs:651:27
[INFO] [stdout]   32:     0x55716a016155 - test::run_test::{{closure}}::h2aa798823a438d38
[INFO] [stdout]                                at /rustc/82e1608dfa6e0b5569232559e3d385fea5a93112/library/test/src/lib.rs:574:43
[INFO] [stdout]   33:     0x557169fde416 - test::run_test::{{closure}}::h87d231c78fb59832
[INFO] [stdout]                                at /rustc/82e1608dfa6e0b5569232559e3d385fea5a93112/library/test/src/lib.rs:602:41
[INFO] [stdout]   34:     0x557169fde416 - std::sys_common::backtrace::__rust_begin_short_backtrace::he6df152596625789
[INFO] [stdout]                                at /rustc/82e1608dfa6e0b5569232559e3d385fea5a93112/library/std/src/sys_common/backtrace.rs:154:18
[INFO] [stdout]   35:     0x557169fe34c7 - std::thread::Builder::spawn_unchecked_::{{closure}}::{{closure}}::ha94be15d1e0acf36
[INFO] [stdout]                                at /rustc/82e1608dfa6e0b5569232559e3d385fea5a93112/library/std/src/thread/mod.rs:529:17
[INFO] [stdout]   36:     0x557169fe34c7 - <core::panic::unwind_safe::AssertUnwindSafe<F> as core::ops::function::FnOnce<()>>::call_once::h9dc6bd6372f16606
[INFO] [stdout]                                at /rustc/82e1608dfa6e0b5569232559e3d385fea5a93112/library/core/src/panic/unwind_safe.rs:272:9
[INFO] [stdout]   37:     0x557169fe34c7 - std::panicking::try::do_call::h9057517f80303cd4
[INFO] [stdout]                                at /rustc/82e1608dfa6e0b5569232559e3d385fea5a93112/library/std/src/panicking.rs:552:40
[INFO] [stdout]   38:     0x557169fe34c7 - std::panicking::try::he3a30b11ee45340c
[INFO] [stdout]                                at /rustc/82e1608dfa6e0b5569232559e3d385fea5a93112/library/std/src/panicking.rs:516:19
[INFO] [stdout]   39:     0x557169fe34c7 - std::panic::catch_unwind::h410458cfd3528b8b
[INFO] [stdout]                                at /rustc/82e1608dfa6e0b5569232559e3d385fea5a93112/library/std/src/panic.rs:142:14
[INFO] [stdout]   40:     0x557169fe34c7 - std::thread::Builder::spawn_unchecked_::{{closure}}::h72ac3bdb567b737b
[INFO] [stdout]                                at /rustc/82e1608dfa6e0b5569232559e3d385fea5a93112/library/std/src/thread/mod.rs:528:30
[INFO] [stdout]   41:     0x557169fe34c7 - core::ops::function::FnOnce::call_once{{vtable.shim}}::h38f34da3654a8344
[INFO] [stdout]                                at /rustc/82e1608dfa6e0b5569232559e3d385fea5a93112/library/core/src/ops/function.rs:250:5
[INFO] [stdout]   42:     0x55716a058b05 - <alloc::boxed::Box<F,A> as core::ops::function::FnOnce<Args>>::call_once::hc7eafaff61e32df9
[INFO] [stdout]                                at /rustc/82e1608dfa6e0b5569232559e3d385fea5a93112/library/alloc/src/boxed.rs:2007:9
[INFO] [stdout]   43:     0x55716a058b05 - <alloc::boxed::Box<F,A> as core::ops::function::FnOnce<Args>>::call_once::h6ba4a5de48dd2304
[INFO] [stdout]                                at /rustc/82e1608dfa6e0b5569232559e3d385fea5a93112/library/alloc/src/boxed.rs:2007:9
[INFO] [stdout]   44:     0x55716a058b05 - std::sys::unix::thread::Thread::new::thread_start::he469335aef763e45
[INFO] [stdout]                                at /rustc/82e1608dfa6e0b5569232559e3d385fea5a93112/library/std/src/sys/unix/thread.rs:108:17
[INFO] [stdout]   45:     0x7f085ee9aac3 - <unknown>
[INFO] [stdout]   46:     0x7f085ef2bbf4 - __clone
[INFO] [stdout]   47:                0x0 - <unknown>
[INFO] [stdout] 
[INFO] [stdout] 
[INFO] [stdout] failures:
[INFO] [stdout]     number128::tests2::ceil_lt_one
[INFO] [stdout] 
[INFO] [stdout] test result: FAILED. 43 passed; 1 failed; 0 ignored; 0 measured; 0 filtered out; finished in 0.03s
[INFO] [stdout] 
[INFO] [stderr] error: test failed, to rerun pass `-p gem_farm --lib`
[INFO] running `Command { std: "docker" "inspect" "6c77c4bb00d312741316782f0aa69477abfa40700c05ed0f42bad09517e2e72b", kill_on_drop: false }`
[INFO] running `Command { std: "docker" "rm" "-f" "6c77c4bb00d312741316782f0aa69477abfa40700c05ed0f42bad09517e2e72b", kill_on_drop: false }`
[INFO] [stdout] 6c77c4bb00d312741316782f0aa69477abfa40700c05ed0f42bad09517e2e72b
