[INFO] cloning repository https://github.com/SpecialMike/nes_rs
[INFO] running `Command { std: "git" "-c" "credential.helper=" "-c" "credential.helper=/workspace/cargo-home/bin/git-credential-null" "clone" "--bare" "https://github.com/SpecialMike/nes_rs" "/workspace/cache/git-repos/https%3A%2F%2Fgithub.com%2FSpecialMike%2Fnes_rs", kill_on_drop: false }`
[INFO] [stderr] Cloning into bare repository '/workspace/cache/git-repos/https%3A%2F%2Fgithub.com%2FSpecialMike%2Fnes_rs'...
[INFO] running `Command { std: "git" "rev-parse" "HEAD", kill_on_drop: false }`
[INFO] [stdout] 1780d7c49c3bbeb436d1544bc7f2d99969fdfbb6
[INFO] testing SpecialMike/nes_rs against 1.75.0 for beta-1.76-1
[INFO] running `Command { std: "git" "clone" "/workspace/cache/git-repos/https%3A%2F%2Fgithub.com%2FSpecialMike%2Fnes_rs" "/workspace/builds/worker-2-tc1/source", kill_on_drop: false }`
[INFO] [stderr] Cloning into '/workspace/builds/worker-2-tc1/source'...
[INFO] [stderr] done.
[INFO] validating manifest of git repo https://github.com/SpecialMike/nes_rs on toolchain 1.75.0
[INFO] running `Command { std: CARGO_HOME="/workspace/cargo-home" RUSTUP_HOME="/workspace/rustup-home" "/workspace/cargo-home/bin/cargo" "+1.75.0" "metadata" "--manifest-path" "Cargo.toml" "--no-deps", kill_on_drop: false }`
[INFO] started tweaking git repo https://github.com/SpecialMike/nes_rs
[INFO] finished tweaking git repo https://github.com/SpecialMike/nes_rs
[INFO] tweaked toml for git repo https://github.com/SpecialMike/nes_rs written to /workspace/builds/worker-2-tc1/source/Cargo.toml
[INFO] crate git repo https://github.com/SpecialMike/nes_rs already has a lockfile, it will not be regenerated
[INFO] running `Command { std: CARGO_HOME="/workspace/cargo-home" RUSTUP_HOME="/workspace/rustup-home" "/workspace/cargo-home/bin/cargo" "+1.75.0" "fetch" "--manifest-path" "Cargo.toml", kill_on_drop: false }`
[INFO] running `Command { std: "docker" "create" "-v" "/var/lib/crater-agent-workspace/builds/worker-2-tc1/target:/opt/rustwide/target:rw,Z" "-v" "/var/lib/crater-agent-workspace/builds/worker-2-tc1/source:/opt/rustwide/workdir:ro,Z" "-v" "/var/lib/crater-agent-workspace/cargo-home:/opt/rustwide/cargo-home:ro,Z" "-v" "/var/lib/crater-agent-workspace/rustup-home:/opt/rustwide/rustup-home:ro,Z" "-e" "SOURCE_DIR=/opt/rustwide/workdir" "-e" "CARGO_TARGET_DIR=/opt/rustwide/target" "-e" "CARGO_HOME=/opt/rustwide/cargo-home" "-e" "RUSTUP_HOME=/opt/rustwide/rustup-home" "-w" "/opt/rustwide/workdir" "-m" "1610612736" "--user" "0:0" "--network" "none" "ghcr.io/rust-lang/crates-build-env/linux@sha256:2788e3201cd34a07e3172128adcd8b3090168a8e3bcc40d7c032b9dda1df7d1c" "/opt/rustwide/cargo-home/bin/cargo" "+1.75.0" "metadata" "--no-deps" "--format-version=1", kill_on_drop: false }`
[INFO] [stdout] 4e11d58019f94b7251c43ce301eb71b5313ac0eb138fb229b0c9b124fb7ffcd5
[INFO] running `Command { std: "docker" "start" "-a" "4e11d58019f94b7251c43ce301eb71b5313ac0eb138fb229b0c9b124fb7ffcd5", kill_on_drop: false }`
[INFO] running `Command { std: "docker" "inspect" "4e11d58019f94b7251c43ce301eb71b5313ac0eb138fb229b0c9b124fb7ffcd5", kill_on_drop: false }`
[INFO] running `Command { std: "docker" "rm" "-f" "4e11d58019f94b7251c43ce301eb71b5313ac0eb138fb229b0c9b124fb7ffcd5", kill_on_drop: false }`
[INFO] [stdout] 4e11d58019f94b7251c43ce301eb71b5313ac0eb138fb229b0c9b124fb7ffcd5
[INFO] running `Command { std: "docker" "create" "-v" "/var/lib/crater-agent-workspace/builds/worker-2-tc1/target:/opt/rustwide/target:rw,Z" "-v" "/var/lib/crater-agent-workspace/builds/worker-2-tc1/source:/opt/rustwide/workdir:ro,Z" "-v" "/var/lib/crater-agent-workspace/cargo-home:/opt/rustwide/cargo-home:ro,Z" "-v" "/var/lib/crater-agent-workspace/rustup-home:/opt/rustwide/rustup-home:ro,Z" "-e" "SOURCE_DIR=/opt/rustwide/workdir" "-e" "CARGO_TARGET_DIR=/opt/rustwide/target" "-e" "CARGO_INCREMENTAL=0" "-e" "RUST_BACKTRACE=full" "-e" "RUSTFLAGS=--cap-lints=warn" "-e" "RUSTDOCFLAGS=--cap-lints=warn" "-e" "CARGO_HOME=/opt/rustwide/cargo-home" "-e" "RUSTUP_HOME=/opt/rustwide/rustup-home" "-w" "/opt/rustwide/workdir" "-m" "1610612736" "--user" "0:0" "--network" "none" "ghcr.io/rust-lang/crates-build-env/linux@sha256:2788e3201cd34a07e3172128adcd8b3090168a8e3bcc40d7c032b9dda1df7d1c" "/opt/rustwide/cargo-home/bin/cargo" "+1.75.0" "build" "--frozen" "--message-format=json", kill_on_drop: false }`
[INFO] [stdout] 05248a4d1702423dab32d5a468626103f9c9bb58f4fe4a5ca72328af187b6891
[INFO] running `Command { std: "docker" "start" "-a" "05248a4d1702423dab32d5a468626103f9c9bb58f4fe4a5ca72328af187b6891", kill_on_drop: false }`
[INFO] [stderr]    Compiling nes_rs v0.1.0 (/opt/rustwide/workdir)
[INFO] [stdout] warning: variant `m` should have an upper camel case name
[INFO] [stdout]   --> src/ppu.rs:65:2
[INFO] [stdout]    |
[INFO] [stdout] 65 |     m,
[INFO] [stdout]    |     ^ help: convert the identifier to upper camel case: `M`
[INFO] [stdout]    |
[INFO] [stdout]    = note: `#[warn(non_camel_case_types)]` on by default
[INFO] [stdout] 
[INFO] [stdout] 
[INFO] [stdout] warning: variant `b` should have an upper camel case name
[INFO] [stdout]   --> src/ppu.rs:71:2
[INFO] [stdout]    |
[INFO] [stdout] 71 |     b,
[INFO] [stdout]    |     ^ help: convert the identifier to upper camel case: `B`
[INFO] [stdout] 
[INFO] [stdout] 
[INFO] [stdout] warning: variant `s` should have an upper camel case name
[INFO] [stdout]   --> src/ppu.rs:74:2
[INFO] [stdout]    |
[INFO] [stdout] 74 |     s,
[INFO] [stdout]    |     ^ help: convert the identifier to upper camel case (notice the capitalization): `S`
[INFO] [stdout] 
[INFO] [stdout] 
[INFO] [stdout] warning: variant `emphasize_R` should have an upper camel case name
[INFO] [stdout]   --> src/ppu.rs:76:2
[INFO] [stdout]    |
[INFO] [stdout] 76 |     emphasize_R,
[INFO] [stdout]    |     ^^^^^^^^^^^ help: convert the identifier to upper camel case: `EmphasizeR`
[INFO] [stdout] 
[INFO] [stdout] 
[INFO] [stdout] warning: variant `emphasize_G` should have an upper camel case name
[INFO] [stdout]   --> src/ppu.rs:77:2
[INFO] [stdout]    |
[INFO] [stdout] 77 |     emphasize_G,
[INFO] [stdout]    |     ^^^^^^^^^^^ help: convert the identifier to upper camel case: `EmphasizeG`
[INFO] [stdout] 
[INFO] [stdout] 
[INFO] [stdout] warning: variant `emphasize_B` should have an upper camel case name
[INFO] [stdout]   --> src/ppu.rs:78:2
[INFO] [stdout]    |
[INFO] [stdout] 78 |     emphasize_B,
[INFO] [stdout]    |     ^^^^^^^^^^^ help: convert the identifier to upper camel case: `EmphasizeB`
[INFO] [stdout] 
[INFO] [stdout] 
[INFO] [stdout] warning: unused variable: `data`
[INFO] [stdout]    --> src/ppu.rs:101:45
[INFO] [stdout]     |
[INFO] [stdout] 101 |     pub fn write_u8(&mut self, address: usize, data: u8){
[INFO] [stdout]     |                                                ^^^^ help: if this is intentional, prefix it with an underscore: `_data`
[INFO] [stdout]     |
[INFO] [stdout]     = note: `#[warn(unused_variables)]` on by default
[INFO] [stdout] 
[INFO] [stdout] 
[INFO] [stdout] warning: variant `UNROM` is never constructed
[INFO] [stdout]  --> src/mapper.rs:7:5
[INFO] [stdout]   |
[INFO] [stdout] 5 | enum Type {
[INFO] [stdout]   |      ---- variant in this enum
[INFO] [stdout] 6 |     NROM = 0,
[INFO] [stdout] 7 |     UNROM,
[INFO] [stdout]   |     ^^^^^
[INFO] [stdout]   |
[INFO] [stdout]   = note: `#[warn(dead_code)]` on by default
[INFO] [stdout] 
[INFO] [stdout] 
[INFO] [stdout] warning: enum `Flags6` is never used
[INFO] [stdout]   --> src/mapper.rs:10:6
[INFO] [stdout]    |
[INFO] [stdout] 10 | enum Flags6 {
[INFO] [stdout]    |      ^^^^^^
[INFO] [stdout] 
[INFO] [stdout] 
[INFO] [stdout] warning: enum `Flags7` is never used
[INFO] [stdout]   --> src/mapper.rs:30:6
[INFO] [stdout]    |
[INFO] [stdout] 30 | enum Flags7 {
[INFO] [stdout]    |      ^^^^^^
[INFO] [stdout] 
[INFO] [stdout] 
[INFO] [stdout] warning: multiple fields are never read
[INFO] [stdout]   --> src/mapper.rs:49:5
[INFO] [stdout]    |
[INFO] [stdout] 48 | pub struct Mapper {
[INFO] [stdout]    |            ------ fields in this struct
[INFO] [stdout] 49 |     mapper_type: Type,
[INFO] [stdout]    |     ^^^^^^^^^^^
[INFO] [stdout] 50 |     mapper_number: u16,
[INFO] [stdout]    |     ^^^^^^^^^^^^^
[INFO] [stdout] 51 |     prg_rom_size: usize,
[INFO] [stdout] 52 |     chr_rom_size: usize,
[INFO] [stdout]    |     ^^^^^^^^^^^^
[INFO] [stdout] 53 |     sub_mapper_number: u8,
[INFO] [stdout]    |     ^^^^^^^^^^^^^^^^^
[INFO] [stdout] 54 |     prg_ram_size: usize,
[INFO] [stdout] 55 |     nv_ram_size: usize,
[INFO] [stdout]    |     ^^^^^^^^^^^
[INFO] [stdout] 56 |     chr_ram_size: usize,
[INFO] [stdout]    |     ^^^^^^^^^^^^
[INFO] [stdout] 57 |     chr_nv_ram_size: usize,
[INFO] [stdout]    |     ^^^^^^^^^^^^^^^
[INFO] [stdout] 58 |     timing_mode: TimingMode,
[INFO] [stdout]    |     ^^^^^^^^^^^
[INFO] [stdout] 59 |     num_misc_roms: u8,
[INFO] [stdout]    |     ^^^^^^^^^^^^^
[INFO] [stdout] 60 |     default_expansion_device: u8,
[INFO] [stdout]    |     ^^^^^^^^^^^^^^^^^^^^^^^^
[INFO] [stdout] ...
[INFO] [stdout] 63 |     chr_ram: Vec<u8>,
[INFO] [stdout]    |     ^^^^^^^
[INFO] [stdout] 64 |     prg_rom: Vec<u8>,
[INFO] [stdout] 65 |     chr_rom: Vec<u8>,
[INFO] [stdout]    |     ^^^^^^^
[INFO] [stdout] 
[INFO] [stdout] 
[INFO] [stdout] warning: enum `PPUControlFlags` is never used
[INFO] [stdout]   --> src/ppu.rs:34:6
[INFO] [stdout]    |
[INFO] [stdout] 34 | enum PPUControlFlags {
[INFO] [stdout]    |      ^^^^^^^^^^^^^^^
[INFO] [stdout] 
[INFO] [stdout] 
[INFO] [stdout] warning: enum `PPUMask` is never used
[INFO] [stdout]   --> src/ppu.rs:59:6
[INFO] [stdout]    |
[INFO] [stdout] 59 | enum PPUMask {
[INFO] [stdout]    |      ^^^^^^^
[INFO] [stdout] 
[INFO] [stdout] 
[INFO] [stdout] warning: enum `PPUStatus` is never used
[INFO] [stdout]   --> src/ppu.rs:81:6
[INFO] [stdout]    |
[INFO] [stdout] 81 | enum PPUStatus {
[INFO] [stdout]    |      ^^^^^^^^^
[INFO] [stdout] 
[INFO] [stdout] 
[INFO] [stdout] warning: method `write_u8` is never used
[INFO] [stdout]    --> src/ppu.rs:101:9
[INFO] [stdout]     |
[INFO] [stdout] 100 | impl PPU {
[INFO] [stdout]     | -------- method in this implementation
[INFO] [stdout] 101 |     pub fn write_u8(&mut self, address: usize, data: u8){
[INFO] [stdout]     |            ^^^^^^^^
[INFO] [stdout] 
[INFO] [stdout] 
[INFO] [stdout] warning: 15 warnings emitted
[INFO] [stdout] 
[INFO] [stdout] 
[INFO] [stderr]     Finished dev [unoptimized + debuginfo] target(s) in 0.62s
[INFO] running `Command { std: "docker" "inspect" "05248a4d1702423dab32d5a468626103f9c9bb58f4fe4a5ca72328af187b6891", kill_on_drop: false }`
[INFO] running `Command { std: "docker" "rm" "-f" "05248a4d1702423dab32d5a468626103f9c9bb58f4fe4a5ca72328af187b6891", kill_on_drop: false }`
[INFO] [stdout] 05248a4d1702423dab32d5a468626103f9c9bb58f4fe4a5ca72328af187b6891
[INFO] running `Command { std: "docker" "create" "-v" "/var/lib/crater-agent-workspace/builds/worker-2-tc1/target:/opt/rustwide/target:rw,Z" "-v" "/var/lib/crater-agent-workspace/builds/worker-2-tc1/source:/opt/rustwide/workdir:ro,Z" "-v" "/var/lib/crater-agent-workspace/cargo-home:/opt/rustwide/cargo-home:ro,Z" "-v" "/var/lib/crater-agent-workspace/rustup-home:/opt/rustwide/rustup-home:ro,Z" "-e" "SOURCE_DIR=/opt/rustwide/workdir" "-e" "CARGO_TARGET_DIR=/opt/rustwide/target" "-e" "CARGO_INCREMENTAL=0" "-e" "RUST_BACKTRACE=full" "-e" "RUSTFLAGS=--cap-lints=warn" "-e" "RUSTDOCFLAGS=--cap-lints=warn" "-e" "CARGO_HOME=/opt/rustwide/cargo-home" "-e" "RUSTUP_HOME=/opt/rustwide/rustup-home" "-w" "/opt/rustwide/workdir" "-m" "1610612736" "--user" "0:0" "--network" "none" "ghcr.io/rust-lang/crates-build-env/linux@sha256:2788e3201cd34a07e3172128adcd8b3090168a8e3bcc40d7c032b9dda1df7d1c" "/opt/rustwide/cargo-home/bin/cargo" "+1.75.0" "test" "--frozen" "--no-run" "--message-format=json", kill_on_drop: false }`
[INFO] [stdout] 66aeaef59622c7fabc7b66e6040eb6982349402cce4725ef08bffd5d32c41e75
[INFO] running `Command { std: "docker" "start" "-a" "66aeaef59622c7fabc7b66e6040eb6982349402cce4725ef08bffd5d32c41e75", kill_on_drop: false }`
[INFO] [stderr]    Compiling nes_rs v0.1.0 (/opt/rustwide/workdir)
[INFO] [stdout] warning: variant `m` should have an upper camel case name
[INFO] [stdout]   --> src/ppu.rs:65:2
[INFO] [stdout]    |
[INFO] [stdout] 65 |     m,
[INFO] [stdout]    |     ^ help: convert the identifier to upper camel case: `M`
[INFO] [stdout]    |
[INFO] [stdout]    = note: `#[warn(non_camel_case_types)]` on by default
[INFO] [stdout] 
[INFO] [stdout] 
[INFO] [stdout] warning: variant `b` should have an upper camel case name
[INFO] [stdout]   --> src/ppu.rs:71:2
[INFO] [stdout]    |
[INFO] [stdout] 71 |     b,
[INFO] [stdout]    |     ^ help: convert the identifier to upper camel case: `B`
[INFO] [stdout] 
[INFO] [stdout] 
[INFO] [stdout] warning: variant `s` should have an upper camel case name
[INFO] [stdout]   --> src/ppu.rs:74:2
[INFO] [stdout]    |
[INFO] [stdout] 74 |     s,
[INFO] [stdout]    |     ^ help: convert the identifier to upper camel case (notice the capitalization): `S`
[INFO] [stdout] 
[INFO] [stdout] 
[INFO] [stdout] warning: variant `emphasize_R` should have an upper camel case name
[INFO] [stdout]   --> src/ppu.rs:76:2
[INFO] [stdout]    |
[INFO] [stdout] 76 |     emphasize_R,
[INFO] [stdout]    |     ^^^^^^^^^^^ help: convert the identifier to upper camel case: `EmphasizeR`
[INFO] [stdout] 
[INFO] [stdout] 
[INFO] [stdout] warning: variant `emphasize_G` should have an upper camel case name
[INFO] [stdout]   --> src/ppu.rs:77:2
[INFO] [stdout]    |
[INFO] [stdout] 77 |     emphasize_G,
[INFO] [stdout]    |     ^^^^^^^^^^^ help: convert the identifier to upper camel case: `EmphasizeG`
[INFO] [stdout] 
[INFO] [stdout] 
[INFO] [stdout] warning: variant `emphasize_B` should have an upper camel case name
[INFO] [stdout]   --> src/ppu.rs:78:2
[INFO] [stdout]    |
[INFO] [stdout] 78 |     emphasize_B,
[INFO] [stdout]    |     ^^^^^^^^^^^ help: convert the identifier to upper camel case: `EmphasizeB`
[INFO] [stdout] 
[INFO] [stdout] 
[INFO] [stdout] warning: unused variable: `data`
[INFO] [stdout]    --> src/ppu.rs:101:45
[INFO] [stdout]     |
[INFO] [stdout] 101 |     pub fn write_u8(&mut self, address: usize, data: u8){
[INFO] [stdout]     |                                                ^^^^ help: if this is intentional, prefix it with an underscore: `_data`
[INFO] [stdout]     |
[INFO] [stdout]     = note: `#[warn(unused_variables)]` on by default
[INFO] [stdout] 
[INFO] [stdout] 
[INFO] [stdout] warning: variant `UNROM` is never constructed
[INFO] [stdout]  --> src/mapper.rs:7:5
[INFO] [stdout]   |
[INFO] [stdout] 5 | enum Type {
[INFO] [stdout]   |      ---- variant in this enum
[INFO] [stdout] 6 |     NROM = 0,
[INFO] [stdout] 7 |     UNROM,
[INFO] [stdout]   |     ^^^^^
[INFO] [stdout]   |
[INFO] [stdout]   = note: `#[warn(dead_code)]` on by default
[INFO] [stdout] 
[INFO] [stdout] 
[INFO] [stdout] warning: enum `Flags6` is never used
[INFO] [stdout]   --> src/mapper.rs:10:6
[INFO] [stdout]    |
[INFO] [stdout] 10 | enum Flags6 {
[INFO] [stdout]    |      ^^^^^^
[INFO] [stdout] 
[INFO] [stdout] 
[INFO] [stdout] warning: enum `Flags7` is never used
[INFO] [stdout]   --> src/mapper.rs:30:6
[INFO] [stdout]    |
[INFO] [stdout] 30 | enum Flags7 {
[INFO] [stdout]    |      ^^^^^^
[INFO] [stdout] 
[INFO] [stdout] 
[INFO] [stdout] warning: multiple fields are never read
[INFO] [stdout]   --> src/mapper.rs:49:5
[INFO] [stdout]    |
[INFO] [stdout] 48 | pub struct Mapper {
[INFO] [stdout]    |            ------ fields in this struct
[INFO] [stdout] 49 |     mapper_type: Type,
[INFO] [stdout]    |     ^^^^^^^^^^^
[INFO] [stdout] 50 |     mapper_number: u16,
[INFO] [stdout]    |     ^^^^^^^^^^^^^
[INFO] [stdout] 51 |     prg_rom_size: usize,
[INFO] [stdout] 52 |     chr_rom_size: usize,
[INFO] [stdout]    |     ^^^^^^^^^^^^
[INFO] [stdout] 53 |     sub_mapper_number: u8,
[INFO] [stdout]    |     ^^^^^^^^^^^^^^^^^
[INFO] [stdout] 54 |     prg_ram_size: usize,
[INFO] [stdout] 55 |     nv_ram_size: usize,
[INFO] [stdout]    |     ^^^^^^^^^^^
[INFO] [stdout] 56 |     chr_ram_size: usize,
[INFO] [stdout]    |     ^^^^^^^^^^^^
[INFO] [stdout] 57 |     chr_nv_ram_size: usize,
[INFO] [stdout]    |     ^^^^^^^^^^^^^^^
[INFO] [stdout] 58 |     timing_mode: TimingMode,
[INFO] [stdout]    |     ^^^^^^^^^^^
[INFO] [stdout] 59 |     num_misc_roms: u8,
[INFO] [stdout]    |     ^^^^^^^^^^^^^
[INFO] [stdout] 60 |     default_expansion_device: u8,
[INFO] [stdout]    |     ^^^^^^^^^^^^^^^^^^^^^^^^
[INFO] [stdout] ...
[INFO] [stdout] 63 |     chr_ram: Vec<u8>,
[INFO] [stdout]    |     ^^^^^^^
[INFO] [stdout] 64 |     prg_rom: Vec<u8>,
[INFO] [stdout] 65 |     chr_rom: Vec<u8>,
[INFO] [stdout]    |     ^^^^^^^
[INFO] [stdout] 
[INFO] [stdout] 
[INFO] [stdout] warning: enum `PPUControlFlags` is never used
[INFO] [stdout]   --> src/ppu.rs:34:6
[INFO] [stdout]    |
[INFO] [stdout] 34 | enum PPUControlFlags {
[INFO] [stdout]    |      ^^^^^^^^^^^^^^^
[INFO] [stdout] 
[INFO] [stdout] 
[INFO] [stdout] warning: enum `PPUMask` is never used
[INFO] [stdout]   --> src/ppu.rs:59:6
[INFO] [stdout]    |
[INFO] [stdout] 59 | enum PPUMask {
[INFO] [stdout]    |      ^^^^^^^
[INFO] [stdout] 
[INFO] [stdout] 
[INFO] [stdout] warning: enum `PPUStatus` is never used
[INFO] [stdout]   --> src/ppu.rs:81:6
[INFO] [stdout]    |
[INFO] [stdout] 81 | enum PPUStatus {
[INFO] [stdout]    |      ^^^^^^^^^
[INFO] [stdout] 
[INFO] [stdout] 
[INFO] [stdout] warning: method `write_u8` is never used
[INFO] [stdout]    --> src/ppu.rs:101:9
[INFO] [stdout]     |
[INFO] [stdout] 100 | impl PPU {
[INFO] [stdout]     | -------- method in this implementation
[INFO] [stdout] 101 |     pub fn write_u8(&mut self, address: usize, data: u8){
[INFO] [stdout]     |            ^^^^^^^^
[INFO] [stdout] 
[INFO] [stdout] 
[INFO] [stdout] warning: 15 warnings emitted
[INFO] [stdout] 
[INFO] [stdout] 
[INFO] [stderr]     Finished test [unoptimized + debuginfo] target(s) in 0.58s
[INFO] running `Command { std: "docker" "inspect" "66aeaef59622c7fabc7b66e6040eb6982349402cce4725ef08bffd5d32c41e75", kill_on_drop: false }`
[INFO] running `Command { std: "docker" "rm" "-f" "66aeaef59622c7fabc7b66e6040eb6982349402cce4725ef08bffd5d32c41e75", kill_on_drop: false }`
[INFO] [stdout] 66aeaef59622c7fabc7b66e6040eb6982349402cce4725ef08bffd5d32c41e75
[INFO] running `Command { std: "docker" "create" "-v" "/var/lib/crater-agent-workspace/builds/worker-2-tc1/target:/opt/rustwide/target:rw,Z" "-v" "/var/lib/crater-agent-workspace/builds/worker-2-tc1/source:/opt/rustwide/workdir:ro,Z" "-v" "/var/lib/crater-agent-workspace/cargo-home:/opt/rustwide/cargo-home:ro,Z" "-v" "/var/lib/crater-agent-workspace/rustup-home:/opt/rustwide/rustup-home:ro,Z" "-e" "SOURCE_DIR=/opt/rustwide/workdir" "-e" "CARGO_TARGET_DIR=/opt/rustwide/target" "-e" "CARGO_INCREMENTAL=0" "-e" "RUST_BACKTRACE=full" "-e" "RUSTFLAGS=--cap-lints=warn" "-e" "RUSTDOCFLAGS=--cap-lints=warn" "-e" "CARGO_HOME=/opt/rustwide/cargo-home" "-e" "RUSTUP_HOME=/opt/rustwide/rustup-home" "-w" "/opt/rustwide/workdir" "-m" "1610612736" "--user" "0:0" "--network" "none" "ghcr.io/rust-lang/crates-build-env/linux@sha256:2788e3201cd34a07e3172128adcd8b3090168a8e3bcc40d7c032b9dda1df7d1c" "/opt/rustwide/cargo-home/bin/cargo" "+1.75.0" "test" "--frozen", kill_on_drop: false }`
[INFO] [stdout] 088b3002906b6536c48c850e4845364edf140f97c41f19498d549da3ebe78a47
[INFO] running `Command { std: "docker" "start" "-a" "088b3002906b6536c48c850e4845364edf140f97c41f19498d549da3ebe78a47", kill_on_drop: false }`
[INFO] [stderr] warning: variant `m` should have an upper camel case name
[INFO] [stderr]   --> src/ppu.rs:65:2
[INFO] [stderr]    |
[INFO] [stderr] 65 |     m,
[INFO] [stderr]    |     ^ help: convert the identifier to upper camel case: `M`
[INFO] [stderr]    |
[INFO] [stderr]    = note: `#[warn(non_camel_case_types)]` on by default
[INFO] [stderr] 
[INFO] [stderr] warning: variant `b` should have an upper camel case name
[INFO] [stderr]   --> src/ppu.rs:71:2
[INFO] [stderr]    |
[INFO] [stderr] 71 |     b,
[INFO] [stderr]    |     ^ help: convert the identifier to upper camel case: `B`
[INFO] [stderr] 
[INFO] [stderr] warning: variant `s` should have an upper camel case name
[INFO] [stderr]   --> src/ppu.rs:74:2
[INFO] [stderr]    |
[INFO] [stderr] 74 |     s,
[INFO] [stderr]    |     ^ help: convert the identifier to upper camel case (notice the capitalization): `S`
[INFO] [stderr] 
[INFO] [stderr] warning: variant `emphasize_R` should have an upper camel case name
[INFO] [stderr]   --> src/ppu.rs:76:2
[INFO] [stderr]    |
[INFO] [stderr] 76 |     emphasize_R,
[INFO] [stderr]    |     ^^^^^^^^^^^ help: convert the identifier to upper camel case: `EmphasizeR`
[INFO] [stderr] 
[INFO] [stderr] warning: variant `emphasize_G` should have an upper camel case name
[INFO] [stderr]   --> src/ppu.rs:77:2
[INFO] [stderr]    |
[INFO] [stderr] 77 |     emphasize_G,
[INFO] [stderr]    |     ^^^^^^^^^^^ help: convert the identifier to upper camel case: `EmphasizeG`
[INFO] [stderr] 
[INFO] [stderr] warning: variant `emphasize_B` should have an upper camel case name
[INFO] [stderr]   --> src/ppu.rs:78:2
[INFO] [stderr]    |
[INFO] [stderr] 78 |     emphasize_B,
[INFO] [stderr]    |     ^^^^^^^^^^^ help: convert the identifier to upper camel case: `EmphasizeB`
[INFO] [stderr] 
[INFO] [stderr] warning: unused variable: `data`
[INFO] [stderr]    --> src/ppu.rs:101:45
[INFO] [stderr]     |
[INFO] [stderr] 101 |     pub fn write_u8(&mut self, address: usize, data: u8){
[INFO] [stderr]     |                                                ^^^^ help: if this is intentional, prefix it with an underscore: `_data`
[INFO] [stderr]     |
[INFO] [stderr]     = note: `#[warn(unused_variables)]` on by default
[INFO] [stderr] 
[INFO] [stderr] warning: variant `UNROM` is never constructed
[INFO] [stderr]  --> src/mapper.rs:7:5
[INFO] [stderr]   |
[INFO] [stderr] 5 | enum Type {
[INFO] [stderr]   |      ---- variant in this enum
[INFO] [stderr] 6 |     NROM = 0,
[INFO] [stderr] 7 |     UNROM,
[INFO] [stderr]   |     ^^^^^
[INFO] [stderr]   |
[INFO] [stderr]   = note: `#[warn(dead_code)]` on by default
[INFO] [stderr] 
[INFO] [stderr] warning: enum `Flags6` is never used
[INFO] [stderr]   --> src/mapper.rs:10:6
[INFO] [stderr]    |
[INFO] [stderr] 10 | enum Flags6 {
[INFO] [stderr]    |      ^^^^^^
[INFO] [stderr] 
[INFO] [stderr] warning: enum `Flags7` is never used
[INFO] [stderr]   --> src/mapper.rs:30:6
[INFO] [stderr]    |
[INFO] [stderr] 30 | enum Flags7 {
[INFO] [stderr]    |      ^^^^^^
[INFO] [stderr] 
[INFO] [stderr] warning: multiple fields are never read
[INFO] [stderr]   --> src/mapper.rs:49:5
[INFO] [stderr]    |
[INFO] [stderr] 48 | pub struct Mapper {
[INFO] [stderr]    |            ------ fields in this struct
[INFO] [stderr] 49 |     mapper_type: Type,
[INFO] [stderr]    |     ^^^^^^^^^^^
[INFO] [stderr] 50 |     mapper_number: u16,
[INFO] [stderr]    |     ^^^^^^^^^^^^^
[INFO] [stderr] 51 |     prg_rom_size: usize,
[INFO] [stderr] 52 |     chr_rom_size: usize,
[INFO] [stderr]    |     ^^^^^^^^^^^^
[INFO] [stderr] 53 |     sub_mapper_number: u8,
[INFO] [stderr]    |     ^^^^^^^^^^^^^^^^^
[INFO] [stderr] 54 |     prg_ram_size: usize,
[INFO] [stderr] 55 |     nv_ram_size: usize,
[INFO] [stderr]    |     ^^^^^^^^^^^
[INFO] [stderr] 56 |     chr_ram_size: usize,
[INFO] [stderr]    |     ^^^^^^^^^^^^
[INFO] [stderr] 57 |     chr_nv_ram_size: usize,
[INFO] [stderr]    |     ^^^^^^^^^^^^^^^
[INFO] [stderr] 58 |     timing_mode: TimingMode,
[INFO] [stderr]    |     ^^^^^^^^^^^
[INFO] [stderr] 59 |     num_misc_roms: u8,
[INFO] [stderr]    |     ^^^^^^^^^^^^^
[INFO] [stderr] 60 |     default_expansion_device: u8,
[INFO] [stderr]    |     ^^^^^^^^^^^^^^^^^^^^^^^^
[INFO] [stderr] ...
[INFO] [stderr] 63 |     chr_ram: Vec<u8>,
[INFO] [stderr]    |     ^^^^^^^
[INFO] [stderr] 64 |     prg_rom: Vec<u8>,
[INFO] [stderr] 65 |     chr_rom: Vec<u8>,
[INFO] [stderr]    |     ^^^^^^^
[INFO] [stderr] 
[INFO] [stderr] warning: enum `PPUControlFlags` is never used
[INFO] [stderr]   --> src/ppu.rs:34:6
[INFO] [stderr]    |
[INFO] [stderr] 34 | enum PPUControlFlags {
[INFO] [stderr]    |      ^^^^^^^^^^^^^^^
[INFO] [stderr] 
[INFO] [stderr] warning: enum `PPUMask` is never used
[INFO] [stderr]   --> src/ppu.rs:59:6
[INFO] [stderr]    |
[INFO] [stderr] 59 | enum PPUMask {
[INFO] [stderr]    |      ^^^^^^^
[INFO] [stderr] 
[INFO] [stderr] warning: enum `PPUStatus` is never used
[INFO] [stderr]   --> src/ppu.rs:81:6
[INFO] [stderr]    |
[INFO] [stderr] 81 | enum PPUStatus {
[INFO] [stderr]    |      ^^^^^^^^^
[INFO] [stderr] 
[INFO] [stderr] warning: method `write_u8` is never used
[INFO] [stderr]    --> src/ppu.rs:101:9
[INFO] [stderr]     |
[INFO] [stderr] 100 | impl PPU {
[INFO] [stderr]     | -------- method in this implementation
[INFO] [stderr] 101 |     pub fn write_u8(&mut self, address: usize, data: u8){
[INFO] [stderr]     |            ^^^^^^^^
[INFO] [stderr] 
[INFO] [stderr] warning: `nes_rs` (bin "nes_rs" test) generated 15 warnings (run `cargo fix --bin "nes_rs" --tests` to apply 1 suggestion)
[INFO] [stderr]     Finished test [unoptimized + debuginfo] target(s) in 0.00s
[INFO] [stderr]      Running unittests src/main.rs (/opt/rustwide/target/debug/deps/nes_rs-ed90ce55f7f2609b)
[INFO] [stdout] 
[INFO] [stdout] running 1 test
[INFO] [stdout] test tests::cpu ... FAILED
[INFO] [stdout] 
[INFO] [stdout] failures:
[INFO] [stdout] 
[INFO] [stdout] ---- tests::cpu stdout ----
[INFO] [stdout] thread 'tests::cpu' panicked at src/mapper.rs:71:23:
[INFO] [stdout] No such file or directory (os error 2)
[INFO] [stdout] stack backtrace:
[INFO] [stdout]    0:     0x563b263c1dac - std::backtrace_rs::backtrace::libunwind::trace::ha637c64ce894333a
[INFO] [stdout]                                at /rustc/82e1608dfa6e0b5569232559e3d385fea5a93112/library/std/src/../../backtrace/src/backtrace/libunwind.rs:104:5
[INFO] [stdout]    1:     0x563b263c1dac - std::backtrace_rs::backtrace::trace_unsynchronized::h47f62dea28e0c88d
[INFO] [stdout]                                at /rustc/82e1608dfa6e0b5569232559e3d385fea5a93112/library/std/src/../../backtrace/src/backtrace/mod.rs:66:5
[INFO] [stdout]    2:     0x563b263c1dac - std::sys_common::backtrace::_print_fmt::h9eef0abe20ede486
[INFO] [stdout]                                at /rustc/82e1608dfa6e0b5569232559e3d385fea5a93112/library/std/src/sys_common/backtrace.rs:67:5
[INFO] [stdout]    3:     0x563b263c1dac - <std::sys_common::backtrace::_print::DisplayBacktrace as core::fmt::Display>::fmt::hed7f999df88cc644
[INFO] [stdout]                                at /rustc/82e1608dfa6e0b5569232559e3d385fea5a93112/library/std/src/sys_common/backtrace.rs:44:22
[INFO] [stdout]    4:     0x563b263eb8f0 - core::fmt::rt::Argument::fmt::h1539a9308b8d058d
[INFO] [stdout]                                at /rustc/82e1608dfa6e0b5569232559e3d385fea5a93112/library/core/src/fmt/rt.rs:142:9
[INFO] [stdout]    5:     0x563b263eb8f0 - core::fmt::write::h3a39390d8560d9c9
[INFO] [stdout]                                at /rustc/82e1608dfa6e0b5569232559e3d385fea5a93112/library/core/src/fmt/mod.rs:1120:17
[INFO] [stdout]    6:     0x563b263bf75f - std::io::Write::write_fmt::h040b369f3a0f9cbc
[INFO] [stdout]                                at /rustc/82e1608dfa6e0b5569232559e3d385fea5a93112/library/std/src/io/mod.rs:1762:15
[INFO] [stdout]    7:     0x563b263c1b94 - std::sys_common::backtrace::_print::h894006fb5c6f3d45
[INFO] [stdout]                                at /rustc/82e1608dfa6e0b5569232559e3d385fea5a93112/library/std/src/sys_common/backtrace.rs:47:5
[INFO] [stdout]    8:     0x563b263c1b94 - std::sys_common::backtrace::print::h23a2d212c6fff936
[INFO] [stdout]                                at /rustc/82e1608dfa6e0b5569232559e3d385fea5a93112/library/std/src/sys_common/backtrace.rs:34:9
[INFO] [stdout]    9:     0x563b263c3857 - std::panicking::default_hook::{{closure}}::h8a1d2ee00185001a
[INFO] [stdout]   10:     0x563b263c3543 - std::panicking::default_hook::h6038f2eba384e475
[INFO] [stdout]                                at /rustc/82e1608dfa6e0b5569232559e3d385fea5a93112/library/std/src/panicking.rs:289:9
[INFO] [stdout]   11:     0x563b26393f57 - <alloc::boxed::Box<F,A> as core::ops::function::Fn<Args>>::call::h0ad024c9bdc6d768
[INFO] [stdout]                                at /rustc/82e1608dfa6e0b5569232559e3d385fea5a93112/library/alloc/src/boxed.rs:2021:9
[INFO] [stdout]   12:     0x563b26393f57 - test::test_main::{{closure}}::h7500b54257359db6
[INFO] [stdout]                                at /rustc/82e1608dfa6e0b5569232559e3d385fea5a93112/library/test/src/lib.rs:138:21
[INFO] [stdout]   13:     0x563b263c3e68 - <alloc::boxed::Box<F,A> as core::ops::function::Fn<Args>>::call::h1f8f335eaa9cfaee
[INFO] [stdout]                                at /rustc/82e1608dfa6e0b5569232559e3d385fea5a93112/library/alloc/src/boxed.rs:2021:9
[INFO] [stdout]   14:     0x563b263c3e68 - std::panicking::rust_panic_with_hook::h2b5517d590cab22e
[INFO] [stdout]                                at /rustc/82e1608dfa6e0b5569232559e3d385fea5a93112/library/std/src/panicking.rs:783:13
[INFO] [stdout]   15:     0x563b263c3bbe - std::panicking::begin_panic_handler::{{closure}}::h233112c06e0ef43e
[INFO] [stdout]                                at /rustc/82e1608dfa6e0b5569232559e3d385fea5a93112/library/std/src/panicking.rs:657:13
[INFO] [stdout]   16:     0x563b263c2276 - std::sys_common::backtrace::__rust_end_short_backtrace::h6e893f24d7ebbff8
[INFO] [stdout]                                at /rustc/82e1608dfa6e0b5569232559e3d385fea5a93112/library/std/src/sys_common/backtrace.rs:170:18
[INFO] [stdout]   17:     0x563b263c3922 - rust_begin_unwind
[INFO] [stdout]                                at /rustc/82e1608dfa6e0b5569232559e3d385fea5a93112/library/std/src/panicking.rs:645:5
[INFO] [stdout]   18:     0x563b26344cf5 - core::panicking::panic_fmt::hbf0e066aabfa482c
[INFO] [stdout]                                at /rustc/82e1608dfa6e0b5569232559e3d385fea5a93112/library/core/src/panicking.rs:72:14
[INFO] [stdout]   19:     0x563b2635d89f - core::panicking::panic_display::ha176b0967a7d3674
[INFO] [stdout]                                at /rustc/82e1608dfa6e0b5569232559e3d385fea5a93112/library/core/src/panicking.rs:178:5
[INFO] [stdout]   20:     0x563b2635f105 - nes_rs::mapper::Mapper::new::hfd647457a6a902c1
[INFO] [stdout]                                at /opt/rustwide/workdir/src/mapper.rs:71:23
[INFO] [stdout]   21:     0x563b2635ff90 - nes_rs::bus::Bus::new::h040f70c23d436666
[INFO] [stdout]                                at /opt/rustwide/workdir/src/bus.rs:16:12
[INFO] [stdout]   22:     0x563b2634a6bb - nes_rs::cpu::CPU::new::h66b2064ddf739492
[INFO] [stdout]                                at /opt/rustwide/workdir/src/cpu.rs:146:18
[INFO] [stdout]   23:     0x563b263603cd - nes_rs::tests::cpu::hd01f60a413afa0e6
[INFO] [stdout]                                at /opt/rustwide/workdir/src/main.rs:28:17
[INFO] [stdout]   24:     0x563b26360397 - nes_rs::tests::cpu::{{closure}}::ha3c3c41425b4707a
[INFO] [stdout]                                at /opt/rustwide/workdir/src/main.rs:27:13
[INFO] [stdout]   25:     0x563b2635cc26 - core::ops::function::FnOnce::call_once::h02b3f00680ff8f1b
[INFO] [stdout]                                at /rustc/82e1608dfa6e0b5569232559e3d385fea5a93112/library/core/src/ops/function.rs:250:5
[INFO] [stdout]   26:     0x563b263995af - core::ops::function::FnOnce::call_once::h2b5d431d5046312d
[INFO] [stdout]                                at /rustc/82e1608dfa6e0b5569232559e3d385fea5a93112/library/core/src/ops/function.rs:250:5
[INFO] [stdout]   27:     0x563b263995af - test::__rust_begin_short_backtrace::h7714669af176e207
[INFO] [stdout]                                at /rustc/82e1608dfa6e0b5569232559e3d385fea5a93112/library/test/src/lib.rs:628:18
[INFO] [stdout]   28:     0x563b263985c5 - test::run_test_in_process::{{closure}}::h85218797dcbcec12
[INFO] [stdout]                                at /rustc/82e1608dfa6e0b5569232559e3d385fea5a93112/library/test/src/lib.rs:651:60
[INFO] [stdout]   29:     0x563b263985c5 - <core::panic::unwind_safe::AssertUnwindSafe<F> as core::ops::function::FnOnce<()>>::call_once::h76c106ea31c14d7b
[INFO] [stdout]                                at /rustc/82e1608dfa6e0b5569232559e3d385fea5a93112/library/core/src/panic/unwind_safe.rs:272:9
[INFO] [stdout]   30:     0x563b263985c5 - std::panicking::try::do_call::h3bd5d0f6620ee946
[INFO] [stdout]                                at /rustc/82e1608dfa6e0b5569232559e3d385fea5a93112/library/std/src/panicking.rs:552:40
[INFO] [stdout]   31:     0x563b263985c5 - std::panicking::try::h232e535e4744fe31
[INFO] [stdout]                                at /rustc/82e1608dfa6e0b5569232559e3d385fea5a93112/library/std/src/panicking.rs:516:19
[INFO] [stdout]   32:     0x563b263985c5 - std::panic::catch_unwind::h3ce3bd6ca8dbac68
[INFO] [stdout]                                at /rustc/82e1608dfa6e0b5569232559e3d385fea5a93112/library/std/src/panic.rs:142:14
[INFO] [stdout]   33:     0x563b263985c5 - test::run_test_in_process::hc97b257c9621286a
[INFO] [stdout]                                at /rustc/82e1608dfa6e0b5569232559e3d385fea5a93112/library/test/src/lib.rs:651:27
[INFO] [stdout]   34:     0x563b263985c5 - test::run_test::{{closure}}::h2aa798823a438d38
[INFO] [stdout]                                at /rustc/82e1608dfa6e0b5569232559e3d385fea5a93112/library/test/src/lib.rs:574:43
[INFO] [stdout]   35:     0x563b26360886 - test::run_test::{{closure}}::h87d231c78fb59832
[INFO] [stdout]                                at /rustc/82e1608dfa6e0b5569232559e3d385fea5a93112/library/test/src/lib.rs:602:41
[INFO] [stdout]   36:     0x563b26360886 - std::sys_common::backtrace::__rust_begin_short_backtrace::he6df152596625789
[INFO] [stdout]                                at /rustc/82e1608dfa6e0b5569232559e3d385fea5a93112/library/std/src/sys_common/backtrace.rs:154:18
[INFO] [stdout]   37:     0x563b26365937 - std::thread::Builder::spawn_unchecked_::{{closure}}::{{closure}}::ha94be15d1e0acf36
[INFO] [stdout]                                at /rustc/82e1608dfa6e0b5569232559e3d385fea5a93112/library/std/src/thread/mod.rs:529:17
[INFO] [stdout]   38:     0x563b26365937 - <core::panic::unwind_safe::AssertUnwindSafe<F> as core::ops::function::FnOnce<()>>::call_once::h9dc6bd6372f16606
[INFO] [stdout]                                at /rustc/82e1608dfa6e0b5569232559e3d385fea5a93112/library/core/src/panic/unwind_safe.rs:272:9
[INFO] [stdout]   39:     0x563b26365937 - std::panicking::try::do_call::h9057517f80303cd4
[INFO] [stdout]                                at /rustc/82e1608dfa6e0b5569232559e3d385fea5a93112/library/std/src/panicking.rs:552:40
[INFO] [stdout]   40:     0x563b26365937 - std::panicking::try::he3a30b11ee45340c
[INFO] [stdout]                                at /rustc/82e1608dfa6e0b5569232559e3d385fea5a93112/library/std/src/panicking.rs:516:19
[INFO] [stdout]   41:     0x563b26365937 - std::panic::catch_unwind::h410458cfd3528b8b
[INFO] [stdout]                                at /rustc/82e1608dfa6e0b5569232559e3d385fea5a93112/library/std/src/panic.rs:142:14
[INFO] [stdout]   42:     0x563b26365937 - std::thread::Builder::spawn_unchecked_::{{closure}}::h72ac3bdb567b737b
[INFO] [stdout]                                at /rustc/82e1608dfa6e0b5569232559e3d385fea5a93112/library/std/src/thread/mod.rs:528:30
[INFO] [stdout]   43:     0x563b26365937 - core::ops::function::FnOnce::call_once{{vtable.shim}}::h38f34da3654a8344
[INFO] [stdout]                                at /rustc/82e1608dfa6e0b5569232559e3d385fea5a93112/library/core/src/ops/function.rs:250:5
[INFO] [stdout]   44:     0x563b263c88f5 - <alloc::boxed::Box<F,A> as core::ops::function::FnOnce<Args>>::call_once::hc7eafaff61e32df9
[INFO] [stdout]                                at /rustc/82e1608dfa6e0b5569232559e3d385fea5a93112/library/alloc/src/boxed.rs:2007:9
[INFO] [stdout]   45:     0x563b263c88f5 - <alloc::boxed::Box<F,A> as core::ops::function::FnOnce<Args>>::call_once::h6ba4a5de48dd2304
[INFO] [stdout]                                at /rustc/82e1608dfa6e0b5569232559e3d385fea5a93112/library/alloc/src/boxed.rs:2007:9
[INFO] [stdout]   46:     0x563b263c88f5 - std::sys::unix::thread::Thread::new::thread_start::he469335aef763e45
[INFO] [stdout]                                at /rustc/82e1608dfa6e0b5569232559e3d385fea5a93112/library/std/src/sys/unix/thread.rs:108:17
[INFO] [stdout]   47:     0x7fc618e5aac3 - <unknown>
[INFO] [stdout]   48:     0x7fc618eebbf4 - __clone
[INFO] [stdout]   49:                0x0 - <unknown>
[INFO] [stdout] 
[INFO] [stdout] 
[INFO] [stdout] failures:
[INFO] [stdout]     tests::cpu
[INFO] [stdout] 
[INFO] [stdout] test result: FAILED. 0 passed; 1 failed; 0 ignored; 0 measured; 0 filtered out; finished in 0.01s
[INFO] [stdout] 
[INFO] [stderr] error: test failed, to rerun pass `--bin nes_rs`
[INFO] running `Command { std: "docker" "inspect" "088b3002906b6536c48c850e4845364edf140f97c41f19498d549da3ebe78a47", kill_on_drop: false }`
[INFO] running `Command { std: "docker" "rm" "-f" "088b3002906b6536c48c850e4845364edf140f97c41f19498d549da3ebe78a47", kill_on_drop: false }`
[INFO] [stdout] 088b3002906b6536c48c850e4845364edf140f97c41f19498d549da3ebe78a47
