[INFO] cloning repository https://github.com/Songbird0/Curator
[INFO] running `Command { std: "git" "-c" "credential.helper=" "-c" "credential.helper=/workspace/cargo-home/bin/git-credential-null" "clone" "--bare" "https://github.com/Songbird0/Curator" "/workspace/cache/git-repos/https%3A%2F%2Fgithub.com%2FSongbird0%2FCurator", kill_on_drop: false }`
[INFO] [stderr] Cloning into bare repository '/workspace/cache/git-repos/https%3A%2F%2Fgithub.com%2FSongbird0%2FCurator'...
[INFO] running `Command { std: "git" "rev-parse" "HEAD", kill_on_drop: false }`
[INFO] [stdout] 00847d7c024d84c206dd5eaab01d1d6a0bee99a5
[INFO] testing Songbird0/Curator against 1.75.0 for beta-1.76-1
[INFO] running `Command { std: "git" "clone" "/workspace/cache/git-repos/https%3A%2F%2Fgithub.com%2FSongbird0%2FCurator" "/workspace/builds/worker-2-tc1/source", kill_on_drop: false }`
[INFO] [stderr] Cloning into '/workspace/builds/worker-2-tc1/source'...
[INFO] [stderr] done.
[INFO] validating manifest of git repo https://github.com/Songbird0/Curator on toolchain 1.75.0
[INFO] running `Command { std: CARGO_HOME="/workspace/cargo-home" RUSTUP_HOME="/workspace/rustup-home" "/workspace/cargo-home/bin/cargo" "+1.75.0" "metadata" "--manifest-path" "Cargo.toml" "--no-deps", kill_on_drop: false }`
[INFO] started tweaking git repo https://github.com/Songbird0/Curator
[INFO] finished tweaking git repo https://github.com/Songbird0/Curator
[INFO] tweaked toml for git repo https://github.com/Songbird0/Curator written to /workspace/builds/worker-2-tc1/source/Cargo.toml
[INFO] crate git repo https://github.com/Songbird0/Curator already has a lockfile, it will not be regenerated
[INFO] running `Command { std: CARGO_HOME="/workspace/cargo-home" RUSTUP_HOME="/workspace/rustup-home" "/workspace/cargo-home/bin/cargo" "+1.75.0" "fetch" "--manifest-path" "Cargo.toml", kill_on_drop: false }`
[INFO] [stderr]  Downloading crates ...
[INFO] [stderr]   Downloaded textwrap v0.7.0
[INFO] [stderr]   Downloaded clap v2.26.0
[INFO] [stderr]   Downloaded libc v0.2.29
[INFO] running `Command { std: "docker" "create" "-v" "/var/lib/crater-agent-workspace/builds/worker-2-tc1/target:/opt/rustwide/target:rw,Z" "-v" "/var/lib/crater-agent-workspace/builds/worker-2-tc1/source:/opt/rustwide/workdir:ro,Z" "-v" "/var/lib/crater-agent-workspace/cargo-home:/opt/rustwide/cargo-home:ro,Z" "-v" "/var/lib/crater-agent-workspace/rustup-home:/opt/rustwide/rustup-home:ro,Z" "-e" "SOURCE_DIR=/opt/rustwide/workdir" "-e" "CARGO_TARGET_DIR=/opt/rustwide/target" "-e" "CARGO_HOME=/opt/rustwide/cargo-home" "-e" "RUSTUP_HOME=/opt/rustwide/rustup-home" "-w" "/opt/rustwide/workdir" "-m" "1610612736" "--user" "0:0" "--network" "none" "ghcr.io/rust-lang/crates-build-env/linux@sha256:2788e3201cd34a07e3172128adcd8b3090168a8e3bcc40d7c032b9dda1df7d1c" "/opt/rustwide/cargo-home/bin/cargo" "+1.75.0" "metadata" "--no-deps" "--format-version=1", kill_on_drop: false }`
[INFO] [stdout] 0c2be0fbfa1cd3bd074213fc116ebc4895cd53e371c9e73dd3b5077a2461b581
[INFO] running `Command { std: "docker" "start" "-a" "0c2be0fbfa1cd3bd074213fc116ebc4895cd53e371c9e73dd3b5077a2461b581", kill_on_drop: false }`
[INFO] running `Command { std: "docker" "inspect" "0c2be0fbfa1cd3bd074213fc116ebc4895cd53e371c9e73dd3b5077a2461b581", kill_on_drop: false }`
[INFO] running `Command { std: "docker" "rm" "-f" "0c2be0fbfa1cd3bd074213fc116ebc4895cd53e371c9e73dd3b5077a2461b581", kill_on_drop: false }`
[INFO] [stdout] 0c2be0fbfa1cd3bd074213fc116ebc4895cd53e371c9e73dd3b5077a2461b581
[INFO] running `Command { std: "docker" "create" "-v" "/var/lib/crater-agent-workspace/builds/worker-2-tc1/target:/opt/rustwide/target:rw,Z" "-v" "/var/lib/crater-agent-workspace/builds/worker-2-tc1/source:/opt/rustwide/workdir:ro,Z" "-v" "/var/lib/crater-agent-workspace/cargo-home:/opt/rustwide/cargo-home:ro,Z" "-v" "/var/lib/crater-agent-workspace/rustup-home:/opt/rustwide/rustup-home:ro,Z" "-e" "SOURCE_DIR=/opt/rustwide/workdir" "-e" "CARGO_TARGET_DIR=/opt/rustwide/target" "-e" "CARGO_INCREMENTAL=0" "-e" "RUST_BACKTRACE=full" "-e" "RUSTFLAGS=--cap-lints=warn" "-e" "RUSTDOCFLAGS=--cap-lints=warn" "-e" "CARGO_HOME=/opt/rustwide/cargo-home" "-e" "RUSTUP_HOME=/opt/rustwide/rustup-home" "-w" "/opt/rustwide/workdir" "-m" "1610612736" "--user" "0:0" "--network" "none" "ghcr.io/rust-lang/crates-build-env/linux@sha256:2788e3201cd34a07e3172128adcd8b3090168a8e3bcc40d7c032b9dda1df7d1c" "/opt/rustwide/cargo-home/bin/cargo" "+1.75.0" "build" "--frozen" "--message-format=json", kill_on_drop: false }`
[INFO] [stdout] 63653c357033d883dd3561452149a70052bdf07ce8a6aaf86602b26e6281c402
[INFO] running `Command { std: "docker" "start" "-a" "63653c357033d883dd3561452149a70052bdf07ce8a6aaf86602b26e6281c402", kill_on_drop: false }`
[INFO] [stderr]    Compiling libc v0.2.29
[INFO] [stderr]    Compiling unicode-width v0.1.4
[INFO] [stderr]    Compiling unicode-segmentation v1.2.0
[INFO] [stderr]    Compiling strsim v0.6.0
[INFO] [stderr]    Compiling vec_map v0.8.0
[INFO] [stderr]    Compiling bitflags v0.9.1
[INFO] [stderr]    Compiling ansi_term v0.9.0
[INFO] [stderr]    Compiling term_size v0.3.0
[INFO] [stderr]    Compiling atty v0.2.2
[INFO] [stderr]    Compiling rand v0.3.16
[INFO] [stderr]    Compiling textwrap v0.7.0
[INFO] [stderr]    Compiling clap v2.26.0
[INFO] [stderr]    Compiling curator v1.0.1 (/opt/rustwide/workdir)
[INFO] [stderr]     Finished dev [unoptimized + debuginfo] target(s) in 3.78s
[INFO] running `Command { std: "docker" "inspect" "63653c357033d883dd3561452149a70052bdf07ce8a6aaf86602b26e6281c402", kill_on_drop: false }`
[INFO] running `Command { std: "docker" "rm" "-f" "63653c357033d883dd3561452149a70052bdf07ce8a6aaf86602b26e6281c402", kill_on_drop: false }`
[INFO] [stdout] 63653c357033d883dd3561452149a70052bdf07ce8a6aaf86602b26e6281c402
[INFO] running `Command { std: "docker" "create" "-v" "/var/lib/crater-agent-workspace/builds/worker-2-tc1/target:/opt/rustwide/target:rw,Z" "-v" "/var/lib/crater-agent-workspace/builds/worker-2-tc1/source:/opt/rustwide/workdir:ro,Z" "-v" "/var/lib/crater-agent-workspace/cargo-home:/opt/rustwide/cargo-home:ro,Z" "-v" "/var/lib/crater-agent-workspace/rustup-home:/opt/rustwide/rustup-home:ro,Z" "-e" "SOURCE_DIR=/opt/rustwide/workdir" "-e" "CARGO_TARGET_DIR=/opt/rustwide/target" "-e" "CARGO_INCREMENTAL=0" "-e" "RUST_BACKTRACE=full" "-e" "RUSTFLAGS=--cap-lints=warn" "-e" "RUSTDOCFLAGS=--cap-lints=warn" "-e" "CARGO_HOME=/opt/rustwide/cargo-home" "-e" "RUSTUP_HOME=/opt/rustwide/rustup-home" "-w" "/opt/rustwide/workdir" "-m" "1610612736" "--user" "0:0" "--network" "none" "ghcr.io/rust-lang/crates-build-env/linux@sha256:2788e3201cd34a07e3172128adcd8b3090168a8e3bcc40d7c032b9dda1df7d1c" "/opt/rustwide/cargo-home/bin/cargo" "+1.75.0" "test" "--frozen" "--no-run" "--message-format=json", kill_on_drop: false }`
[INFO] [stdout] d9519d661f68f936f50ed5f851d9e80c7bd6622ff6a09c3318a3ec82876150f3
[INFO] running `Command { std: "docker" "start" "-a" "d9519d661f68f936f50ed5f851d9e80c7bd6622ff6a09c3318a3ec82876150f3", kill_on_drop: false }`
[INFO] [stderr]    Compiling curator v1.0.1 (/opt/rustwide/workdir)
[INFO] [stderr]     Finished test [unoptimized + debuginfo] target(s) in 0.29s
[INFO] running `Command { std: "docker" "inspect" "d9519d661f68f936f50ed5f851d9e80c7bd6622ff6a09c3318a3ec82876150f3", kill_on_drop: false }`
[INFO] running `Command { std: "docker" "rm" "-f" "d9519d661f68f936f50ed5f851d9e80c7bd6622ff6a09c3318a3ec82876150f3", kill_on_drop: false }`
[INFO] [stdout] d9519d661f68f936f50ed5f851d9e80c7bd6622ff6a09c3318a3ec82876150f3
[INFO] running `Command { std: "docker" "create" "-v" "/var/lib/crater-agent-workspace/builds/worker-2-tc1/target:/opt/rustwide/target:rw,Z" "-v" "/var/lib/crater-agent-workspace/builds/worker-2-tc1/source:/opt/rustwide/workdir:ro,Z" "-v" "/var/lib/crater-agent-workspace/cargo-home:/opt/rustwide/cargo-home:ro,Z" "-v" "/var/lib/crater-agent-workspace/rustup-home:/opt/rustwide/rustup-home:ro,Z" "-e" "SOURCE_DIR=/opt/rustwide/workdir" "-e" "CARGO_TARGET_DIR=/opt/rustwide/target" "-e" "CARGO_INCREMENTAL=0" "-e" "RUST_BACKTRACE=full" "-e" "RUSTFLAGS=--cap-lints=warn" "-e" "RUSTDOCFLAGS=--cap-lints=warn" "-e" "CARGO_HOME=/opt/rustwide/cargo-home" "-e" "RUSTUP_HOME=/opt/rustwide/rustup-home" "-w" "/opt/rustwide/workdir" "-m" "1610612736" "--user" "0:0" "--network" "none" "ghcr.io/rust-lang/crates-build-env/linux@sha256:2788e3201cd34a07e3172128adcd8b3090168a8e3bcc40d7c032b9dda1df7d1c" "/opt/rustwide/cargo-home/bin/cargo" "+1.75.0" "test" "--frozen", kill_on_drop: false }`
[INFO] [stdout] 94fed32d27da44a281c645093821283ccc4e8b7cfd143d81d1e910fa0efcd840
[INFO] running `Command { std: "docker" "start" "-a" "94fed32d27da44a281c645093821283ccc4e8b7cfd143d81d1e910fa0efcd840", kill_on_drop: false }`
[INFO] [stderr]     Finished test [unoptimized + debuginfo] target(s) in 0.01s
[INFO] [stderr]      Running unittests src/lib.rs (/opt/rustwide/target/debug/deps/c_curator-193418c9803a87a6)
[INFO] [stdout] 
[INFO] [stdout] running 0 tests
[INFO] [stdout] 
[INFO] [stdout] test result: ok. 0 passed; 0 failed; 0 ignored; 0 measured; 0 filtered out; finished in 0.00s
[INFO] [stdout] 
[INFO] [stderr]      Running unittests src/main.rs (/opt/rustwide/target/debug/deps/curator-987f9dc98cf27646)
[INFO] [stdout] 
[INFO] [stdout] running 0 tests
[INFO] [stdout] 
[INFO] [stdout] test result: ok. 0 passed; 0 failed; 0 ignored; 0 measured; 0 filtered out; finished in 0.00s
[INFO] [stdout] 
[INFO] [stderr]      Running tests/curator_tests.rs (/opt/rustwide/target/debug/deps/curator_tests-02951c2ffd00e75d)
[INFO] [stdout] 
[INFO] [stdout] running 11 tests
[INFO] [stdout] test _2_pwd_gen_1_flag ... ok
[INFO] [stdout] test _2_pwd_gen_2_flag ... ok
[INFO] [stdout] test _1_pwd_gen_4_flags ... ok
[INFO] [stdout] test _2_pwd_gen_3_flag ... ok
[INFO] [stdout] test _2_pwd_gen_4_flag ... ok
[INFO] [stdout] test pwd_gen_1_flag ... ok
[INFO] [stdout] test pwd_gen_2_flags ... ok
[INFO] [stdout] test pwd_gen_3_flags ... ok
[INFO] [stdout] test pwd_gen_4_flags ... ok
[INFO] [stdout] test _2_pwd_gen_0_flag - should panic ... ok
[INFO] [stdout] test pwd_gen_0_flag - should panic ... ok
[INFO] [stdout] 
[INFO] [stdout] test result: ok. 11 passed; 0 failed; 0 ignored; 0 measured; 0 filtered out; finished in 0.01s
[INFO] [stdout] 
[INFO] [stderr]    Doc-tests c_curator
[INFO] [stdout] 
[INFO] [stdout] running 1 test
[INFO] [stdout] test src/generator/mod.rs - generator::to_char (line 147) ... FAILED
[INFO] [stdout] 
[INFO] [stdout] failures:
[INFO] [stdout] 
[INFO] [stdout] ---- src/generator/mod.rs - generator::to_char (line 147) stdout ----
[INFO] [stdout] error[E0425]: cannot find function `to_char` in this scope
[INFO] [stdout]  --> src/generator/mod.rs:149:13
[INFO] [stdout]   |
[INFO] [stdout] 4 |     let v = to_char(&foo);
[INFO] [stdout]   |             ^^^^^^^ not found in this scope
[INFO] [stdout] 
[INFO] [stdout] error: aborting due to previous error
[INFO] [stdout] 
[INFO] [stdout] For more information about this error, try `rustc --explain E0425`.
[INFO] [stdout] Couldn't compile the test.
[INFO] [stdout] 
[INFO] [stdout] failures:
[INFO] [stdout]     src/generator/mod.rs - generator::to_char (line 147)
[INFO] [stdout] 
[INFO] [stdout] test result: FAILED. 0 passed; 1 failed; 0 ignored; 0 measured; 0 filtered out; finished in 0.06s
[INFO] [stdout] 
[INFO] [stderr] error: doctest failed, to rerun pass `--doc`
[INFO] running `Command { std: "docker" "inspect" "94fed32d27da44a281c645093821283ccc4e8b7cfd143d81d1e910fa0efcd840", kill_on_drop: false }`
[INFO] running `Command { std: "docker" "rm" "-f" "94fed32d27da44a281c645093821283ccc4e8b7cfd143d81d1e910fa0efcd840", kill_on_drop: false }`
[INFO] [stdout] 94fed32d27da44a281c645093821283ccc4e8b7cfd143d81d1e910fa0efcd840
