[INFO] cloning repository https://github.com/Somsubro-Banerjee/azure_blob_uploader
[INFO] running `Command { std: "git" "-c" "credential.helper=" "-c" "credential.helper=/workspace/cargo-home/bin/git-credential-null" "clone" "--bare" "https://github.com/Somsubro-Banerjee/azure_blob_uploader" "/workspace/cache/git-repos/https%3A%2F%2Fgithub.com%2FSomsubro-Banerjee%2Fazure_blob_uploader", kill_on_drop: false }`
[INFO] [stderr] Cloning into bare repository '/workspace/cache/git-repos/https%3A%2F%2Fgithub.com%2FSomsubro-Banerjee%2Fazure_blob_uploader'...
[INFO] running `Command { std: "git" "rev-parse" "HEAD", kill_on_drop: false }`
[INFO] [stdout] 795465f4b4eb2c9381bab1594feb5632a34044b1
[INFO] testing Somsubro-Banerjee/azure_blob_uploader against 1.75.0 for beta-1.76-1
[INFO] running `Command { std: "git" "clone" "/workspace/cache/git-repos/https%3A%2F%2Fgithub.com%2FSomsubro-Banerjee%2Fazure_blob_uploader" "/workspace/builds/worker-7-tc1/source", kill_on_drop: false }`
[INFO] [stderr] Cloning into '/workspace/builds/worker-7-tc1/source'...
[INFO] [stderr] done.
[INFO] validating manifest of git repo https://github.com/Somsubro-Banerjee/azure_blob_uploader on toolchain 1.75.0
[INFO] running `Command { std: CARGO_HOME="/workspace/cargo-home" RUSTUP_HOME="/workspace/rustup-home" "/workspace/cargo-home/bin/cargo" "+1.75.0" "metadata" "--manifest-path" "Cargo.toml" "--no-deps", kill_on_drop: false }`
[INFO] started tweaking git repo https://github.com/Somsubro-Banerjee/azure_blob_uploader
[INFO] removed 0 missing examples
[INFO] finished tweaking git repo https://github.com/Somsubro-Banerjee/azure_blob_uploader
[INFO] tweaked toml for git repo https://github.com/Somsubro-Banerjee/azure_blob_uploader written to /workspace/builds/worker-7-tc1/source/Cargo.toml
[INFO] crate git repo https://github.com/Somsubro-Banerjee/azure_blob_uploader already has a lockfile, it will not be regenerated
[INFO] running `Command { std: CARGO_HOME="/workspace/cargo-home" RUSTUP_HOME="/workspace/rustup-home" "/workspace/cargo-home/bin/cargo" "+1.75.0" "fetch" "--manifest-path" "Cargo.toml", kill_on_drop: false }`
[INFO] [stderr]     Updating crates.io index
[INFO] [stderr]  Downloading crates ...
[INFO] [stderr]   Downloaded RustyXML v0.3.0
[INFO] [stderr]   Downloaded azure_storage v0.17.0
[INFO] [stderr]   Downloaded azure_storage_blobs v0.17.0
[INFO] running `Command { std: "docker" "create" "-v" "/var/lib/crater-agent-workspace/builds/worker-7-tc1/target:/opt/rustwide/target:rw,Z" "-v" "/var/lib/crater-agent-workspace/builds/worker-7-tc1/source:/opt/rustwide/workdir:ro,Z" "-v" "/var/lib/crater-agent-workspace/cargo-home:/opt/rustwide/cargo-home:ro,Z" "-v" "/var/lib/crater-agent-workspace/rustup-home:/opt/rustwide/rustup-home:ro,Z" "-e" "SOURCE_DIR=/opt/rustwide/workdir" "-e" "CARGO_TARGET_DIR=/opt/rustwide/target" "-e" "CARGO_HOME=/opt/rustwide/cargo-home" "-e" "RUSTUP_HOME=/opt/rustwide/rustup-home" "-w" "/opt/rustwide/workdir" "-m" "1610612736" "--user" "0:0" "--network" "none" "ghcr.io/rust-lang/crates-build-env/linux@sha256:2788e3201cd34a07e3172128adcd8b3090168a8e3bcc40d7c032b9dda1df7d1c" "/opt/rustwide/cargo-home/bin/cargo" "+1.75.0" "metadata" "--no-deps" "--format-version=1", kill_on_drop: false }`
[INFO] [stdout] 13d9cd3f8863bae2a92bebe5e05810e6d968067cc2ef7361de2ab32aa86ef381
[INFO] running `Command { std: "docker" "start" "-a" "13d9cd3f8863bae2a92bebe5e05810e6d968067cc2ef7361de2ab32aa86ef381", kill_on_drop: false }`
[INFO] running `Command { std: "docker" "inspect" "13d9cd3f8863bae2a92bebe5e05810e6d968067cc2ef7361de2ab32aa86ef381", kill_on_drop: false }`
[INFO] running `Command { std: "docker" "rm" "-f" "13d9cd3f8863bae2a92bebe5e05810e6d968067cc2ef7361de2ab32aa86ef381", kill_on_drop: false }`
[INFO] [stdout] 13d9cd3f8863bae2a92bebe5e05810e6d968067cc2ef7361de2ab32aa86ef381
[INFO] running `Command { std: "docker" "create" "-v" "/var/lib/crater-agent-workspace/builds/worker-7-tc1/target:/opt/rustwide/target:rw,Z" "-v" "/var/lib/crater-agent-workspace/builds/worker-7-tc1/source:/opt/rustwide/workdir:ro,Z" "-v" "/var/lib/crater-agent-workspace/cargo-home:/opt/rustwide/cargo-home:ro,Z" "-v" "/var/lib/crater-agent-workspace/rustup-home:/opt/rustwide/rustup-home:ro,Z" "-e" "SOURCE_DIR=/opt/rustwide/workdir" "-e" "CARGO_TARGET_DIR=/opt/rustwide/target" "-e" "CARGO_INCREMENTAL=0" "-e" "RUST_BACKTRACE=full" "-e" "RUSTFLAGS=--cap-lints=warn" "-e" "RUSTDOCFLAGS=--cap-lints=warn" "-e" "CARGO_HOME=/opt/rustwide/cargo-home" "-e" "RUSTUP_HOME=/opt/rustwide/rustup-home" "-w" "/opt/rustwide/workdir" "-m" "1610612736" "--user" "0:0" "--network" "none" "ghcr.io/rust-lang/crates-build-env/linux@sha256:2788e3201cd34a07e3172128adcd8b3090168a8e3bcc40d7c032b9dda1df7d1c" "/opt/rustwide/cargo-home/bin/cargo" "+1.75.0" "build" "--frozen" "--message-format=json", kill_on_drop: false }`
[INFO] [stdout] 5bd9867f6e5922daa25994b6080e879177b838cb55614f28078a7db2601d5267
[INFO] running `Command { std: "docker" "start" "-a" "5bd9867f6e5922daa25994b6080e879177b838cb55614f28078a7db2601d5267", kill_on_drop: false }`
[INFO] [stderr]    Compiling proc-macro2 v1.0.69
[INFO] [stderr]    Compiling libc v0.2.150
[INFO] [stderr]    Compiling futures-core v0.3.29
[INFO] [stderr]    Compiling serde v1.0.192
[INFO] [stderr]    Compiling pkg-config v0.3.27
[INFO] [stderr]    Compiling vcpkg v0.2.15
[INFO] [stderr]    Compiling smallvec v1.11.1
[INFO] [stderr]    Compiling futures-io v0.3.29
[INFO] [stderr]    Compiling futures-channel v0.3.29
[INFO] [stderr]    Compiling futures-sink v0.3.29
[INFO] [stderr]    Compiling tracing-core v0.1.32
[INFO] [stderr]    Compiling indexmap v1.9.3
[INFO] [stderr]    Compiling openssl v0.10.59
[INFO] [stderr]    Compiling percent-encoding v2.3.0
[INFO] [stderr]    Compiling http v0.2.9
[INFO] [stderr]    Compiling tracing v0.1.40
[INFO] [stderr]    Compiling quote v1.0.33
[INFO] [stderr]    Compiling getrandom v0.1.16
[INFO] [stderr]    Compiling crossbeam-utils v0.8.16
[INFO] [stderr]    Compiling native-tls v0.2.11
[INFO] [stderr]    Compiling syn v2.0.39
[INFO] [stderr]    Compiling cc v1.0.83
[INFO] [stderr]    Compiling parking_lot_core v0.9.9
[INFO] [stderr]    Compiling signal-hook-registry v1.4.1
[INFO] [stderr]    Compiling mio v0.8.9
[INFO] [stderr]    Compiling num_cpus v1.16.0
[INFO] [stderr]    Compiling socket2 v0.5.5
[INFO] [stderr]    Compiling parking_lot v0.12.1
[INFO] [stderr]    Compiling getrandom v0.2.10
[INFO] [stderr]    Compiling form_urlencoded v1.2.0
[INFO] [stderr]    Compiling try-lock v0.2.4
[INFO] [stderr]    Compiling thiserror v1.0.50
[INFO] [stderr]    Compiling unicode-bidi v0.3.13
[INFO] [stderr]    Compiling want v0.3.1
[INFO] [stderr]    Compiling rand_core v0.5.1
[INFO] [stderr]    Compiling http-body v0.4.5
[INFO] [stderr]    Compiling socket2 v0.4.10
[INFO] [stderr]    Compiling openssl-sys v0.9.95
[INFO] [stderr]    Compiling idna v0.4.0
[INFO] [stderr]    Compiling anyhow v1.0.75
[INFO] [stderr]    Compiling concurrent-queue v2.3.0
[INFO] [stderr]    Compiling rand_chacha v0.2.2
[INFO] [stderr]    Compiling rand_core v0.6.4
[INFO] [stderr]    Compiling parking v2.2.0
[INFO] [stderr]    Compiling subtle v2.5.0
[INFO] [stderr]    Compiling waker-fn v1.1.1
[INFO] [stderr]    Compiling http-types v2.12.0
[INFO] [stderr]    Compiling async-trait v0.1.74
[INFO] [stderr]    Compiling fastrand v1.9.0
[INFO] [stderr]    Compiling event-listener v2.5.3
[INFO] [stderr]    Compiling digest v0.10.7
[INFO] [stderr]    Compiling futures-lite v1.13.0
[INFO] [stderr]    Compiling async-channel v1.9.0
[INFO] [stderr]    Compiling time-macros v0.2.15
[INFO] [stderr]    Compiling rand_chacha v0.3.1
[INFO] [stderr]    Compiling rand v0.7.3
[INFO] [stderr]    Compiling azure_core v0.17.0
[INFO] [stderr]    Compiling base64 v0.13.1
[INFO] [stderr]    Compiling infer v0.2.3
[INFO] [stderr]    Compiling ipnet v2.9.0
[INFO] [stderr]    Compiling rand v0.8.5
[INFO] [stderr]    Compiling dyn-clone v1.0.16
[INFO] [stderr]    Compiling sha2 v0.10.8
[INFO] [stderr]    Compiling hmac v0.12.1
[INFO] [stderr]    Compiling RustyXML v0.3.0
[INFO] [stderr]    Compiling serde_derive v1.0.192
[INFO] [stderr]    Compiling tokio-macros v2.1.0
[INFO] [stderr]    Compiling futures-macro v0.3.29
[INFO] [stderr]    Compiling openssl-macros v0.1.1
[INFO] [stderr]    Compiling thiserror-impl v1.0.50
[INFO] [stderr]    Compiling pin-project-internal v1.1.3
[INFO] [stderr]    Compiling futures-util v0.3.29
[INFO] [stderr]    Compiling tokio v1.33.0
[INFO] [stderr]    Compiling pin-project v1.1.3
[INFO] [stderr]    Compiling futures-executor v0.3.29
[INFO] [stderr]    Compiling futures v0.3.29
[INFO] [stderr]    Compiling tokio-util v0.7.10
[INFO] [stderr]    Compiling tokio-native-tls v0.3.1
[INFO] [stderr]    Compiling serde_urlencoded v0.7.1
[INFO] [stderr]    Compiling url v2.4.1
[INFO] [stderr]    Compiling serde_json v1.0.108
[INFO] [stderr]    Compiling serde_qs v0.8.5
[INFO] [stderr]    Compiling deranged v0.3.9
[INFO] [stderr]    Compiling uuid v1.5.0
[INFO] [stderr]    Compiling h2 v0.3.21
[INFO] [stderr]    Compiling quick-xml v0.31.0
[INFO] [stderr]    Compiling time v0.3.30
[INFO] [stderr]    Compiling hyper v0.14.27
[INFO] [stderr]    Compiling hyper-tls v0.5.0
[INFO] [stderr]    Compiling reqwest v0.11.22
[INFO] [stderr]    Compiling azure_storage v0.17.0
[INFO] [stderr]    Compiling azure_storage_blobs v0.17.0
[INFO] [stderr]    Compiling azure_blob_uploader v0.1.4 (/opt/rustwide/workdir)
[INFO] [stderr]     Finished dev [unoptimized + debuginfo] target(s) in 1m 19s
[INFO] running `Command { std: "docker" "inspect" "5bd9867f6e5922daa25994b6080e879177b838cb55614f28078a7db2601d5267", kill_on_drop: false }`
[INFO] running `Command { std: "docker" "rm" "-f" "5bd9867f6e5922daa25994b6080e879177b838cb55614f28078a7db2601d5267", kill_on_drop: false }`
[INFO] [stdout] 5bd9867f6e5922daa25994b6080e879177b838cb55614f28078a7db2601d5267
[INFO] running `Command { std: "docker" "create" "-v" "/var/lib/crater-agent-workspace/builds/worker-7-tc1/target:/opt/rustwide/target:rw,Z" "-v" "/var/lib/crater-agent-workspace/builds/worker-7-tc1/source:/opt/rustwide/workdir:ro,Z" "-v" "/var/lib/crater-agent-workspace/cargo-home:/opt/rustwide/cargo-home:ro,Z" "-v" "/var/lib/crater-agent-workspace/rustup-home:/opt/rustwide/rustup-home:ro,Z" "-e" "SOURCE_DIR=/opt/rustwide/workdir" "-e" "CARGO_TARGET_DIR=/opt/rustwide/target" "-e" "CARGO_INCREMENTAL=0" "-e" "RUST_BACKTRACE=full" "-e" "RUSTFLAGS=--cap-lints=warn" "-e" "RUSTDOCFLAGS=--cap-lints=warn" "-e" "CARGO_HOME=/opt/rustwide/cargo-home" "-e" "RUSTUP_HOME=/opt/rustwide/rustup-home" "-w" "/opt/rustwide/workdir" "-m" "1610612736" "--user" "0:0" "--network" "none" "ghcr.io/rust-lang/crates-build-env/linux@sha256:2788e3201cd34a07e3172128adcd8b3090168a8e3bcc40d7c032b9dda1df7d1c" "/opt/rustwide/cargo-home/bin/cargo" "+1.75.0" "test" "--frozen" "--no-run" "--message-format=json", kill_on_drop: false }`
[INFO] [stdout] 5db0360e96b848bc19f3c4ca84b6f17b84f55ce75c5417a309f0f785acdcfec9
[INFO] running `Command { std: "docker" "start" "-a" "5db0360e96b848bc19f3c4ca84b6f17b84f55ce75c5417a309f0f785acdcfec9", kill_on_drop: false }`
[INFO] [stderr]    Compiling azure_blob_uploader v0.1.4 (/opt/rustwide/workdir)
[INFO] [stdout] warning: function `main` is never used
[INFO] [stdout]  --> examples/azure_uploader/src/main.rs:5:10
[INFO] [stdout]   |
[INFO] [stdout] 5 | async fn main() {
[INFO] [stdout]   |          ^^^^
[INFO] [stdout]   |
[INFO] [stdout]   = note: `#[warn(dead_code)]` on by default
[INFO] [stdout] 
[INFO] [stdout] 
[INFO] [stdout] warning: constant `STORAGE_KEY` is never used
[INFO] [stdout]  --> examples/azure_uploader/src/secrets.rs:1:11
[INFO] [stdout]   |
[INFO] [stdout] 1 | pub const STORAGE_KEY: &str = "YOUR STORAGE ACCOUNT KEY";
[INFO] [stdout]   |           ^^^^^^^^^^^
[INFO] [stdout] 
[INFO] [stdout] 
[INFO] [stdout] warning: constant `STORAGE_CONTAINER` is never used
[INFO] [stdout]  --> examples/azure_uploader/src/secrets.rs:2:11
[INFO] [stdout]   |
[INFO] [stdout] 2 | pub const STORAGE_CONTAINER: &str = "YOUR CONTAINER NAME";
[INFO] [stdout]   |           ^^^^^^^^^^^^^^^^^
[INFO] [stdout] 
[INFO] [stdout] 
[INFO] [stdout] warning: constant `STORAGE_BLOB` is never used
[INFO] [stdout]  --> examples/azure_uploader/src/secrets.rs:3:11
[INFO] [stdout]   |
[INFO] [stdout] 3 | pub const STORAGE_BLOB: &str = "YOUR BLOB NAME";
[INFO] [stdout]   |           ^^^^^^^^^^^^
[INFO] [stdout] 
[INFO] [stdout] 
[INFO] [stdout] warning: constant `STORAGE_ACCOUNT` is never used
[INFO] [stdout]  --> examples/azure_uploader/src/secrets.rs:4:11
[INFO] [stdout]   |
[INFO] [stdout] 4 | pub const STORAGE_ACCOUNT: &str = "YOUR STORAGE ACCOUNT NAME";
[INFO] [stdout]   |           ^^^^^^^^^^^^^^^
[INFO] [stdout] 
[INFO] [stdout] 
[INFO] [stdout] warning: 5 warnings emitted
[INFO] [stdout] 
[INFO] [stdout] 
[INFO] [stderr]     Finished test [unoptimized + debuginfo] target(s) in 1.34s
[INFO] running `Command { std: "docker" "inspect" "5db0360e96b848bc19f3c4ca84b6f17b84f55ce75c5417a309f0f785acdcfec9", kill_on_drop: false }`
[INFO] running `Command { std: "docker" "rm" "-f" "5db0360e96b848bc19f3c4ca84b6f17b84f55ce75c5417a309f0f785acdcfec9", kill_on_drop: false }`
[INFO] [stdout] 5db0360e96b848bc19f3c4ca84b6f17b84f55ce75c5417a309f0f785acdcfec9
[INFO] running `Command { std: "docker" "create" "-v" "/var/lib/crater-agent-workspace/builds/worker-7-tc1/target:/opt/rustwide/target:rw,Z" "-v" "/var/lib/crater-agent-workspace/builds/worker-7-tc1/source:/opt/rustwide/workdir:ro,Z" "-v" "/var/lib/crater-agent-workspace/cargo-home:/opt/rustwide/cargo-home:ro,Z" "-v" "/var/lib/crater-agent-workspace/rustup-home:/opt/rustwide/rustup-home:ro,Z" "-e" "SOURCE_DIR=/opt/rustwide/workdir" "-e" "CARGO_TARGET_DIR=/opt/rustwide/target" "-e" "CARGO_INCREMENTAL=0" "-e" "RUST_BACKTRACE=full" "-e" "RUSTFLAGS=--cap-lints=warn" "-e" "RUSTDOCFLAGS=--cap-lints=warn" "-e" "CARGO_HOME=/opt/rustwide/cargo-home" "-e" "RUSTUP_HOME=/opt/rustwide/rustup-home" "-w" "/opt/rustwide/workdir" "-m" "1610612736" "--user" "0:0" "--network" "none" "ghcr.io/rust-lang/crates-build-env/linux@sha256:2788e3201cd34a07e3172128adcd8b3090168a8e3bcc40d7c032b9dda1df7d1c" "/opt/rustwide/cargo-home/bin/cargo" "+1.75.0" "test" "--frozen", kill_on_drop: false }`
[INFO] [stdout] 10855b066b6ce4ae1974ff6f66e4bfe4946d9700e8195d28d05b837d87db251f
[INFO] running `Command { std: "docker" "start" "-a" "10855b066b6ce4ae1974ff6f66e4bfe4946d9700e8195d28d05b837d87db251f", kill_on_drop: false }`
[INFO] [stderr] warning: function `main` is never used
[INFO] [stderr]  --> examples/azure_uploader/src/main.rs:5:10
[INFO] [stderr]   |
[INFO] [stderr] 5 | async fn main() {
[INFO] [stderr]   |          ^^^^
[INFO] [stderr]   |
[INFO] [stderr]   = note: `#[warn(dead_code)]` on by default
[INFO] [stderr] 
[INFO] [stderr] warning: constant `STORAGE_KEY` is never used
[INFO] [stderr]  --> examples/azure_uploader/src/secrets.rs:1:11
[INFO] [stderr]   |
[INFO] [stderr] 1 | pub const STORAGE_KEY: &str = "YOUR STORAGE ACCOUNT KEY";
[INFO] [stderr]   |           ^^^^^^^^^^^
[INFO] [stderr] 
[INFO] [stderr] warning: constant `STORAGE_CONTAINER` is never used
[INFO] [stderr]  --> examples/azure_uploader/src/secrets.rs:2:11
[INFO] [stderr]   |
[INFO] [stderr] 2 | pub const STORAGE_CONTAINER: &str = "YOUR CONTAINER NAME";
[INFO] [stderr]   |           ^^^^^^^^^^^^^^^^^
[INFO] [stderr] 
[INFO] [stderr] warning: constant `STORAGE_BLOB` is never used
[INFO] [stderr]  --> examples/azure_uploader/src/secrets.rs:3:11
[INFO] [stderr]   |
[INFO] [stderr] 3 | pub const STORAGE_BLOB: &str = "YOUR BLOB NAME";
[INFO] [stderr]   |           ^^^^^^^^^^^^
[INFO] [stderr] 
[INFO] [stderr] warning: constant `STORAGE_ACCOUNT` is never used
[INFO] [stderr]  --> examples/azure_uploader/src/secrets.rs:4:11
[INFO] [stderr]   |
[INFO] [stderr] 4 | pub const STORAGE_ACCOUNT: &str = "YOUR STORAGE ACCOUNT NAME";
[INFO] [stderr]   |           ^^^^^^^^^^^^^^^
[INFO] [stderr] 
[INFO] [stderr] warning: `azure_blob_uploader` (example "azure_upload") generated 5 warnings
[INFO] [stderr]     Finished test [unoptimized + debuginfo] target(s) in 0.20s
[INFO] [stderr]      Running unittests src/lib.rs (/opt/rustwide/target/debug/deps/azure_blob_uploader-a56ec5d9765d3b4d)
[INFO] [stdout] 
[INFO] [stdout] running 0 tests
[INFO] [stdout] 
[INFO] [stdout] test result: ok. 0 passed; 0 failed; 0 ignored; 0 measured; 0 filtered out; finished in 0.00s
[INFO] [stdout] 
[INFO] [stderr]    Doc-tests azure_blob_uploader
[INFO] [stdout] 
[INFO] [stdout] running 1 test
[INFO] [stdout] test src/lib.rs - azure_blob_uploader (line 3) ... FAILED
[INFO] [stdout] 
[INFO] [stdout] failures:
[INFO] [stdout] 
[INFO] [stdout] ---- src/lib.rs - azure_blob_uploader (line 3) stdout ----
[INFO] [stdout] error[E0583]: file not found for module `secrets`
[INFO] [stdout]  --> src/lib.rs:6:1
[INFO] [stdout]   |
[INFO] [stdout] 5 | mod secrets;
[INFO] [stdout]   | ^^^^^^^^^^^^
[INFO] [stdout]   |
[INFO] [stdout]   = help: to create the module `secrets`, create file "src/secrets.rs" or "src/secrets/mod.rs"
[INFO] [stdout]   = note: if there is a `mod secrets` elsewhere in the crate already, import it with `use crate::...` instead
[INFO] [stdout] 
[INFO] [stdout] error[E0425]: cannot find value `STORAGE_ACCOUNT` in module `secrets`
[INFO] [stdout]   --> src/lib.rs:12:17
[INFO] [stdout]    |
[INFO] [stdout] 11 |        secrets::STORAGE_ACCOUNT,
[INFO] [stdout]    |                 ^^^^^^^^^^^^^^^ not found in `secrets`
[INFO] [stdout] 
[INFO] [stdout] error[E0425]: cannot find value `STORAGE_KEY` in module `secrets`
[INFO] [stdout]   --> src/lib.rs:13:17
[INFO] [stdout]    |
[INFO] [stdout] 12 |        secrets::STORAGE_KEY,
[INFO] [stdout]    |                 ^^^^^^^^^^^ not found in `secrets`
[INFO] [stdout] 
[INFO] [stdout] error[E0425]: cannot find value `STORAGE_CONTAINER` in module `secrets`
[INFO] [stdout]   --> src/lib.rs:14:17
[INFO] [stdout]    |
[INFO] [stdout] 13 |        secrets::STORAGE_CONTAINER,
[INFO] [stdout]    |                 ^^^^^^^^^^^^^^^^^ not found in `secrets`
[INFO] [stdout] 
[INFO] [stdout] error[E0425]: cannot find value `STORAGE_BLOB` in module `secrets`
[INFO] [stdout]   --> src/lib.rs:15:17
[INFO] [stdout]    |
[INFO] [stdout] 14 |        secrets::STORAGE_BLOB,
[INFO] [stdout]    |                 ^^^^^^^^^^^^ not found in `secrets`
[INFO] [stdout] 
[INFO] [stdout] error: aborting due to 5 previous errors
[INFO] [stdout] 
[INFO] [stdout] Some errors have detailed explanations: E0425, E0583.
[INFO] [stdout] For more information about an error, try `rustc --explain E0425`.
[INFO] [stdout] Couldn't compile the test.
[INFO] [stdout] 
[INFO] [stdout] failures:
[INFO] [stdout]     src/lib.rs - azure_blob_uploader (line 3)
[INFO] [stdout] 
[INFO] [stdout] test result: FAILED. 0 passed; 1 failed; 0 ignored; 0 measured; 0 filtered out; finished in 0.13s
[INFO] [stdout] 
[INFO] [stderr] error: doctest failed, to rerun pass `--doc`
[INFO] running `Command { std: "docker" "inspect" "10855b066b6ce4ae1974ff6f66e4bfe4946d9700e8195d28d05b837d87db251f", kill_on_drop: false }`
[INFO] running `Command { std: "docker" "rm" "-f" "10855b066b6ce4ae1974ff6f66e4bfe4946d9700e8195d28d05b837d87db251f", kill_on_drop: false }`
[INFO] [stdout] 10855b066b6ce4ae1974ff6f66e4bfe4946d9700e8195d28d05b837d87db251f
[INFO] testing Somsubro-Banerjee/azure_blob_uploader against beta-2023-12-22 for beta-1.76-1
[INFO] running `Command { std: "git" "clone" "/workspace/cache/git-repos/https%3A%2F%2Fgithub.com%2FSomsubro-Banerjee%2Fazure_blob_uploader" "/workspace/builds/worker-7-tc2/source", kill_on_drop: false }`
[INFO] [stderr] Cloning into '/workspace/builds/worker-7-tc2/source'...
[INFO] [stderr] done.
[INFO] validating manifest of git repo https://github.com/Somsubro-Banerjee/azure_blob_uploader on toolchain beta-2023-12-22
[INFO] running `Command { std: CARGO_HOME="/workspace/cargo-home" RUSTUP_HOME="/workspace/rustup-home" "/workspace/cargo-home/bin/cargo" "+beta-2023-12-22" "metadata" "--manifest-path" "Cargo.toml" "--no-deps", kill_on_drop: false }`
[INFO] started tweaking git repo https://github.com/Somsubro-Banerjee/azure_blob_uploader
[INFO] removed 0 missing examples
[INFO] finished tweaking git repo https://github.com/Somsubro-Banerjee/azure_blob_uploader
[INFO] tweaked toml for git repo https://github.com/Somsubro-Banerjee/azure_blob_uploader written to /workspace/builds/worker-7-tc2/source/Cargo.toml
[INFO] crate git repo https://github.com/Somsubro-Banerjee/azure_blob_uploader already has a lockfile, it will not be regenerated
[INFO] running `Command { std: CARGO_HOME="/workspace/cargo-home" RUSTUP_HOME="/workspace/rustup-home" "/workspace/cargo-home/bin/cargo" "+beta-2023-12-22" "fetch" "--manifest-path" "Cargo.toml", kill_on_drop: false }`
[INFO] running `Command { std: "docker" "create" "-v" "/var/lib/crater-agent-workspace/builds/worker-7-tc2/target:/opt/rustwide/target:rw,Z" "-v" "/var/lib/crater-agent-workspace/builds/worker-7-tc2/source:/opt/rustwide/workdir:ro,Z" "-v" "/var/lib/crater-agent-workspace/cargo-home:/opt/rustwide/cargo-home:ro,Z" "-v" "/var/lib/crater-agent-workspace/rustup-home:/opt/rustwide/rustup-home:ro,Z" "-e" "SOURCE_DIR=/opt/rustwide/workdir" "-e" "CARGO_TARGET_DIR=/opt/rustwide/target" "-e" "CARGO_HOME=/opt/rustwide/cargo-home" "-e" "RUSTUP_HOME=/opt/rustwide/rustup-home" "-w" "/opt/rustwide/workdir" "-m" "1610612736" "--user" "0:0" "--network" "none" "ghcr.io/rust-lang/crates-build-env/linux@sha256:2788e3201cd34a07e3172128adcd8b3090168a8e3bcc40d7c032b9dda1df7d1c" "/opt/rustwide/cargo-home/bin/cargo" "+beta-2023-12-22" "metadata" "--no-deps" "--format-version=1", kill_on_drop: false }`
[INFO] [stdout] 3c5ffc7bf4706b6ba80fb915c48b5a3d8968f0ba8d1f920b92f1840cbfe34d96
[INFO] running `Command { std: "docker" "start" "-a" "3c5ffc7bf4706b6ba80fb915c48b5a3d8968f0ba8d1f920b92f1840cbfe34d96", kill_on_drop: false }`
[INFO] running `Command { std: "docker" "inspect" "3c5ffc7bf4706b6ba80fb915c48b5a3d8968f0ba8d1f920b92f1840cbfe34d96", kill_on_drop: false }`
[INFO] running `Command { std: "docker" "rm" "-f" "3c5ffc7bf4706b6ba80fb915c48b5a3d8968f0ba8d1f920b92f1840cbfe34d96", kill_on_drop: false }`
[INFO] [stdout] 3c5ffc7bf4706b6ba80fb915c48b5a3d8968f0ba8d1f920b92f1840cbfe34d96
[INFO] running `Command { std: "docker" "create" "-v" "/var/lib/crater-agent-workspace/builds/worker-7-tc2/target:/opt/rustwide/target:rw,Z" "-v" "/var/lib/crater-agent-workspace/builds/worker-7-tc2/source:/opt/rustwide/workdir:ro,Z" "-v" "/var/lib/crater-agent-workspace/cargo-home:/opt/rustwide/cargo-home:ro,Z" "-v" "/var/lib/crater-agent-workspace/rustup-home:/opt/rustwide/rustup-home:ro,Z" "-e" "SOURCE_DIR=/opt/rustwide/workdir" "-e" "CARGO_TARGET_DIR=/opt/rustwide/target" "-e" "CARGO_INCREMENTAL=0" "-e" "RUST_BACKTRACE=full" "-e" "RUSTFLAGS=--cap-lints=warn" "-e" "RUSTDOCFLAGS=--cap-lints=warn" "-e" "CARGO_HOME=/opt/rustwide/cargo-home" "-e" "RUSTUP_HOME=/opt/rustwide/rustup-home" "-w" "/opt/rustwide/workdir" "-m" "1610612736" "--user" "0:0" "--network" "none" "ghcr.io/rust-lang/crates-build-env/linux@sha256:2788e3201cd34a07e3172128adcd8b3090168a8e3bcc40d7c032b9dda1df7d1c" "/opt/rustwide/cargo-home/bin/cargo" "+beta-2023-12-22" "build" "--frozen" "--message-format=json", kill_on_drop: false }`
[INFO] [stdout] ffa193562cc28c8fdcc364a44fa57138a1908d0cea97b3fe4667d1c2ed06e6f4
[INFO] running `Command { std: "docker" "start" "-a" "ffa193562cc28c8fdcc364a44fa57138a1908d0cea97b3fe4667d1c2ed06e6f4", kill_on_drop: false }`
[INFO] [stderr]    Compiling proc-macro2 v1.0.69
[INFO] [stderr]    Compiling libc v0.2.150
[INFO] [stderr]    Compiling futures-core v0.3.29
[INFO] [stderr]    Compiling serde v1.0.192
[INFO] [stderr]    Compiling vcpkg v0.2.15
[INFO] [stderr]    Compiling pkg-config v0.3.27
[INFO] [stderr]    Compiling futures-channel v0.3.29
[INFO] [stderr]    Compiling futures-sink v0.3.29
[INFO] [stderr]    Compiling futures-io v0.3.29
[INFO] [stderr]    Compiling smallvec v1.11.1
[INFO] [stderr]    Compiling tracing-core v0.1.32
[INFO] [stderr]    Compiling indexmap v1.9.3
[INFO] [stderr]    Compiling percent-encoding v2.3.0
[INFO] [stderr]    Compiling openssl v0.10.59
[INFO] [stderr]    Compiling http v0.2.9
[INFO] [stderr]    Compiling getrandom v0.1.16
[INFO] [stderr]    Compiling native-tls v0.2.11
[INFO] [stderr]    Compiling crossbeam-utils v0.8.16
[INFO] [stderr]    Compiling quote v1.0.33
[INFO] [stderr]    Compiling tracing v0.1.40
[INFO] [stderr]    Compiling syn v2.0.39
[INFO] [stderr]    Compiling cc v1.0.83
[INFO] [stderr]    Compiling parking_lot_core v0.9.9
[INFO] [stderr]    Compiling mio v0.8.9
[INFO] [stderr]    Compiling signal-hook-registry v1.4.1
[INFO] [stderr]    Compiling num_cpus v1.16.0
[INFO] [stderr]    Compiling socket2 v0.5.5
[INFO] [stderr]    Compiling parking_lot v0.12.1
[INFO] [stderr]    Compiling getrandom v0.2.10
[INFO] [stderr]    Compiling form_urlencoded v1.2.0
[INFO] [stderr]    Compiling thiserror v1.0.50
[INFO] [stderr]    Compiling unicode-bidi v0.3.13
[INFO] [stderr]    Compiling try-lock v0.2.4
[INFO] [stderr]    Compiling want v0.3.1
[INFO] [stderr]    Compiling rand_core v0.5.1
[INFO] [stderr]    Compiling http-body v0.4.5
[INFO] [stderr]    Compiling socket2 v0.4.10
[INFO] [stderr]    Compiling anyhow v1.0.75
[INFO] [stderr]    Compiling rand_chacha v0.2.2
[INFO] [stderr]    Compiling concurrent-queue v2.3.0
[INFO] [stderr]    Compiling rand_core v0.6.4
[INFO] [stderr]    Compiling idna v0.4.0
[INFO] [stderr]    Compiling subtle v2.5.0
[INFO] [stderr]    Compiling parking v2.2.0
[INFO] [stderr]    Compiling waker-fn v1.1.1
[INFO] [stderr]    Compiling http-types v2.12.0
[INFO] [stderr]    Compiling openssl-sys v0.9.95
[INFO] [stderr]    Compiling fastrand v1.9.0
[INFO] [stderr]    Compiling async-trait v0.1.74
[INFO] [stderr]    Compiling event-listener v2.5.3
[INFO] [stderr]    Compiling futures-lite v1.13.0
[INFO] [stderr]    Compiling time-macros v0.2.15
[INFO] [stderr]    Compiling async-channel v1.9.0
[INFO] [stderr]    Compiling digest v0.10.7
[INFO] [stderr]    Compiling rand_chacha v0.3.1
[INFO] [stderr]    Compiling rand v0.7.3
[INFO] [stderr]    Compiling azure_core v0.17.0
[INFO] [stderr]    Compiling ipnet v2.9.0
[INFO] [stderr]    Compiling infer v0.2.3
[INFO] [stderr]    Compiling base64 v0.13.1
[INFO] [stderr]    Compiling rand v0.8.5
[INFO] [stderr]    Compiling dyn-clone v1.0.16
[INFO] [stderr]    Compiling sha2 v0.10.8
[INFO] [stderr]    Compiling hmac v0.12.1
[INFO] [stderr]    Compiling RustyXML v0.3.0
[INFO] [stderr]    Compiling serde_derive v1.0.192
[INFO] [stderr]    Compiling tokio-macros v2.1.0
[INFO] [stderr]    Compiling futures-macro v0.3.29
[INFO] [stderr]    Compiling openssl-macros v0.1.1
[INFO] [stderr]    Compiling thiserror-impl v1.0.50
[INFO] [stderr]    Compiling pin-project-internal v1.1.3
[INFO] [stderr]    Compiling tokio v1.33.0
[INFO] [stderr]    Compiling pin-project v1.1.3
[INFO] [stderr]    Compiling futures-util v0.3.29
[INFO] [stderr]    Compiling futures-executor v0.3.29
[INFO] [stderr]    Compiling futures v0.3.29
[INFO] [stderr]    Compiling tokio-util v0.7.10
[INFO] [stderr]    Compiling tokio-native-tls v0.3.1
[INFO] [stderr]    Compiling serde_urlencoded v0.7.1
[INFO] [stderr]    Compiling url v2.4.1
[INFO] [stderr]    Compiling serde_qs v0.8.5
[INFO] [stderr]    Compiling serde_json v1.0.108
[INFO] [stderr]    Compiling deranged v0.3.9
[INFO] [stderr]    Compiling uuid v1.5.0
[INFO] [stderr]    Compiling h2 v0.3.21
[INFO] [stderr]    Compiling quick-xml v0.31.0
[INFO] [stderr]    Compiling time v0.3.30
[INFO] [stderr]    Compiling hyper v0.14.27
[INFO] [stderr]    Compiling hyper-tls v0.5.0
[INFO] [stderr]    Compiling reqwest v0.11.22
[INFO] [stderr]    Compiling azure_storage v0.17.0
[INFO] [stderr]    Compiling azure_storage_blobs v0.17.0
[INFO] [stderr]    Compiling azure_blob_uploader v0.1.4 (/opt/rustwide/workdir)
[INFO] [stderr]     Finished dev [unoptimized + debuginfo] target(s) in 1m 47s
[INFO] running `Command { std: "docker" "inspect" "ffa193562cc28c8fdcc364a44fa57138a1908d0cea97b3fe4667d1c2ed06e6f4", kill_on_drop: false }`
[INFO] running `Command { std: "docker" "rm" "-f" "ffa193562cc28c8fdcc364a44fa57138a1908d0cea97b3fe4667d1c2ed06e6f4", kill_on_drop: false }`
[INFO] [stdout] ffa193562cc28c8fdcc364a44fa57138a1908d0cea97b3fe4667d1c2ed06e6f4
[INFO] running `Command { std: "docker" "create" "-v" "/var/lib/crater-agent-workspace/builds/worker-7-tc2/target:/opt/rustwide/target:rw,Z" "-v" "/var/lib/crater-agent-workspace/builds/worker-7-tc2/source:/opt/rustwide/workdir:ro,Z" "-v" "/var/lib/crater-agent-workspace/cargo-home:/opt/rustwide/cargo-home:ro,Z" "-v" "/var/lib/crater-agent-workspace/rustup-home:/opt/rustwide/rustup-home:ro,Z" "-e" "SOURCE_DIR=/opt/rustwide/workdir" "-e" "CARGO_TARGET_DIR=/opt/rustwide/target" "-e" "CARGO_INCREMENTAL=0" "-e" "RUST_BACKTRACE=full" "-e" "RUSTFLAGS=--cap-lints=warn" "-e" "RUSTDOCFLAGS=--cap-lints=warn" "-e" "CARGO_HOME=/opt/rustwide/cargo-home" "-e" "RUSTUP_HOME=/opt/rustwide/rustup-home" "-w" "/opt/rustwide/workdir" "-m" "1610612736" "--user" "0:0" "--network" "none" "ghcr.io/rust-lang/crates-build-env/linux@sha256:2788e3201cd34a07e3172128adcd8b3090168a8e3bcc40d7c032b9dda1df7d1c" "/opt/rustwide/cargo-home/bin/cargo" "+beta-2023-12-22" "test" "--frozen" "--no-run" "--message-format=json", kill_on_drop: false }`
[INFO] [stdout] 10c53c189082d345c02fab022e85da7201094e6c92100ca2aa6996d57f36dc1f
[INFO] running `Command { std: "docker" "start" "-a" "10c53c189082d345c02fab022e85da7201094e6c92100ca2aa6996d57f36dc1f", kill_on_drop: false }`
[INFO] [stderr]    Compiling azure_blob_uploader v0.1.4 (/opt/rustwide/workdir)
[INFO] [stdout] warning: function `main` is never used
[INFO] [stdout]  --> examples/azure_uploader/src/main.rs:5:10
[INFO] [stdout]   |
[INFO] [stdout] 5 | async fn main() {
[INFO] [stdout]   |          ^^^^
[INFO] [stdout]   |
[INFO] [stdout]   = note: `#[warn(dead_code)]` on by default
[INFO] [stdout] 
[INFO] [stdout] 
[INFO] [stdout] warning: constant `STORAGE_KEY` is never used
[INFO] [stdout]  --> examples/azure_uploader/src/secrets.rs:1:11
[INFO] [stdout]   |
[INFO] [stdout] 1 | pub const STORAGE_KEY: &str = "YOUR STORAGE ACCOUNT KEY";
[INFO] [stdout]   |           ^^^^^^^^^^^
[INFO] [stdout] 
[INFO] [stdout] 
[INFO] [stdout] warning: constant `STORAGE_CONTAINER` is never used
[INFO] [stdout]  --> examples/azure_uploader/src/secrets.rs:2:11
[INFO] [stdout]   |
[INFO] [stdout] 2 | pub const STORAGE_CONTAINER: &str = "YOUR CONTAINER NAME";
[INFO] [stdout]   |           ^^^^^^^^^^^^^^^^^
[INFO] [stdout] 
[INFO] [stdout] 
[INFO] [stdout] warning: constant `STORAGE_BLOB` is never used
[INFO] [stdout]  --> examples/azure_uploader/src/secrets.rs:3:11
[INFO] [stdout]   |
[INFO] [stdout] 3 | pub const STORAGE_BLOB: &str = "YOUR BLOB NAME";
[INFO] [stdout]   |           ^^^^^^^^^^^^
[INFO] [stdout] 
[INFO] [stdout] 
[INFO] [stdout] warning: constant `STORAGE_ACCOUNT` is never used
[INFO] [stdout]  --> examples/azure_uploader/src/secrets.rs:4:11
[INFO] [stdout]   |
[INFO] [stdout] 4 | pub const STORAGE_ACCOUNT: &str = "YOUR STORAGE ACCOUNT NAME";
[INFO] [stdout]   |           ^^^^^^^^^^^^^^^
[INFO] [stdout] 
[INFO] [stdout] 
[INFO] [stdout] warning: 5 warnings emitted
[INFO] [stdout] 
[INFO] [stdout] 
[INFO] [stderr]     Finished test [unoptimized + debuginfo] target(s) in 1.64s
[INFO] running `Command { std: "docker" "inspect" "10c53c189082d345c02fab022e85da7201094e6c92100ca2aa6996d57f36dc1f", kill_on_drop: false }`
[INFO] running `Command { std: "docker" "rm" "-f" "10c53c189082d345c02fab022e85da7201094e6c92100ca2aa6996d57f36dc1f", kill_on_drop: false }`
[INFO] [stdout] 10c53c189082d345c02fab022e85da7201094e6c92100ca2aa6996d57f36dc1f
[INFO] running `Command { std: "docker" "create" "-v" "/var/lib/crater-agent-workspace/builds/worker-7-tc2/target:/opt/rustwide/target:rw,Z" "-v" "/var/lib/crater-agent-workspace/builds/worker-7-tc2/source:/opt/rustwide/workdir:ro,Z" "-v" "/var/lib/crater-agent-workspace/cargo-home:/opt/rustwide/cargo-home:ro,Z" "-v" "/var/lib/crater-agent-workspace/rustup-home:/opt/rustwide/rustup-home:ro,Z" "-e" "SOURCE_DIR=/opt/rustwide/workdir" "-e" "CARGO_TARGET_DIR=/opt/rustwide/target" "-e" "CARGO_INCREMENTAL=0" "-e" "RUST_BACKTRACE=full" "-e" "RUSTFLAGS=--cap-lints=warn" "-e" "RUSTDOCFLAGS=--cap-lints=warn" "-e" "CARGO_HOME=/opt/rustwide/cargo-home" "-e" "RUSTUP_HOME=/opt/rustwide/rustup-home" "-w" "/opt/rustwide/workdir" "-m" "1610612736" "--user" "0:0" "--network" "none" "ghcr.io/rust-lang/crates-build-env/linux@sha256:2788e3201cd34a07e3172128adcd8b3090168a8e3bcc40d7c032b9dda1df7d1c" "/opt/rustwide/cargo-home/bin/cargo" "+beta-2023-12-22" "test" "--frozen", kill_on_drop: false }`
[INFO] [stdout] b49734f77c9d859b2ded098ca4dd1f9100d47fcfa4339e5ab66cc96228f19807
[INFO] running `Command { std: "docker" "start" "-a" "b49734f77c9d859b2ded098ca4dd1f9100d47fcfa4339e5ab66cc96228f19807", kill_on_drop: false }`
[INFO] [stderr] warning: function `main` is never used
[INFO] [stderr]  --> examples/azure_uploader/src/main.rs:5:10
[INFO] [stderr]   |
[INFO] [stderr] 5 | async fn main() {
[INFO] [stderr]   |          ^^^^
[INFO] [stderr]   |
[INFO] [stderr]   = note: `#[warn(dead_code)]` on by default
[INFO] [stderr] 
[INFO] [stderr] warning: constant `STORAGE_KEY` is never used
[INFO] [stderr]  --> examples/azure_uploader/src/secrets.rs:1:11
[INFO] [stderr]   |
[INFO] [stderr] 1 | pub const STORAGE_KEY: &str = "YOUR STORAGE ACCOUNT KEY";
[INFO] [stderr]   |           ^^^^^^^^^^^
[INFO] [stderr] 
[INFO] [stderr] warning: constant `STORAGE_CONTAINER` is never used
[INFO] [stderr]  --> examples/azure_uploader/src/secrets.rs:2:11
[INFO] [stderr]   |
[INFO] [stderr] 2 | pub const STORAGE_CONTAINER: &str = "YOUR CONTAINER NAME";
[INFO] [stderr]   |           ^^^^^^^^^^^^^^^^^
[INFO] [stderr] 
[INFO] [stderr] warning: constant `STORAGE_BLOB` is never used
[INFO] [stderr]  --> examples/azure_uploader/src/secrets.rs:3:11
[INFO] [stderr]   |
[INFO] [stderr] 3 | pub const STORAGE_BLOB: &str = "YOUR BLOB NAME";
[INFO] [stderr]   |           ^^^^^^^^^^^^
[INFO] [stderr] 
[INFO] [stderr] warning: constant `STORAGE_ACCOUNT` is never used
[INFO] [stderr]  --> examples/azure_uploader/src/secrets.rs:4:11
[INFO] [stderr]   |
[INFO] [stderr] 4 | pub const STORAGE_ACCOUNT: &str = "YOUR STORAGE ACCOUNT NAME";
[INFO] [stderr]   |           ^^^^^^^^^^^^^^^
[INFO] [stderr] 
[INFO] [stderr] warning: `azure_blob_uploader` (example "azure_upload") generated 5 warnings
[INFO] [stderr]     Finished test [unoptimized + debuginfo] target(s) in 0.19s
[INFO] [stderr]      Running unittests src/lib.rs (/opt/rustwide/target/debug/deps/azure_blob_uploader-5694abab0733ea31)
[INFO] [stdout] 
[INFO] [stdout] running 0 tests
[INFO] [stderr]    Doc-tests azure_blob_uploader
[INFO] [stdout] 
[INFO] [stdout] test result: ok. 0 passed; 0 failed; 0 ignored; 0 measured; 0 filtered out; finished in 0.00s
[INFO] [stdout] 
[INFO] [stdout] 
[INFO] [stdout] running 1 test
[INFO] [stdout] test src/lib.rs - azure_blob_uploader (line 3) ... FAILED
[INFO] [stdout] 
[INFO] [stdout] failures:
[INFO] [stdout] 
[INFO] [stdout] ---- src/lib.rs - azure_blob_uploader (line 3) stdout ----
[INFO] [stdout] error[E0583]: file not found for module `secrets`
[INFO] [stdout]  --> src/lib.rs:6:1
[INFO] [stdout]   |
[INFO] [stdout] 5 | mod secrets;
[INFO] [stdout]   | ^^^^^^^^^^^^
[INFO] [stdout]   |
[INFO] [stdout]   = help: to create the module `secrets`, create file "src/secrets.rs" or "src/secrets/mod.rs"
[INFO] [stdout]   = note: if there is a `mod secrets` elsewhere in the crate already, import it with `use crate::...` instead
[INFO] [stdout] 
[INFO] [stdout] error[E0425]: cannot find value `STORAGE_ACCOUNT` in module `secrets`
[INFO] [stdout]   --> src/lib.rs:12:17
[INFO] [stdout]    |
[INFO] [stdout] 11 |        secrets::STORAGE_ACCOUNT,
[INFO] [stdout]    |                 ^^^^^^^^^^^^^^^ not found in `secrets`
[INFO] [stdout] 
[INFO] [stdout] error[E0425]: cannot find value `STORAGE_KEY` in module `secrets`
[INFO] [stdout]   --> src/lib.rs:13:17
[INFO] [stdout]    |
[INFO] [stdout] 12 |        secrets::STORAGE_KEY,
[INFO] [stdout]    |                 ^^^^^^^^^^^ not found in `secrets`
[INFO] [stdout] 
[INFO] [stdout] error[E0425]: cannot find value `STORAGE_CONTAINER` in module `secrets`
[INFO] [stdout]   --> src/lib.rs:14:17
[INFO] [stdout]    |
[INFO] [stdout] 13 |        secrets::STORAGE_CONTAINER,
[INFO] [stdout]    |                 ^^^^^^^^^^^^^^^^^ not found in `secrets`
[INFO] [stdout] 
[INFO] [stdout] error[E0425]: cannot find value `STORAGE_BLOB` in module `secrets`
[INFO] [stdout]   --> src/lib.rs:15:17
[INFO] [stdout]    |
[INFO] [stdout] 14 |        secrets::STORAGE_BLOB,
[INFO] [stdout]    |                 ^^^^^^^^^^^^ not found in `secrets`
[INFO] [stdout] 
[INFO] [stdout] error: aborting due to 5 previous errors
[INFO] [stdout] 
[INFO] [stdout] Some errors have detailed explanations: E0425, E0583.
[INFO] [stdout] For more information about an error, try `rustc --explain E0425`.
[INFO] [stdout] Couldn't compile the test.
[INFO] [stdout] 
[INFO] [stdout] failures:
[INFO] [stdout]     src/lib.rs - azure_blob_uploader (line 3)
[INFO] [stdout] 
[INFO] [stdout] test result: FAILED. 0 passed; 1 failed; 0 ignored; 0 measured; 0 filtered out; finished in 0.19s
[INFO] [stdout] 
[INFO] [stderr] error: doctest failed, to rerun pass `--doc`
[INFO] running `Command { std: "docker" "inspect" "b49734f77c9d859b2ded098ca4dd1f9100d47fcfa4339e5ab66cc96228f19807", kill_on_drop: false }`
[INFO] running `Command { std: "docker" "rm" "-f" "b49734f77c9d859b2ded098ca4dd1f9100d47fcfa4339e5ab66cc96228f19807", kill_on_drop: false }`
[INFO] [stdout] b49734f77c9d859b2ded098ca4dd1f9100d47fcfa4339e5ab66cc96228f19807
