[INFO] cloning repository https://github.com/SnowflakePowered/shiratsu
[INFO] running `Command { std: "git" "-c" "credential.helper=" "-c" "credential.helper=/workspace/cargo-home/bin/git-credential-null" "clone" "--bare" "https://github.com/SnowflakePowered/shiratsu" "/workspace/cache/git-repos/https%3A%2F%2Fgithub.com%2FSnowflakePowered%2Fshiratsu", kill_on_drop: false }`
[INFO] [stderr] Cloning into bare repository '/workspace/cache/git-repos/https%3A%2F%2Fgithub.com%2FSnowflakePowered%2Fshiratsu'...
[INFO] running `Command { std: "git" "rev-parse" "HEAD", kill_on_drop: false }`
[INFO] [stdout] f2e5eaf7762976ec8f98013a44be8d89c6f4d59f
[INFO] testing SnowflakePowered/shiratsu against 1.75.0 for beta-1.76-1
[INFO] running `Command { std: "git" "clone" "/workspace/cache/git-repos/https%3A%2F%2Fgithub.com%2FSnowflakePowered%2Fshiratsu" "/workspace/builds/worker-6-tc1/source", kill_on_drop: false }`
[INFO] [stderr] Cloning into '/workspace/builds/worker-6-tc1/source'...
[INFO] [stderr] done.
[INFO] validating manifest of git repo https://github.com/SnowflakePowered/shiratsu on toolchain 1.75.0
[INFO] running `Command { std: CARGO_HOME="/workspace/cargo-home" RUSTUP_HOME="/workspace/rustup-home" "/workspace/cargo-home/bin/cargo" "+1.75.0" "metadata" "--manifest-path" "Cargo.toml" "--no-deps", kill_on_drop: false }`
[INFO] started tweaking git repo https://github.com/SnowflakePowered/shiratsu
[INFO] finished tweaking git repo https://github.com/SnowflakePowered/shiratsu
[INFO] tweaked toml for git repo https://github.com/SnowflakePowered/shiratsu written to /workspace/builds/worker-6-tc1/source/Cargo.toml
[INFO] crate git repo https://github.com/SnowflakePowered/shiratsu already has a lockfile, it will not be regenerated
[INFO] running `Command { std: CARGO_HOME="/workspace/cargo-home" RUSTUP_HOME="/workspace/rustup-home" "/workspace/cargo-home/bin/cargo" "+1.75.0" "fetch" "--manifest-path" "Cargo.toml", kill_on_drop: false }`
[INFO] [stderr]     Updating crates.io index
[INFO] [stderr]  Downloading crates ...
[INFO] [stderr]   Downloaded starts-ends-with-caseless v0.5.4
[INFO] [stderr]   Downloaded serde_json v1.0.70
[INFO] [stderr]   Downloaded rusqlite v0.23.1
[INFO] [stderr]   Downloaded lazy-static-include v2.3.0
[INFO] running `Command { std: "docker" "create" "-v" "/var/lib/crater-agent-workspace/builds/worker-6-tc1/target:/opt/rustwide/target:rw,Z" "-v" "/var/lib/crater-agent-workspace/builds/worker-6-tc1/source:/opt/rustwide/workdir:ro,Z" "-v" "/var/lib/crater-agent-workspace/cargo-home:/opt/rustwide/cargo-home:ro,Z" "-v" "/var/lib/crater-agent-workspace/rustup-home:/opt/rustwide/rustup-home:ro,Z" "-e" "SOURCE_DIR=/opt/rustwide/workdir" "-e" "CARGO_TARGET_DIR=/opt/rustwide/target" "-e" "CARGO_HOME=/opt/rustwide/cargo-home" "-e" "RUSTUP_HOME=/opt/rustwide/rustup-home" "-w" "/opt/rustwide/workdir" "-m" "1610612736" "--user" "0:0" "--network" "none" "ghcr.io/rust-lang/crates-build-env/linux@sha256:2788e3201cd34a07e3172128adcd8b3090168a8e3bcc40d7c032b9dda1df7d1c" "/opt/rustwide/cargo-home/bin/cargo" "+1.75.0" "metadata" "--no-deps" "--format-version=1", kill_on_drop: false }`
[INFO] [stdout] fade55aaca7c658ef2fa6d6fe5f6c2400398036c331ff433883e6cc2b8143422
[INFO] running `Command { std: "docker" "start" "-a" "fade55aaca7c658ef2fa6d6fe5f6c2400398036c331ff433883e6cc2b8143422", kill_on_drop: false }`
[INFO] running `Command { std: "docker" "inspect" "fade55aaca7c658ef2fa6d6fe5f6c2400398036c331ff433883e6cc2b8143422", kill_on_drop: false }`
[INFO] running `Command { std: "docker" "rm" "-f" "fade55aaca7c658ef2fa6d6fe5f6c2400398036c331ff433883e6cc2b8143422", kill_on_drop: false }`
[INFO] [stdout] fade55aaca7c658ef2fa6d6fe5f6c2400398036c331ff433883e6cc2b8143422
[INFO] running `Command { std: "docker" "create" "-v" "/var/lib/crater-agent-workspace/builds/worker-6-tc1/target:/opt/rustwide/target:rw,Z" "-v" "/var/lib/crater-agent-workspace/builds/worker-6-tc1/source:/opt/rustwide/workdir:ro,Z" "-v" "/var/lib/crater-agent-workspace/cargo-home:/opt/rustwide/cargo-home:ro,Z" "-v" "/var/lib/crater-agent-workspace/rustup-home:/opt/rustwide/rustup-home:ro,Z" "-e" "SOURCE_DIR=/opt/rustwide/workdir" "-e" "CARGO_TARGET_DIR=/opt/rustwide/target" "-e" "CARGO_INCREMENTAL=0" "-e" "RUST_BACKTRACE=full" "-e" "RUSTFLAGS=--cap-lints=warn" "-e" "RUSTDOCFLAGS=--cap-lints=warn" "-e" "CARGO_HOME=/opt/rustwide/cargo-home" "-e" "RUSTUP_HOME=/opt/rustwide/rustup-home" "-w" "/opt/rustwide/workdir" "-m" "1610612736" "--user" "0:0" "--network" "none" "ghcr.io/rust-lang/crates-build-env/linux@sha256:2788e3201cd34a07e3172128adcd8b3090168a8e3bcc40d7c032b9dda1df7d1c" "/opt/rustwide/cargo-home/bin/cargo" "+1.75.0" "build" "--frozen" "--message-format=json", kill_on_drop: false }`
[INFO] [stdout] d8f43e911bc4f26dcad09e39f21e38eaf5e5b37b805ea79120faed67e3f4a189
[INFO] running `Command { std: "docker" "start" "-a" "d8f43e911bc4f26dcad09e39f21e38eaf5e5b37b805ea79120faed67e3f4a189", kill_on_drop: false }`
[INFO] [stderr]    Compiling libc v0.2.107
[INFO] [stderr]    Compiling proc-macro2 v1.0.32
[INFO] [stderr]    Compiling unicode-xid v0.2.2
[INFO] [stderr]    Compiling autocfg v1.0.1
[INFO] [stderr]    Compiling syn v1.0.81
[INFO] [stderr]    Compiling memchr v2.4.1
[INFO] [stderr]    Compiling lazy_static v1.4.0
[INFO] [stderr]    Compiling cfg-if v1.0.0
[INFO] [stderr]    Compiling serde_derive v1.0.130
[INFO] [stderr]    Compiling serde v1.0.130
[INFO] [stderr]    Compiling siphasher v0.3.7
[INFO] [stderr]    Compiling slog v2.7.0
[INFO] [stderr]    Compiling rand_core v0.6.3
[INFO] [stderr]    Compiling regex-syntax v0.6.25
[INFO] [stderr]    Compiling version_check v0.9.3
[INFO] [stderr]    Compiling ryu v1.0.5
[INFO] [stderr]    Compiling once_cell v1.8.0
[INFO] [stderr]    Compiling linked-hash-map v0.5.4
[INFO] [stderr]    Compiling hashbrown v0.11.2
[INFO] [stderr]    Compiling rand v0.8.5
[INFO] [stderr]    Compiling phf_shared v0.11.1
[INFO] [stderr]    Compiling cc v1.0.72
[INFO] [stderr]    Compiling serde_json v1.0.70
[INFO] [stderr]    Compiling indexmap v1.7.0
[INFO] [stderr]    Compiling num-traits v0.2.14
[INFO] [stderr]    Compiling nom v7.1.0
[INFO] [stderr]    Compiling num-integer v0.1.44
[INFO] [stderr]    Compiling crossbeam-utils v0.8.5
[INFO] [stderr]    Compiling pkg-config v0.3.22
[INFO] [stderr]    Compiling unicode-width v0.1.9
[INFO] [stderr]    Compiling starts-ends-with-caseless v0.5.4
[INFO] [stderr]    Compiling phf_generator v0.11.1
[INFO] [stderr]    Compiling itoa v0.4.8
[INFO] [stderr]    Compiling log v0.4.14
[INFO] [stderr]    Compiling thread_local v1.1.3
[INFO] [stderr]    Compiling slog-async v2.7.0
[INFO] [stderr]    Compiling anyhow v1.0.45
[INFO] [stderr]    Compiling arc-swap v1.5.0
[INFO] [stderr]    Compiling lru-cache v0.1.2
[INFO] [stderr]    Compiling yaml-rust v0.4.5
[INFO] [stderr]    Compiling quote v1.0.10
[INFO] [stderr]    Compiling take_mut v0.2.2
[INFO] [stderr]    Compiling crossbeam-channel v0.5.1
[INFO] [stderr]    Compiling number_prefix v0.3.0
[INFO] [stderr]    Compiling aho-corasick v0.7.18
[INFO] [stderr]    Compiling slog-scope v4.4.0
[INFO] [stderr]    Compiling dirs-sys-next v0.1.2
[INFO] [stderr]    Compiling terminal_size v0.1.17
[INFO] [stderr]    Compiling time v0.1.43
[INFO] [stderr]    Compiling atty v0.2.14
[INFO] [stderr]    Compiling getrandom v0.2.3
[INFO] [stderr]    Compiling dirs-next v2.0.0
[INFO] [stderr]    Compiling termios v0.3.3
[INFO] [stderr]    Compiling term v0.7.0
[INFO] [stderr]    Compiling dtoa v0.4.8
[INFO] [stderr]    Compiling fallible-streaming-iterator v0.1.9
[INFO] [stderr]    Compiling smallvec v1.7.0
[INFO] [stderr]    Compiling libsqlite3-sys v0.18.0
[INFO] [stderr]    Compiling fallible-iterator v0.2.0
[INFO] [stderr]    Compiling same-file v1.0.6
[INFO] [stderr]    Compiling paste v1.0.6
[INFO] [stderr]    Compiling bitflags v1.3.2
[INFO] [stderr]    Compiling walkdir v2.3.2
[INFO] [stderr]    Compiling regex v1.5.4
[INFO] [stderr]    Compiling uuid v0.8.2
[INFO] [stderr]    Compiling chrono v0.4.19
[INFO] [stderr]    Compiling colored v1.9.3
[INFO] [stderr]    Compiling slog-stdlog v4.1.0
[INFO] [stderr]    Compiling glob v0.3.0
[INFO] [stderr]    Compiling console v0.15.0
[INFO] [stderr]    Compiling console v0.11.3
[INFO] [stderr]    Compiling slog-term v2.8.0
[INFO] [stderr]    Compiling indicatif v0.14.0
[INFO] [stderr]    Compiling lazy-static-include v2.3.0
[INFO] [stderr]    Compiling phf_macros v0.11.1
[INFO] [stderr]    Compiling phf v0.11.1
[INFO] [stderr]    Compiling shiratsu-naming v0.1.7 (/opt/rustwide/workdir/shiratsu-naming)
[INFO] [stderr]    Compiling quick-xml v0.22.0
[INFO] [stderr]    Compiling serde_yaml v0.8.21
[INFO] [stderr]    Compiling shiratsu-stone v0.1.0 (/opt/rustwide/workdir/shiratsu-stone)
[INFO] [stderr]    Compiling shiratsu-dat v0.1.0 (/opt/rustwide/workdir/shiratsu-dat)
[INFO] [stdout] warning: unused import: `display::*`
[INFO] [stdout]   --> shiratsu-dat/src/common/mod.rs:14:9
[INFO] [stdout]    |
[INFO] [stdout] 14 | pub use display::*;
[INFO] [stdout]    |         ^^^^^^^^^^
[INFO] [stdout]    |
[INFO] [stdout]    = note: `#[warn(unused_imports)]` on by default
[INFO] [stdout] 
[INFO] [stdout] 
[INFO] [stdout] warning: 1 warning emitted
[INFO] [stdout] 
[INFO] [stdout] 
[INFO] [stderr]    Compiling rusqlite v0.23.1
[INFO] [stderr]    Compiling shiratsu v3.0.0 (/opt/rustwide/workdir/shiratsu)
[INFO] [stdout] warning: named argument `source` is not used by name
[INFO] [stdout]   --> shiratsu/src/log.rs:81:17
[INFO] [stdout]    |
[INFO] [stdout] 80 |                 "Found {} DAT File at {} ({})",
[INFO] [stdout]    |                        -- this formatting argument uses named argument `source` by position
[INFO] [stdout] 81 |                 source = source,
[INFO] [stdout]    |                 ^^^^^^ this named argument is referred to by position in formatting string
[INFO] [stdout]    |
[INFO] [stdout]    = note: `#[warn(named_arguments_used_positionally)]` on by default
[INFO] [stdout] help: use the named argument by name to avoid ambiguity
[INFO] [stdout]    |
[INFO] [stdout] 80 |                 "Found {source} DAT File at {} ({})",
[INFO] [stdout]    |                         ++++++
[INFO] [stdout] 
[INFO] [stdout] 
[INFO] [stdout] warning: named argument `path` is not used by name
[INFO] [stdout]   --> shiratsu/src/log.rs:82:17
[INFO] [stdout]    |
[INFO] [stdout] 80 |                 "Found {} DAT File at {} ({})",
[INFO] [stdout]    |                                       -- this formatting argument uses named argument `path` by position
[INFO] [stdout] 81 |                 source = source,
[INFO] [stdout] 82 |                 path = p.display(),
[INFO] [stdout]    |                 ^^^^ this named argument is referred to by position in formatting string
[INFO] [stdout]    |
[INFO] [stdout] help: use the named argument by name to avoid ambiguity
[INFO] [stdout]    |
[INFO] [stdout] 80 |                 "Found {} DAT File at {path} ({})",
[INFO] [stdout]    |                                        ++++
[INFO] [stdout] 
[INFO] [stdout] 
[INFO] [stdout] warning: named argument `platform_id` is not used by name
[INFO] [stdout]   --> shiratsu/src/log.rs:83:17
[INFO] [stdout]    |
[INFO] [stdout] 80 |                 "Found {} DAT File at {} ({})",
[INFO] [stdout]    |                                           -- this formatting argument uses named argument `platform_id` by position
[INFO] [stdout] ...
[INFO] [stdout] 83 |                 platform_id = platform_id.as_ref()
[INFO] [stdout]    |                 ^^^^^^^^^^^ this named argument is referred to by position in formatting string
[INFO] [stdout]    |
[INFO] [stdout] help: use the named argument by name to avoid ambiguity
[INFO] [stdout]    |
[INFO] [stdout] 80 |                 "Found {} DAT File at {} ({platform_id})",
[INFO] [stdout]    |                                            +++++++++++
[INFO] [stdout] 
[INFO] [stdout] 
[INFO] [stdout] warning: named argument `platform_id` is not used by name
[INFO] [stdout]   --> shiratsu/src/log.rs:89:17
[INFO] [stdout]    |
[INFO] [stdout] 88 |                 "{}: {}",
[INFO] [stdout]    |                  -- this formatting argument uses named argument `platform_id` by position
[INFO] [stdout] 89 |                 platform_id = platform_id.as_ref(),
[INFO] [stdout]    |                 ^^^^^^^^^^^ this named argument is referred to by position in formatting string
[INFO] [stdout]    |
[INFO] [stdout] help: use the named argument by name to avoid ambiguity
[INFO] [stdout]    |
[INFO] [stdout] 88 |                 "{platform_id}: {}",
[INFO] [stdout]    |                   +++++++++++
[INFO] [stdout] 
[INFO] [stdout] 
[INFO] [stdout] warning: named argument `path` is not used by name
[INFO] [stdout]   --> shiratsu/src/log.rs:90:17
[INFO] [stdout]    |
[INFO] [stdout] 88 |                 "{}: {}",
[INFO] [stdout]    |                      -- this formatting argument uses named argument `path` by position
[INFO] [stdout] 89 |                 platform_id = platform_id.as_ref(),
[INFO] [stdout] 90 |                 path = p.display(),
[INFO] [stdout]    |                 ^^^^ this named argument is referred to by position in formatting string
[INFO] [stdout]    |
[INFO] [stdout] help: use the named argument by name to avoid ambiguity
[INFO] [stdout]    |
[INFO] [stdout] 88 |                 "{}: {path}",
[INFO] [stdout]    |                       ++++
[INFO] [stdout] 
[INFO] [stdout] 
[INFO] [stdout] warning: named argument `entry_name` is not used by name
[INFO] [stdout]    --> shiratsu/src/log.rs:101:17
[INFO] [stdout]     |
[INFO] [stdout] 100 |                 "Adding game entry \"{}\" ({})",
[INFO] [stdout]     |                                      -- this formatting argument uses named argument `entry_name` by position
[INFO] [stdout] 101 |                 entry_name = entry_name,
[INFO] [stdout]     |                 ^^^^^^^^^^ this named argument is referred to by position in formatting string
[INFO] [stdout]     |
[INFO] [stdout] help: use the named argument by name to avoid ambiguity
[INFO] [stdout]     |
[INFO] [stdout] 100 |                 "Adding game entry \"{entry_name}\" ({})",
[INFO] [stdout]     |                                       ++++++++++
[INFO] [stdout] 
[INFO] [stdout] 
[INFO] [stdout] warning: named argument `platform_id` is not used by name
[INFO] [stdout]    --> shiratsu/src/log.rs:102:17
[INFO] [stdout]     |
[INFO] [stdout] 100 |                 "Adding game entry \"{}\" ({})",
[INFO] [stdout]     |                                            -- this formatting argument uses named argument `platform_id` by position
[INFO] [stdout] 101 |                 entry_name = entry_name,
[INFO] [stdout] 102 |                 platform_id = platform_id.as_ref(),
[INFO] [stdout]     |                 ^^^^^^^^^^^ this named argument is referred to by position in formatting string
[INFO] [stdout]     |
[INFO] [stdout] help: use the named argument by name to avoid ambiguity
[INFO] [stdout]     |
[INFO] [stdout] 100 |                 "Adding game entry \"{}\" ({platform_id})",
[INFO] [stdout]     |                                             +++++++++++
[INFO] [stdout] 
[INFO] [stdout] 
[INFO] [stdout] warning: named argument `path` is not used by name
[INFO] [stdout]    --> shiratsu/src/log.rs:116:17
[INFO] [stdout]     |
[INFO] [stdout] 115 |                 "Finished processing {}, added {} entries.",
[INFO] [stdout]     |                                      -- this formatting argument uses named argument `path` by position
[INFO] [stdout] 116 |                 path = p.display(),
[INFO] [stdout]     |                 ^^^^ this named argument is referred to by position in formatting string
[INFO] [stdout]     |
[INFO] [stdout] help: use the named argument by name to avoid ambiguity
[INFO] [stdout]     |
[INFO] [stdout] 115 |                 "Finished processing {path}, added {} entries.",
[INFO] [stdout]     |                                       ++++
[INFO] [stdout] 
[INFO] [stdout] 
[INFO] [stdout] warning: named argument `count` is not used by name
[INFO] [stdout]    --> shiratsu/src/log.rs:117:17
[INFO] [stdout]     |
[INFO] [stdout] 115 |                 "Finished processing {}, added {} entries.",
[INFO] [stdout]     |                                                -- this formatting argument uses named argument `count` by position
[INFO] [stdout] 116 |                 path = p.display(),
[INFO] [stdout] 117 |                 count = len
[INFO] [stdout]     |                 ^^^^^ this named argument is referred to by position in formatting string
[INFO] [stdout]     |
[INFO] [stdout] help: use the named argument by name to avoid ambiguity
[INFO] [stdout]     |
[INFO] [stdout] 115 |                 "Finished processing {}, added {count} entries.",
[INFO] [stdout]     |                                                 +++++
[INFO] [stdout] 
[INFO] [stdout] 
[INFO] [stdout] warning: 9 warnings emitted
[INFO] [stdout] 
[INFO] [stdout] 
[INFO] [stderr]     Finished dev [unoptimized + debuginfo] target(s) in 17.74s
[INFO] [stderr] warning: the following packages contain code that will be rejected by a future version of Rust: quick-xml v0.22.0
[INFO] [stderr] note: to see what the problems were, use the option `--future-incompat-report`, or run `cargo report future-incompatibilities --id 1`
[INFO] running `Command { std: "docker" "inspect" "d8f43e911bc4f26dcad09e39f21e38eaf5e5b37b805ea79120faed67e3f4a189", kill_on_drop: false }`
[INFO] running `Command { std: "docker" "rm" "-f" "d8f43e911bc4f26dcad09e39f21e38eaf5e5b37b805ea79120faed67e3f4a189", kill_on_drop: false }`
[INFO] [stdout] d8f43e911bc4f26dcad09e39f21e38eaf5e5b37b805ea79120faed67e3f4a189
[INFO] running `Command { std: "docker" "create" "-v" "/var/lib/crater-agent-workspace/builds/worker-6-tc1/target:/opt/rustwide/target:rw,Z" "-v" "/var/lib/crater-agent-workspace/builds/worker-6-tc1/source:/opt/rustwide/workdir:ro,Z" "-v" "/var/lib/crater-agent-workspace/cargo-home:/opt/rustwide/cargo-home:ro,Z" "-v" "/var/lib/crater-agent-workspace/rustup-home:/opt/rustwide/rustup-home:ro,Z" "-e" "SOURCE_DIR=/opt/rustwide/workdir" "-e" "CARGO_TARGET_DIR=/opt/rustwide/target" "-e" "CARGO_INCREMENTAL=0" "-e" "RUST_BACKTRACE=full" "-e" "RUSTFLAGS=--cap-lints=warn" "-e" "RUSTDOCFLAGS=--cap-lints=warn" "-e" "CARGO_HOME=/opt/rustwide/cargo-home" "-e" "RUSTUP_HOME=/opt/rustwide/rustup-home" "-w" "/opt/rustwide/workdir" "-m" "1610612736" "--user" "0:0" "--network" "none" "ghcr.io/rust-lang/crates-build-env/linux@sha256:2788e3201cd34a07e3172128adcd8b3090168a8e3bcc40d7c032b9dda1df7d1c" "/opt/rustwide/cargo-home/bin/cargo" "+1.75.0" "test" "--frozen" "--no-run" "--message-format=json", kill_on_drop: false }`
[INFO] [stdout] 6e3cbacf8b73297e55556db841310f6862c933056b4b0a4ec0982a7376eea5b4
[INFO] running `Command { std: "docker" "start" "-a" "6e3cbacf8b73297e55556db841310f6862c933056b4b0a4ec0982a7376eea5b4", kill_on_drop: false }`
[INFO] [stderr]    Compiling shiratsu-stone v0.1.0 (/opt/rustwide/workdir/shiratsu-stone)
[INFO] [stderr]    Compiling shiratsu-naming v0.1.7 (/opt/rustwide/workdir/shiratsu-naming)
[INFO] [stdout] warning: unused import: `display::*`
[INFO] [stdout]   --> shiratsu-dat/src/common/mod.rs:14:9
[INFO] [stdout]    |
[INFO] [stdout] 14 | pub use display::*;
[INFO] [stdout]    |         ^^^^^^^^^^
[INFO] [stdout]    |
[INFO] [stdout]    = note: `#[warn(unused_imports)]` on by default
[INFO] [stdout] 
[INFO] [stdout] 
[INFO] [stdout] warning: 1 warning emitted
[INFO] [stdout] 
[INFO] [stdout] 
[INFO] [stderr]    Compiling shiratsu-dat v0.1.0 (/opt/rustwide/workdir/shiratsu-dat)
[INFO] [stderr]    Compiling shiratsu v3.0.0 (/opt/rustwide/workdir/shiratsu)
[INFO] [stdout] warning: named argument `source` is not used by name
[INFO] [stdout]   --> shiratsu/src/log.rs:81:17
[INFO] [stdout]    |
[INFO] [stdout] 80 |                 "Found {} DAT File at {} ({})",
[INFO] [stdout]    |                        -- this formatting argument uses named argument `source` by position
[INFO] [stdout] 81 |                 source = source,
[INFO] [stdout]    |                 ^^^^^^ this named argument is referred to by position in formatting string
[INFO] [stdout]    |
[INFO] [stdout]    = note: `#[warn(named_arguments_used_positionally)]` on by default
[INFO] [stdout] help: use the named argument by name to avoid ambiguity
[INFO] [stdout]    |
[INFO] [stdout] 80 |                 "Found {source} DAT File at {} ({})",
[INFO] [stdout]    |                         ++++++
[INFO] [stdout] 
[INFO] [stdout] 
[INFO] [stdout] warning: named argument `path` is not used by name
[INFO] [stdout]   --> shiratsu/src/log.rs:82:17
[INFO] [stdout]    |
[INFO] [stdout] 80 |                 "Found {} DAT File at {} ({})",
[INFO] [stdout]    |                                       -- this formatting argument uses named argument `path` by position
[INFO] [stdout] 81 |                 source = source,
[INFO] [stdout] 82 |                 path = p.display(),
[INFO] [stdout]    |                 ^^^^ this named argument is referred to by position in formatting string
[INFO] [stdout]    |
[INFO] [stdout] help: use the named argument by name to avoid ambiguity
[INFO] [stdout]    |
[INFO] [stdout] 80 |                 "Found {} DAT File at {path} ({})",
[INFO] [stdout]    |                                        ++++
[INFO] [stdout] 
[INFO] [stdout] 
[INFO] [stdout] warning: named argument `platform_id` is not used by name
[INFO] [stdout]   --> shiratsu/src/log.rs:83:17
[INFO] [stdout]    |
[INFO] [stdout] 80 |                 "Found {} DAT File at {} ({})",
[INFO] [stdout]    |                                           -- this formatting argument uses named argument `platform_id` by position
[INFO] [stdout] ...
[INFO] [stdout] 83 |                 platform_id = platform_id.as_ref()
[INFO] [stdout]    |                 ^^^^^^^^^^^ this named argument is referred to by position in formatting string
[INFO] [stdout]    |
[INFO] [stdout] help: use the named argument by name to avoid ambiguity
[INFO] [stdout]    |
[INFO] [stdout] 80 |                 "Found {} DAT File at {} ({platform_id})",
[INFO] [stdout]    |                                            +++++++++++
[INFO] [stdout] 
[INFO] [stdout] 
[INFO] [stdout] warning: named argument `platform_id` is not used by name
[INFO] [stdout]   --> shiratsu/src/log.rs:89:17
[INFO] [stdout]    |
[INFO] [stdout] 88 |                 "{}: {}",
[INFO] [stdout]    |                  -- this formatting argument uses named argument `platform_id` by position
[INFO] [stdout] 89 |                 platform_id = platform_id.as_ref(),
[INFO] [stdout]    |                 ^^^^^^^^^^^ this named argument is referred to by position in formatting string
[INFO] [stdout]    |
[INFO] [stdout] help: use the named argument by name to avoid ambiguity
[INFO] [stdout]    |
[INFO] [stdout] 88 |                 "{platform_id}: {}",
[INFO] [stdout]    |                   +++++++++++
[INFO] [stdout] 
[INFO] [stdout] 
[INFO] [stdout] warning: named argument `path` is not used by name
[INFO] [stdout]   --> shiratsu/src/log.rs:90:17
[INFO] [stdout]    |
[INFO] [stdout] 88 |                 "{}: {}",
[INFO] [stdout]    |                      -- this formatting argument uses named argument `path` by position
[INFO] [stdout] 89 |                 platform_id = platform_id.as_ref(),
[INFO] [stdout] 90 |                 path = p.display(),
[INFO] [stdout]    |                 ^^^^ this named argument is referred to by position in formatting string
[INFO] [stdout]    |
[INFO] [stdout] help: use the named argument by name to avoid ambiguity
[INFO] [stdout]    |
[INFO] [stdout] 88 |                 "{}: {path}",
[INFO] [stdout]    |                       ++++
[INFO] [stdout] 
[INFO] [stdout] 
[INFO] [stdout] warning: named argument `entry_name` is not used by name
[INFO] [stdout]    --> shiratsu/src/log.rs:101:17
[INFO] [stdout]     |
[INFO] [stdout] 100 |                 "Adding game entry \"{}\" ({})",
[INFO] [stdout]     |                                      -- this formatting argument uses named argument `entry_name` by position
[INFO] [stdout] 101 |                 entry_name = entry_name,
[INFO] [stdout]     |                 ^^^^^^^^^^ this named argument is referred to by position in formatting string
[INFO] [stdout]     |
[INFO] [stdout] help: use the named argument by name to avoid ambiguity
[INFO] [stdout]     |
[INFO] [stdout] 100 |                 "Adding game entry \"{entry_name}\" ({})",
[INFO] [stdout]     |                                       ++++++++++
[INFO] [stdout] 
[INFO] [stdout] 
[INFO] [stdout] warning: named argument `platform_id` is not used by name
[INFO] [stdout]    --> shiratsu/src/log.rs:102:17
[INFO] [stdout]     |
[INFO] [stdout] 100 |                 "Adding game entry \"{}\" ({})",
[INFO] [stdout]     |                                            -- this formatting argument uses named argument `platform_id` by position
[INFO] [stdout] 101 |                 entry_name = entry_name,
[INFO] [stdout] 102 |                 platform_id = platform_id.as_ref(),
[INFO] [stdout]     |                 ^^^^^^^^^^^ this named argument is referred to by position in formatting string
[INFO] [stdout]     |
[INFO] [stdout] help: use the named argument by name to avoid ambiguity
[INFO] [stdout]     |
[INFO] [stdout] 100 |                 "Adding game entry \"{}\" ({platform_id})",
[INFO] [stdout]     |                                             +++++++++++
[INFO] [stdout] 
[INFO] [stdout] 
[INFO] [stdout] warning: named argument `path` is not used by name
[INFO] [stdout]    --> shiratsu/src/log.rs:116:17
[INFO] [stdout]     |
[INFO] [stdout] 115 |                 "Finished processing {}, added {} entries.",
[INFO] [stdout]     |                                      -- this formatting argument uses named argument `path` by position
[INFO] [stdout] 116 |                 path = p.display(),
[INFO] [stdout]     |                 ^^^^ this named argument is referred to by position in formatting string
[INFO] [stdout]     |
[INFO] [stdout] help: use the named argument by name to avoid ambiguity
[INFO] [stdout]     |
[INFO] [stdout] 115 |                 "Finished processing {path}, added {} entries.",
[INFO] [stdout]     |                                       ++++
[INFO] [stdout] 
[INFO] [stdout] 
[INFO] [stdout] warning: named argument `count` is not used by name
[INFO] [stdout]    --> shiratsu/src/log.rs:117:17
[INFO] [stdout]     |
[INFO] [stdout] 115 |                 "Finished processing {}, added {} entries.",
[INFO] [stdout]     |                                                -- this formatting argument uses named argument `count` by position
[INFO] [stdout] 116 |                 path = p.display(),
[INFO] [stdout] 117 |                 count = len
[INFO] [stdout]     |                 ^^^^^ this named argument is referred to by position in formatting string
[INFO] [stdout]     |
[INFO] [stdout] help: use the named argument by name to avoid ambiguity
[INFO] [stdout]     |
[INFO] [stdout] 115 |                 "Finished processing {}, added {count} entries.",
[INFO] [stdout]     |                                                 +++++
[INFO] [stdout] 
[INFO] [stdout] 
[INFO] [stdout] warning: unused import: `display::*`
[INFO] [stdout]   --> shiratsu-dat/src/common/mod.rs:14:9
[INFO] [stdout]    |
[INFO] [stdout] 14 | pub use display::*;
[INFO] [stdout]    |         ^^^^^^^^^^
[INFO] [stdout]    |
[INFO] [stdout]    = note: `#[warn(unused_imports)]` on by default
[INFO] [stdout] 
[INFO] [stdout] 
[INFO] [stdout] warning: 9 warnings emitted
[INFO] [stdout] 
[INFO] [stdout] 
[INFO] [stdout] warning: 1 warning emitted
[INFO] [stdout] 
[INFO] [stdout] 
[INFO] [stderr]     Finished test [unoptimized + debuginfo] target(s) in 2.22s
[INFO] [stderr] warning: the following packages contain code that will be rejected by a future version of Rust: quick-xml v0.22.0
[INFO] [stderr] note: to see what the problems were, use the option `--future-incompat-report`, or run `cargo report future-incompatibilities --id 1`
[INFO] running `Command { std: "docker" "inspect" "6e3cbacf8b73297e55556db841310f6862c933056b4b0a4ec0982a7376eea5b4", kill_on_drop: false }`
[INFO] running `Command { std: "docker" "rm" "-f" "6e3cbacf8b73297e55556db841310f6862c933056b4b0a4ec0982a7376eea5b4", kill_on_drop: false }`
[INFO] [stdout] 6e3cbacf8b73297e55556db841310f6862c933056b4b0a4ec0982a7376eea5b4
[INFO] running `Command { std: "docker" "create" "-v" "/var/lib/crater-agent-workspace/builds/worker-6-tc1/target:/opt/rustwide/target:rw,Z" "-v" "/var/lib/crater-agent-workspace/builds/worker-6-tc1/source:/opt/rustwide/workdir:ro,Z" "-v" "/var/lib/crater-agent-workspace/cargo-home:/opt/rustwide/cargo-home:ro,Z" "-v" "/var/lib/crater-agent-workspace/rustup-home:/opt/rustwide/rustup-home:ro,Z" "-e" "SOURCE_DIR=/opt/rustwide/workdir" "-e" "CARGO_TARGET_DIR=/opt/rustwide/target" "-e" "CARGO_INCREMENTAL=0" "-e" "RUST_BACKTRACE=full" "-e" "RUSTFLAGS=--cap-lints=warn" "-e" "RUSTDOCFLAGS=--cap-lints=warn" "-e" "CARGO_HOME=/opt/rustwide/cargo-home" "-e" "RUSTUP_HOME=/opt/rustwide/rustup-home" "-w" "/opt/rustwide/workdir" "-m" "1610612736" "--user" "0:0" "--network" "none" "ghcr.io/rust-lang/crates-build-env/linux@sha256:2788e3201cd34a07e3172128adcd8b3090168a8e3bcc40d7c032b9dda1df7d1c" "/opt/rustwide/cargo-home/bin/cargo" "+1.75.0" "test" "--frozen", kill_on_drop: false }`
[INFO] [stdout] 3b9f45cb7efda349653fb14edb1ccc116e8edec3c5756958144126836e99afab
[INFO] running `Command { std: "docker" "start" "-a" "3b9f45cb7efda349653fb14edb1ccc116e8edec3c5756958144126836e99afab", kill_on_drop: false }`
[INFO] [stderr] warning: unused import: `display::*`
[INFO] [stderr]   --> shiratsu-dat/src/common/mod.rs:14:9
[INFO] [stderr]    |
[INFO] [stderr] 14 | pub use display::*;
[INFO] [stderr]    |         ^^^^^^^^^^
[INFO] [stderr]    |
[INFO] [stderr]    = note: `#[warn(unused_imports)]` on by default
[INFO] [stderr] 
[INFO] [stderr] warning: `shiratsu-dat` (lib) generated 1 warning (run `cargo fix --lib -p shiratsu-dat` to apply 1 suggestion)
[INFO] [stderr] warning: `shiratsu-dat` (lib test) generated 1 warning (1 duplicate)
[INFO] [stderr] warning: named argument `source` is not used by name
[INFO] [stderr]   --> shiratsu/src/log.rs:81:17
[INFO] [stderr]    |
[INFO] [stderr] 80 |                 "Found {} DAT File at {} ({})",
[INFO] [stderr]    |                        -- this formatting argument uses named argument `source` by position
[INFO] [stderr] 81 |                 source = source,
[INFO] [stderr]    |                 ^^^^^^ this named argument is referred to by position in formatting string
[INFO] [stderr]    |
[INFO] [stderr]    = note: `#[warn(named_arguments_used_positionally)]` on by default
[INFO] [stderr] help: use the named argument by name to avoid ambiguity
[INFO] [stderr]    |
[INFO] [stderr] 80 |                 "Found {source} DAT File at {} ({})",
[INFO] [stderr]    |                         ++++++
[INFO] [stderr] 
[INFO] [stderr] warning: named argument `path` is not used by name
[INFO] [stderr]   --> shiratsu/src/log.rs:82:17
[INFO] [stderr]    |
[INFO] [stderr] 80 |                 "Found {} DAT File at {} ({})",
[INFO] [stderr]    |                                       -- this formatting argument uses named argument `path` by position
[INFO] [stderr] 81 |                 source = source,
[INFO] [stderr] 82 |                 path = p.display(),
[INFO] [stderr]    |                 ^^^^ this named argument is referred to by position in formatting string
[INFO] [stderr]    |
[INFO] [stderr] help: use the named argument by name to avoid ambiguity
[INFO] [stderr]    |
[INFO] [stderr] 80 |                 "Found {} DAT File at {path} ({})",
[INFO] [stderr]    |                                        ++++
[INFO] [stderr] 
[INFO] [stderr] warning: named argument `platform_id` is not used by name
[INFO] [stderr]   --> shiratsu/src/log.rs:83:17
[INFO] [stderr]    |
[INFO] [stderr] 80 |                 "Found {} DAT File at {} ({})",
[INFO] [stderr]    |                                           -- this formatting argument uses named argument `platform_id` by position
[INFO] [stderr] ...
[INFO] [stderr] 83 |                 platform_id = platform_id.as_ref()
[INFO] [stderr]    |                 ^^^^^^^^^^^ this named argument is referred to by position in formatting string
[INFO] [stderr]    |
[INFO] [stderr] help: use the named argument by name to avoid ambiguity
[INFO] [stderr]    |
[INFO] [stderr] 80 |                 "Found {} DAT File at {} ({platform_id})",
[INFO] [stderr]    |                                            +++++++++++
[INFO] [stderr] 
[INFO] [stderr] warning: named argument `platform_id` is not used by name
[INFO] [stderr]   --> shiratsu/src/log.rs:89:17
[INFO] [stderr]    |
[INFO] [stderr] 88 |                 "{}: {}",
[INFO] [stderr]    |                  -- this formatting argument uses named argument `platform_id` by position
[INFO] [stderr] 89 |                 platform_id = platform_id.as_ref(),
[INFO] [stderr]    |                 ^^^^^^^^^^^ this named argument is referred to by position in formatting string
[INFO] [stderr]    |
[INFO] [stderr] help: use the named argument by name to avoid ambiguity
[INFO] [stderr]    |
[INFO] [stderr] 88 |                 "{platform_id}: {}",
[INFO] [stderr]    |                   +++++++++++
[INFO] [stderr] 
[INFO] [stderr] warning: named argument `path` is not used by name
[INFO] [stderr]   --> shiratsu/src/log.rs:90:17
[INFO] [stderr]    |
[INFO] [stderr] 88 |                 "{}: {}",
[INFO] [stderr]    |                      -- this formatting argument uses named argument `path` by position
[INFO] [stderr] 89 |                 platform_id = platform_id.as_ref(),
[INFO] [stderr] 90 |                 path = p.display(),
[INFO] [stderr]    |                 ^^^^ this named argument is referred to by position in formatting string
[INFO] [stderr]    |
[INFO] [stderr] help: use the named argument by name to avoid ambiguity
[INFO] [stderr]    |
[INFO] [stderr] 88 |                 "{}: {path}",
[INFO] [stderr]    |                       ++++
[INFO] [stderr] 
[INFO] [stderr] warning: named argument `entry_name` is not used by name
[INFO] [stderr]    --> shiratsu/src/log.rs:101:17
[INFO] [stderr]     |
[INFO] [stderr] 100 |                 "Adding game entry \"{}\" ({})",
[INFO] [stderr]     |                                      -- this formatting argument uses named argument `entry_name` by position
[INFO] [stderr] 101 |                 entry_name = entry_name,
[INFO] [stderr]     |                 ^^^^^^^^^^ this named argument is referred to by position in formatting string
[INFO] [stderr]     |
[INFO] [stderr] help: use the named argument by name to avoid ambiguity
[INFO] [stderr]     |
[INFO] [stderr] 100 |                 "Adding game entry \"{entry_name}\" ({})",
[INFO] [stderr]     |                                       ++++++++++
[INFO] [stderr] 
[INFO] [stderr] warning: named argument `platform_id` is not used by name
[INFO] [stderr]    --> shiratsu/src/log.rs:102:17
[INFO] [stderr]     |
[INFO] [stderr] 100 |                 "Adding game entry \"{}\" ({})",
[INFO] [stderr]     |                                            -- this formatting argument uses named argument `platform_id` by position
[INFO] [stderr] 101 |                 entry_name = entry_name,
[INFO] [stderr] 102 |                 platform_id = platform_id.as_ref(),
[INFO] [stderr]     |                 ^^^^^^^^^^^ this named argument is referred to by position in formatting string
[INFO] [stderr]     |
[INFO] [stderr] help: use the named argument by name to avoid ambiguity
[INFO] [stderr]     |
[INFO] [stderr] 100 |                 "Adding game entry \"{}\" ({platform_id})",
[INFO] [stderr]     |                                             +++++++++++
[INFO] [stderr] 
[INFO] [stderr] warning: named argument `path` is not used by name
[INFO] [stderr]    --> shiratsu/src/log.rs:116:17
[INFO] [stderr]     |
[INFO] [stderr] 115 |                 "Finished processing {}, added {} entries.",
[INFO] [stderr]     |                                      -- this formatting argument uses named argument `path` by position
[INFO] [stderr] 116 |                 path = p.display(),
[INFO] [stderr]     |                 ^^^^ this named argument is referred to by position in formatting string
[INFO] [stderr]     |
[INFO] [stderr] help: use the named argument by name to avoid ambiguity
[INFO] [stderr]     |
[INFO] [stderr] 115 |                 "Finished processing {path}, added {} entries.",
[INFO] [stderr]     |                                       ++++
[INFO] [stderr] 
[INFO] [stderr] warning: named argument `count` is not used by name
[INFO] [stderr]    --> shiratsu/src/log.rs:117:17
[INFO] [stderr]     |
[INFO] [stderr] 115 |                 "Finished processing {}, added {} entries.",
[INFO] [stderr]     |                                                -- this formatting argument uses named argument `count` by position
[INFO] [stderr] 116 |                 path = p.display(),
[INFO] [stderr] 117 |                 count = len
[INFO] [stderr]     |                 ^^^^^ this named argument is referred to by position in formatting string
[INFO] [stderr]     |
[INFO] [stderr] help: use the named argument by name to avoid ambiguity
[INFO] [stderr]     |
[INFO] [stderr] 115 |                 "Finished processing {}, added {count} entries.",
[INFO] [stderr]     |                                                 +++++
[INFO] [stderr] 
[INFO] [stderr] warning: `shiratsu` (bin "shiratsu" test) generated 9 warnings
[INFO] [stderr]     Finished test [unoptimized + debuginfo] target(s) in 0.20s
[INFO] [stderr] warning: the following packages contain code that will be rejected by a future version of Rust: quick-xml v0.22.0
[INFO] [stderr] note: to see what the problems were, use the option `--future-incompat-report`, or run `cargo report future-incompatibilities --id 1`
[INFO] [stderr]      Running unittests src/main.rs (/opt/rustwide/target/debug/deps/shiratsu-316e4d86646c1fb9)
[INFO] [stdout] 
[INFO] [stdout] running 0 tests
[INFO] [stdout] 
[INFO] [stdout] test result: ok. 0 passed; 0 failed; 0 ignored; 0 measured; 0 filtered out; finished in 0.00s
[INFO] [stdout] 
[INFO] [stderr]      Running unittests src/lib.rs (/opt/rustwide/target/debug/deps/shiratsu_dat-02570c9dcd1ee763)
[INFO] [stdout] 
[INFO] [stdout] running 19 tests
[INFO] [stdout] test common::util::tests::test_replace_hyphen ... ok
[INFO] [stdout] test tests::nointro_region_parses_many ... ok
[INFO] [stdout] test tests::nointro_region_parses ... ok
[INFO] [stdout] test tests::tosec_region_parses ... ok
[INFO] [stdout] test common::serial::test_rule_sony ... ok
[INFO] [stdout] test tests::nointro_filename_parses_2 ... ok
[INFO] [stdout] test tests::tosec_filename_parses_2 ... ok
[INFO] [stdout] test tests::nointro_filename_parses_odekake ... ok
[INFO] [stdout] test tests::nointro_filename_parses ... ok
[INFO] [stdout] test tests::tosec_filename_parses_6 ... ok
[INFO] [stdout] test tests::tosec_filename_parses_end_rev ... ok
[INFO] [stdout] test tests::tosec_filename_parses_5 ... ok
[INFO] [stdout] test tests::tosec_filename_parses ... ok
[INFO] [stdout] test tests::tosec_filename_parses_3 ... ok
[INFO] [stdout] test tests::nointro_filename_parses_end ... ok
[INFO] [stdout] test tests::tosec_filename_parses_4 ... ok
[INFO] [stdout] test tests::tosec_filename_parses_end ... ok
[INFO] [stdout] test common::serial::test_rule_sega ... ok
[INFO] [stdout] test common::serial::test_rule_nintendo ... ok
[INFO] [stdout] 
[INFO] [stdout] test result: ok. 19 passed; 0 failed; 0 ignored; 0 measured; 0 filtered out; finished in 0.06s
[INFO] [stdout] 
[INFO] [stderr]      Running unittests src/lib.rs (/opt/rustwide/target/debug/deps/shiratsu_naming-807f1842184a9680)
[INFO] [stdout] 
[INFO] [stdout] running 55 tests
[INFO] [stdout] test naming::common::parsers::tests::in_brackets_test ... ok
[INFO] [stdout] test naming::common::parsers::tests::in_parens_test ... ok
[INFO] [stdout] test naming::goodtools::parsers::test::test_game_hack_tag ... ok
[INFO] [stdout] test naming::goodtools::parsers::test::test_dump_tag ... ok
[INFO] [stdout] test naming::goodtools::parsers::test::test_region ... ok
[INFO] [stdout] test naming::goodtools::parsers::test::test_space_ver ... ok
[INFO] [stdout] test naming::goodtools::parsers::test::test_translation ... ok
[INFO] [stdout] test naming::goodtools::parsers::test::test_ver_underscore ... ok
[INFO] [stdout] test naming::goodtools::parsers::test::test_ver ... ok
[INFO] [stdout] test naming::goodtools::parsers::test::test_parse ... ok
[INFO] [stdout] test naming::goodtools::parsers::test::test_vol_tag ... ok
[INFO] [stdout] test naming::goodtools::parsers::test::test_year ... ok
[INFO] [stdout] test naming::nointro::parsers::tests::parse_additional ... ok
[INFO] [stdout] test naming::nointro::parsers::tests::parse_beta_test ... ok
[INFO] [stdout] test naming::nointro::parsers::tests::parse_disc_test ... ok
[INFO] [stdout] test naming::nointro::parsers::tests::parse_brazil ... ok
[INFO] [stdout] test naming::nointro::parsers::tests::parse_argentina ... ok
[INFO] [stdout] test naming::nointro::parsers::tests::parse_language_test ... ok
[INFO] [stdout] test naming::nointro::parsers::tests::parse_region_tag_test ... ok
[INFO] [stdout] test naming::goodtools::parsers::test::test_to_string ... ok
[INFO] [stdout] test naming::nointro::parsers::tests::parse_export ... ok
[INFO] [stdout] test naming::nointro::parsers::tests::parse_odekake ... ok
[INFO] [stdout] test naming::nointro::parsers::tests::parse_redump_ver_test ... ok
[INFO] [stdout] test naming::nointro::parsers::tests::parse_region_test ... ok
[INFO] [stdout] test naming::nointro::parsers::tests::parse_no_region_fail ... ok
[INFO] [stdout] test naming::nointro::parsers::tests::parse_region_test_fail ... ok
[INFO] [stdout] test naming::nointro::parsers::tests::parse_uae ... ok
[INFO] [stdout] test naming::nointro::parsers::tests::parse_unl ... ok
[INFO] [stdout] test naming::nointro::parsers::tests::parse_weird_beta ... ok
[INFO] [stdout] test naming::nointro::parsers::tests::parse_void ... ok
[INFO] [stdout] test naming::tosec::parsers::test::test_parse_dumpinfo ... ok
[INFO] [stdout] test naming::nointro::parsers::tests::parse_test_multitap ... ok
[INFO] [stdout] test naming::nointro::parsers::tests::parse_scene_tags ... ok
[INFO] [stdout] test naming::tosec::parsers::test::test_parse_date ... ok
[INFO] [stdout] test naming::tosec::parsers::test::test_parse_parts ... ok
[INFO] [stdout] test naming::nointro::parsers::tests::parse_to_string ... ok
[INFO] [stdout] test naming::tosec::parsers::test::test_parse_lang ... ok
[INFO] [stdout] test naming::tosec::parsers::test::test_missing_publish_once ... ok
[INFO] [stdout] test naming::tosec::parsers::test::test_parse_publisher ... ok
[INFO] [stdout] test naming::tosec::parsers::test::test_parse_multibyte_char ... ok
[INFO] [stdout] test naming::tosec::parsers::test::test_parse_region ... ok
[INFO] [stdout] test naming::tosec::parsers::test::globals_to_string ... ok
[INFO] [stdout] test naming::nointro::parsers::tests::parse_ver_test ... ok
[INFO] [stdout] test naming::tosec::parsers::test::test_by_publisher ... ok
[INFO] [stdout] test naming::tosec::parsers::test::test_parse_version ... ok
[INFO] [stdout] test naming::tosec::parsers::test::test_parse_region_tag ... ok
[INFO] [stdout] test naming::tosec::parsers::test::test_ambiguous_version ... ok
[INFO] [stdout] test naming::tosec::parsers::test::parse_to_string ... ok
[INFO] [stdout] test naming::tosec::parsers::test::test_parse_zzz ... ok
[INFO] [stdout] test naming::tosec::parsers::test::test_parse_multi ... ok
[INFO] [stdout] test naming::tosec::parsers::test::test_parse_spaces ... ok
[INFO] [stdout] test naming::tosec::parsers::test::test_undelim_date ... ok
[INFO] [stdout] test naming::tosec::parsers::test::test_repair ... ok
[INFO] [stdout] test naming::tosec::parsers::test::test_parse_full ... ok
[INFO] [stdout] test naming::tosec::parsers::test::test_zzz_unks ... ok
[INFO] [stdout] 
[INFO] [stdout] test result: ok. 55 passed; 0 failed; 0 ignored; 0 measured; 0 filtered out; finished in 0.01s
[INFO] [stdout] 
[INFO] [stderr]      Running unittests src/lib.rs (/opt/rustwide/target/debug/deps/shiratsu_stone-011052f4600b23e6)
[INFO] [stdout] 
[INFO] [stdout] running 2 tests
[INFO] [stdout] test tests::get_mimetype ... FAILED
[INFO] [stdout] test tests::dump_stone ... FAILED
[INFO] [stdout] 
[INFO] [stdout] failures:
[INFO] [stdout] 
[INFO] [stdout] ---- tests::get_mimetype stdout ----
[INFO] [stdout] thread 'tests::get_mimetype' panicked at shiratsu-stone/src/platforms.rs:18:1:
[INFO] [stdout] called `Result::unwrap()` on an `Err` value: Os { code: 2, kind: NotFound, message: "No such file or directory" }
[INFO] [stdout] stack backtrace:
[INFO] [stdout]    0:     0x5632eacecb8c - std::backtrace_rs::backtrace::libunwind::trace::ha637c64ce894333a
[INFO] [stdout]                                at /rustc/82e1608dfa6e0b5569232559e3d385fea5a93112/library/std/src/../../backtrace/src/backtrace/libunwind.rs:104:5
[INFO] [stdout]    1:     0x5632eacecb8c - std::backtrace_rs::backtrace::trace_unsynchronized::h47f62dea28e0c88d
[INFO] [stdout]                                at /rustc/82e1608dfa6e0b5569232559e3d385fea5a93112/library/std/src/../../backtrace/src/backtrace/mod.rs:66:5
[INFO] [stdout]    2:     0x5632eacecb8c - std::sys_common::backtrace::_print_fmt::h9eef0abe20ede486
[INFO] [stdout]                                at /rustc/82e1608dfa6e0b5569232559e3d385fea5a93112/library/std/src/sys_common/backtrace.rs:67:5
[INFO] [stdout]    3:     0x5632eacecb8c - <std::sys_common::backtrace::_print::DisplayBacktrace as core::fmt::Display>::fmt::hed7f999df88cc644
[INFO] [stdout]                                at /rustc/82e1608dfa6e0b5569232559e3d385fea5a93112/library/std/src/sys_common/backtrace.rs:44:22
[INFO] [stdout]    4:     0x5632ead17230 - core::fmt::rt::Argument::fmt::h1539a9308b8d058d
[INFO] [stdout]                                at /rustc/82e1608dfa6e0b5569232559e3d385fea5a93112/library/core/src/fmt/rt.rs:142:9
[INFO] [stdout]    5:     0x5632ead17230 - core::fmt::write::h3a39390d8560d9c9
[INFO] [stdout]                                at /rustc/82e1608dfa6e0b5569232559e3d385fea5a93112/library/core/src/fmt/mod.rs:1120:17
[INFO] [stdout]    6:     0x5632eacea53f - std::io::Write::write_fmt::h040b369f3a0f9cbc
[INFO] [stdout]                                at /rustc/82e1608dfa6e0b5569232559e3d385fea5a93112/library/std/src/io/mod.rs:1762:15
[INFO] [stdout]    7:     0x5632eacec974 - std::sys_common::backtrace::_print::h894006fb5c6f3d45
[INFO] [stdout]                                at /rustc/82e1608dfa6e0b5569232559e3d385fea5a93112/library/std/src/sys_common/backtrace.rs:47:5
[INFO] [stdout]    8:     0x5632eacec974 - std::sys_common::backtrace::print::h23a2d212c6fff936
[INFO] [stdout]                                at /rustc/82e1608dfa6e0b5569232559e3d385fea5a93112/library/std/src/sys_common/backtrace.rs:34:9
[INFO] [stdout]    9:     0x5632eacee637 - std::panicking::default_hook::{{closure}}::h8a1d2ee00185001a
[INFO] [stdout]   10:     0x5632eacee323 - std::panicking::default_hook::h6038f2eba384e475
[INFO] [stdout]                                at /rustc/82e1608dfa6e0b5569232559e3d385fea5a93112/library/std/src/panicking.rs:289:9
[INFO] [stdout]   11:     0x5632eac9e7b7 - <alloc::boxed::Box<F,A> as core::ops::function::Fn<Args>>::call::h0ad024c9bdc6d768
[INFO] [stdout]                                at /rustc/82e1608dfa6e0b5569232559e3d385fea5a93112/library/alloc/src/boxed.rs:2021:9
[INFO] [stdout]   12:     0x5632eac9e7b7 - test::test_main::{{closure}}::h7500b54257359db6
[INFO] [stdout]                                at /rustc/82e1608dfa6e0b5569232559e3d385fea5a93112/library/test/src/lib.rs:138:21
[INFO] [stdout]   13:     0x5632eaceec48 - <alloc::boxed::Box<F,A> as core::ops::function::Fn<Args>>::call::h1f8f335eaa9cfaee
[INFO] [stdout]                                at /rustc/82e1608dfa6e0b5569232559e3d385fea5a93112/library/alloc/src/boxed.rs:2021:9
[INFO] [stdout]   14:     0x5632eaceec48 - std::panicking::rust_panic_with_hook::h2b5517d590cab22e
[INFO] [stdout]                                at /rustc/82e1608dfa6e0b5569232559e3d385fea5a93112/library/std/src/panicking.rs:783:13
[INFO] [stdout]   15:     0x5632eacee99e - std::panicking::begin_panic_handler::{{closure}}::h233112c06e0ef43e
[INFO] [stdout]                                at /rustc/82e1608dfa6e0b5569232559e3d385fea5a93112/library/std/src/panicking.rs:657:13
[INFO] [stdout]   16:     0x5632eaced056 - std::sys_common::backtrace::__rust_end_short_backtrace::h6e893f24d7ebbff8
[INFO] [stdout]                                at /rustc/82e1608dfa6e0b5569232559e3d385fea5a93112/library/std/src/sys_common/backtrace.rs:170:18
[INFO] [stdout]   17:     0x5632eacee702 - rust_begin_unwind
[INFO] [stdout]                                at /rustc/82e1608dfa6e0b5569232559e3d385fea5a93112/library/std/src/panicking.rs:645:5
[INFO] [stdout]   18:     0x5632eac45cf5 - core::panicking::panic_fmt::hbf0e066aabfa482c
[INFO] [stdout]                                at /rustc/82e1608dfa6e0b5569232559e3d385fea5a93112/library/core/src/panicking.rs:72:14
[INFO] [stdout]   19:     0x5632eac462c3 - core::result::unwrap_failed::hddb4fea594200c52
[INFO] [stdout]                                at /rustc/82e1608dfa6e0b5569232559e3d385fea5a93112/library/core/src/result.rs:1653:5
[INFO] [stdout]   20:     0x5632eac6736b - core::result::Result<T,E>::unwrap::h24d83721b0513f9b
[INFO] [stdout]                                at /rustc/82e1608dfa6e0b5569232559e3d385fea5a93112/library/core/src/result.rs:1077:23
[INFO] [stdout]   21:     0x5632eac5fa57 - <shiratsu_stone::platforms::STONE_DIST as core::ops::deref::Deref>::deref::__static_ref_initialize::ha6e7ad9ce8928f42
[INFO] [stdout]                                at /opt/rustwide/workdir/shiratsu-stone/src/platforms.rs:18:1
[INFO] [stdout]   22:     0x5632eac5fa57 - core::ops::function::FnOnce::call_once::h1b3c0055be115883
[INFO] [stdout]                                at /rustc/82e1608dfa6e0b5569232559e3d385fea5a93112/library/core/src/ops/function.rs:250:5
[INFO] [stdout]   23:     0x5632eac65a3b - lazy_static::lazy::Lazy<T>::get::{{closure}}::h7e412633183eee5a
[INFO] [stdout]                                at /opt/rustwide/cargo-home/registry/src/index.crates.io-6f17d22bba15001f/lazy_static-1.4.0/src/inline_lazy.rs:31:29
[INFO] [stdout]   24:     0x5632eac66ba6 - std::sync::once::Once::call_once::{{closure}}::ha92621d2cca86262
[INFO] [stdout]                                at /rustc/82e1608dfa6e0b5569232559e3d385fea5a93112/library/std/src/sync/once.rs:149:41
[INFO] [stdout]   25:     0x5632eac65e8d - std::sys_common::once::futex::Once::call::h8a9fe99dedc51278
[INFO] [stdout]                                at /rustc/82e1608dfa6e0b5569232559e3d385fea5a93112/library/std/src/sys_common/once/futex.rs:124:21
[INFO] [stdout]   26:     0x5632eac66a7b - std::sync::once::Once::call_once::hbaaabd4636d7df26
[INFO] [stdout]                                at /rustc/82e1608dfa6e0b5569232559e3d385fea5a93112/library/std/src/sync/once.rs:149:9
[INFO] [stdout]   27:     0x5632eac56b89 - lazy_static::lazy::Lazy<T>::get::h2d34a898e6b38e6b
[INFO] [stdout]                                at /opt/rustwide/cargo-home/registry/src/index.crates.io-6f17d22bba15001f/lazy_static-1.4.0/src/inline_lazy.rs:30:9
[INFO] [stdout]   28:     0x5632eac56b89 - <shiratsu_stone::platforms::STONE_DIST as core::ops::deref::Deref>::deref::__stability::hd4d7b241c57473cd
[INFO] [stdout]                                at /opt/rustwide/cargo-home/registry/src/index.crates.io-6f17d22bba15001f/lazy_static-1.4.0/src/lib.rs:142:21
[INFO] [stdout]   29:     0x5632eac56b89 - <shiratsu_stone::platforms::STONE_DIST as core::ops::deref::Deref>::deref::h2ecf2100ee25d877
[INFO] [stdout]                                at /opt/rustwide/cargo-home/registry/src/index.crates.io-6f17d22bba15001f/lazy_static-1.4.0/src/lib.rs:144:17
[INFO] [stdout]   30:     0x5632eac565b5 - shiratsu_stone::platforms::load_platform_info::h8e93471c0ffb56d0
[INFO] [stdout]                                at /opt/rustwide/workdir/shiratsu-stone/src/platforms.rs:213:50
[INFO] [stdout]   31:     0x5632eac60018 - <shiratsu_stone::platforms::STONE as core::ops::deref::Deref>::deref::__static_ref_initialize::h92dfe2181175c68b
[INFO] [stdout]                                at /opt/rustwide/workdir/shiratsu-stone/src/platforms.rs:20:54
[INFO] [stdout]   32:     0x5632eac60018 - core::ops::function::FnOnce::call_once::hae15aa03448466c4
[INFO] [stdout]                                at /rustc/82e1608dfa6e0b5569232559e3d385fea5a93112/library/core/src/ops/function.rs:250:5
[INFO] [stdout]   33:     0x5632eac65a83 - lazy_static::lazy::Lazy<T>::get::{{closure}}::hc71f41ecc81a6a98
[INFO] [stdout]                                at /opt/rustwide/cargo-home/registry/src/index.crates.io-6f17d22bba15001f/lazy_static-1.4.0/src/inline_lazy.rs:31:29
[INFO] [stdout]   34:     0x5632eac66b26 - std::sync::once::Once::call_once::{{closure}}::h82d2b8de12421cb0
[INFO] [stdout]                                at /rustc/82e1608dfa6e0b5569232559e3d385fea5a93112/library/std/src/sync/once.rs:149:41
[INFO] [stdout]   35:     0x5632eac6628d - std::sys_common::once::futex::Once::call::he9862cdd47d8c128
[INFO] [stdout]                                at /rustc/82e1608dfa6e0b5569232559e3d385fea5a93112/library/std/src/sys_common/once/futex.rs:124:21
[INFO] [stdout]   36:     0x5632eac669ab - std::sync::once::Once::call_once::h9d92ab25ab1f6ccf
[INFO] [stdout]                                at /rustc/82e1608dfa6e0b5569232559e3d385fea5a93112/library/std/src/sync/once.rs:149:9
[INFO] [stdout]   37:     0x5632eac56c19 - lazy_static::lazy::Lazy<T>::get::h6b6762ebe7aa166c
[INFO] [stdout]                                at /opt/rustwide/cargo-home/registry/src/index.crates.io-6f17d22bba15001f/lazy_static-1.4.0/src/inline_lazy.rs:30:9
[INFO] [stdout]   38:     0x5632eac56c19 - <shiratsu_stone::platforms::STONE as core::ops::deref::Deref>::deref::__stability::ha1d2c988c22dd941
[INFO] [stdout]                                at /opt/rustwide/cargo-home/registry/src/index.crates.io-6f17d22bba15001f/lazy_static-1.4.0/src/lib.rs:142:21
[INFO] [stdout]   39:     0x5632eac56c19 - <shiratsu_stone::platforms::STONE as core::ops::deref::Deref>::deref::hae73676367343669
[INFO] [stdout]                                at /opt/rustwide/cargo-home/registry/src/index.crates.io-6f17d22bba15001f/lazy_static-1.4.0/src/lib.rs:144:17
[INFO] [stdout]   40:     0x5632eac5613d - shiratsu_stone::platforms::StonePlatforms::get::h7a20aafbe79d8c4f
[INFO] [stdout]                                at /opt/rustwide/workdir/shiratsu-stone/src/platforms.rs:35:10
[INFO] [stdout]   41:     0x5632eac562aa - <&shiratsu_stone::platforms::PlatformId as core::convert::TryFrom<&str>>::try_from::hbd129d1af36cf827
[INFO] [stdout]                                at /opt/rustwide/workdir/shiratsu-stone/src/platforms.rs:136:21
[INFO] [stdout]   42:     0x5632eac6795a - <T as core::convert::TryInto<U>>::try_into::h7ad576e9f1f9e8ce
[INFO] [stdout]                                at /rustc/82e1608dfa6e0b5569232559e3d385fea5a93112/library/core/src/convert/mod.rs:796:9
[INFO] [stdout]   43:     0x5632eac5e156 - shiratsu_stone::tests::get_mimetype::h77c35029bf54c839
[INFO] [stdout]                                at /opt/rustwide/workdir/shiratsu-stone/src/lib.rs:24:47
[INFO] [stdout]   44:     0x5632eac5e117 - shiratsu_stone::tests::get_mimetype::{{closure}}::h75f83ecad2d1fc26
[INFO] [stdout]                                at /opt/rustwide/workdir/shiratsu-stone/src/lib.rs:23:22
[INFO] [stdout]   45:     0x5632eac60166 - core::ops::function::FnOnce::call_once::hd8accb3c8b291758
[INFO] [stdout]                                at /rustc/82e1608dfa6e0b5569232559e3d385fea5a93112/library/core/src/ops/function.rs:250:5
[INFO] [stdout]   46:     0x5632eaca3e0f - core::ops::function::FnOnce::call_once::h2b5d431d5046312d
[INFO] [stdout]                                at /rustc/82e1608dfa6e0b5569232559e3d385fea5a93112/library/core/src/ops/function.rs:250:5
[INFO] [stdout]   47:     0x5632eaca3e0f - test::__rust_begin_short_backtrace::h7714669af176e207
[INFO] [stdout]                                at /rustc/82e1608dfa6e0b5569232559e3d385fea5a93112/library/test/src/lib.rs:628:18
[INFO] [stdout]   48:     0x5632eaca2e25 - test::run_test_in_process::{{closure}}::h85218797dcbcec12
[INFO] [stdout]                                at /rustc/82e1608dfa6e0b5569232559e3d385fea5a93112/library/test/src/lib.rs:651:60
[INFO] [stdout]   49:     0x5632eaca2e25 - <core::panic::unwind_safe::AssertUnwindSafe<F> as core::ops::function::FnOnce<()>>::call_once::h76c106ea31c14d7b
[INFO] [stdout]                                at /rustc/82e1608dfa6e0b5569232559e3d385fea5a93112/library/core/src/panic/unwind_safe.rs:272:9
[INFO] [stdout]   50:     0x5632eaca2e25 - std::panicking::try::do_call::h3bd5d0f6620ee946
[INFO] [stdout]                                at /rustc/82e1608dfa6e0b5569232559e3d385fea5a93112/library/std/src/panicking.rs:552:40
[INFO] [stdout]   51:     0x5632eaca2e25 - std::panicking::try::h232e535e4744fe31
[INFO] [stdout]                                at /rustc/82e1608dfa6e0b5569232559e3d385fea5a93112/library/std/src/panicking.rs:516:19
[INFO] [stdout]   52:     0x5632eaca2e25 - std::panic::catch_unwind::h3ce3bd6ca8dbac68
[INFO] [stdout]                                at /rustc/82e1608dfa6e0b5569232559e3d385fea5a93112/library/std/src/panic.rs:142:14
[INFO] [stdout]   53:     0x5632eaca2e25 - test::run_test_in_process::hc97b257c9621286a
[INFO] [stdout]                                at /rustc/82e1608dfa6e0b5569232559e3d385fea5a93112/library/test/src/lib.rs:651:27
[INFO] [stdout]   54:     0x5632eaca2e25 - test::run_test::{{closure}}::h2aa798823a438d38
[INFO] [stdout]                                at /rustc/82e1608dfa6e0b5569232559e3d385fea5a93112/library/test/src/lib.rs:574:43
[INFO] [stdout]   55:     0x5632eac6b0e6 - test::run_test::{{closure}}::h87d231c78fb59832
[INFO] [stdout]                                at /rustc/82e1608dfa6e0b5569232559e3d385fea5a93112/library/test/src/lib.rs:602:41
[INFO] [stdout]   56:     0x5632eac6b0e6 - std::sys_common::backtrace::__rust_begin_short_backtrace::he6df152596625789
[INFO] [stdout]                                at /rustc/82e1608dfa6e0b5569232559e3d385fea5a93112/library/std/src/sys_common/backtrace.rs:154:18
[INFO] [stdout]   57:     0x5632eac70197 - std::thread::Builder::spawn_unchecked_::{{closure}}::{{closure}}::ha94be15d1e0acf36
[INFO] [stdout]                                at /rustc/82e1608dfa6e0b5569232559e3d385fea5a93112/library/std/src/thread/mod.rs:529:17
[INFO] [stdout]   58:     0x5632eac70197 - <core::panic::unwind_safe::AssertUnwindSafe<F> as core::ops::function::FnOnce<()>>::call_once::h9dc6bd6372f16606
[INFO] [stdout]                                at /rustc/82e1608dfa6e0b5569232559e3d385fea5a93112/library/core/src/panic/unwind_safe.rs:272:9
[INFO] [stdout]   59:     0x5632eac70197 - std::panicking::try::do_call::h9057517f80303cd4
[INFO] [stdout]                                at /rustc/82e1608dfa6e0b5569232559e3d385fea5a93112/library/std/src/panicking.rs:552:40
[INFO] [stdout]   60:     0x5632eac70197 - std::panicking::try::he3a30b11ee45340c
[INFO] [stdout]                                at /rustc/82e1608dfa6e0b5569232559e3d385fea5a93112/library/std/src/panicking.rs:516:19
[INFO] [stdout]   61:     0x5632eac70197 - std::panic::catch_unwind::h410458cfd3528b8b
[INFO] [stdout]                                at /rustc/82e1608dfa6e0b5569232559e3d385fea5a93112/library/std/src/panic.rs:142:14
[INFO] [stdout]   62:     0x5632eac70197 - std::thread::Builder::spawn_unchecked_::{{closure}}::h72ac3bdb567b737b
[INFO] [stdout]                                at /rustc/82e1608dfa6e0b5569232559e3d385fea5a93112/library/std/src/thread/mod.rs:528:30
[INFO] [stdout]   63:     0x5632eac70197 - core::ops::function::FnOnce::call_once{{vtable.shim}}::h38f34da3654a8344
[INFO] [stdout]                                at /rustc/82e1608dfa6e0b5569232559e3d385fea5a93112/library/core/src/ops/function.rs:250:5
[INFO] [stdout]   64:     0x5632eacf36d5 - <alloc::boxed::Box<F,A> as core::ops::function::FnOnce<Args>>::call_once::hc7eafaff61e32df9
[INFO] [stdout]                                at /rustc/82e1608dfa6e0b5569232559e3d385fea5a93112/library/alloc/src/boxed.rs:2007:9
[INFO] [stdout]   65:     0x5632eacf36d5 - <alloc::boxed::Box<F,A> as core::ops::function::FnOnce<Args>>::call_once::h6ba4a5de48dd2304
[INFO] [stdout]                                at /rustc/82e1608dfa6e0b5569232559e3d385fea5a93112/library/alloc/src/boxed.rs:2007:9
[INFO] [stdout]   66:     0x5632eacf36d5 - std::sys::unix::thread::Thread::new::thread_start::he469335aef763e45
[INFO] [stdout]                                at /rustc/82e1608dfa6e0b5569232559e3d385fea5a93112/library/std/src/sys/unix/thread.rs:108:17
[INFO] [stdout]   67:     0x7f24af9a7ac3 - <unknown>
[INFO] [stdout]   68:     0x7f24afa38bf4 - __clone
[INFO] [stdout]   69:                0x0 - <unknown>
[INFO] [stdout] 
[INFO] [stdout] ---- tests::dump_stone stdout ----
[INFO] [stdout] thread 'tests::dump_stone' panicked at /opt/rustwide/cargo-home/registry/src/index.crates.io-6f17d22bba15001f/lazy_static-1.4.0/src/inline_lazy.rs:30:16:
[INFO] [stdout] Once instance has previously been poisoned
[INFO] [stdout] stack backtrace:
[INFO] [stdout]    0:     0x5632eacecb8c - std::backtrace_rs::backtrace::libunwind::trace::ha637c64ce894333a
[INFO] [stdout]                                at /rustc/82e1608dfa6e0b5569232559e3d385fea5a93112/library/std/src/../../backtrace/src/backtrace/libunwind.rs:104:5
[INFO] [stdout]    1:     0x5632eacecb8c - std::backtrace_rs::backtrace::trace_unsynchronized::h47f62dea28e0c88d
[INFO] [stdout]                                at /rustc/82e1608dfa6e0b5569232559e3d385fea5a93112/library/std/src/../../backtrace/src/backtrace/mod.rs:66:5
[INFO] [stdout]    2:     0x5632eacecb8c - std::sys_common::backtrace::_print_fmt::h9eef0abe20ede486
[INFO] [stdout]                                at /rustc/82e1608dfa6e0b5569232559e3d385fea5a93112/library/std/src/sys_common/backtrace.rs:67:5
[INFO] [stdout]    3:     0x5632eacecb8c - <std::sys_common::backtrace::_print::DisplayBacktrace as core::fmt::Display>::fmt::hed7f999df88cc644
[INFO] [stdout]                                at /rustc/82e1608dfa6e0b5569232559e3d385fea5a93112/library/std/src/sys_common/backtrace.rs:44:22
[INFO] [stdout]    4:     0x5632ead17230 - core::fmt::rt::Argument::fmt::h1539a9308b8d058d
[INFO] [stdout]                                at /rustc/82e1608dfa6e0b5569232559e3d385fea5a93112/library/core/src/fmt/rt.rs:142:9
[INFO] [stdout]    5:     0x5632ead17230 - core::fmt::write::h3a39390d8560d9c9
[INFO] [stdout]                                at /rustc/82e1608dfa6e0b5569232559e3d385fea5a93112/library/core/src/fmt/mod.rs:1120:17
[INFO] [stdout]    6:     0x5632eacea53f - std::io::Write::write_fmt::h040b369f3a0f9cbc
[INFO] [stdout]                                at /rustc/82e1608dfa6e0b5569232559e3d385fea5a93112/library/std/src/io/mod.rs:1762:15
[INFO] [stdout]    7:     0x5632eacec974 - std::sys_common::backtrace::_print::h894006fb5c6f3d45
[INFO] [stdout]                                at /rustc/82e1608dfa6e0b5569232559e3d385fea5a93112/library/std/src/sys_common/backtrace.rs:47:5
[INFO] [stdout]    8:     0x5632eacec974 - std::sys_common::backtrace::print::h23a2d212c6fff936
[INFO] [stdout]                                at /rustc/82e1608dfa6e0b5569232559e3d385fea5a93112/library/std/src/sys_common/backtrace.rs:34:9
[INFO] [stdout]    9:     0x5632eacee637 - std::panicking::default_hook::{{closure}}::h8a1d2ee00185001a
[INFO] [stdout]   10:     0x5632eacee323 - std::panicking::default_hook::h6038f2eba384e475
[INFO] [stdout]                                at /rustc/82e1608dfa6e0b5569232559e3d385fea5a93112/library/std/src/panicking.rs:289:9
[INFO] [stdout]   11:     0x5632eac9e7b7 - <alloc::boxed::Box<F,A> as core::ops::function::Fn<Args>>::call::h0ad024c9bdc6d768
[INFO] [stdout]                                at /rustc/82e1608dfa6e0b5569232559e3d385fea5a93112/library/alloc/src/boxed.rs:2021:9
[INFO] [stdout]   12:     0x5632eac9e7b7 - test::test_main::{{closure}}::h7500b54257359db6
[INFO] [stdout]                                at /rustc/82e1608dfa6e0b5569232559e3d385fea5a93112/library/test/src/lib.rs:138:21
[INFO] [stdout]   13:     0x5632eaceec48 - <alloc::boxed::Box<F,A> as core::ops::function::Fn<Args>>::call::h1f8f335eaa9cfaee
[INFO] [stdout]                                at /rustc/82e1608dfa6e0b5569232559e3d385fea5a93112/library/alloc/src/boxed.rs:2021:9
[INFO] [stdout]   14:     0x5632eaceec48 - std::panicking::rust_panic_with_hook::h2b5517d590cab22e
[INFO] [stdout]                                at /rustc/82e1608dfa6e0b5569232559e3d385fea5a93112/library/std/src/panicking.rs:783:13
[INFO] [stdout]   15:     0x5632eacee969 - std::panicking::begin_panic_handler::{{closure}}::h233112c06e0ef43e
[INFO] [stdout]                                at /rustc/82e1608dfa6e0b5569232559e3d385fea5a93112/library/std/src/panicking.rs:649:13
[INFO] [stdout]   16:     0x5632eaced056 - std::sys_common::backtrace::__rust_end_short_backtrace::h6e893f24d7ebbff8
[INFO] [stdout]                                at /rustc/82e1608dfa6e0b5569232559e3d385fea5a93112/library/std/src/sys_common/backtrace.rs:170:18
[INFO] [stdout]   17:     0x5632eacee702 - rust_begin_unwind
[INFO] [stdout]                                at /rustc/82e1608dfa6e0b5569232559e3d385fea5a93112/library/std/src/panicking.rs:645:5
[INFO] [stdout]   18:     0x5632eac45cf5 - core::panicking::panic_fmt::hbf0e066aabfa482c
[INFO] [stdout]                                at /rustc/82e1608dfa6e0b5569232559e3d385fea5a93112/library/core/src/panicking.rs:72:14
[INFO] [stdout]   19:     0x5632eac661d1 - std::sys_common::once::futex::Once::call::he9862cdd47d8c128
[INFO] [stdout]                                at /rustc/82e1608dfa6e0b5569232559e3d385fea5a93112/library/std/src/sys_common/once/futex.rs:103:21
[INFO] [stdout]   20:     0x5632eac669ab - std::sync::once::Once::call_once::h9d92ab25ab1f6ccf
[INFO] [stdout]                                at /rustc/82e1608dfa6e0b5569232559e3d385fea5a93112/library/std/src/sync/once.rs:149:9
[INFO] [stdout]   21:     0x5632eac56c19 - lazy_static::lazy::Lazy<T>::get::h6b6762ebe7aa166c
[INFO] [stdout]                                at /opt/rustwide/cargo-home/registry/src/index.crates.io-6f17d22bba15001f/lazy_static-1.4.0/src/inline_lazy.rs:30:9
[INFO] [stdout]   22:     0x5632eac56c19 - <shiratsu_stone::platforms::STONE as core::ops::deref::Deref>::deref::__stability::ha1d2c988c22dd941
[INFO] [stdout]                                at /opt/rustwide/cargo-home/registry/src/index.crates.io-6f17d22bba15001f/lazy_static-1.4.0/src/lib.rs:142:21
[INFO] [stdout]   23:     0x5632eac56c19 - <shiratsu_stone::platforms::STONE as core::ops::deref::Deref>::deref::hae73676367343669
[INFO] [stdout]                                at /opt/rustwide/cargo-home/registry/src/index.crates.io-6f17d22bba15001f/lazy_static-1.4.0/src/lib.rs:144:17
[INFO] [stdout]   24:     0x5632eac5613d - shiratsu_stone::platforms::StonePlatforms::get::h7a20aafbe79d8c4f
[INFO] [stdout]                                at /opt/rustwide/workdir/shiratsu-stone/src/platforms.rs:35:10
[INFO] [stdout]   25:     0x5632eac5e00c - shiratsu_stone::tests::dump_stone::h6eaf97f8568b3f23
[INFO] [stdout]                                at /opt/rustwide/workdir/shiratsu-stone/src/lib.rs:17:25
[INFO] [stdout]   26:     0x5632eac5dfe7 - shiratsu_stone::tests::dump_stone::{{closure}}::h13a271e492158998
[INFO] [stdout]                                at /opt/rustwide/workdir/shiratsu-stone/src/lib.rs:16:20
[INFO] [stdout]   27:     0x5632eac60096 - core::ops::function::FnOnce::call_once::hc21290c63a5fd0bc
[INFO] [stdout]                                at /rustc/82e1608dfa6e0b5569232559e3d385fea5a93112/library/core/src/ops/function.rs:250:5
[INFO] [stdout]   28:     0x5632eaca3e0f - core::ops::function::FnOnce::call_once::h2b5d431d5046312d
[INFO] [stdout]                                at /rustc/82e1608dfa6e0b5569232559e3d385fea5a93112/library/core/src/ops/function.rs:250:5
[INFO] [stdout]   29:     0x5632eaca3e0f - test::__rust_begin_short_backtrace::h7714669af176e207
[INFO] [stdout]                                at /rustc/82e1608dfa6e0b5569232559e3d385fea5a93112/library/test/src/lib.rs:628:18
[INFO] [stdout]   30:     0x5632eaca2e25 - test::run_test_in_process::{{closure}}::h85218797dcbcec12
[INFO] [stdout]                                at /rustc/82e1608dfa6e0b5569232559e3d385fea5a93112/library/test/src/lib.rs:651:60
[INFO] [stdout]   31:     0x5632eaca2e25 - <core::panic::unwind_safe::AssertUnwindSafe<F> as core::ops::function::FnOnce<()>>::call_once::h76c106ea31c14d7b
[INFO] [stdout]                                at /rustc/82e1608dfa6e0b5569232559e3d385fea5a93112/library/core/src/panic/unwind_safe.rs:272:9
[INFO] [stdout]   32:     0x5632eaca2e25 - std::panicking::try::do_call::h3bd5d0f6620ee946
[INFO] [stdout]                                at /rustc/82e1608dfa6e0b5569232559e3d385fea5a93112/library/std/src/panicking.rs:552:40
[INFO] [stdout]   33:     0x5632eaca2e25 - std::panicking::try::h232e535e4744fe31
[INFO] [stdout]                                at /rustc/82e1608dfa6e0b5569232559e3d385fea5a93112/library/std/src/panicking.rs:516:19
[INFO] [stdout]   34:     0x5632eaca2e25 - std::panic::catch_unwind::h3ce3bd6ca8dbac68
[INFO] [stdout]                                at /rustc/82e1608dfa6e0b5569232559e3d385fea5a93112/library/std/src/panic.rs:142:14
[INFO] [stdout]   35:     0x5632eaca2e25 - test::run_test_in_process::hc97b257c9621286a
[INFO] [stdout]                                at /rustc/82e1608dfa6e0b5569232559e3d385fea5a93112/library/test/src/lib.rs:651:27
[INFO] [stdout]   36:     0x5632eaca2e25 - test::run_test::{{closure}}::h2aa798823a438d38
[INFO] [stdout]                                at /rustc/82e1608dfa6e0b5569232559e3d385fea5a93112/library/test/src/lib.rs:574:43
[INFO] [stdout]   37:     0x5632eac6b0e6 - test::run_test::{{closure}}::h87d231c78fb59832
[INFO] [stdout]                                at /rustc/82e1608dfa6e0b5569232559e3d385fea5a93112/library/test/src/lib.rs:602:41
[INFO] [stdout]   38:     0x5632eac6b0e6 - std::sys_common::backtrace::__rust_begin_short_backtrace::he6df152596625789
[INFO] [stdout]                                at /rustc/82e1608dfa6e0b5569232559e3d385fea5a93112/library/std/src/sys_common/backtrace.rs:154:18
[INFO] [stdout]   39:     0x5632eac70197 - std::thread::Builder::spawn_unchecked_::{{closure}}::{{closure}}::ha94be15d1e0acf36
[INFO] [stdout]                                at /rustc/82e1608dfa6e0b5569232559e3d385fea5a93112/library/std/src/thread/mod.rs:529:17
[INFO] [stdout]   40:     0x5632eac70197 - <core::panic::unwind_safe::AssertUnwindSafe<F> as core::ops::function::FnOnce<()>>::call_once::h9dc6bd6372f16606
[INFO] [stdout]                                at /rustc/82e1608dfa6e0b5569232559e3d385fea5a93112/library/core/src/panic/unwind_safe.rs:272:9
[INFO] [stdout]   41:     0x5632eac70197 - std::panicking::try::do_call::h9057517f80303cd4
[INFO] [stdout]                                at /rustc/82e1608dfa6e0b5569232559e3d385fea5a93112/library/std/src/panicking.rs:552:40
[INFO] [stdout]   42:     0x5632eac70197 - std::panicking::try::he3a30b11ee45340c
[INFO] [stdout]                                at /rustc/82e1608dfa6e0b5569232559e3d385fea5a93112/library/std/src/panicking.rs:516:19
[INFO] [stdout]   43:     0x5632eac70197 - std::panic::catch_unwind::h410458cfd3528b8b
[INFO] [stdout]                                at /rustc/82e1608dfa6e0b5569232559e3d385fea5a93112/library/std/src/panic.rs:142:14
[INFO] [stdout]   44:     0x5632eac70197 - std::thread::Builder::spawn_unchecked_::{{closure}}::h72ac3bdb567b737b
[INFO] [stdout]                                at /rustc/82e1608dfa6e0b5569232559e3d385fea5a93112/library/std/src/thread/mod.rs:528:30
[INFO] [stdout]   45:     0x5632eac70197 - core::ops::function::FnOnce::call_once{{vtable.shim}}::h38f34da3654a8344
[INFO] [stdout]                                at /rustc/82e1608dfa6e0b5569232559e3d385fea5a93112/library/core/src/ops/function.rs:250:5
[INFO] [stdout]   46:     0x5632eacf36d5 - <alloc::boxed::Box<F,A> as core::ops::function::FnOnce<Args>>::call_once::hc7eafaff61e32df9
[INFO] [stdout]                                at /rustc/82e1608dfa6e0b5569232559e3d385fea5a93112/library/alloc/src/boxed.rs:2007:9
[INFO] [stdout]   47:     0x5632eacf36d5 - <alloc::boxed::Box<F,A> as core::ops::function::FnOnce<Args>>::call_once::h6ba4a5de48dd2304
[INFO] [stdout]                                at /rustc/82e1608dfa6e0b5569232559e3d385fea5a93112/library/alloc/src/boxed.rs:2007:9
[INFO] [stdout]   48:     0x5632eacf36d5 - std::sys::unix::thread::Thread::new::thread_start::he469335aef763e45
[INFO] [stdout]                                at /rustc/82e1608dfa6e0b5569232559e3d385fea5a93112/library/std/src/sys/unix/thread.rs:108:17
[INFO] [stdout]   49:     0x7f24af9a7ac3 - <unknown>
[INFO] [stdout]   50:     0x7f24afa38bf4 - __clone
[INFO] [stdout]   51:                0x0 - <unknown>
[INFO] [stdout] 
[INFO] [stdout] 
[INFO] [stdout] failures:
[INFO] [stdout]     tests::dump_stone
[INFO] [stdout]     tests::get_mimetype
[INFO] [stdout] 
[INFO] [stdout] test result: FAILED. 0 passed; 2 failed; 0 ignored; 0 measured; 0 filtered out; finished in 0.02s
[INFO] [stdout] 
[INFO] [stderr] error: test failed, to rerun pass `-p shiratsu-stone --lib`
[INFO] running `Command { std: "docker" "inspect" "3b9f45cb7efda349653fb14edb1ccc116e8edec3c5756958144126836e99afab", kill_on_drop: false }`
[INFO] running `Command { std: "docker" "rm" "-f" "3b9f45cb7efda349653fb14edb1ccc116e8edec3c5756958144126836e99afab", kill_on_drop: false }`
[INFO] [stdout] 3b9f45cb7efda349653fb14edb1ccc116e8edec3c5756958144126836e99afab
