[INFO] cloning repository https://github.com/Simon-Bertrand/ohlc-timeserie-db.rs
[INFO] running `Command { std: "git" "-c" "credential.helper=" "-c" "credential.helper=/workspace/cargo-home/bin/git-credential-null" "clone" "--bare" "https://github.com/Simon-Bertrand/ohlc-timeserie-db.rs" "/workspace/cache/git-repos/https%3A%2F%2Fgithub.com%2FSimon-Bertrand%2Fohlc-timeserie-db.rs", kill_on_drop: false }`
[INFO] [stderr] Cloning into bare repository '/workspace/cache/git-repos/https%3A%2F%2Fgithub.com%2FSimon-Bertrand%2Fohlc-timeserie-db.rs'...
[INFO] running `Command { std: "git" "rev-parse" "HEAD", kill_on_drop: false }`
[INFO] [stdout] ee1e99fc1491ad52dd3afe3c0fe4899e487518fb
[INFO] testing Simon-Bertrand/ohlc-timeserie-db.rs against 1.75.0 for beta-1.76-1
[INFO] running `Command { std: "git" "clone" "/workspace/cache/git-repos/https%3A%2F%2Fgithub.com%2FSimon-Bertrand%2Fohlc-timeserie-db.rs" "/workspace/builds/worker-2-tc1/source", kill_on_drop: false }`
[INFO] [stderr] Cloning into '/workspace/builds/worker-2-tc1/source'...
[INFO] [stderr] done.
[INFO] validating manifest of git repo https://github.com/Simon-Bertrand/ohlc-timeserie-db.rs on toolchain 1.75.0
[INFO] running `Command { std: CARGO_HOME="/workspace/cargo-home" RUSTUP_HOME="/workspace/rustup-home" "/workspace/cargo-home/bin/cargo" "+1.75.0" "metadata" "--manifest-path" "Cargo.toml" "--no-deps", kill_on_drop: false }`
[INFO] started tweaking git repo https://github.com/Simon-Bertrand/ohlc-timeserie-db.rs
[INFO] finished tweaking git repo https://github.com/Simon-Bertrand/ohlc-timeserie-db.rs
[INFO] tweaked toml for git repo https://github.com/Simon-Bertrand/ohlc-timeserie-db.rs written to /workspace/builds/worker-2-tc1/source/Cargo.toml
[INFO] crate git repo https://github.com/Simon-Bertrand/ohlc-timeserie-db.rs already has a lockfile, it will not be regenerated
[INFO] running `Command { std: CARGO_HOME="/workspace/cargo-home" RUSTUP_HOME="/workspace/rustup-home" "/workspace/cargo-home/bin/cargo" "+1.75.0" "fetch" "--manifest-path" "Cargo.toml", kill_on_drop: false }`
[INFO] [stderr]  Downloading crates ...
[INFO] [stderr]   Downloaded rust_decimal v1.25.0
[INFO] running `Command { std: "docker" "create" "-v" "/var/lib/crater-agent-workspace/builds/worker-2-tc1/target:/opt/rustwide/target:rw,Z" "-v" "/var/lib/crater-agent-workspace/builds/worker-2-tc1/source:/opt/rustwide/workdir:ro,Z" "-v" "/var/lib/crater-agent-workspace/cargo-home:/opt/rustwide/cargo-home:ro,Z" "-v" "/var/lib/crater-agent-workspace/rustup-home:/opt/rustwide/rustup-home:ro,Z" "-e" "SOURCE_DIR=/opt/rustwide/workdir" "-e" "CARGO_TARGET_DIR=/opt/rustwide/target" "-e" "CARGO_HOME=/opt/rustwide/cargo-home" "-e" "RUSTUP_HOME=/opt/rustwide/rustup-home" "-w" "/opt/rustwide/workdir" "-m" "1610612736" "--user" "0:0" "--network" "none" "ghcr.io/rust-lang/crates-build-env/linux@sha256:2788e3201cd34a07e3172128adcd8b3090168a8e3bcc40d7c032b9dda1df7d1c" "/opt/rustwide/cargo-home/bin/cargo" "+1.75.0" "metadata" "--no-deps" "--format-version=1", kill_on_drop: false }`
[INFO] [stdout] bf65647d18e1088fcbc494820d67293aa34450ee3cf0aba13a36c38714f99dca
[INFO] running `Command { std: "docker" "start" "-a" "bf65647d18e1088fcbc494820d67293aa34450ee3cf0aba13a36c38714f99dca", kill_on_drop: false }`
[INFO] running `Command { std: "docker" "inspect" "bf65647d18e1088fcbc494820d67293aa34450ee3cf0aba13a36c38714f99dca", kill_on_drop: false }`
[INFO] running `Command { std: "docker" "rm" "-f" "bf65647d18e1088fcbc494820d67293aa34450ee3cf0aba13a36c38714f99dca", kill_on_drop: false }`
[INFO] [stdout] bf65647d18e1088fcbc494820d67293aa34450ee3cf0aba13a36c38714f99dca
[INFO] running `Command { std: "docker" "create" "-v" "/var/lib/crater-agent-workspace/builds/worker-2-tc1/target:/opt/rustwide/target:rw,Z" "-v" "/var/lib/crater-agent-workspace/builds/worker-2-tc1/source:/opt/rustwide/workdir:ro,Z" "-v" "/var/lib/crater-agent-workspace/cargo-home:/opt/rustwide/cargo-home:ro,Z" "-v" "/var/lib/crater-agent-workspace/rustup-home:/opt/rustwide/rustup-home:ro,Z" "-e" "SOURCE_DIR=/opt/rustwide/workdir" "-e" "CARGO_TARGET_DIR=/opt/rustwide/target" "-e" "CARGO_INCREMENTAL=0" "-e" "RUST_BACKTRACE=full" "-e" "RUSTFLAGS=--cap-lints=warn" "-e" "RUSTDOCFLAGS=--cap-lints=warn" "-e" "CARGO_HOME=/opt/rustwide/cargo-home" "-e" "RUSTUP_HOME=/opt/rustwide/rustup-home" "-w" "/opt/rustwide/workdir" "-m" "1610612736" "--user" "0:0" "--network" "none" "ghcr.io/rust-lang/crates-build-env/linux@sha256:2788e3201cd34a07e3172128adcd8b3090168a8e3bcc40d7c032b9dda1df7d1c" "/opt/rustwide/cargo-home/bin/cargo" "+1.75.0" "build" "--frozen" "--message-format=json", kill_on_drop: false }`
[INFO] [stdout] 6a3bb9cbe2a3ad5f36d20585c3e5307f2a7d2e7af968494cdd470880d4e68194
[INFO] running `Command { std: "docker" "start" "-a" "6a3bb9cbe2a3ad5f36d20585c3e5307f2a7d2e7af968494cdd470880d4e68194", kill_on_drop: false }`
[INFO] [stderr]    Compiling proc-macro2 v1.0.40
[INFO] [stderr]    Compiling quote v1.0.20
[INFO] [stderr]    Compiling unicode-ident v1.0.1
[INFO] [stderr]    Compiling syn v1.0.98
[INFO] [stderr]    Compiling libc v0.2.127
[INFO] [stderr]    Compiling serde_derive v1.0.138
[INFO] [stderr]    Compiling serde v1.0.138
[INFO] [stderr]    Compiling cfg-if v1.0.0
[INFO] [stderr]    Compiling memchr v2.5.0
[INFO] [stderr]    Compiling autocfg v1.1.0
[INFO] [stderr]    Compiling rust_decimal v1.25.0
[INFO] [stderr]    Compiling ppv-lite86 v0.2.16
[INFO] [stderr]    Compiling serde_json v1.0.83
[INFO] [stderr]    Compiling ryu v1.0.11
[INFO] [stderr]    Compiling num-traits v0.2.15
[INFO] [stderr]    Compiling regex-syntax v0.6.27
[INFO] [stderr]    Compiling arrayvec v0.7.2
[INFO] [stderr]    Compiling itoa v1.0.3
[INFO] [stderr]    Compiling aho-corasick v0.7.18
[INFO] [stderr]    Compiling getrandom v0.2.7
[INFO] [stderr]    Compiling rand_core v0.6.3
[INFO] [stderr]    Compiling rand_chacha v0.3.1
[INFO] [stderr]    Compiling rand v0.8.5
[INFO] [stderr]    Compiling regex v1.6.0
[INFO] [stderr]    Compiling bincode v1.3.3
[INFO] [stderr]    Compiling timeseries_database v0.1.0 (/opt/rustwide/workdir)
[INFO] [stdout] warning: unused import: `datastruct::tspoint::TsPoint`
[INFO] [stdout]  --> src/datastruct/collection/collection.rs:7:13
[INFO] [stdout]   |
[INFO] [stdout] 7 | use crate::{datastruct::tspoint::TsPoint, datastruct::bloc::bloc::Bloc, datastruct::indexmap::indexmap::IndexMap};
[INFO] [stdout]   |             ^^^^^^^^^^^^^^^^^^^^^^^^^^^^
[INFO] [stdout]   |
[INFO] [stdout]   = note: `#[warn(unused_imports)]` on by default
[INFO] [stdout] 
[INFO] [stdout] 
[INFO] [stdout] warning: unused import: `collection::Collection`
[INFO] [stdout]  --> src/system/queryparser.rs:6:44
[INFO] [stdout]   |
[INFO] [stdout] 6 | use crate::{datastruct::{tspoint::TsPoint, collection::Collection}, indexing::{indexresult::IndexResult, aggregator::Aggregator}, BATCH_S...
[INFO] [stdout]   |                                            ^^^^^^^^^^^^^^^^^^^^^^
[INFO] [stdout] 
[INFO] [stdout] 
[INFO] [stdout] warning: unused import: `std::ops::Sub`
[INFO] [stdout]  --> src/sysutils/helpers/helpers.rs:1:5
[INFO] [stdout]   |
[INFO] [stdout] 1 | use std::ops::Sub;
[INFO] [stdout]   |     ^^^^^^^^^^^^^
[INFO] [stdout] 
[INFO] [stdout] 
[INFO] [stdout] warning: unnecessary parentheses around `if` condition
[INFO] [stdout]   --> src/sysutils/helpers/helpers.rs:14:12
[INFO] [stdout]    |
[INFO] [stdout] 14 |         if (a < b) { return *default }
[INFO] [stdout]    |            ^     ^
[INFO] [stdout]    |
[INFO] [stdout]    = note: `#[warn(unused_parens)]` on by default
[INFO] [stdout] help: remove these parentheses
[INFO] [stdout]    |
[INFO] [stdout] 14 -         if (a < b) { return *default }
[INFO] [stdout] 14 +         if a < b { return *default }
[INFO] [stdout]    |
[INFO] [stdout] 
[INFO] [stdout] 
[INFO] [stdout] warning: unnecessary parentheses around `if` condition
[INFO] [stdout]   --> src/sysutils/helpers/helpers.rs:19:11
[INFO] [stdout]    |
[INFO] [stdout] 19 |         if(min<max) {
[INFO] [stdout]    |           ^       ^
[INFO] [stdout]    |
[INFO] [stdout] help: remove these parentheses
[INFO] [stdout]    |
[INFO] [stdout] 19 -         if(min<max) {
[INFO] [stdout] 19 +         if min<max {
[INFO] [stdout]    |
[INFO] [stdout] 
[INFO] [stdout] 
[INFO] [stdout] warning: unused variable: `width`
[INFO] [stdout]   --> src/indexing/aggregator/aggregator.rs:14:14
[INFO] [stdout]    |
[INFO] [stdout] 14 | fn OHLC_core(width : u64, x : &[TsPoint]) -> TsPoint {
[INFO] [stdout]    |              ^^^^^ help: if this is intentional, prefix it with an underscore: `_width`
[INFO] [stdout]    |
[INFO] [stdout]    = note: `#[warn(unused_variables)]` on by default
[INFO] [stdout] 
[INFO] [stdout] 
[INFO] [stdout] warning: variable `dataToParse` should have a snake case name
[INFO] [stdout]   --> src/channels/inoutputs/inoutputs.rs:24:27
[INFO] [stdout]    |
[INFO] [stdout] 24 |     pub fn json_to_points(dataToParse : &str) -> Vec<TsPoint> {
[INFO] [stdout]    |                           ^^^^^^^^^^^ help: convert the identifier to snake case: `data_to_parse`
[INFO] [stdout]    |
[INFO] [stdout]    = note: `#[warn(non_snake_case)]` on by default
[INFO] [stdout] 
[INFO] [stdout] 
[INFO] [stdout] warning: function `OHLC_core` should have a snake case name
[INFO] [stdout]   --> src/indexing/aggregator/aggregator.rs:14:4
[INFO] [stdout]    |
[INFO] [stdout] 14 | fn OHLC_core(width : u64, x : &[TsPoint]) -> TsPoint {
[INFO] [stdout]    |    ^^^^^^^^^ help: convert the identifier to snake case: `ohlc_core`
[INFO] [stdout] 
[INFO] [stdout] 
[INFO] [stdout] warning: 8 warnings emitted
[INFO] [stdout] 
[INFO] [stdout] 
[INFO] [stdout] warning: unused import: `ffi::OsString`
[INFO] [stdout]  --> src/main.rs:1:11
[INFO] [stdout]   |
[INFO] [stdout] 1 | use std::{ffi::OsString};
[INFO] [stdout]   |           ^^^^^^^^^^^^^
[INFO] [stdout]   |
[INFO] [stdout]   = note: `#[warn(unused_imports)]` on by default
[INFO] [stdout] 
[INFO] [stdout] 
[INFO] [stdout] warning: 1 warning emitted
[INFO] [stdout] 
[INFO] [stdout] 
[INFO] [stderr]     Finished dev [unoptimized + debuginfo] target(s) in 8.15s
[INFO] running `Command { std: "docker" "inspect" "6a3bb9cbe2a3ad5f36d20585c3e5307f2a7d2e7af968494cdd470880d4e68194", kill_on_drop: false }`
[INFO] running `Command { std: "docker" "rm" "-f" "6a3bb9cbe2a3ad5f36d20585c3e5307f2a7d2e7af968494cdd470880d4e68194", kill_on_drop: false }`
[INFO] [stdout] 6a3bb9cbe2a3ad5f36d20585c3e5307f2a7d2e7af968494cdd470880d4e68194
[INFO] running `Command { std: "docker" "create" "-v" "/var/lib/crater-agent-workspace/builds/worker-2-tc1/target:/opt/rustwide/target:rw,Z" "-v" "/var/lib/crater-agent-workspace/builds/worker-2-tc1/source:/opt/rustwide/workdir:ro,Z" "-v" "/var/lib/crater-agent-workspace/cargo-home:/opt/rustwide/cargo-home:ro,Z" "-v" "/var/lib/crater-agent-workspace/rustup-home:/opt/rustwide/rustup-home:ro,Z" "-e" "SOURCE_DIR=/opt/rustwide/workdir" "-e" "CARGO_TARGET_DIR=/opt/rustwide/target" "-e" "CARGO_INCREMENTAL=0" "-e" "RUST_BACKTRACE=full" "-e" "RUSTFLAGS=--cap-lints=warn" "-e" "RUSTDOCFLAGS=--cap-lints=warn" "-e" "CARGO_HOME=/opt/rustwide/cargo-home" "-e" "RUSTUP_HOME=/opt/rustwide/rustup-home" "-w" "/opt/rustwide/workdir" "-m" "1610612736" "--user" "0:0" "--network" "none" "ghcr.io/rust-lang/crates-build-env/linux@sha256:2788e3201cd34a07e3172128adcd8b3090168a8e3bcc40d7c032b9dda1df7d1c" "/opt/rustwide/cargo-home/bin/cargo" "+1.75.0" "test" "--frozen" "--no-run" "--message-format=json", kill_on_drop: false }`
[INFO] [stdout] cd9454ee1a4761275c30f79db3f33ea1fbfe0f1f8b43ce3b0e21a34092ede4c8
[INFO] running `Command { std: "docker" "start" "-a" "cd9454ee1a4761275c30f79db3f33ea1fbfe0f1f8b43ce3b0e21a34092ede4c8", kill_on_drop: false }`
[INFO] [stdout] warning: unused import: `datastruct::tspoint::TsPoint`
[INFO] [stdout]  --> src/datastruct/collection/collection.rs:7:13
[INFO] [stdout]   |
[INFO] [stdout] 7 | use crate::{datastruct::tspoint::TsPoint, datastruct::bloc::bloc::Bloc, datastruct::indexmap::indexmap::IndexMap};
[INFO] [stdout]   |             ^^^^^^^^^^^^^^^^^^^^^^^^^^^^
[INFO] [stdout]   |
[INFO] [stdout]   = note: `#[warn(unused_imports)]` on by default
[INFO] [stdout] 
[INFO] [stdout] 
[INFO] [stdout] warning: unused import: `collection::Collection`
[INFO] [stdout]  --> src/system/queryparser.rs:6:44
[INFO] [stdout]   |
[INFO] [stdout] 6 | use crate::{datastruct::{tspoint::TsPoint, collection::Collection}, indexing::{indexresult::IndexResult, aggregator::Aggregator}, BATCH_S...
[INFO] [stdout]   |                                            ^^^^^^^^^^^^^^^^^^^^^^
[INFO] [stdout] 
[INFO] [stdout] 
[INFO] [stdout] warning: unused import: `std::ops::Sub`
[INFO] [stdout]  --> src/sysutils/helpers/helpers.rs:1:5
[INFO] [stdout]   |
[INFO] [stdout] 1 | use std::ops::Sub;
[INFO] [stdout]   |     ^^^^^^^^^^^^^
[INFO] [stdout] 
[INFO] [stdout] 
[INFO] [stdout] warning: unnecessary parentheses around `if` condition
[INFO] [stdout]   --> src/sysutils/helpers/helpers.rs:14:12
[INFO] [stdout]    |
[INFO] [stdout] 14 |         if (a < b) { return *default }
[INFO] [stdout]    |            ^     ^
[INFO] [stdout]    |
[INFO] [stdout]    = note: `#[warn(unused_parens)]` on by default
[INFO] [stdout] help: remove these parentheses
[INFO] [stdout]    |
[INFO] [stdout] 14 -         if (a < b) { return *default }
[INFO] [stdout] 14 +         if a < b { return *default }
[INFO] [stdout]    |
[INFO] [stdout] 
[INFO] [stdout] 
[INFO] [stdout] warning: unnecessary parentheses around `if` condition
[INFO] [stdout]   --> src/sysutils/helpers/helpers.rs:19:11
[INFO] [stdout]    |
[INFO] [stdout] 19 |         if(min<max) {
[INFO] [stdout]    |           ^       ^
[INFO] [stdout]    |
[INFO] [stdout] help: remove these parentheses
[INFO] [stdout]    |
[INFO] [stdout] 19 -         if(min<max) {
[INFO] [stdout] 19 +         if min<max {
[INFO] [stdout]    |
[INFO] [stdout] 
[INFO] [stdout] 
[INFO] [stdout] warning: unused variable: `width`
[INFO] [stdout]   --> src/indexing/aggregator/aggregator.rs:14:14
[INFO] [stdout]    |
[INFO] [stdout] 14 | fn OHLC_core(width : u64, x : &[TsPoint]) -> TsPoint {
[INFO] [stdout]    |              ^^^^^ help: if this is intentional, prefix it with an underscore: `_width`
[INFO] [stdout]    |
[INFO] [stdout]    = note: `#[warn(unused_variables)]` on by default
[INFO] [stdout] 
[INFO] [stdout] 
[INFO] [stdout] warning: variable `dataToParse` should have a snake case name
[INFO] [stdout]   --> src/channels/inoutputs/inoutputs.rs:24:27
[INFO] [stdout]    |
[INFO] [stdout] 24 |     pub fn json_to_points(dataToParse : &str) -> Vec<TsPoint> {
[INFO] [stdout]    |                           ^^^^^^^^^^^ help: convert the identifier to snake case: `data_to_parse`
[INFO] [stdout]    |
[INFO] [stdout]    = note: `#[warn(non_snake_case)]` on by default
[INFO] [stdout] 
[INFO] [stdout] 
[INFO] [stdout] warning: function `OHLC_core` should have a snake case name
[INFO] [stdout]   --> src/indexing/aggregator/aggregator.rs:14:4
[INFO] [stdout]    |
[INFO] [stdout] 14 | fn OHLC_core(width : u64, x : &[TsPoint]) -> TsPoint {
[INFO] [stdout]    |    ^^^^^^^^^ help: convert the identifier to snake case: `ohlc_core`
[INFO] [stdout] 
[INFO] [stdout] 
[INFO] [stdout] warning: 8 warnings emitted
[INFO] [stdout] 
[INFO] [stdout] 
[INFO] [stderr]    Compiling timeseries_database v0.1.0 (/opt/rustwide/workdir)
[INFO] [stdout] warning: unused import: `ffi::OsString`
[INFO] [stdout]  --> src/main.rs:1:11
[INFO] [stdout]   |
[INFO] [stdout] 1 | use std::{ffi::OsString};
[INFO] [stdout]   |           ^^^^^^^^^^^^^
[INFO] [stdout]   |
[INFO] [stdout]   = note: `#[warn(unused_imports)]` on by default
[INFO] [stdout] 
[INFO] [stdout] 
[INFO] [stdout] warning: 1 warning emitted
[INFO] [stdout] 
[INFO] [stdout] 
[INFO] [stdout] warning: unused import: `ffi::OsString`
[INFO] [stdout]  --> src/main.rs:1:11
[INFO] [stdout]   |
[INFO] [stdout] 1 | use std::{ffi::OsString};
[INFO] [stdout]   |           ^^^^^^^^^^^^^
[INFO] [stdout]   |
[INFO] [stdout]   = note: `#[warn(unused_imports)]` on by default
[INFO] [stdout] 
[INFO] [stdout] 
[INFO] [stdout] warning: unused imports: `DEFAULT_STEP`, `source::Source`
[INFO] [stdout]  --> tests/write_read_test.rs:5:116
[INFO] [stdout]   |
[INFO] [stdout] 5 | ...t::{collection::Collection, source::Source, tspoint::{TsPoint, TsPointData}}, MAX_LINE_BLOC, DEFAULT_STEP, BATCH_SIZE};
[INFO] [stdout]   |                                ^^^^^^^^^^^^^^                                                   ^^^^^^^^^^^^
[INFO] [stdout]   |
[INFO] [stdout]   = note: `#[warn(unused_imports)]` on by default
[INFO] [stdout] 
[INFO] [stdout] 
[INFO] [stdout] warning: unused import: `datastruct::tspoint::TsPoint`
[INFO] [stdout]  --> src/datastruct/collection/collection.rs:7:13
[INFO] [stdout]   |
[INFO] [stdout] 7 | use crate::{datastruct::tspoint::TsPoint, datastruct::bloc::bloc::Bloc, datastruct::indexmap::indexmap::IndexMap};
[INFO] [stdout]   |             ^^^^^^^^^^^^^^^^^^^^^^^^^^^^
[INFO] [stdout]   |
[INFO] [stdout]   = note: `#[warn(unused_imports)]` on by default
[INFO] [stdout] 
[INFO] [stdout] 
[INFO] [stdout] warning: unused import: `collection::Collection`
[INFO] [stdout]  --> src/system/queryparser.rs:6:44
[INFO] [stdout]   |
[INFO] [stdout] 6 | use crate::{datastruct::{tspoint::TsPoint, collection::Collection}, indexing::{indexresult::IndexResult, aggregator::Aggregator}, BATCH_S...
[INFO] [stdout]   |                                            ^^^^^^^^^^^^^^^^^^^^^^
[INFO] [stdout] 
[INFO] [stdout] 
[INFO] [stdout] warning: unused import: `std::ops::Sub`
[INFO] [stdout]  --> src/sysutils/helpers/helpers.rs:1:5
[INFO] [stdout]   |
[INFO] [stdout] 1 | use std::ops::Sub;
[INFO] [stdout]   |     ^^^^^^^^^^^^^
[INFO] [stdout] 
[INFO] [stdout] 
[INFO] [stdout] warning: unnecessary parentheses around `if` condition
[INFO] [stdout]   --> src/sysutils/helpers/helpers.rs:14:12
[INFO] [stdout]    |
[INFO] [stdout] 14 |         if (a < b) { return *default }
[INFO] [stdout]    |            ^     ^
[INFO] [stdout]    |
[INFO] [stdout]    = note: `#[warn(unused_parens)]` on by default
[INFO] [stdout] help: remove these parentheses
[INFO] [stdout]    |
[INFO] [stdout] 14 -         if (a < b) { return *default }
[INFO] [stdout] 14 +         if a < b { return *default }
[INFO] [stdout]    |
[INFO] [stdout] 
[INFO] [stdout] 
[INFO] [stdout] warning: unnecessary parentheses around `if` condition
[INFO] [stdout]   --> src/sysutils/helpers/helpers.rs:19:11
[INFO] [stdout]    |
[INFO] [stdout] 19 |         if(min<max) {
[INFO] [stdout]    |           ^       ^
[INFO] [stdout]    |
[INFO] [stdout] help: remove these parentheses
[INFO] [stdout]    |
[INFO] [stdout] 19 -         if(min<max) {
[INFO] [stdout] 19 +         if min<max {
[INFO] [stdout]    |
[INFO] [stdout] 
[INFO] [stdout] 
[INFO] [stdout] warning: variable does not need to be mutable
[INFO] [stdout]   --> tests/ohlc_aggregation_test.rs:24:9
[INFO] [stdout]    |
[INFO] [stdout] 24 |     let mut source : &mut Source = sys.sources.get_mut(&OsString::from("TEST")).unwrap();
[INFO] [stdout]    |         ----^^^^^^
[INFO] [stdout]    |         |
[INFO] [stdout]    |         help: remove this `mut`
[INFO] [stdout]    |
[INFO] [stdout]    = note: `#[warn(unused_mut)]` on by default
[INFO] [stdout] 
[INFO] [stdout] 
[INFO] [stdout] warning: variable does not need to be mutable
[INFO] [stdout]   --> tests/query_string_test.rs:23:9
[INFO] [stdout]    |
[INFO] [stdout] 23 |     let mut source : &mut Source = sys.sources.get_mut(&OsString::from("TEST")).unwrap();
[INFO] [stdout]    |         ----^^^^^^
[INFO] [stdout]    |         |
[INFO] [stdout]    |         help: remove this `mut`
[INFO] [stdout]    |
[INFO] [stdout]    = note: `#[warn(unused_mut)]` on by default
[INFO] [stdout] 
[INFO] [stdout] 
[INFO] [stdout] warning: unused variable: `width`
[INFO] [stdout]   --> src/indexing/aggregator/aggregator.rs:14:14
[INFO] [stdout]    |
[INFO] [stdout] 14 | fn OHLC_core(width : u64, x : &[TsPoint]) -> TsPoint {
[INFO] [stdout]    |              ^^^^^ help: if this is intentional, prefix it with an underscore: `_width`
[INFO] [stdout]    |
[INFO] [stdout]    = note: `#[warn(unused_variables)]` on by default
[INFO] [stdout] 
[INFO] [stdout] 
[INFO] [stdout] warning: variable `dataToParse` should have a snake case name
[INFO] [stdout]   --> src/channels/inoutputs/inoutputs.rs:24:27
[INFO] [stdout]    |
[INFO] [stdout] 24 |     pub fn json_to_points(dataToParse : &str) -> Vec<TsPoint> {
[INFO] [stdout]    |                           ^^^^^^^^^^^ help: convert the identifier to snake case: `data_to_parse`
[INFO] [stdout]    |
[INFO] [stdout]    = note: `#[warn(non_snake_case)]` on by default
[INFO] [stdout] 
[INFO] [stdout] 
[INFO] [stdout] warning: function `OHLC_core` should have a snake case name
[INFO] [stdout]   --> src/indexing/aggregator/aggregator.rs:14:4
[INFO] [stdout]    |
[INFO] [stdout] 14 | fn OHLC_core(width : u64, x : &[TsPoint]) -> TsPoint {
[INFO] [stdout]    |    ^^^^^^^^^ help: convert the identifier to snake case: `ohlc_core`
[INFO] [stdout] 
[INFO] [stdout] 
[INFO] [stdout] warning: 1 warning emitted
[INFO] [stdout] 
[INFO] [stdout] 
[INFO] [stdout] warning: 8 warnings emitted
[INFO] [stdout] 
[INFO] [stdout] 
[INFO] [stdout] warning: 1 warning emitted
[INFO] [stdout] 
[INFO] [stdout] 
[INFO] [stdout] warning: 1 warning emitted
[INFO] [stdout] 
[INFO] [stdout] 
[INFO] [stdout] warning: 1 warning emitted
[INFO] [stdout] 
[INFO] [stdout] 
[INFO] [stderr]     Finished test [unoptimized + debuginfo] target(s) in 1.27s
[INFO] running `Command { std: "docker" "inspect" "cd9454ee1a4761275c30f79db3f33ea1fbfe0f1f8b43ce3b0e21a34092ede4c8", kill_on_drop: false }`
[INFO] running `Command { std: "docker" "rm" "-f" "cd9454ee1a4761275c30f79db3f33ea1fbfe0f1f8b43ce3b0e21a34092ede4c8", kill_on_drop: false }`
[INFO] [stdout] cd9454ee1a4761275c30f79db3f33ea1fbfe0f1f8b43ce3b0e21a34092ede4c8
[INFO] running `Command { std: "docker" "create" "-v" "/var/lib/crater-agent-workspace/builds/worker-2-tc1/target:/opt/rustwide/target:rw,Z" "-v" "/var/lib/crater-agent-workspace/builds/worker-2-tc1/source:/opt/rustwide/workdir:ro,Z" "-v" "/var/lib/crater-agent-workspace/cargo-home:/opt/rustwide/cargo-home:ro,Z" "-v" "/var/lib/crater-agent-workspace/rustup-home:/opt/rustwide/rustup-home:ro,Z" "-e" "SOURCE_DIR=/opt/rustwide/workdir" "-e" "CARGO_TARGET_DIR=/opt/rustwide/target" "-e" "CARGO_INCREMENTAL=0" "-e" "RUST_BACKTRACE=full" "-e" "RUSTFLAGS=--cap-lints=warn" "-e" "RUSTDOCFLAGS=--cap-lints=warn" "-e" "CARGO_HOME=/opt/rustwide/cargo-home" "-e" "RUSTUP_HOME=/opt/rustwide/rustup-home" "-w" "/opt/rustwide/workdir" "-m" "1610612736" "--user" "0:0" "--network" "none" "ghcr.io/rust-lang/crates-build-env/linux@sha256:2788e3201cd34a07e3172128adcd8b3090168a8e3bcc40d7c032b9dda1df7d1c" "/opt/rustwide/cargo-home/bin/cargo" "+1.75.0" "test" "--frozen", kill_on_drop: false }`
[INFO] [stdout] 13e574648b0641687bb9c101f54d3670204fb35a6cfa5cfb67e37da6cb01590a
[INFO] running `Command { std: "docker" "start" "-a" "13e574648b0641687bb9c101f54d3670204fb35a6cfa5cfb67e37da6cb01590a", kill_on_drop: false }`
[INFO] [stderr] warning: unused import: `datastruct::tspoint::TsPoint`
[INFO] [stderr]  --> src/datastruct/collection/collection.rs:7:13
[INFO] [stderr]   |
[INFO] [stderr] 7 | use crate::{datastruct::tspoint::TsPoint, datastruct::bloc::bloc::Bloc, datastruct::indexmap::indexmap::IndexMap};
[INFO] [stderr]   |             ^^^^^^^^^^^^^^^^^^^^^^^^^^^^
[INFO] [stderr]   |
[INFO] [stderr]   = note: `#[warn(unused_imports)]` on by default
[INFO] [stderr] 
[INFO] [stderr] warning: unused import: `collection::Collection`
[INFO] [stderr]  --> src/system/queryparser.rs:6:44
[INFO] [stderr]   |
[INFO] [stderr] 6 | use crate::{datastruct::{tspoint::TsPoint, collection::Collection}, indexing::{indexresult::IndexResult, aggregator::Aggregator}, BATCH_S...
[INFO] [stderr]   |                                            ^^^^^^^^^^^^^^^^^^^^^^
[INFO] [stderr] 
[INFO] [stderr] warning: unused import: `std::ops::Sub`
[INFO] [stderr]  --> src/sysutils/helpers/helpers.rs:1:5
[INFO] [stderr]   |
[INFO] [stderr] 1 | use std::ops::Sub;
[INFO] [stderr]   |     ^^^^^^^^^^^^^
[INFO] [stderr] 
[INFO] [stderr] warning: unnecessary parentheses around `if` condition
[INFO] [stderr]   --> src/sysutils/helpers/helpers.rs:14:12
[INFO] [stderr]    |
[INFO] [stderr] 14 |         if (a < b) { return *default }
[INFO] [stderr]    |            ^     ^
[INFO] [stderr]    |
[INFO] [stderr]    = note: `#[warn(unused_parens)]` on by default
[INFO] [stderr] help: remove these parentheses
[INFO] [stderr]    |
[INFO] [stderr] 14 -         if (a < b) { return *default }
[INFO] [stderr] 14 +         if a < b { return *default }
[INFO] [stderr]    |
[INFO] [stderr] 
[INFO] [stderr] warning: unnecessary parentheses around `if` condition
[INFO] [stderr]   --> src/sysutils/helpers/helpers.rs:19:11
[INFO] [stderr]    |
[INFO] [stderr] 19 |         if(min<max) {
[INFO] [stderr]    |           ^       ^
[INFO] [stderr]    |
[INFO] [stderr] help: remove these parentheses
[INFO] [stderr]    |
[INFO] [stderr] 19 -         if(min<max) {
[INFO] [stderr] 19 +         if min<max {
[INFO] [stderr]    |
[INFO] [stderr] 
[INFO] [stderr] warning: unused variable: `width`
[INFO] [stderr]   --> src/indexing/aggregator/aggregator.rs:14:14
[INFO] [stderr]    |
[INFO] [stderr] 14 | fn OHLC_core(width : u64, x : &[TsPoint]) -> TsPoint {
[INFO] [stderr]    |              ^^^^^ help: if this is intentional, prefix it with an underscore: `_width`
[INFO] [stderr]    |
[INFO] [stderr]    = note: `#[warn(unused_variables)]` on by default
[INFO] [stderr] 
[INFO] [stderr] warning: variable `dataToParse` should have a snake case name
[INFO] [stderr]   --> src/channels/inoutputs/inoutputs.rs:24:27
[INFO] [stderr]    |
[INFO] [stderr] 24 |     pub fn json_to_points(dataToParse : &str) -> Vec<TsPoint> {
[INFO] [stderr]    |                           ^^^^^^^^^^^ help: convert the identifier to snake case: `data_to_parse`
[INFO] [stderr]    |
[INFO] [stderr]    = note: `#[warn(non_snake_case)]` on by default
[INFO] [stderr] 
[INFO] [stderr] warning: function `OHLC_core` should have a snake case name
[INFO] [stderr]   --> src/indexing/aggregator/aggregator.rs:14:4
[INFO] [stderr]    |
[INFO] [stderr] 14 | fn OHLC_core(width : u64, x : &[TsPoint]) -> TsPoint {
[INFO] [stderr]    |    ^^^^^^^^^ help: convert the identifier to snake case: `ohlc_core`
[INFO] [stderr] 
[INFO] [stderr] warning: `timeseries_database` (lib) generated 8 warnings (run `cargo fix --lib -p timeseries_database` to apply 6 suggestions)
[INFO] [stderr] warning: `timeseries_database` (lib test) generated 8 warnings (8 duplicates)
[INFO] [stderr] warning: unused import: `ffi::OsString`
[INFO] [stderr]  --> src/main.rs:1:11
[INFO] [stderr]   |
[INFO] [stderr] 1 | use std::{ffi::OsString};
[INFO] [stderr]   |           ^^^^^^^^^^^^^
[INFO] [stderr]   |
[INFO] [stderr]   = note: `#[warn(unused_imports)]` on by default
[INFO] [stderr] 
[INFO] [stderr] warning: variable does not need to be mutable
[INFO] [stderr]   --> tests/query_string_test.rs:23:9
[INFO] [stderr]    |
[INFO] [stderr] 23 |     let mut source : &mut Source = sys.sources.get_mut(&OsString::from("TEST")).unwrap();
[INFO] [stderr]    |         ----^^^^^^
[INFO] [stderr]    |         |
[INFO] [stderr]    |         help: remove this `mut`
[INFO] [stderr]    |
[INFO] [stderr]    = note: `#[warn(unused_mut)]` on by default
[INFO] [stderr] 
[INFO] [stderr] warning: unused imports: `DEFAULT_STEP`, `source::Source`
[INFO] [stderr]  --> tests/write_read_test.rs:5:116
[INFO] [stderr]   |
[INFO] [stderr] 5 | ...t::{collection::Collection, source::Source, tspoint::{TsPoint, TsPointData}}, MAX_LINE_BLOC, DEFAULT_STEP, BATCH_SIZE};
[INFO] [stderr]   |                                ^^^^^^^^^^^^^^                                                   ^^^^^^^^^^^^
[INFO] [stderr]   |
[INFO] [stderr]   = note: `#[warn(unused_imports)]` on by default
[INFO] [stderr] 
[INFO] [stderr] warning: variable does not need to be mutable
[INFO] [stderr]   --> tests/ohlc_aggregation_test.rs:24:9
[INFO] [stderr]    |
[INFO] [stderr] 24 |     let mut source : &mut Source = sys.sources.get_mut(&OsString::from("TEST")).unwrap();
[INFO] [stderr]    |         ----^^^^^^
[INFO] [stderr]    |         |
[INFO] [stderr]    |         help: remove this `mut`
[INFO] [stderr]    |
[INFO] [stderr]    = note: `#[warn(unused_mut)]` on by default
[INFO] [stderr] 
[INFO] [stderr] warning: `timeseries_database` (bin "timeseries_database") generated 1 warning (run `cargo fix --bin "timeseries_database"` to apply 1 suggestion)
[INFO] [stderr] warning: `timeseries_database` (test "query_string_test") generated 1 warning (run `cargo fix --test "query_string_test"` to apply 1 suggestion)
[INFO] [stderr] warning: `timeseries_database` (bin "timeseries_database" test) generated 1 warning (1 duplicate)
[INFO] [stderr] warning: `timeseries_database` (test "write_read_test") generated 1 warning (run `cargo fix --test "write_read_test"` to apply 1 suggestion)
[INFO] [stderr] warning: `timeseries_database` (test "ohlc_aggregation_test") generated 1 warning (run `cargo fix --test "ohlc_aggregation_test"` to apply 1 suggestion)
[INFO] [stderr]     Finished test [unoptimized + debuginfo] target(s) in 0.02s
[INFO] [stderr]      Running unittests src/lib.rs (/opt/rustwide/target/debug/deps/timeseries_database-9e6028dcabea612c)
[INFO] [stdout] 
[INFO] [stdout] running 0 tests
[INFO] [stdout] 
[INFO] [stdout] test result: ok. 0 passed; 0 failed; 0 ignored; 0 measured; 0 filtered out; finished in 0.00s
[INFO] [stdout] 
[INFO] [stderr]      Running unittests src/main.rs (/opt/rustwide/target/debug/deps/timeseries_database-08ee31a3d19bdfac)
[INFO] [stdout] 
[INFO] [stdout] running 0 tests
[INFO] [stdout] 
[INFO] [stdout] test result: ok. 0 passed; 0 failed; 0 ignored; 0 measured; 0 filtered out; finished in 0.00s
[INFO] [stdout] 
[INFO] [stderr]      Running tests/ohlc_aggregation_test.rs (/opt/rustwide/target/debug/deps/ohlc_aggregation_test-3883785c1b3fa532)
[INFO] [stdout] 
[INFO] [stdout] running 1 test
[INFO] [stdout] test ohlc_aggregation_test ... FAILED
[INFO] [stdout] 
[INFO] [stdout] failures:
[INFO] [stdout] 
[INFO] [stdout] ---- ohlc_aggregation_test stdout ----
[INFO] [stdout] thread 'ohlc_aggregation_test' panicked at src/datastruct/source/source.rs:14:14:
[INFO] [stdout] Could not create Source directory: Os { code: 2, kind: NotFound, message: "No such file or directory" }
[INFO] [stdout] stack backtrace:
[INFO] [stdout]    0:     0x559fcd2131bc - std::backtrace_rs::backtrace::libunwind::trace::ha637c64ce894333a
[INFO] [stdout]                                at /rustc/82e1608dfa6e0b5569232559e3d385fea5a93112/library/std/src/../../backtrace/src/backtrace/libunwind.rs:104:5
[INFO] [stdout]    1:     0x559fcd2131bc - std::backtrace_rs::backtrace::trace_unsynchronized::h47f62dea28e0c88d
[INFO] [stdout]                                at /rustc/82e1608dfa6e0b5569232559e3d385fea5a93112/library/std/src/../../backtrace/src/backtrace/mod.rs:66:5
[INFO] [stdout]    2:     0x559fcd2131bc - std::sys_common::backtrace::_print_fmt::h9eef0abe20ede486
[INFO] [stdout]                                at /rustc/82e1608dfa6e0b5569232559e3d385fea5a93112/library/std/src/sys_common/backtrace.rs:67:5
[INFO] [stdout]    3:     0x559fcd2131bc - <std::sys_common::backtrace::_print::DisplayBacktrace as core::fmt::Display>::fmt::hed7f999df88cc644
[INFO] [stdout]                                at /rustc/82e1608dfa6e0b5569232559e3d385fea5a93112/library/std/src/sys_common/backtrace.rs:44:22
[INFO] [stdout]    4:     0x559fcd23d970 - core::fmt::rt::Argument::fmt::h1539a9308b8d058d
[INFO] [stdout]                                at /rustc/82e1608dfa6e0b5569232559e3d385fea5a93112/library/core/src/fmt/rt.rs:142:9
[INFO] [stdout]    5:     0x559fcd23d970 - core::fmt::write::h3a39390d8560d9c9
[INFO] [stdout]                                at /rustc/82e1608dfa6e0b5569232559e3d385fea5a93112/library/core/src/fmt/mod.rs:1120:17
[INFO] [stdout]    6:     0x559fcd2108af - std::io::Write::write_fmt::h040b369f3a0f9cbc
[INFO] [stdout]                                at /rustc/82e1608dfa6e0b5569232559e3d385fea5a93112/library/std/src/io/mod.rs:1762:15
[INFO] [stdout]    7:     0x559fcd212fa4 - std::sys_common::backtrace::_print::h894006fb5c6f3d45
[INFO] [stdout]                                at /rustc/82e1608dfa6e0b5569232559e3d385fea5a93112/library/std/src/sys_common/backtrace.rs:47:5
[INFO] [stdout]    8:     0x559fcd212fa4 - std::sys_common::backtrace::print::h23a2d212c6fff936
[INFO] [stdout]                                at /rustc/82e1608dfa6e0b5569232559e3d385fea5a93112/library/std/src/sys_common/backtrace.rs:34:9
[INFO] [stdout]    9:     0x559fcd214c67 - std::panicking::default_hook::{{closure}}::h8a1d2ee00185001a
[INFO] [stdout]   10:     0x559fcd214953 - std::panicking::default_hook::h6038f2eba384e475
[INFO] [stdout]                                at /rustc/82e1608dfa6e0b5569232559e3d385fea5a93112/library/std/src/panicking.rs:289:9
[INFO] [stdout]   11:     0x559fccfd7887 - <alloc::boxed::Box<F,A> as core::ops::function::Fn<Args>>::call::h0ad024c9bdc6d768
[INFO] [stdout]                                at /rustc/82e1608dfa6e0b5569232559e3d385fea5a93112/library/alloc/src/boxed.rs:2021:9
[INFO] [stdout]   12:     0x559fccfd7887 - test::test_main::{{closure}}::h7500b54257359db6
[INFO] [stdout]                                at /rustc/82e1608dfa6e0b5569232559e3d385fea5a93112/library/test/src/lib.rs:138:21
[INFO] [stdout]   13:     0x559fcd215278 - <alloc::boxed::Box<F,A> as core::ops::function::Fn<Args>>::call::h1f8f335eaa9cfaee
[INFO] [stdout]                                at /rustc/82e1608dfa6e0b5569232559e3d385fea5a93112/library/alloc/src/boxed.rs:2021:9
[INFO] [stdout]   14:     0x559fcd215278 - std::panicking::rust_panic_with_hook::h2b5517d590cab22e
[INFO] [stdout]                                at /rustc/82e1608dfa6e0b5569232559e3d385fea5a93112/library/std/src/panicking.rs:783:13
[INFO] [stdout]   15:     0x559fcd214fce - std::panicking::begin_panic_handler::{{closure}}::h233112c06e0ef43e
[INFO] [stdout]                                at /rustc/82e1608dfa6e0b5569232559e3d385fea5a93112/library/std/src/panicking.rs:657:13
[INFO] [stdout]   16:     0x559fcd213686 - std::sys_common::backtrace::__rust_end_short_backtrace::h6e893f24d7ebbff8
[INFO] [stdout]                                at /rustc/82e1608dfa6e0b5569232559e3d385fea5a93112/library/std/src/sys_common/backtrace.rs:170:18
[INFO] [stdout]   17:     0x559fcd214d32 - rust_begin_unwind
[INFO] [stdout]                                at /rustc/82e1608dfa6e0b5569232559e3d385fea5a93112/library/std/src/panicking.rs:645:5
[INFO] [stdout]   18:     0x559fccf9e625 - core::panicking::panic_fmt::hbf0e066aabfa482c
[INFO] [stdout]                                at /rustc/82e1608dfa6e0b5569232559e3d385fea5a93112/library/core/src/panicking.rs:72:14
[INFO] [stdout]   19:     0x559fccf9ebf3 - core::result::unwrap_failed::hddb4fea594200c52
[INFO] [stdout]                                at /rustc/82e1608dfa6e0b5569232559e3d385fea5a93112/library/core/src/result.rs:1653:5
[INFO] [stdout]   20:     0x559fccffe15f - core::result::Result<T,E>::expect::h8a5caa5c65475a1d
[INFO] [stdout]                                at /rustc/82e1608dfa6e0b5569232559e3d385fea5a93112/library/core/src/result.rs:1034:23
[INFO] [stdout]   21:     0x559fccfeddd4 - timeseries_database::datastruct::source::source::Source::create::h51eef0ca437fb7ab
[INFO] [stdout]                                at /opt/rustwide/workdir/src/datastruct/source/source.rs:13:13
[INFO] [stdout]   22:     0x559fccfef147 - timeseries_database::datastruct::collection::collection::Collection::create::he0641f18554c03d6
[INFO] [stdout]                                at /opt/rustwide/workdir/src/datastruct/collection/collection.rs:23:65
[INFO] [stdout]   23:     0x559fccfa1df1 - ohlc_aggregation_test::ohlc_aggregation_test::h478a89d32bdf3989
[INFO] [stdout]                                at /opt/rustwide/workdir/tests/ohlc_aggregation_test.rs:13:11
[INFO] [stdout]   24:     0x559fccfa1d07 - ohlc_aggregation_test::ohlc_aggregation_test::{{closure}}::h2e22eef3864c6fd6
[INFO] [stdout]                                at /opt/rustwide/workdir/tests/ohlc_aggregation_test.rs:10:31
[INFO] [stdout]   25:     0x559fccfa02e6 - core::ops::function::FnOnce::call_once::h5df4daaf8484eb83
[INFO] [stdout]                                at /rustc/82e1608dfa6e0b5569232559e3d385fea5a93112/library/core/src/ops/function.rs:250:5
[INFO] [stdout]   26:     0x559fccfdcedf - core::ops::function::FnOnce::call_once::h2b5d431d5046312d
[INFO] [stdout]                                at /rustc/82e1608dfa6e0b5569232559e3d385fea5a93112/library/core/src/ops/function.rs:250:5
[INFO] [stdout]   27:     0x559fccfdcedf - test::__rust_begin_short_backtrace::h7714669af176e207
[INFO] [stdout]                                at /rustc/82e1608dfa6e0b5569232559e3d385fea5a93112/library/test/src/lib.rs:628:18
[INFO] [stdout]   28:     0x559fccfdbef5 - test::run_test_in_process::{{closure}}::h85218797dcbcec12
[INFO] [stdout]                                at /rustc/82e1608dfa6e0b5569232559e3d385fea5a93112/library/test/src/lib.rs:651:60
[INFO] [stdout]   29:     0x559fccfdbef5 - <core::panic::unwind_safe::AssertUnwindSafe<F> as core::ops::function::FnOnce<()>>::call_once::h76c106ea31c14d7b
[INFO] [stdout]                                at /rustc/82e1608dfa6e0b5569232559e3d385fea5a93112/library/core/src/panic/unwind_safe.rs:272:9
[INFO] [stdout]   30:     0x559fccfdbef5 - std::panicking::try::do_call::h3bd5d0f6620ee946
[INFO] [stdout]                                at /rustc/82e1608dfa6e0b5569232559e3d385fea5a93112/library/std/src/panicking.rs:552:40
[INFO] [stdout]   31:     0x559fccfdbef5 - std::panicking::try::h232e535e4744fe31
[INFO] [stdout]                                at /rustc/82e1608dfa6e0b5569232559e3d385fea5a93112/library/std/src/panicking.rs:516:19
[INFO] [stdout]   32:     0x559fccfdbef5 - std::panic::catch_unwind::h3ce3bd6ca8dbac68
[INFO] [stdout]                                at /rustc/82e1608dfa6e0b5569232559e3d385fea5a93112/library/std/src/panic.rs:142:14
[INFO] [stdout]   33:     0x559fccfdbef5 - test::run_test_in_process::hc97b257c9621286a
[INFO] [stdout]                                at /rustc/82e1608dfa6e0b5569232559e3d385fea5a93112/library/test/src/lib.rs:651:27
[INFO] [stdout]   34:     0x559fccfdbef5 - test::run_test::{{closure}}::h2aa798823a438d38
[INFO] [stdout]                                at /rustc/82e1608dfa6e0b5569232559e3d385fea5a93112/library/test/src/lib.rs:574:43
[INFO] [stdout]   35:     0x559fccfa41b6 - test::run_test::{{closure}}::h87d231c78fb59832
[INFO] [stdout]                                at /rustc/82e1608dfa6e0b5569232559e3d385fea5a93112/library/test/src/lib.rs:602:41
[INFO] [stdout]   36:     0x559fccfa41b6 - std::sys_common::backtrace::__rust_begin_short_backtrace::he6df152596625789
[INFO] [stdout]                                at /rustc/82e1608dfa6e0b5569232559e3d385fea5a93112/library/std/src/sys_common/backtrace.rs:154:18
[INFO] [stdout]   37:     0x559fccfa9267 - std::thread::Builder::spawn_unchecked_::{{closure}}::{{closure}}::ha94be15d1e0acf36
[INFO] [stdout]                                at /rustc/82e1608dfa6e0b5569232559e3d385fea5a93112/library/std/src/thread/mod.rs:529:17
[INFO] [stdout]   38:     0x559fccfa9267 - <core::panic::unwind_safe::AssertUnwindSafe<F> as core::ops::function::FnOnce<()>>::call_once::h9dc6bd6372f16606
[INFO] [stdout]                                at /rustc/82e1608dfa6e0b5569232559e3d385fea5a93112/library/core/src/panic/unwind_safe.rs:272:9
[INFO] [stdout]   39:     0x559fccfa9267 - std::panicking::try::do_call::h9057517f80303cd4
[INFO] [stdout]                                at /rustc/82e1608dfa6e0b5569232559e3d385fea5a93112/library/std/src/panicking.rs:552:40
[INFO] [stdout]   40:     0x559fccfa9267 - std::panicking::try::he3a30b11ee45340c
[INFO] [stdout]                                at /rustc/82e1608dfa6e0b5569232559e3d385fea5a93112/library/std/src/panicking.rs:516:19
[INFO] [stdout]   41:     0x559fccfa9267 - std::panic::catch_unwind::h410458cfd3528b8b
[INFO] [stdout]                                at /rustc/82e1608dfa6e0b5569232559e3d385fea5a93112/library/std/src/panic.rs:142:14
[INFO] [stdout]   42:     0x559fccfa9267 - std::thread::Builder::spawn_unchecked_::{{closure}}::h72ac3bdb567b737b
[INFO] [stdout]                                at /rustc/82e1608dfa6e0b5569232559e3d385fea5a93112/library/std/src/thread/mod.rs:528:30
[INFO] [stdout]   43:     0x559fccfa9267 - core::ops::function::FnOnce::call_once{{vtable.shim}}::h38f34da3654a8344
[INFO] [stdout]                                at /rustc/82e1608dfa6e0b5569232559e3d385fea5a93112/library/core/src/ops/function.rs:250:5
[INFO] [stdout]   44:     0x559fcd21a895 - <alloc::boxed::Box<F,A> as core::ops::function::FnOnce<Args>>::call_once::hc7eafaff61e32df9
[INFO] [stdout]                                at /rustc/82e1608dfa6e0b5569232559e3d385fea5a93112/library/alloc/src/boxed.rs:2007:9
[INFO] [stdout]   45:     0x559fcd21a895 - <alloc::boxed::Box<F,A> as core::ops::function::FnOnce<Args>>::call_once::h6ba4a5de48dd2304
[INFO] [stdout]                                at /rustc/82e1608dfa6e0b5569232559e3d385fea5a93112/library/alloc/src/boxed.rs:2007:9
[INFO] [stdout]   46:     0x559fcd21a895 - std::sys::unix::thread::Thread::new::thread_start::he469335aef763e45
[INFO] [stdout]                                at /rustc/82e1608dfa6e0b5569232559e3d385fea5a93112/library/std/src/sys/unix/thread.rs:108:17
[INFO] [stdout]   47:     0x7f6699c8bac3 - <unknown>
[INFO] [stdout]   48:     0x7f6699d1cbf4 - __clone
[INFO] [stdout]   49:                0x0 - <unknown>
[INFO] [stdout] 
[INFO] [stdout] 
[INFO] [stdout] failures:
[INFO] [stdout]     ohlc_aggregation_test
[INFO] [stdout] 
[INFO] [stdout] test result: FAILED. 0 passed; 1 failed; 0 ignored; 0 measured; 0 filtered out; finished in 0.01s
[INFO] [stdout] 
[INFO] [stderr] error: test failed, to rerun pass `--test ohlc_aggregation_test`
[INFO] running `Command { std: "docker" "inspect" "13e574648b0641687bb9c101f54d3670204fb35a6cfa5cfb67e37da6cb01590a", kill_on_drop: false }`
[INFO] running `Command { std: "docker" "rm" "-f" "13e574648b0641687bb9c101f54d3670204fb35a6cfa5cfb67e37da6cb01590a", kill_on_drop: false }`
[INFO] [stdout] 13e574648b0641687bb9c101f54d3670204fb35a6cfa5cfb67e37da6cb01590a
[INFO] testing Simon-Bertrand/ohlc-timeserie-db.rs against beta-2023-12-22 for beta-1.76-1
[INFO] running `Command { std: "git" "clone" "/workspace/cache/git-repos/https%3A%2F%2Fgithub.com%2FSimon-Bertrand%2Fohlc-timeserie-db.rs" "/workspace/builds/worker-2-tc2/source", kill_on_drop: false }`
[INFO] [stderr] Cloning into '/workspace/builds/worker-2-tc2/source'...
[INFO] [stderr] done.
[INFO] validating manifest of git repo https://github.com/Simon-Bertrand/ohlc-timeserie-db.rs on toolchain beta-2023-12-22
[INFO] running `Command { std: CARGO_HOME="/workspace/cargo-home" RUSTUP_HOME="/workspace/rustup-home" "/workspace/cargo-home/bin/cargo" "+beta-2023-12-22" "metadata" "--manifest-path" "Cargo.toml" "--no-deps", kill_on_drop: false }`
[INFO] started tweaking git repo https://github.com/Simon-Bertrand/ohlc-timeserie-db.rs
[INFO] finished tweaking git repo https://github.com/Simon-Bertrand/ohlc-timeserie-db.rs
[INFO] tweaked toml for git repo https://github.com/Simon-Bertrand/ohlc-timeserie-db.rs written to /workspace/builds/worker-2-tc2/source/Cargo.toml
[INFO] crate git repo https://github.com/Simon-Bertrand/ohlc-timeserie-db.rs already has a lockfile, it will not be regenerated
[INFO] running `Command { std: CARGO_HOME="/workspace/cargo-home" RUSTUP_HOME="/workspace/rustup-home" "/workspace/cargo-home/bin/cargo" "+beta-2023-12-22" "fetch" "--manifest-path" "Cargo.toml", kill_on_drop: false }`
[INFO] running `Command { std: "docker" "create" "-v" "/var/lib/crater-agent-workspace/builds/worker-2-tc2/target:/opt/rustwide/target:rw,Z" "-v" "/var/lib/crater-agent-workspace/builds/worker-2-tc2/source:/opt/rustwide/workdir:ro,Z" "-v" "/var/lib/crater-agent-workspace/cargo-home:/opt/rustwide/cargo-home:ro,Z" "-v" "/var/lib/crater-agent-workspace/rustup-home:/opt/rustwide/rustup-home:ro,Z" "-e" "SOURCE_DIR=/opt/rustwide/workdir" "-e" "CARGO_TARGET_DIR=/opt/rustwide/target" "-e" "CARGO_HOME=/opt/rustwide/cargo-home" "-e" "RUSTUP_HOME=/opt/rustwide/rustup-home" "-w" "/opt/rustwide/workdir" "-m" "1610612736" "--user" "0:0" "--network" "none" "ghcr.io/rust-lang/crates-build-env/linux@sha256:2788e3201cd34a07e3172128adcd8b3090168a8e3bcc40d7c032b9dda1df7d1c" "/opt/rustwide/cargo-home/bin/cargo" "+beta-2023-12-22" "metadata" "--no-deps" "--format-version=1", kill_on_drop: false }`
[INFO] [stdout] d312bd6e83cd9c32e6e1edf9baab81df96e6176549711fa53bac501bf80906eb
[INFO] running `Command { std: "docker" "start" "-a" "d312bd6e83cd9c32e6e1edf9baab81df96e6176549711fa53bac501bf80906eb", kill_on_drop: false }`
[INFO] running `Command { std: "docker" "inspect" "d312bd6e83cd9c32e6e1edf9baab81df96e6176549711fa53bac501bf80906eb", kill_on_drop: false }`
[INFO] running `Command { std: "docker" "rm" "-f" "d312bd6e83cd9c32e6e1edf9baab81df96e6176549711fa53bac501bf80906eb", kill_on_drop: false }`
[INFO] [stdout] d312bd6e83cd9c32e6e1edf9baab81df96e6176549711fa53bac501bf80906eb
[INFO] running `Command { std: "docker" "create" "-v" "/var/lib/crater-agent-workspace/builds/worker-2-tc2/target:/opt/rustwide/target:rw,Z" "-v" "/var/lib/crater-agent-workspace/builds/worker-2-tc2/source:/opt/rustwide/workdir:ro,Z" "-v" "/var/lib/crater-agent-workspace/cargo-home:/opt/rustwide/cargo-home:ro,Z" "-v" "/var/lib/crater-agent-workspace/rustup-home:/opt/rustwide/rustup-home:ro,Z" "-e" "SOURCE_DIR=/opt/rustwide/workdir" "-e" "CARGO_TARGET_DIR=/opt/rustwide/target" "-e" "CARGO_INCREMENTAL=0" "-e" "RUST_BACKTRACE=full" "-e" "RUSTFLAGS=--cap-lints=warn" "-e" "RUSTDOCFLAGS=--cap-lints=warn" "-e" "CARGO_HOME=/opt/rustwide/cargo-home" "-e" "RUSTUP_HOME=/opt/rustwide/rustup-home" "-w" "/opt/rustwide/workdir" "-m" "1610612736" "--user" "0:0" "--network" "none" "ghcr.io/rust-lang/crates-build-env/linux@sha256:2788e3201cd34a07e3172128adcd8b3090168a8e3bcc40d7c032b9dda1df7d1c" "/opt/rustwide/cargo-home/bin/cargo" "+beta-2023-12-22" "build" "--frozen" "--message-format=json", kill_on_drop: false }`
[INFO] [stdout] cdef49553a999bedb068d77f8b74de5a7adbe1a91e3ed7be674ccfed63ba9fca
[INFO] running `Command { std: "docker" "start" "-a" "cdef49553a999bedb068d77f8b74de5a7adbe1a91e3ed7be674ccfed63ba9fca", kill_on_drop: false }`
[INFO] [stderr]    Compiling proc-macro2 v1.0.40
[INFO] [stderr]    Compiling quote v1.0.20
[INFO] [stderr]    Compiling unicode-ident v1.0.1
[INFO] [stderr]    Compiling syn v1.0.98
[INFO] [stderr]    Compiling libc v0.2.127
[INFO] [stderr]    Compiling serde_derive v1.0.138
[INFO] [stderr]    Compiling serde v1.0.138
[INFO] [stderr]    Compiling autocfg v1.1.0
[INFO] [stderr]    Compiling cfg-if v1.0.0
[INFO] [stderr]    Compiling memchr v2.5.0
[INFO] [stderr]    Compiling ppv-lite86 v0.2.16
[INFO] [stderr]    Compiling rust_decimal v1.25.0
[INFO] [stderr]    Compiling serde_json v1.0.83
[INFO] [stderr]    Compiling num-traits v0.2.15
[INFO] [stderr]    Compiling regex-syntax v0.6.27
[INFO] [stderr]    Compiling ryu v1.0.11
[INFO] [stderr]    Compiling itoa v1.0.3
[INFO] [stderr]    Compiling arrayvec v0.7.2
[INFO] [stderr]    Compiling getrandom v0.2.7
[INFO] [stderr]    Compiling aho-corasick v0.7.18
[INFO] [stderr]    Compiling rand_core v0.6.3
[INFO] [stderr]    Compiling rand_chacha v0.3.1
[INFO] [stderr]    Compiling rand v0.8.5
[INFO] [stderr]    Compiling regex v1.6.0
[INFO] [stderr]    Compiling bincode v1.3.3
[INFO] [stderr]    Compiling timeseries_database v0.1.0 (/opt/rustwide/workdir)
[INFO] [stdout] warning: unused import: `datastruct::tspoint::TsPoint`
[INFO] [stdout]  --> src/datastruct/collection/collection.rs:7:13
[INFO] [stdout]   |
[INFO] [stdout] 7 | use crate::{datastruct::tspoint::TsPoint, datastruct::bloc::bloc::Bloc, datastruct::indexmap::indexmap::IndexMap};
[INFO] [stdout]   |             ^^^^^^^^^^^^^^^^^^^^^^^^^^^^
[INFO] [stdout]   |
[INFO] [stdout]   = note: `#[warn(unused_imports)]` on by default
[INFO] [stdout] 
[INFO] [stdout] 
[INFO] [stdout] warning: unused import: `collection::Collection`
[INFO] [stdout]  --> src/system/queryparser.rs:6:44
[INFO] [stdout]   |
[INFO] [stdout] 6 | use crate::{datastruct::{tspoint::TsPoint, collection::Collection}, indexing::{indexresult::IndexResult, aggregator::Aggregator}, BATCH_S...
[INFO] [stdout]   |                                            ^^^^^^^^^^^^^^^^^^^^^^
[INFO] [stdout] 
[INFO] [stdout] 
[INFO] [stdout] warning: unused import: `std::ops::Sub`
[INFO] [stdout]  --> src/sysutils/helpers/helpers.rs:1:5
[INFO] [stdout]   |
[INFO] [stdout] 1 | use std::ops::Sub;
[INFO] [stdout]   |     ^^^^^^^^^^^^^
[INFO] [stdout] 
[INFO] [stdout] 
[INFO] [stdout] warning: unnecessary parentheses around `if` condition
[INFO] [stdout]   --> src/sysutils/helpers/helpers.rs:14:12
[INFO] [stdout]    |
[INFO] [stdout] 14 |         if (a < b) { return *default }
[INFO] [stdout]    |            ^     ^
[INFO] [stdout]    |
[INFO] [stdout]    = note: `#[warn(unused_parens)]` on by default
[INFO] [stdout] help: remove these parentheses
[INFO] [stdout]    |
[INFO] [stdout] 14 -         if (a < b) { return *default }
[INFO] [stdout] 14 +         if a < b { return *default }
[INFO] [stdout]    |
[INFO] [stdout] 
[INFO] [stdout] 
[INFO] [stdout] warning: unnecessary parentheses around `if` condition
[INFO] [stdout]   --> src/sysutils/helpers/helpers.rs:19:11
[INFO] [stdout]    |
[INFO] [stdout] 19 |         if(min<max) {
[INFO] [stdout]    |           ^       ^
[INFO] [stdout]    |
[INFO] [stdout] help: remove these parentheses
[INFO] [stdout]    |
[INFO] [stdout] 19 -         if(min<max) {
[INFO] [stdout] 19 +         if min<max {
[INFO] [stdout]    |
[INFO] [stdout] 
[INFO] [stdout] 
[INFO] [stdout] warning: unused variable: `width`
[INFO] [stdout]   --> src/indexing/aggregator/aggregator.rs:14:14
[INFO] [stdout]    |
[INFO] [stdout] 14 | fn OHLC_core(width : u64, x : &[TsPoint]) -> TsPoint {
[INFO] [stdout]    |              ^^^^^ help: if this is intentional, prefix it with an underscore: `_width`
[INFO] [stdout]    |
[INFO] [stdout]    = note: `#[warn(unused_variables)]` on by default
[INFO] [stdout] 
[INFO] [stdout] 
[INFO] [stdout] warning: variable `dataToParse` should have a snake case name
[INFO] [stdout]   --> src/channels/inoutputs/inoutputs.rs:24:27
[INFO] [stdout]    |
[INFO] [stdout] 24 |     pub fn json_to_points(dataToParse : &str) -> Vec<TsPoint> {
[INFO] [stdout]    |                           ^^^^^^^^^^^ help: convert the identifier to snake case: `data_to_parse`
[INFO] [stdout]    |
[INFO] [stdout]    = note: `#[warn(non_snake_case)]` on by default
[INFO] [stdout] 
[INFO] [stdout] 
[INFO] [stdout] warning: function `OHLC_core` should have a snake case name
[INFO] [stdout]   --> src/indexing/aggregator/aggregator.rs:14:4
[INFO] [stdout]    |
[INFO] [stdout] 14 | fn OHLC_core(width : u64, x : &[TsPoint]) -> TsPoint {
[INFO] [stdout]    |    ^^^^^^^^^ help: convert the identifier to snake case: `ohlc_core`
[INFO] [stdout] 
[INFO] [stdout] 
[INFO] [stdout] warning: 8 warnings emitted
[INFO] [stdout] 
[INFO] [stdout] 
[INFO] [stdout] warning: unused import: `ffi::OsString`
[INFO] [stdout]  --> src/main.rs:1:11
[INFO] [stdout]   |
[INFO] [stdout] 1 | use std::{ffi::OsString};
[INFO] [stdout]   |           ^^^^^^^^^^^^^
[INFO] [stdout]   |
[INFO] [stdout]   = note: `#[warn(unused_imports)]` on by default
[INFO] [stdout] 
[INFO] [stdout] 
[INFO] [stdout] warning: 1 warning emitted
[INFO] [stdout] 
[INFO] [stdout] 
[INFO] [stderr]     Finished dev [unoptimized + debuginfo] target(s) in 7.62s
[INFO] running `Command { std: "docker" "inspect" "cdef49553a999bedb068d77f8b74de5a7adbe1a91e3ed7be674ccfed63ba9fca", kill_on_drop: false }`
[INFO] running `Command { std: "docker" "rm" "-f" "cdef49553a999bedb068d77f8b74de5a7adbe1a91e3ed7be674ccfed63ba9fca", kill_on_drop: false }`
[INFO] [stdout] cdef49553a999bedb068d77f8b74de5a7adbe1a91e3ed7be674ccfed63ba9fca
[INFO] running `Command { std: "docker" "create" "-v" "/var/lib/crater-agent-workspace/builds/worker-2-tc2/target:/opt/rustwide/target:rw,Z" "-v" "/var/lib/crater-agent-workspace/builds/worker-2-tc2/source:/opt/rustwide/workdir:ro,Z" "-v" "/var/lib/crater-agent-workspace/cargo-home:/opt/rustwide/cargo-home:ro,Z" "-v" "/var/lib/crater-agent-workspace/rustup-home:/opt/rustwide/rustup-home:ro,Z" "-e" "SOURCE_DIR=/opt/rustwide/workdir" "-e" "CARGO_TARGET_DIR=/opt/rustwide/target" "-e" "CARGO_INCREMENTAL=0" "-e" "RUST_BACKTRACE=full" "-e" "RUSTFLAGS=--cap-lints=warn" "-e" "RUSTDOCFLAGS=--cap-lints=warn" "-e" "CARGO_HOME=/opt/rustwide/cargo-home" "-e" "RUSTUP_HOME=/opt/rustwide/rustup-home" "-w" "/opt/rustwide/workdir" "-m" "1610612736" "--user" "0:0" "--network" "none" "ghcr.io/rust-lang/crates-build-env/linux@sha256:2788e3201cd34a07e3172128adcd8b3090168a8e3bcc40d7c032b9dda1df7d1c" "/opt/rustwide/cargo-home/bin/cargo" "+beta-2023-12-22" "test" "--frozen" "--no-run" "--message-format=json", kill_on_drop: false }`
[INFO] [stdout] 9fa42d3308c6f9f9bb0c592a6c1f8e41baa40a1959e6c52c7f2e52e1cdf52f0b
[INFO] running `Command { std: "docker" "start" "-a" "9fa42d3308c6f9f9bb0c592a6c1f8e41baa40a1959e6c52c7f2e52e1cdf52f0b", kill_on_drop: false }`
[INFO] [stdout] warning: unused import: `datastruct::tspoint::TsPoint`
[INFO] [stdout]  --> src/datastruct/collection/collection.rs:7:13
[INFO] [stdout]   |
[INFO] [stdout] 7 | use crate::{datastruct::tspoint::TsPoint, datastruct::bloc::bloc::Bloc, datastruct::indexmap::indexmap::IndexMap};
[INFO] [stdout]   |             ^^^^^^^^^^^^^^^^^^^^^^^^^^^^
[INFO] [stdout]   |
[INFO] [stdout]   = note: `#[warn(unused_imports)]` on by default
[INFO] [stdout] 
[INFO] [stdout] 
[INFO] [stdout] warning: unused import: `collection::Collection`
[INFO] [stdout]  --> src/system/queryparser.rs:6:44
[INFO] [stdout]   |
[INFO] [stdout] 6 | use crate::{datastruct::{tspoint::TsPoint, collection::Collection}, indexing::{indexresult::IndexResult, aggregator::Aggregator}, BATCH_S...
[INFO] [stdout]   |                                            ^^^^^^^^^^^^^^^^^^^^^^
[INFO] [stdout] 
[INFO] [stdout] 
[INFO] [stdout] warning: unused import: `std::ops::Sub`
[INFO] [stdout]  --> src/sysutils/helpers/helpers.rs:1:5
[INFO] [stdout]   |
[INFO] [stdout] 1 | use std::ops::Sub;
[INFO] [stdout]   |     ^^^^^^^^^^^^^
[INFO] [stdout] 
[INFO] [stdout] 
[INFO] [stdout] warning: unnecessary parentheses around `if` condition
[INFO] [stdout]   --> src/sysutils/helpers/helpers.rs:14:12
[INFO] [stdout]    |
[INFO] [stdout] 14 |         if (a < b) { return *default }
[INFO] [stdout]    |            ^     ^
[INFO] [stdout]    |
[INFO] [stdout]    = note: `#[warn(unused_parens)]` on by default
[INFO] [stdout] help: remove these parentheses
[INFO] [stdout]    |
[INFO] [stdout] 14 -         if (a < b) { return *default }
[INFO] [stdout] 14 +         if a < b { return *default }
[INFO] [stdout]    |
[INFO] [stdout] 
[INFO] [stdout] 
[INFO] [stdout] warning: unnecessary parentheses around `if` condition
[INFO] [stdout]   --> src/sysutils/helpers/helpers.rs:19:11
[INFO] [stdout]    |
[INFO] [stdout] 19 |         if(min<max) {
[INFO] [stdout]    |           ^       ^
[INFO] [stdout]    |
[INFO] [stdout] help: remove these parentheses
[INFO] [stdout]    |
[INFO] [stdout] 19 -         if(min<max) {
[INFO] [stdout] 19 +         if min<max {
[INFO] [stdout]    |
[INFO] [stdout] 
[INFO] [stdout] 
[INFO] [stdout] warning: unused variable: `width`
[INFO] [stdout]   --> src/indexing/aggregator/aggregator.rs:14:14
[INFO] [stdout]    |
[INFO] [stdout] 14 | fn OHLC_core(width : u64, x : &[TsPoint]) -> TsPoint {
[INFO] [stdout]    |              ^^^^^ help: if this is intentional, prefix it with an underscore: `_width`
[INFO] [stdout]    |
[INFO] [stdout]    = note: `#[warn(unused_variables)]` on by default
[INFO] [stdout] 
[INFO] [stdout] 
[INFO] [stdout] warning: variable `dataToParse` should have a snake case name
[INFO] [stdout]   --> src/channels/inoutputs/inoutputs.rs:24:27
[INFO] [stdout]    |
[INFO] [stdout] 24 |     pub fn json_to_points(dataToParse : &str) -> Vec<TsPoint> {
[INFO] [stdout]    |                           ^^^^^^^^^^^ help: convert the identifier to snake case: `data_to_parse`
[INFO] [stdout]    |
[INFO] [stdout]    = note: `#[warn(non_snake_case)]` on by default
[INFO] [stdout] 
[INFO] [stdout] 
[INFO] [stderr]    Compiling timeseries_database v0.1.0 (/opt/rustwide/workdir)
[INFO] [stdout] warning: function `OHLC_core` should have a snake case name
[INFO] [stdout]   --> src/indexing/aggregator/aggregator.rs:14:4
[INFO] [stdout]    |
[INFO] [stdout] 14 | fn OHLC_core(width : u64, x : &[TsPoint]) -> TsPoint {
[INFO] [stdout]    |    ^^^^^^^^^ help: convert the identifier to snake case: `ohlc_core`
[INFO] [stdout] 
[INFO] [stdout] 
[INFO] [stdout] warning: 8 warnings emitted
[INFO] [stdout] 
[INFO] [stdout] 
[INFO] [stdout] warning: unused import: `ffi::OsString`
[INFO] [stdout]  --> src/main.rs:1:11
[INFO] [stdout]   |
[INFO] [stdout] 1 | use std::{ffi::OsString};
[INFO] [stdout]   |           ^^^^^^^^^^^^^
[INFO] [stdout]   |
[INFO] [stdout]   = note: `#[warn(unused_imports)]` on by default
[INFO] [stdout] 
[INFO] [stdout] 
[INFO] [stdout] warning: 1 warning emitted
[INFO] [stdout] 
[INFO] [stdout] 
[INFO] [stdout] warning: unused import: `ffi::OsString`
[INFO] [stdout]  --> src/main.rs:1:11
[INFO] [stdout]   |
[INFO] [stdout] 1 | use std::{ffi::OsString};
[INFO] [stdout]   |           ^^^^^^^^^^^^^
[INFO] [stdout]   |
[INFO] [stdout]   = note: `#[warn(unused_imports)]` on by default
[INFO] [stdout] 
[INFO] [stdout] 
[INFO] [stdout] warning: unused imports: `DEFAULT_STEP`, `source::Source`
[INFO] [stdout]  --> tests/write_read_test.rs:5:116
[INFO] [stdout]   |
[INFO] [stdout] 5 | ...t::{collection::Collection, source::Source, tspoint::{TsPoint, TsPointData}}, MAX_LINE_BLOC, DEFAULT_STEP, BATCH_SIZE};
[INFO] [stdout]   |                                ^^^^^^^^^^^^^^                                                   ^^^^^^^^^^^^
[INFO] [stdout]   |
[INFO] [stdout]   = note: `#[warn(unused_imports)]` on by default
[INFO] [stdout] 
[INFO] [stdout] 
[INFO] [stdout] warning: unused import: `datastruct::tspoint::TsPoint`
[INFO] [stdout]  --> src/datastruct/collection/collection.rs:7:13
[INFO] [stdout]   |
[INFO] [stdout] 7 | use crate::{datastruct::tspoint::TsPoint, datastruct::bloc::bloc::Bloc, datastruct::indexmap::indexmap::IndexMap};
[INFO] [stdout]   |             ^^^^^^^^^^^^^^^^^^^^^^^^^^^^
[INFO] [stdout]   |
[INFO] [stdout]   = note: `#[warn(unused_imports)]` on by default
[INFO] [stdout] 
[INFO] [stdout] 
[INFO] [stdout] warning: unused import: `collection::Collection`
[INFO] [stdout]  --> src/system/queryparser.rs:6:44
[INFO] [stdout]   |
[INFO] [stdout] 6 | use crate::{datastruct::{tspoint::TsPoint, collection::Collection}, indexing::{indexresult::IndexResult, aggregator::Aggregator}, BATCH_S...
[INFO] [stdout]   |                                            ^^^^^^^^^^^^^^^^^^^^^^
[INFO] [stdout] 
[INFO] [stdout] 
[INFO] [stdout] warning: unused import: `std::ops::Sub`
[INFO] [stdout]  --> src/sysutils/helpers/helpers.rs:1:5
[INFO] [stdout]   |
[INFO] [stdout] 1 | use std::ops::Sub;
[INFO] [stdout]   |     ^^^^^^^^^^^^^
[INFO] [stdout] 
[INFO] [stdout] 
[INFO] [stdout] warning: unnecessary parentheses around `if` condition
[INFO] [stdout]   --> src/sysutils/helpers/helpers.rs:14:12
[INFO] [stdout]    |
[INFO] [stdout] 14 |         if (a < b) { return *default }
[INFO] [stdout]    |            ^     ^
[INFO] [stdout]    |
[INFO] [stdout]    = note: `#[warn(unused_parens)]` on by default
[INFO] [stdout] help: remove these parentheses
[INFO] [stdout]    |
[INFO] [stdout] 14 -         if (a < b) { return *default }
[INFO] [stdout] 14 +         if a < b { return *default }
[INFO] [stdout]    |
[INFO] [stdout] 
[INFO] [stdout] 
[INFO] [stdout] warning: unnecessary parentheses around `if` condition
[INFO] [stdout]   --> src/sysutils/helpers/helpers.rs:19:11
[INFO] [stdout]    |
[INFO] [stdout] 19 |         if(min<max) {
[INFO] [stdout]    |           ^       ^
[INFO] [stdout]    |
[INFO] [stdout] help: remove these parentheses
[INFO] [stdout]    |
[INFO] [stdout] 19 -         if(min<max) {
[INFO] [stdout] 19 +         if min<max {
[INFO] [stdout]    |
[INFO] [stdout] 
[INFO] [stdout] 
[INFO] [stdout] warning: variable does not need to be mutable
[INFO] [stdout]   --> tests/query_string_test.rs:23:9
[INFO] [stdout]    |
[INFO] [stdout] 23 |     let mut source : &mut Source = sys.sources.get_mut(&OsString::from("TEST")).unwrap();
[INFO] [stdout]    |         ----^^^^^^
[INFO] [stdout]    |         |
[INFO] [stdout]    |         help: remove this `mut`
[INFO] [stdout]    |
[INFO] [stdout]    = note: `#[warn(unused_mut)]` on by default
[INFO] [stdout] 
[INFO] [stdout] 
[INFO] [stdout] warning: variable does not need to be mutable
[INFO] [stdout]   --> tests/ohlc_aggregation_test.rs:24:9
[INFO] [stdout]    |
[INFO] [stdout] 24 |     let mut source : &mut Source = sys.sources.get_mut(&OsString::from("TEST")).unwrap();
[INFO] [stdout]    |         ----^^^^^^
[INFO] [stdout]    |         |
[INFO] [stdout]    |         help: remove this `mut`
[INFO] [stdout]    |
[INFO] [stdout]    = note: `#[warn(unused_mut)]` on by default
[INFO] [stdout] 
[INFO] [stdout] 
[INFO] [stdout] warning: unused variable: `width`
[INFO] [stdout]   --> src/indexing/aggregator/aggregator.rs:14:14
[INFO] [stdout]    |
[INFO] [stdout] 14 | fn OHLC_core(width : u64, x : &[TsPoint]) -> TsPoint {
[INFO] [stdout]    |              ^^^^^ help: if this is intentional, prefix it with an underscore: `_width`
[INFO] [stdout]    |
[INFO] [stdout]    = note: `#[warn(unused_variables)]` on by default
[INFO] [stdout] 
[INFO] [stdout] 
[INFO] [stdout] warning: variable `dataToParse` should have a snake case name
[INFO] [stdout]   --> src/channels/inoutputs/inoutputs.rs:24:27
[INFO] [stdout]    |
[INFO] [stdout] 24 |     pub fn json_to_points(dataToParse : &str) -> Vec<TsPoint> {
[INFO] [stdout]    |                           ^^^^^^^^^^^ help: convert the identifier to snake case: `data_to_parse`
[INFO] [stdout]    |
[INFO] [stdout]    = note: `#[warn(non_snake_case)]` on by default
[INFO] [stdout] 
[INFO] [stdout] 
[INFO] [stdout] warning: function `OHLC_core` should have a snake case name
[INFO] [stdout]   --> src/indexing/aggregator/aggregator.rs:14:4
[INFO] [stdout]    |
[INFO] [stdout] 14 | fn OHLC_core(width : u64, x : &[TsPoint]) -> TsPoint {
[INFO] [stdout]    |    ^^^^^^^^^ help: convert the identifier to snake case: `ohlc_core`
[INFO] [stdout] 
[INFO] [stdout] 
[INFO] [stdout] warning: 1 warning emitted
[INFO] [stdout] 
[INFO] [stdout] 
[INFO] [stdout] warning: 8 warnings emitted
[INFO] [stdout] 
[INFO] [stdout] 
[INFO] [stdout] warning: 1 warning emitted
[INFO] [stdout] 
[INFO] [stdout] 
[INFO] [stdout] warning: 1 warning emitted
[INFO] [stdout] 
[INFO] [stdout] 
[INFO] [stdout] warning: 1 warning emitted
[INFO] [stdout] 
[INFO] [stdout] 
[INFO] [stderr]     Finished test [unoptimized + debuginfo] target(s) in 1.05s
[INFO] running `Command { std: "docker" "inspect" "9fa42d3308c6f9f9bb0c592a6c1f8e41baa40a1959e6c52c7f2e52e1cdf52f0b", kill_on_drop: false }`
[INFO] running `Command { std: "docker" "rm" "-f" "9fa42d3308c6f9f9bb0c592a6c1f8e41baa40a1959e6c52c7f2e52e1cdf52f0b", kill_on_drop: false }`
[INFO] [stdout] 9fa42d3308c6f9f9bb0c592a6c1f8e41baa40a1959e6c52c7f2e52e1cdf52f0b
[INFO] running `Command { std: "docker" "create" "-v" "/var/lib/crater-agent-workspace/builds/worker-2-tc2/target:/opt/rustwide/target:rw,Z" "-v" "/var/lib/crater-agent-workspace/builds/worker-2-tc2/source:/opt/rustwide/workdir:ro,Z" "-v" "/var/lib/crater-agent-workspace/cargo-home:/opt/rustwide/cargo-home:ro,Z" "-v" "/var/lib/crater-agent-workspace/rustup-home:/opt/rustwide/rustup-home:ro,Z" "-e" "SOURCE_DIR=/opt/rustwide/workdir" "-e" "CARGO_TARGET_DIR=/opt/rustwide/target" "-e" "CARGO_INCREMENTAL=0" "-e" "RUST_BACKTRACE=full" "-e" "RUSTFLAGS=--cap-lints=warn" "-e" "RUSTDOCFLAGS=--cap-lints=warn" "-e" "CARGO_HOME=/opt/rustwide/cargo-home" "-e" "RUSTUP_HOME=/opt/rustwide/rustup-home" "-w" "/opt/rustwide/workdir" "-m" "1610612736" "--user" "0:0" "--network" "none" "ghcr.io/rust-lang/crates-build-env/linux@sha256:2788e3201cd34a07e3172128adcd8b3090168a8e3bcc40d7c032b9dda1df7d1c" "/opt/rustwide/cargo-home/bin/cargo" "+beta-2023-12-22" "test" "--frozen", kill_on_drop: false }`
[INFO] [stdout] f79554666a9eebb5e3ef310280661b18ceb02f73c09d8271be9622fe60899139
[INFO] running `Command { std: "docker" "start" "-a" "f79554666a9eebb5e3ef310280661b18ceb02f73c09d8271be9622fe60899139", kill_on_drop: false }`
[INFO] [stderr] warning: unused import: `datastruct::tspoint::TsPoint`
[INFO] [stderr]  --> src/datastruct/collection/collection.rs:7:13
[INFO] [stderr]   |
[INFO] [stderr] 7 | use crate::{datastruct::tspoint::TsPoint, datastruct::bloc::bloc::Bloc, datastruct::indexmap::indexmap::IndexMap};
[INFO] [stderr]   |             ^^^^^^^^^^^^^^^^^^^^^^^^^^^^
[INFO] [stderr]   |
[INFO] [stderr]   = note: `#[warn(unused_imports)]` on by default
[INFO] [stderr] 
[INFO] [stderr] warning: unused import: `collection::Collection`
[INFO] [stderr]  --> src/system/queryparser.rs:6:44
[INFO] [stderr]   |
[INFO] [stderr] 6 | use crate::{datastruct::{tspoint::TsPoint, collection::Collection}, indexing::{indexresult::IndexResult, aggregator::Aggregator}, BATCH_S...
[INFO] [stderr]   |                                            ^^^^^^^^^^^^^^^^^^^^^^
[INFO] [stderr] 
[INFO] [stderr] warning: unused import: `std::ops::Sub`
[INFO] [stderr]  --> src/sysutils/helpers/helpers.rs:1:5
[INFO] [stderr]   |
[INFO] [stderr] 1 | use std::ops::Sub;
[INFO] [stderr]   |     ^^^^^^^^^^^^^
[INFO] [stderr] 
[INFO] [stderr] warning: unnecessary parentheses around `if` condition
[INFO] [stderr]   --> src/sysutils/helpers/helpers.rs:14:12
[INFO] [stderr]    |
[INFO] [stderr] 14 |         if (a < b) { return *default }
[INFO] [stderr]    |            ^     ^
[INFO] [stderr]    |
[INFO] [stderr]    = note: `#[warn(unused_parens)]` on by default
[INFO] [stderr] help: remove these parentheses
[INFO] [stderr]    |
[INFO] [stderr] 14 -         if (a < b) { return *default }
[INFO] [stderr] 14 +         if a < b { return *default }
[INFO] [stderr]    |
[INFO] [stderr] 
[INFO] [stderr] warning: unnecessary parentheses around `if` condition
[INFO] [stderr]   --> src/sysutils/helpers/helpers.rs:19:11
[INFO] [stderr]    |
[INFO] [stderr] 19 |         if(min<max) {
[INFO] [stderr]    |           ^       ^
[INFO] [stderr]    |
[INFO] [stderr] help: remove these parentheses
[INFO] [stderr]    |
[INFO] [stderr] 19 -         if(min<max) {
[INFO] [stderr] 19 +         if min<max {
[INFO] [stderr]    |
[INFO] [stderr] 
[INFO] [stderr] warning: unused variable: `width`
[INFO] [stderr]   --> src/indexing/aggregator/aggregator.rs:14:14
[INFO] [stderr]    |
[INFO] [stderr] 14 | fn OHLC_core(width : u64, x : &[TsPoint]) -> TsPoint {
[INFO] [stderr]    |              ^^^^^ help: if this is intentional, prefix it with an underscore: `_width`
[INFO] [stderr]    |
[INFO] [stderr]    = note: `#[warn(unused_variables)]` on by default
[INFO] [stderr] 
[INFO] [stderr] warning: variable `dataToParse` should have a snake case name
[INFO] [stderr]   --> src/channels/inoutputs/inoutputs.rs:24:27
[INFO] [stderr]    |
[INFO] [stderr] 24 |     pub fn json_to_points(dataToParse : &str) -> Vec<TsPoint> {
[INFO] [stderr]    |                           ^^^^^^^^^^^ help: convert the identifier to snake case: `data_to_parse`
[INFO] [stderr]    |
[INFO] [stderr]    = note: `#[warn(non_snake_case)]` on by default
[INFO] [stderr] 
[INFO] [stderr] warning: function `OHLC_core` should have a snake case name
[INFO] [stderr]   --> src/indexing/aggregator/aggregator.rs:14:4
[INFO] [stderr]    |
[INFO] [stderr] 14 | fn OHLC_core(width : u64, x : &[TsPoint]) -> TsPoint {
[INFO] [stderr]    |    ^^^^^^^^^ help: convert the identifier to snake case: `ohlc_core`
[INFO] [stderr] 
[INFO] [stderr] warning: `timeseries_database` (lib) generated 8 warnings (run `cargo fix --lib -p timeseries_database` to apply 6 suggestions)
[INFO] [stderr] warning: `timeseries_database` (lib test) generated 8 warnings (8 duplicates)
[INFO] [stderr] warning: variable does not need to be mutable
[INFO] [stderr]   --> tests/ohlc_aggregation_test.rs:24:9
[INFO] [stderr]    |
[INFO] [stderr] 24 |     let mut source : &mut Source = sys.sources.get_mut(&OsString::from("TEST")).unwrap();
[INFO] [stderr]    |         ----^^^^^^
[INFO] [stderr]    |         |
[INFO] [stderr]    |         help: remove this `mut`
[INFO] [stderr]    |
[INFO] [stderr]    = note: `#[warn(unused_mut)]` on by default
[INFO] [stderr] 
[INFO] [stderr] warning: unused import: `ffi::OsString`
[INFO] [stderr]  --> src/main.rs:1:11
[INFO] [stderr]   |
[INFO] [stderr] 1 | use std::{ffi::OsString};
[INFO] [stderr]   |           ^^^^^^^^^^^^^
[INFO] [stderr]   |
[INFO] [stderr]   = note: `#[warn(unused_imports)]` on by default
[INFO] [stderr] 
[INFO] [stderr] warning: unused imports: `DEFAULT_STEP`, `source::Source`
[INFO] [stderr]  --> tests/write_read_test.rs:5:116
[INFO] [stderr]   |
[INFO] [stderr] 5 | ...t::{collection::Collection, source::Source, tspoint::{TsPoint, TsPointData}}, MAX_LINE_BLOC, DEFAULT_STEP, BATCH_SIZE};
[INFO] [stderr]   |                                ^^^^^^^^^^^^^^                                                   ^^^^^^^^^^^^
[INFO] [stderr]   |
[INFO] [stderr]   = note: `#[warn(unused_imports)]` on by default
[INFO] [stderr] 
[INFO] [stderr] warning: variable does not need to be mutable
[INFO] [stderr]   --> tests/query_string_test.rs:23:9
[INFO] [stderr]    |
[INFO] [stderr] 23 |     let mut source : &mut Source = sys.sources.get_mut(&OsString::from("TEST")).unwrap();
[INFO] [stderr]    |         ----^^^^^^
[INFO] [stderr]    |         |
[INFO] [stderr]    |         help: remove this `mut`
[INFO] [stderr]    |
[INFO] [stderr]    = note: `#[warn(unused_mut)]` on by default
[INFO] [stderr] 
[INFO] [stderr] warning: `timeseries_database` (test "ohlc_aggregation_test") generated 1 warning (run `cargo fix --test "ohlc_aggregation_test"` to apply 1 suggestion)
[INFO] [stderr] warning: `timeseries_database` (bin "timeseries_database" test) generated 1 warning (run `cargo fix --bin "timeseries_database" --tests` to apply 1 suggestion)
[INFO] [stderr] warning: `timeseries_database` (bin "timeseries_database") generated 1 warning (1 duplicate)
[INFO] [stderr] warning: `timeseries_database` (test "write_read_test") generated 1 warning (run `cargo fix --test "write_read_test"` to apply 1 suggestion)
[INFO] [stderr] warning: `timeseries_database` (test "query_string_test") generated 1 warning (run `cargo fix --test "query_string_test"` to apply 1 suggestion)
[INFO] [stderr]     Finished test [unoptimized + debuginfo] target(s) in 0.03s
[INFO] [stderr]      Running unittests src/lib.rs (/opt/rustwide/target/debug/deps/timeseries_database-fad194035621316a)
[INFO] [stdout] 
[INFO] [stdout] running 0 tests
[INFO] [stdout] 
[INFO] [stdout] test result: ok. 0 passed; 0 failed; 0 ignored; 0 measured; 0 filtered out; finished in 0.00s
[INFO] [stdout] 
[INFO] [stderr]      Running unittests src/main.rs (/opt/rustwide/target/debug/deps/timeseries_database-9993a36f4868a84e)
[INFO] [stdout] 
[INFO] [stdout] running 0 tests
[INFO] [stdout] 
[INFO] [stdout] test result: ok. 0 passed; 0 failed; 0 ignored; 0 measured; 0 filtered out; finished in 0.00s
[INFO] [stdout] 
[INFO] [stderr]      Running tests/ohlc_aggregation_test.rs (/opt/rustwide/target/debug/deps/ohlc_aggregation_test-4d1f1db98400dbba)
[INFO] [stdout] 
[INFO] [stdout] running 1 test
[INFO] [stdout] test ohlc_aggregation_test ... FAILED
[INFO] [stdout] 
[INFO] [stdout] failures:
[INFO] [stdout] 
[INFO] [stdout] ---- ohlc_aggregation_test stdout ----
[INFO] [stdout] thread 'ohlc_aggregation_test' panicked at src/datastruct/source/source.rs:14:14:
[INFO] [stdout] Could not create Source directory: Os { code: 2, kind: NotFound, message: "No such file or directory" }
[INFO] [stdout] stack backtrace:
[INFO] [stdout]    0:     0x56435a67ab56 - std::backtrace_rs::backtrace::libunwind::trace::h261606ad26a499c1
[INFO] [stdout]                                at /rustc/0e09125c6c3c2fd70d7de961bcf0e51575235fad/library/std/src/../../backtrace/src/backtrace/libunwind.rs:104:5
[INFO] [stdout]    1:     0x56435a67ab56 - std::backtrace_rs::backtrace::trace_unsynchronized::hd183f0625477fb28
[INFO] [stdout]                                at /rustc/0e09125c6c3c2fd70d7de961bcf0e51575235fad/library/std/src/../../backtrace/src/backtrace/mod.rs:66:5
[INFO] [stdout]    2:     0x56435a67ab56 - std::sys_common::backtrace::_print_fmt::hd7f8fef21b4eda67
[INFO] [stdout]                                at /rustc/0e09125c6c3c2fd70d7de961bcf0e51575235fad/library/std/src/sys_common/backtrace.rs:68:5
[INFO] [stdout]    3:     0x56435a67ab56 - <std::sys_common::backtrace::_print::DisplayBacktrace as core::fmt::Display>::fmt::h623d9b51f2f453f1
[INFO] [stdout]                                at /rustc/0e09125c6c3c2fd70d7de961bcf0e51575235fad/library/std/src/sys_common/backtrace.rs:44:22
[INFO] [stdout]    4:     0x56435a6a4610 - core::fmt::rt::Argument::fmt::h9f417ac76a86f368
[INFO] [stdout]                                at /rustc/0e09125c6c3c2fd70d7de961bcf0e51575235fad/library/core/src/fmt/rt.rs:142:9
[INFO] [stdout]    5:     0x56435a6a4610 - core::fmt::write::hc9b6faf4ac2aeff7
[INFO] [stdout]                                at /rustc/0e09125c6c3c2fd70d7de961bcf0e51575235fad/library/core/src/fmt/mod.rs:1120:17
[INFO] [stdout]    6:     0x56435a6782ff - std::io::Write::write_fmt::he04625a3a989fec3
[INFO] [stdout]                                at /rustc/0e09125c6c3c2fd70d7de961bcf0e51575235fad/library/std/src/io/mod.rs:1810:15
[INFO] [stdout]    7:     0x56435a67a934 - std::sys_common::backtrace::_print::hd5d66399c7df88a2
[INFO] [stdout]                                at /rustc/0e09125c6c3c2fd70d7de961bcf0e51575235fad/library/std/src/sys_common/backtrace.rs:47:5
[INFO] [stdout]    8:     0x56435a67a934 - std::sys_common::backtrace::print::he81ed2da642d37e5
[INFO] [stdout]                                at /rustc/0e09125c6c3c2fd70d7de961bcf0e51575235fad/library/std/src/sys_common/backtrace.rs:34:9
[INFO] [stdout]    9:     0x56435a67c6a7 - std::panicking::default_hook::{{closure}}::h85773f4fa117163d
[INFO] [stdout]   10:     0x56435a67c38d - std::panicking::default_hook::h6a1694a91d09b278
[INFO] [stdout]                                at /rustc/0e09125c6c3c2fd70d7de961bcf0e51575235fad/library/std/src/panicking.rs:289:9
[INFO] [stdout]   11:     0x56435a43d807 - <alloc::boxed::Box<F,A> as core::ops::function::Fn<Args>>::call::h616ac37fa3cd6c8f
[INFO] [stdout]                                at /rustc/0e09125c6c3c2fd70d7de961bcf0e51575235fad/library/alloc/src/boxed.rs:2029:9
[INFO] [stdout]   12:     0x56435a43d807 - test::test_main::{{closure}}::h00d84697cefdcbb6
[INFO] [stdout]                                at /rustc/0e09125c6c3c2fd70d7de961bcf0e51575235fad/library/test/src/lib.rs:138:21
[INFO] [stdout]   13:     0x56435a67ccc6 - <alloc::boxed::Box<F,A> as core::ops::function::Fn<Args>>::call::hcb3fe3b9bb537ba8
[INFO] [stdout]                                at /rustc/0e09125c6c3c2fd70d7de961bcf0e51575235fad/library/alloc/src/boxed.rs:2029:9
[INFO] [stdout]   14:     0x56435a67ccc6 - std::panicking::rust_panic_with_hook::h0a7ad96e90f7145b
[INFO] [stdout]                                at /rustc/0e09125c6c3c2fd70d7de961bcf0e51575235fad/library/std/src/panicking.rs:783:13
[INFO] [stdout]   15:     0x56435a67ca12 - std::panicking::begin_panic_handler::{{closure}}::h7919090525c6485e
[INFO] [stdout]                                at /rustc/0e09125c6c3c2fd70d7de961bcf0e51575235fad/library/std/src/panicking.rs:657:13
[INFO] [stdout]   16:     0x56435a67b056 - std::sys_common::backtrace::__rust_end_short_backtrace::hf3289479464f7dfe
[INFO] [stdout]                                at /rustc/0e09125c6c3c2fd70d7de961bcf0e51575235fad/library/std/src/sys_common/backtrace.rs:171:18
[INFO] [stdout]   17:     0x56435a67c770 - rust_begin_unwind
[INFO] [stdout]                                at /rustc/0e09125c6c3c2fd70d7de961bcf0e51575235fad/library/std/src/panicking.rs:645:5
[INFO] [stdout]   18:     0x56435a403635 - core::panicking::panic_fmt::hcc9f77c5c132af55
[INFO] [stdout]                                at /rustc/0e09125c6c3c2fd70d7de961bcf0e51575235fad/library/core/src/panicking.rs:72:14
[INFO] [stdout]   19:     0x56435a403c13 - core::result::unwrap_failed::hbe14f498be1452f9
[INFO] [stdout]                                at /rustc/0e09125c6c3c2fd70d7de961bcf0e51575235fad/library/core/src/result.rs:1649:5
[INFO] [stdout]   20:     0x56435a474b6f - core::result::Result<T,E>::expect::h1db5efe87f9cce2d
[INFO] [stdout]                                at /rustc/0e09125c6c3c2fd70d7de961bcf0e51575235fad/library/core/src/result.rs:1030:23
[INFO] [stdout]   21:     0x56435a4680f4 - timeseries_database::datastruct::source::source::Source::create::h5f00329cd367e0a0
[INFO] [stdout]                                at /opt/rustwide/workdir/src/datastruct/source/source.rs:13:13
[INFO] [stdout]   22:     0x56435a469467 - timeseries_database::datastruct::collection::collection::Collection::create::h2ba09a226f2093b4
[INFO] [stdout]                                at /opt/rustwide/workdir/src/datastruct/collection/collection.rs:23:65
[INFO] [stdout]   23:     0x56435a406de1 - ohlc_aggregation_test::ohlc_aggregation_test::h2cf033185f8a1491
[INFO] [stdout]                                at /opt/rustwide/workdir/tests/ohlc_aggregation_test.rs:13:11
[INFO] [stdout]   24:     0x56435a406cf7 - ohlc_aggregation_test::ohlc_aggregation_test::{{closure}}::h3c963d83701256c8
[INFO] [stdout]                                at /opt/rustwide/workdir/tests/ohlc_aggregation_test.rs:10:31
[INFO] [stdout]   25:     0x56435a4052b6 - core::ops::function::FnOnce::call_once::h78dfb8041410dc22
[INFO] [stdout]                                at /rustc/0e09125c6c3c2fd70d7de961bcf0e51575235fad/library/core/src/ops/function.rs:250:5
[INFO] [stdout]   26:     0x56435a4430df - core::ops::function::FnOnce::call_once::hd64d26f405258157
[INFO] [stdout]                                at /rustc/0e09125c6c3c2fd70d7de961bcf0e51575235fad/library/core/src/ops/function.rs:250:5
[INFO] [stdout]   27:     0x56435a4430df - test::__rust_begin_short_backtrace::he21b0b7a6d731bf9
[INFO] [stdout]                                at /rustc/0e09125c6c3c2fd70d7de961bcf0e51575235fad/library/test/src/lib.rs:627:18
[INFO] [stdout]   28:     0x56435a441e61 - test::run_test_in_process::{{closure}}::hf5c73986d7bdfde2
[INFO] [stdout]                                at /rustc/0e09125c6c3c2fd70d7de961bcf0e51575235fad/library/test/src/lib.rs:650:60
[INFO] [stdout]   29:     0x56435a441e61 - <core::panic::unwind_safe::AssertUnwindSafe<F> as core::ops::function::FnOnce<()>>::call_once::h330011ad032aadc0
[INFO] [stdout]                                at /rustc/0e09125c6c3c2fd70d7de961bcf0e51575235fad/library/core/src/panic/unwind_safe.rs:272:9
[INFO] [stdout]   30:     0x56435a441e61 - std::panicking::try::do_call::he61b0a958b795a41
[INFO] [stdout]                                at /rustc/0e09125c6c3c2fd70d7de961bcf0e51575235fad/library/std/src/panicking.rs:552:40
[INFO] [stdout]   31:     0x56435a441e61 - std::panicking::try::h7309da130f906eb7
[INFO] [stdout]                                at /rustc/0e09125c6c3c2fd70d7de961bcf0e51575235fad/library/std/src/panicking.rs:516:19
[INFO] [stdout]   32:     0x56435a441e61 - std::panic::catch_unwind::hc5c3a06fdaf0a92a
[INFO] [stdout]                                at /rustc/0e09125c6c3c2fd70d7de961bcf0e51575235fad/library/std/src/panic.rs:142:14
[INFO] [stdout]   33:     0x56435a441e61 - test::run_test_in_process::h7e7b7c71c3324e0f
[INFO] [stdout]                                at /rustc/0e09125c6c3c2fd70d7de961bcf0e51575235fad/library/test/src/lib.rs:650:27
[INFO] [stdout]   34:     0x56435a441e61 - test::run_test::{{closure}}::h1f509f28f5cf20b1
[INFO] [stdout]                                at /rustc/0e09125c6c3c2fd70d7de961bcf0e51575235fad/library/test/src/lib.rs:573:43
[INFO] [stdout]   35:     0x56435a409196 - test::run_test::{{closure}}::h1754218abf443f6d
[INFO] [stdout]                                at /rustc/0e09125c6c3c2fd70d7de961bcf0e51575235fad/library/test/src/lib.rs:601:41
[INFO] [stdout]   36:     0x56435a409196 - std::sys_common::backtrace::__rust_begin_short_backtrace::h2ee174b9d5954948
[INFO] [stdout]                                at /rustc/0e09125c6c3c2fd70d7de961bcf0e51575235fad/library/std/src/sys_common/backtrace.rs:155:18
[INFO] [stdout]   37:     0x56435a40e1f7 - std::thread::Builder::spawn_unchecked_::{{closure}}::{{closure}}::hf60bee9c1a17ef09
[INFO] [stdout]                                at /rustc/0e09125c6c3c2fd70d7de961bcf0e51575235fad/library/std/src/thread/mod.rs:529:17
[INFO] [stdout]   38:     0x56435a40e1f7 - <core::panic::unwind_safe::AssertUnwindSafe<F> as core::ops::function::FnOnce<()>>::call_once::h33d0dddec5216160
[INFO] [stdout]                                at /rustc/0e09125c6c3c2fd70d7de961bcf0e51575235fad/library/core/src/panic/unwind_safe.rs:272:9
[INFO] [stdout]   39:     0x56435a40e1f7 - std::panicking::try::do_call::h144b3048b546f835
[INFO] [stdout]                                at /rustc/0e09125c6c3c2fd70d7de961bcf0e51575235fad/library/std/src/panicking.rs:552:40
[INFO] [stdout]   40:     0x56435a40e1f7 - std::panicking::try::h978244d04646189f
[INFO] [stdout]                                at /rustc/0e09125c6c3c2fd70d7de961bcf0e51575235fad/library/std/src/panicking.rs:516:19
[INFO] [stdout]   41:     0x56435a40e1f7 - std::panic::catch_unwind::hdf436369d188fe86
[INFO] [stdout]                                at /rustc/0e09125c6c3c2fd70d7de961bcf0e51575235fad/library/std/src/panic.rs:142:14
[INFO] [stdout]   42:     0x56435a40e1f7 - std::thread::Builder::spawn_unchecked_::{{closure}}::h87329cbdd33c79ec
[INFO] [stdout]                                at /rustc/0e09125c6c3c2fd70d7de961bcf0e51575235fad/library/std/src/thread/mod.rs:528:30
[INFO] [stdout]   43:     0x56435a40e1f7 - core::ops::function::FnOnce::call_once{{vtable.shim}}::h401abbe67897d450
[INFO] [stdout]                                at /rustc/0e09125c6c3c2fd70d7de961bcf0e51575235fad/library/core/src/ops/function.rs:250:5
[INFO] [stdout]   44:     0x56435a682305 - <alloc::boxed::Box<F,A> as core::ops::function::FnOnce<Args>>::call_once::h5d7c8f150ab9c84c
[INFO] [stdout]                                at /rustc/0e09125c6c3c2fd70d7de961bcf0e51575235fad/library/alloc/src/boxed.rs:2015:9
[INFO] [stdout]   45:     0x56435a682305 - <alloc::boxed::Box<F,A> as core::ops::function::FnOnce<Args>>::call_once::h570d5b005c242c15
[INFO] [stdout]                                at /rustc/0e09125c6c3c2fd70d7de961bcf0e51575235fad/library/alloc/src/boxed.rs:2015:9
[INFO] [stdout]   46:     0x56435a682305 - std::sys::unix::thread::Thread::new::thread_start::h36b0a20c0b2361ad
[INFO] [stdout]                                at /rustc/0e09125c6c3c2fd70d7de961bcf0e51575235fad/library/std/src/sys/unix/thread.rs:108:17
[INFO] [stdout]   47:     0x7f729fa5aac3 - <unknown>
[INFO] [stdout]   48:     0x7f729faebbf4 - __clone
[INFO] [stdout]   49:                0x0 - <unknown>
[INFO] [stdout] 
[INFO] [stdout] 
[INFO] [stdout] failures:
[INFO] [stdout]     ohlc_aggregation_test
[INFO] [stdout] 
[INFO] [stdout] test result: FAILED. 0 passed; 1 failed; 0 ignored; 0 measured; 0 filtered out; finished in 0.02s
[INFO] [stdout] 
[INFO] [stderr] error: test failed, to rerun pass `--test ohlc_aggregation_test`
[INFO] running `Command { std: "docker" "inspect" "f79554666a9eebb5e3ef310280661b18ceb02f73c09d8271be9622fe60899139", kill_on_drop: false }`
[INFO] running `Command { std: "docker" "rm" "-f" "f79554666a9eebb5e3ef310280661b18ceb02f73c09d8271be9622fe60899139", kill_on_drop: false }`
[INFO] [stdout] f79554666a9eebb5e3ef310280661b18ceb02f73c09d8271be9622fe60899139
