[INFO] cloning repository https://github.com/Sillyvan/rust-axum-htmx-example
[INFO] running `Command { std: "git" "-c" "credential.helper=" "-c" "credential.helper=/workspace/cargo-home/bin/git-credential-null" "clone" "--bare" "https://github.com/Sillyvan/rust-axum-htmx-example" "/workspace/cache/git-repos/https%3A%2F%2Fgithub.com%2FSillyvan%2Frust-axum-htmx-example", kill_on_drop: false }`
[INFO] [stderr] Cloning into bare repository '/workspace/cache/git-repos/https%3A%2F%2Fgithub.com%2FSillyvan%2Frust-axum-htmx-example'...
[INFO] running `Command { std: "git" "rev-parse" "HEAD", kill_on_drop: false }`
[INFO] [stdout] 41bb8bdd2d2c2eedf550f832c84d71ae5e98e180
[INFO] testing Sillyvan/rust-axum-htmx-example against 1.75.0 for beta-1.76-1
[INFO] running `Command { std: "git" "clone" "/workspace/cache/git-repos/https%3A%2F%2Fgithub.com%2FSillyvan%2Frust-axum-htmx-example" "/workspace/builds/worker-1-tc1/source", kill_on_drop: false }`
[INFO] [stderr] Cloning into '/workspace/builds/worker-1-tc1/source'...
[INFO] [stderr] done.
[INFO] validating manifest of git repo https://github.com/Sillyvan/rust-axum-htmx-example on toolchain 1.75.0
[INFO] running `Command { std: CARGO_HOME="/workspace/cargo-home" RUSTUP_HOME="/workspace/rustup-home" "/workspace/cargo-home/bin/cargo" "+1.75.0" "metadata" "--manifest-path" "Cargo.toml" "--no-deps", kill_on_drop: false }`
[INFO] started tweaking git repo https://github.com/Sillyvan/rust-axum-htmx-example
[INFO] finished tweaking git repo https://github.com/Sillyvan/rust-axum-htmx-example
[INFO] tweaked toml for git repo https://github.com/Sillyvan/rust-axum-htmx-example written to /workspace/builds/worker-1-tc1/source/Cargo.toml
[INFO] crate git repo https://github.com/Sillyvan/rust-axum-htmx-example already has a lockfile, it will not be regenerated
[INFO] running `Command { std: CARGO_HOME="/workspace/cargo-home" RUSTUP_HOME="/workspace/rustup-home" "/workspace/cargo-home/bin/cargo" "+1.75.0" "fetch" "--manifest-path" "Cargo.toml", kill_on_drop: false }`
[INFO] [stderr]     Updating crates.io index
[INFO] [stderr]     Updating git repository `https://github.com/tursodatabase/libsql.git`
[INFO] [stderr]  Downloading crates ...
[INFO] [stderr]   Downloaded sailfish-macros v0.8.3
[INFO] [stderr]   Downloaded sailfish-compiler v0.8.3
[INFO] [stderr]   Downloaded sailfish v0.8.3
[INFO] [stderr]   Downloaded fantoccini v0.19.3
[INFO] [stderr]   Downloaded webdriver v0.46.0
[INFO] [stderr]   Downloaded winnow v0.5.30
[INFO] [stderr]   Downloaded tonic-web v0.10.2
[INFO] running `Command { std: "docker" "create" "-v" "/var/lib/crater-agent-workspace/builds/worker-1-tc1/target:/opt/rustwide/target:rw,Z" "-v" "/var/lib/crater-agent-workspace/builds/worker-1-tc1/source:/opt/rustwide/workdir:ro,Z" "-v" "/var/lib/crater-agent-workspace/cargo-home:/opt/rustwide/cargo-home:ro,Z" "-v" "/var/lib/crater-agent-workspace/rustup-home:/opt/rustwide/rustup-home:ro,Z" "-e" "SOURCE_DIR=/opt/rustwide/workdir" "-e" "CARGO_TARGET_DIR=/opt/rustwide/target" "-e" "CARGO_HOME=/opt/rustwide/cargo-home" "-e" "RUSTUP_HOME=/opt/rustwide/rustup-home" "-w" "/opt/rustwide/workdir" "-m" "1610612736" "--user" "0:0" "--network" "none" "ghcr.io/rust-lang/crates-build-env/linux@sha256:2788e3201cd34a07e3172128adcd8b3090168a8e3bcc40d7c032b9dda1df7d1c" "/opt/rustwide/cargo-home/bin/cargo" "+1.75.0" "metadata" "--no-deps" "--format-version=1", kill_on_drop: false }`
[INFO] [stdout] 57e9a3c0aadd33150784d742c292474353cb20b9e1294172a4d56c11136ddc44
[INFO] running `Command { std: "docker" "start" "-a" "57e9a3c0aadd33150784d742c292474353cb20b9e1294172a4d56c11136ddc44", kill_on_drop: false }`
[INFO] running `Command { std: "docker" "inspect" "57e9a3c0aadd33150784d742c292474353cb20b9e1294172a4d56c11136ddc44", kill_on_drop: false }`
[INFO] running `Command { std: "docker" "rm" "-f" "57e9a3c0aadd33150784d742c292474353cb20b9e1294172a4d56c11136ddc44", kill_on_drop: false }`
[INFO] [stdout] 57e9a3c0aadd33150784d742c292474353cb20b9e1294172a4d56c11136ddc44
[INFO] running `Command { std: "docker" "create" "-v" "/var/lib/crater-agent-workspace/builds/worker-1-tc1/target:/opt/rustwide/target:rw,Z" "-v" "/var/lib/crater-agent-workspace/builds/worker-1-tc1/source:/opt/rustwide/workdir:ro,Z" "-v" "/var/lib/crater-agent-workspace/cargo-home:/opt/rustwide/cargo-home:ro,Z" "-v" "/var/lib/crater-agent-workspace/rustup-home:/opt/rustwide/rustup-home:ro,Z" "-e" "SOURCE_DIR=/opt/rustwide/workdir" "-e" "CARGO_TARGET_DIR=/opt/rustwide/target" "-e" "CARGO_INCREMENTAL=0" "-e" "RUST_BACKTRACE=full" "-e" "RUSTFLAGS=--cap-lints=warn" "-e" "RUSTDOCFLAGS=--cap-lints=warn" "-e" "CARGO_HOME=/opt/rustwide/cargo-home" "-e" "RUSTUP_HOME=/opt/rustwide/rustup-home" "-w" "/opt/rustwide/workdir" "-m" "1610612736" "--user" "0:0" "--network" "none" "ghcr.io/rust-lang/crates-build-env/linux@sha256:2788e3201cd34a07e3172128adcd8b3090168a8e3bcc40d7c032b9dda1df7d1c" "/opt/rustwide/cargo-home/bin/cargo" "+1.75.0" "build" "--frozen" "--message-format=json", kill_on_drop: false }`
[INFO] [stdout] f488339137b73b7830572ad6a10f2d207acaf51380f86022d59c24069ad2bdc7
[INFO] running `Command { std: "docker" "start" "-a" "f488339137b73b7830572ad6a10f2d207acaf51380f86022d59c24069ad2bdc7", kill_on_drop: false }`
[INFO] [stderr]    Compiling proc-macro2 v1.0.70
[INFO] [stderr]    Compiling unicode-ident v1.0.12
[INFO] [stderr]    Compiling libc v0.2.151
[INFO] [stderr]    Compiling serde v1.0.193
[INFO] [stderr]    Compiling memchr v2.6.4
[INFO] [stderr]    Compiling pin-project-lite v0.2.13
[INFO] [stderr]    Compiling itoa v1.0.10
[INFO] [stderr]    Compiling log v0.4.20
[INFO] [stderr]    Compiling once_cell v1.19.0
[INFO] [stderr]    Compiling futures-core v0.3.29
[INFO] [stderr]    Compiling smallvec v1.11.2
[INFO] [stderr]    Compiling parking_lot_core v0.9.9
[INFO] [stderr]    Compiling scopeguard v1.2.0
[INFO] [stderr]    Compiling lock_api v0.4.11
[INFO] [stderr]    Compiling slab v0.4.9
[INFO] [stderr]    Compiling futures-task v0.3.29
[INFO] [stderr]    Compiling futures-sink v0.3.29
[INFO] [stderr]    Compiling futures-channel v0.3.29
[INFO] [stderr]    Compiling futures-util v0.3.29
[INFO] [stderr]    Compiling futures-io v0.3.29
[INFO] [stderr]    Compiling ahash v0.8.6
[INFO] [stderr]    Compiling byteorder v1.5.0
[INFO] [stderr]    Compiling equivalent v1.0.1
[INFO] [stderr]    Compiling tracing-core v0.1.32
[INFO] [stderr]    Compiling allocator-api2 v0.2.16
[INFO] [stderr]    Compiling rustversion v1.0.14
[INFO] [stderr]    Compiling either v1.9.0
[INFO] [stderr]    Compiling httpdate v1.0.3
[INFO] [stderr]    Compiling bitflags v2.4.1
[INFO] [stderr]    Compiling percent-encoding v2.3.1
[INFO] [stderr]    Compiling home v0.5.5
[INFO] [stderr]    Compiling glob v0.3.1
[INFO] [stderr]    Compiling uncased v0.9.9
[INFO] [stderr]    Compiling prettyplease v0.2.15
[INFO] [stderr]    Compiling spin v0.9.8
[INFO] [stderr]    Compiling untrusted v0.9.0
[INFO] [stderr]    Compiling rustix v0.38.28
[INFO] [stderr]    Compiling try-lock v0.2.5
[INFO] [stderr]    Compiling indexmap v1.9.3
[INFO] [stderr]    Compiling regex-syntax v0.8.2
[INFO] [stderr]    Compiling async-trait v0.1.74
[INFO] [stderr]    Compiling want v0.3.1
[INFO] [stderr]    Compiling vcpkg v0.2.15
[INFO] [stderr]    Compiling linux-raw-sys v0.4.12
[INFO] [stderr]    Compiling pkg-config v0.3.28
[INFO] [stderr]    Compiling minimal-lexical v0.2.1
[INFO] [stderr]    Compiling clang-sys v1.6.1
[INFO] [stderr]    Compiling libloading v0.7.4
[INFO] [stderr]    Compiling base64 v0.21.5
[INFO] [stderr]    Compiling quote v1.0.33
[INFO] [stderr]    Compiling cc v1.0.83
[INFO] [stderr]    Compiling socket2 v0.5.5
[INFO] [stderr]    Compiling mio v0.8.10
[INFO] [stderr]    Compiling syn v2.0.40
[INFO] [stderr]    Compiling parking_lot v0.12.1
[INFO] [stderr]    Compiling num_cpus v1.16.0
[INFO] [stderr]    Compiling signal-hook-registry v1.4.1
[INFO] [stderr]    Compiling getrandom v0.2.11
[INFO] [stderr]    Compiling socket2 v0.4.10
[INFO] [stderr]    Compiling nom v7.1.3
[INFO] [stderr]    Compiling siphasher v0.3.11
[INFO] [stderr]    Compiling bindgen v0.66.1
[INFO] [stderr]    Compiling rand_core v0.6.4
[INFO] [stderr]    Compiling rustc-hash v1.1.0
[INFO] [stderr]    Compiling lazy_static v1.4.0
[INFO] [stderr]    Compiling lazycell v1.3.0
[INFO] [stderr]    Compiling typenum v1.17.0
[INFO] [stderr]    Compiling shlex v1.2.0
[INFO] [stderr]    Compiling rand_chacha v0.3.1
[INFO] [stderr]    Compiling anyhow v1.0.75
[INFO] [stderr]    Compiling ryu v1.0.16
[INFO] [stderr]    Compiling rustls v0.21.10
[INFO] [stderr]    Compiling axum-core v0.3.4
[INFO] [stderr]    Compiling rand v0.8.5
[INFO] [stderr]    Compiling time-core v0.1.2
[INFO] [stderr]    Compiling powerfmt v0.2.0
[INFO] [stderr]    Compiling sync_wrapper v0.1.2
[INFO] [stderr]    Compiling serde_json v1.0.108
[INFO] [stderr]    Compiling time-macros v0.2.15
[INFO] [stderr]    Compiling deranged v0.3.10
[INFO] [stderr]    Compiling phf_shared v0.11.2
[INFO] [stderr]    Compiling axum v0.6.20
[INFO] [stderr]    Compiling rustls-pemfile v1.0.4
[INFO] [stderr]    Compiling itertools v0.11.0
[INFO] [stderr]    Compiling num-traits v0.2.17
[INFO] [stderr]    Compiling matchit v0.7.3
[INFO] [stderr]    Compiling hashbrown v0.14.3
[INFO] [stderr]    Compiling thiserror v1.0.50
[INFO] [stderr]    Compiling ring v0.17.7
[INFO] [stderr]    Compiling openssl-sys v0.9.98
[INFO] [stderr]    Compiling openssl v0.10.62
[INFO] [stderr]    Compiling phf_generator v0.11.2
[INFO] [stderr]    Compiling rustls-native-certs v0.6.3
[INFO] [stderr]    Compiling form_urlencoded v1.2.1
[INFO] [stderr]    Compiling num-integer v0.1.45
[INFO] [stderr]    Compiling regex-automata v0.4.3
[INFO] [stderr]    Compiling winnow v0.5.30
[INFO] [stderr]    Compiling indexmap v2.1.0
[INFO] [stderr]    Compiling webpki-roots v0.25.3
[INFO] [stderr]    Compiling alloc-no-stdlib v2.0.4
[INFO] [stderr]    Compiling native-tls v0.2.11
[INFO] [stderr]    Compiling generic-array v0.14.7
[INFO] [stderr]    Compiling phf_codegen v0.11.2
[INFO] [stderr]    Compiling cexpr v0.6.0
[INFO] [stderr]    Compiling which v4.4.2
[INFO] [stderr]    Compiling alloc-stdlib v0.2.2
[INFO] [stderr]    Compiling cookie v0.16.2
[INFO] [stderr]    Compiling num-bigint v0.4.4
[INFO] [stderr]    Compiling unicode-bidi v0.3.14
[INFO] [stderr]    Compiling fallible-streaming-iterator v0.1.9
[INFO] [stderr]    Compiling sailfish-compiler v0.8.3
[INFO] [stderr]    Compiling fallible-iterator v0.2.0
[INFO] [stderr]    Compiling block-buffer v0.10.4
[INFO] [stderr]    Compiling crypto-common v0.1.6
[INFO] [stderr]    Compiling brotli-decompressor v2.5.1
[INFO] [stderr]    Compiling time v0.3.30
[INFO] [stderr]    Compiling sqlite3-parser v0.11.0 (https://github.com/tursodatabase/libsql.git#47ec93eb)
[INFO] [stderr]    Compiling idna v0.5.0
[INFO] [stderr]    Compiling axum-core v0.4.1
[INFO] [stderr]    Compiling filetime v0.2.23
[INFO] [stderr]    Compiling http-range-header v0.3.1
[INFO] [stderr]    Compiling phf v0.11.2
[INFO] [stderr]    Compiling flate2 v1.0.28
[INFO] [stderr]    Compiling digest v0.10.7
[INFO] [stderr]    Compiling url v2.5.0
[INFO] [stderr]    Compiling regex v1.10.2
[INFO] [stderr]    Compiling axum v0.7.2
[INFO] [stderr]    Compiling sailfish v0.8.3
[INFO] [stderr]    Compiling brotli v3.4.0
[INFO] [stderr]    Compiling fallible-iterator v0.3.0
[INFO] [stderr]    Compiling base64ct v1.6.0
[INFO] [stderr]    Compiling unicode-segmentation v1.10.1
[INFO] [stderr]    Compiling blake2 v0.10.6
[INFO] [stderr]    Compiling pem v3.0.3
[INFO] [stderr]    Compiling password-hash v0.5.0
[INFO] [stderr]    Compiling cpufeatures v0.2.11
[INFO] [stderr]    Compiling itoap v1.0.1
[INFO] [stderr]    Compiling dotenv v0.15.0
[INFO] [stderr]    Compiling argon2 v0.5.2
[INFO] [stderr]    Compiling serde_derive v1.0.193
[INFO] [stderr]    Compiling tokio-macros v2.2.0
[INFO] [stderr]    Compiling futures-macro v0.3.29
[INFO] [stderr]    Compiling zerocopy-derive v0.7.31
[INFO] [stderr]    Compiling tracing-attributes v0.1.27
[INFO] [stderr]    Compiling pin-project-internal v1.1.3
[INFO] [stderr]    Compiling thiserror-impl v1.0.50
[INFO] [stderr]    Compiling async-stream-impl v0.3.5
[INFO] [stderr]    Compiling prost-derive v0.12.3
[INFO] [stderr]    Compiling openssl-macros v0.1.1
[INFO] [stderr]    Compiling async-stream v0.3.5
[INFO] [stderr]    Compiling zerocopy v0.7.31
[INFO] [stderr]    Compiling pin-project v1.1.3
[INFO] [stderr]    Compiling tracing v0.1.40
[INFO] [stderr]    Compiling rustls-webpki v0.101.7
[INFO] [stderr]    Compiling sct v0.7.1
[INFO] [stderr]    Compiling simple_asn1 v0.6.2
[INFO] [stderr]    Compiling hashlink v0.8.4
[INFO] [stderr]    Compiling libsql-ffi v0.1.0 (https://github.com/tursodatabase/libsql.git#47ec93eb)
[INFO] [stderr]    Compiling futures-executor v0.3.29
[INFO] [stderr]    Compiling futures v0.3.29
[INFO] [stderr]    Compiling bytes v1.5.0
[INFO] [stderr]    Compiling uuid v1.6.1
[INFO] [stderr]    Compiling serde_path_to_error v0.1.14
[INFO] [stderr]    Compiling serde_urlencoded v0.7.1
[INFO] [stderr]    Compiling bincode v1.3.3
[INFO] [stderr]    Compiling toml_datetime v0.6.5
[INFO] [stderr]    Compiling serde_spanned v0.6.5
[INFO] [stderr]    Compiling toml_edit v0.21.0
[INFO] [stderr]    Compiling tokio v1.35.0
[INFO] [stderr]    Compiling http v0.2.11
[INFO] [stderr]    Compiling http v1.0.0
[INFO] [stderr]    Compiling prost v0.12.3
[INFO] [stderr]    Compiling jsonwebtoken v9.2.0
[INFO] [stderr]    Compiling http-body v0.4.6
[INFO] [stderr]    Compiling webdriver v0.46.0
[INFO] [stderr]    Compiling http-body v1.0.0
[INFO] [stderr]    Compiling http-body-util v0.1.0
[INFO] [stderr]    Compiling toml v0.8.8
[INFO] [stderr]    Compiling sailfish-macros v0.8.3
[INFO] [stderr]    Compiling tokio-util v0.7.10
[INFO] [stderr]    Compiling tokio-rustls v0.24.1
[INFO] [stderr]    Compiling tokio-io-timeout v1.2.0
[INFO] [stderr]    Compiling tokio-stream v0.1.14
[INFO] [stderr]    Compiling tokio-native-tls v0.3.1
[INFO] [stderr]    Compiling async-compression v0.4.5
[INFO] [stderr]    Compiling h2 v0.3.22
[INFO] [stderr]    Compiling tower v0.4.13
[INFO] [stderr]    Compiling h2 v0.4.0
[INFO] [stderr]    Compiling tower-http v0.5.0
[INFO] [stderr]    Compiling tower-http v0.4.4
[INFO] [stderr]    Compiling rusqlite v0.29.0 (https://github.com/tursodatabase/libsql.git#47ec93eb)
[INFO] [stderr]    Compiling hyper v1.0.1
[INFO] [stderr]    Compiling libsql-sys v0.2.14 (https://github.com/tursodatabase/libsql.git#47ec93eb)
[INFO] [stderr]    Compiling hyper v0.14.27
[INFO] [stderr]    Compiling hyper-util v0.1.1
[INFO] [stderr]    Compiling hyper-timeout v0.4.1
[INFO] [stderr]    Compiling hyper-tls v0.5.0
[INFO] [stderr]    Compiling hyper-rustls v0.24.2
[INFO] [stderr]    Compiling fantoccini v0.19.3
[INFO] [stderr]    Compiling tonic v0.10.2
[INFO] [stderr]    Compiling tonic-web v0.10.2
[INFO] [stderr]    Compiling libsql-replication v0.1.0 (https://github.com/tursodatabase/libsql.git#47ec93eb)
[INFO] [stderr]    Compiling libsql v0.2.0-alpha.1 (https://github.com/tursodatabase/libsql.git#47ec93eb)
[INFO] [stderr]    Compiling rust-axum-htmx-example v0.1.0 (/opt/rustwide/workdir)
[INFO] [stderr]     Finished dev [unoptimized + debuginfo] target(s) in 1m 07s
[INFO] running `Command { std: "docker" "inspect" "f488339137b73b7830572ad6a10f2d207acaf51380f86022d59c24069ad2bdc7", kill_on_drop: false }`
[INFO] running `Command { std: "docker" "rm" "-f" "f488339137b73b7830572ad6a10f2d207acaf51380f86022d59c24069ad2bdc7", kill_on_drop: false }`
[INFO] [stdout] f488339137b73b7830572ad6a10f2d207acaf51380f86022d59c24069ad2bdc7
[INFO] running `Command { std: "docker" "create" "-v" "/var/lib/crater-agent-workspace/builds/worker-1-tc1/target:/opt/rustwide/target:rw,Z" "-v" "/var/lib/crater-agent-workspace/builds/worker-1-tc1/source:/opt/rustwide/workdir:ro,Z" "-v" "/var/lib/crater-agent-workspace/cargo-home:/opt/rustwide/cargo-home:ro,Z" "-v" "/var/lib/crater-agent-workspace/rustup-home:/opt/rustwide/rustup-home:ro,Z" "-e" "SOURCE_DIR=/opt/rustwide/workdir" "-e" "CARGO_TARGET_DIR=/opt/rustwide/target" "-e" "CARGO_INCREMENTAL=0" "-e" "RUST_BACKTRACE=full" "-e" "RUSTFLAGS=--cap-lints=warn" "-e" "RUSTDOCFLAGS=--cap-lints=warn" "-e" "CARGO_HOME=/opt/rustwide/cargo-home" "-e" "RUSTUP_HOME=/opt/rustwide/rustup-home" "-w" "/opt/rustwide/workdir" "-m" "1610612736" "--user" "0:0" "--network" "none" "ghcr.io/rust-lang/crates-build-env/linux@sha256:2788e3201cd34a07e3172128adcd8b3090168a8e3bcc40d7c032b9dda1df7d1c" "/opt/rustwide/cargo-home/bin/cargo" "+1.75.0" "test" "--frozen" "--no-run" "--message-format=json", kill_on_drop: false }`
[INFO] [stdout] 38982adb09618a2421913169c9084482931cb16060a4b6c4ec16e6b770deef9c
[INFO] running `Command { std: "docker" "start" "-a" "38982adb09618a2421913169c9084482931cb16060a4b6c4ec16e6b770deef9c", kill_on_drop: false }`
[INFO] [stderr]    Compiling rust-axum-htmx-example v0.1.0 (/opt/rustwide/workdir)
[INFO] [stdout] warning: function `e2e_sign_out` is never used
[INFO] [stdout]  --> src/test/e2e_sign_out.rs:2:14
[INFO] [stdout]   |
[INFO] [stdout] 2 | pub async fn e2e_sign_out(
[INFO] [stdout]   |              ^^^^^^^^^^^^
[INFO] [stdout]   |
[INFO] [stdout]   = note: `#[warn(dead_code)]` on by default
[INFO] [stdout] 
[INFO] [stdout] 
[INFO] [stdout] warning: 1 warning emitted
[INFO] [stdout] 
[INFO] [stdout] 
[INFO] [stderr]     Finished test [unoptimized + debuginfo] target(s) in 12.01s
[INFO] running `Command { std: "docker" "inspect" "38982adb09618a2421913169c9084482931cb16060a4b6c4ec16e6b770deef9c", kill_on_drop: false }`
[INFO] running `Command { std: "docker" "rm" "-f" "38982adb09618a2421913169c9084482931cb16060a4b6c4ec16e6b770deef9c", kill_on_drop: false }`
[INFO] [stdout] 38982adb09618a2421913169c9084482931cb16060a4b6c4ec16e6b770deef9c
[INFO] running `Command { std: "docker" "create" "-v" "/var/lib/crater-agent-workspace/builds/worker-1-tc1/target:/opt/rustwide/target:rw,Z" "-v" "/var/lib/crater-agent-workspace/builds/worker-1-tc1/source:/opt/rustwide/workdir:ro,Z" "-v" "/var/lib/crater-agent-workspace/cargo-home:/opt/rustwide/cargo-home:ro,Z" "-v" "/var/lib/crater-agent-workspace/rustup-home:/opt/rustwide/rustup-home:ro,Z" "-e" "SOURCE_DIR=/opt/rustwide/workdir" "-e" "CARGO_TARGET_DIR=/opt/rustwide/target" "-e" "CARGO_INCREMENTAL=0" "-e" "RUST_BACKTRACE=full" "-e" "RUSTFLAGS=--cap-lints=warn" "-e" "RUSTDOCFLAGS=--cap-lints=warn" "-e" "CARGO_HOME=/opt/rustwide/cargo-home" "-e" "RUSTUP_HOME=/opt/rustwide/rustup-home" "-w" "/opt/rustwide/workdir" "-m" "1610612736" "--user" "0:0" "--network" "none" "ghcr.io/rust-lang/crates-build-env/linux@sha256:2788e3201cd34a07e3172128adcd8b3090168a8e3bcc40d7c032b9dda1df7d1c" "/opt/rustwide/cargo-home/bin/cargo" "+1.75.0" "test" "--frozen", kill_on_drop: false }`
[INFO] [stdout] 8997ffc8cb60d0229e966df9b3ec1a15353e36e9fd60dbe4798ca690418ed7a4
[INFO] running `Command { std: "docker" "start" "-a" "8997ffc8cb60d0229e966df9b3ec1a15353e36e9fd60dbe4798ca690418ed7a4", kill_on_drop: false }`
[INFO] [stderr] warning: function `e2e_sign_out` is never used
[INFO] [stderr]  --> src/test/e2e_sign_out.rs:2:14
[INFO] [stderr]   |
[INFO] [stderr] 2 | pub async fn e2e_sign_out(
[INFO] [stderr]   |              ^^^^^^^^^^^^
[INFO] [stderr]   |
[INFO] [stderr]   = note: `#[warn(dead_code)]` on by default
[INFO] [stderr] 
[INFO] [stderr] warning: `rust-axum-htmx-example` (bin "rust-axum-htmx-example" test) generated 1 warning
[INFO] [stderr]     Finished test [unoptimized + debuginfo] target(s) in 0.21s
[INFO] [stderr]      Running unittests src/main.rs (/opt/rustwide/target/debug/deps/rust_axum_htmx_example-66e6e0537e8c86c6)
[INFO] [stdout] 
[INFO] [stdout] running 6 tests
[INFO] [stdout] test test::test_sign_up_and_sign_in ... FAILED
[INFO] [stdout] test test::test_add_cat ... FAILED
[INFO] [stdout] test test::test_cat_form_hidden ... FAILED
[INFO] [stdout] test test::test_sign_in_with_wrong_login ... FAILED
[INFO] [stdout] test test::test_sign_up_with_taken_username ... FAILED
[INFO] [stdout] test test::test_cat_form_visable ... FAILED
[INFO] [stdout] 
[INFO] [stdout] failures:
[INFO] [stdout] 
[INFO] [stdout] ---- test::test_sign_up_and_sign_in stdout ----
[INFO] [stdout] Error: Failed(hyper::Error(Connect, ConnectError("tcp connect error", Os { code: 99, kind: AddrNotAvailable, message: "Cannot assign requested address" })))
[INFO] [stdout] 
[INFO] [stdout] ---- test::test_add_cat stdout ----
[INFO] [stdout] Error: Failed(hyper::Error(Connect, ConnectError("tcp connect error", Os { code: 99, kind: AddrNotAvailable, message: "Cannot assign requested address" })))
[INFO] [stdout] 
[INFO] [stdout] ---- test::test_cat_form_hidden stdout ----
[INFO] [stdout] Error: Failed(hyper::Error(Connect, ConnectError("tcp connect error", Os { code: 99, kind: AddrNotAvailable, message: "Cannot assign requested address" })))
[INFO] [stdout] 
[INFO] [stdout] ---- test::test_sign_in_with_wrong_login stdout ----
[INFO] [stdout] Error: Failed(hyper::Error(Connect, ConnectError("tcp connect error", Os { code: 99, kind: AddrNotAvailable, message: "Cannot assign requested address" })))
[INFO] [stdout] 
[INFO] [stdout] ---- test::test_sign_up_with_taken_username stdout ----
[INFO] [stdout] Error: Failed(hyper::Error(Connect, ConnectError("tcp connect error", Os { code: 99, kind: AddrNotAvailable, message: "Cannot assign requested address" })))
[INFO] [stdout] 
[INFO] [stdout] ---- test::test_cat_form_visable stdout ----
[INFO] [stdout] Error: Failed(hyper::Error(Connect, ConnectError("tcp connect error", Os { code: 99, kind: AddrNotAvailable, message: "Cannot assign requested address" })))
[INFO] [stdout] 
[INFO] [stdout] 
[INFO] [stdout] failures:
[INFO] [stdout]     test::test_add_cat
[INFO] [stdout]     test::test_cat_form_hidden
[INFO] [stdout]     test::test_cat_form_visable
[INFO] [stdout]     test::test_sign_in_with_wrong_login
[INFO] [stdout]     test::test_sign_up_and_sign_in
[INFO] [stdout]     test::test_sign_up_with_taken_username
[INFO] [stdout] 
[INFO] [stdout] test result: FAILED. 0 passed; 6 failed; 0 ignored; 0 measured; 0 filtered out; finished in 0.93s
[INFO] [stdout] 
[INFO] [stderr] error: test failed, to rerun pass `--bin rust-axum-htmx-example`
[INFO] running `Command { std: "docker" "inspect" "8997ffc8cb60d0229e966df9b3ec1a15353e36e9fd60dbe4798ca690418ed7a4", kill_on_drop: false }`
[INFO] running `Command { std: "docker" "rm" "-f" "8997ffc8cb60d0229e966df9b3ec1a15353e36e9fd60dbe4798ca690418ed7a4", kill_on_drop: false }`
[INFO] [stdout] 8997ffc8cb60d0229e966df9b3ec1a15353e36e9fd60dbe4798ca690418ed7a4
[INFO] testing Sillyvan/rust-axum-htmx-example against beta-2023-12-22 for beta-1.76-1
[INFO] running `Command { std: "git" "clone" "/workspace/cache/git-repos/https%3A%2F%2Fgithub.com%2FSillyvan%2Frust-axum-htmx-example" "/workspace/builds/worker-1-tc2/source", kill_on_drop: false }`
[INFO] [stderr] Cloning into '/workspace/builds/worker-1-tc2/source'...
[INFO] [stderr] done.
[INFO] validating manifest of git repo https://github.com/Sillyvan/rust-axum-htmx-example on toolchain beta-2023-12-22
[INFO] running `Command { std: CARGO_HOME="/workspace/cargo-home" RUSTUP_HOME="/workspace/rustup-home" "/workspace/cargo-home/bin/cargo" "+beta-2023-12-22" "metadata" "--manifest-path" "Cargo.toml" "--no-deps", kill_on_drop: false }`
[INFO] started tweaking git repo https://github.com/Sillyvan/rust-axum-htmx-example
[INFO] finished tweaking git repo https://github.com/Sillyvan/rust-axum-htmx-example
[INFO] tweaked toml for git repo https://github.com/Sillyvan/rust-axum-htmx-example written to /workspace/builds/worker-1-tc2/source/Cargo.toml
[INFO] crate git repo https://github.com/Sillyvan/rust-axum-htmx-example already has a lockfile, it will not be regenerated
[INFO] running `Command { std: CARGO_HOME="/workspace/cargo-home" RUSTUP_HOME="/workspace/rustup-home" "/workspace/cargo-home/bin/cargo" "+beta-2023-12-22" "fetch" "--manifest-path" "Cargo.toml", kill_on_drop: false }`
[INFO] running `Command { std: "docker" "create" "-v" "/var/lib/crater-agent-workspace/builds/worker-1-tc2/target:/opt/rustwide/target:rw,Z" "-v" "/var/lib/crater-agent-workspace/builds/worker-1-tc2/source:/opt/rustwide/workdir:ro,Z" "-v" "/var/lib/crater-agent-workspace/cargo-home:/opt/rustwide/cargo-home:ro,Z" "-v" "/var/lib/crater-agent-workspace/rustup-home:/opt/rustwide/rustup-home:ro,Z" "-e" "SOURCE_DIR=/opt/rustwide/workdir" "-e" "CARGO_TARGET_DIR=/opt/rustwide/target" "-e" "CARGO_HOME=/opt/rustwide/cargo-home" "-e" "RUSTUP_HOME=/opt/rustwide/rustup-home" "-w" "/opt/rustwide/workdir" "-m" "1610612736" "--user" "0:0" "--network" "none" "ghcr.io/rust-lang/crates-build-env/linux@sha256:2788e3201cd34a07e3172128adcd8b3090168a8e3bcc40d7c032b9dda1df7d1c" "/opt/rustwide/cargo-home/bin/cargo" "+beta-2023-12-22" "metadata" "--no-deps" "--format-version=1", kill_on_drop: false }`
[INFO] [stdout] bc6c80385c4b8d9621bd1eb14798f0de990863ef7f318dca49d2b71b4f91e3f8
[INFO] running `Command { std: "docker" "start" "-a" "bc6c80385c4b8d9621bd1eb14798f0de990863ef7f318dca49d2b71b4f91e3f8", kill_on_drop: false }`
[INFO] running `Command { std: "docker" "inspect" "bc6c80385c4b8d9621bd1eb14798f0de990863ef7f318dca49d2b71b4f91e3f8", kill_on_drop: false }`
[INFO] running `Command { std: "docker" "rm" "-f" "bc6c80385c4b8d9621bd1eb14798f0de990863ef7f318dca49d2b71b4f91e3f8", kill_on_drop: false }`
[INFO] [stdout] bc6c80385c4b8d9621bd1eb14798f0de990863ef7f318dca49d2b71b4f91e3f8
[INFO] running `Command { std: "docker" "create" "-v" "/var/lib/crater-agent-workspace/builds/worker-1-tc2/target:/opt/rustwide/target:rw,Z" "-v" "/var/lib/crater-agent-workspace/builds/worker-1-tc2/source:/opt/rustwide/workdir:ro,Z" "-v" "/var/lib/crater-agent-workspace/cargo-home:/opt/rustwide/cargo-home:ro,Z" "-v" "/var/lib/crater-agent-workspace/rustup-home:/opt/rustwide/rustup-home:ro,Z" "-e" "SOURCE_DIR=/opt/rustwide/workdir" "-e" "CARGO_TARGET_DIR=/opt/rustwide/target" "-e" "CARGO_INCREMENTAL=0" "-e" "RUST_BACKTRACE=full" "-e" "RUSTFLAGS=--cap-lints=warn" "-e" "RUSTDOCFLAGS=--cap-lints=warn" "-e" "CARGO_HOME=/opt/rustwide/cargo-home" "-e" "RUSTUP_HOME=/opt/rustwide/rustup-home" "-w" "/opt/rustwide/workdir" "-m" "1610612736" "--user" "0:0" "--network" "none" "ghcr.io/rust-lang/crates-build-env/linux@sha256:2788e3201cd34a07e3172128adcd8b3090168a8e3bcc40d7c032b9dda1df7d1c" "/opt/rustwide/cargo-home/bin/cargo" "+beta-2023-12-22" "build" "--frozen" "--message-format=json", kill_on_drop: false }`
[INFO] [stdout] 76c51ff1eca5c111503705368b199d1d554afa0e391957384335f112eb163644
[INFO] running `Command { std: "docker" "start" "-a" "76c51ff1eca5c111503705368b199d1d554afa0e391957384335f112eb163644", kill_on_drop: false }`
[INFO] [stderr]    Compiling proc-macro2 v1.0.70
[INFO] [stderr]    Compiling unicode-ident v1.0.12
[INFO] [stderr]    Compiling libc v0.2.151
[INFO] [stderr]    Compiling serde v1.0.193
[INFO] [stderr]    Compiling memchr v2.6.4
[INFO] [stderr]    Compiling pin-project-lite v0.2.13
[INFO] [stderr]    Compiling itoa v1.0.10
[INFO] [stderr]    Compiling log v0.4.20
[INFO] [stderr]    Compiling once_cell v1.19.0
[INFO] [stderr]    Compiling futures-core v0.3.29
[INFO] [stderr]    Compiling smallvec v1.11.2
[INFO] [stderr]    Compiling parking_lot_core v0.9.9
[INFO] [stderr]    Compiling scopeguard v1.2.0
[INFO] [stderr]    Compiling lock_api v0.4.11
[INFO] [stderr]    Compiling slab v0.4.9
[INFO] [stderr]    Compiling futures-sink v0.3.29
[INFO] [stderr]    Compiling futures-task v0.3.29
[INFO] [stderr]    Compiling futures-channel v0.3.29
[INFO] [stderr]    Compiling futures-util v0.3.29
[INFO] [stderr]    Compiling futures-io v0.3.29
[INFO] [stderr]    Compiling ahash v0.8.6
[INFO] [stderr]    Compiling equivalent v1.0.1
[INFO] [stderr]    Compiling byteorder v1.5.0
[INFO] [stderr]    Compiling tracing-core v0.1.32
[INFO] [stderr]    Compiling allocator-api2 v0.2.16
[INFO] [stderr]    Compiling rustversion v1.0.14
[INFO] [stderr]    Compiling either v1.9.0
[INFO] [stderr]    Compiling httpdate v1.0.3
[INFO] [stderr]    Compiling bitflags v2.4.1
[INFO] [stderr]    Compiling percent-encoding v2.3.1
[INFO] [stderr]    Compiling home v0.5.5
[INFO] [stderr]    Compiling glob v0.3.1
[INFO] [stderr]    Compiling uncased v0.9.9
[INFO] [stderr]    Compiling spin v0.9.8
[INFO] [stderr]    Compiling untrusted v0.9.0
[INFO] [stderr]    Compiling try-lock v0.2.5
[INFO] [stderr]    Compiling prettyplease v0.2.15
[INFO] [stderr]    Compiling rustix v0.38.28
[INFO] [stderr]    Compiling want v0.3.1
[INFO] [stderr]    Compiling indexmap v1.9.3
[INFO] [stderr]    Compiling linux-raw-sys v0.4.12
[INFO] [stderr]    Compiling pkg-config v0.3.28
[INFO] [stderr]    Compiling minimal-lexical v0.2.1
[INFO] [stderr]    Compiling async-trait v0.1.74
[INFO] [stderr]    Compiling vcpkg v0.2.15
[INFO] [stderr]    Compiling regex-syntax v0.8.2
[INFO] [stderr]    Compiling quote v1.0.33
[INFO] [stderr]    Compiling libloading v0.7.4
[INFO] [stderr]    Compiling syn v2.0.40
[INFO] [stderr]    Compiling base64 v0.21.5
[INFO] [stderr]    Compiling siphasher v0.3.11
[INFO] [stderr]    Compiling clang-sys v1.6.1
[INFO] [stderr]    Compiling nom v7.1.3
[INFO] [stderr]    Compiling bindgen v0.66.1
[INFO] [stderr]    Compiling typenum v1.17.0
[INFO] [stderr]    Compiling shlex v1.2.0
[INFO] [stderr]    Compiling anyhow v1.0.75
[INFO] [stderr]    Compiling rustc-hash v1.1.0
[INFO] [stderr]    Compiling ryu v1.0.16
[INFO] [stderr]    Compiling lazycell v1.3.0
[INFO] [stderr]    Compiling rustls v0.21.10
[INFO] [stderr]    Compiling cc v1.0.83
[INFO] [stderr]    Compiling mio v0.8.10
[INFO] [stderr]    Compiling socket2 v0.5.5
[INFO] [stderr]    Compiling signal-hook-registry v1.4.1
[INFO] [stderr]    Compiling num_cpus v1.16.0
[INFO] [stderr]    Compiling getrandom v0.2.11
[INFO] [stderr]    Compiling socket2 v0.4.10
[INFO] [stderr]    Compiling lazy_static v1.4.0
[INFO] [stderr]    Compiling parking_lot v0.12.1
[INFO] [stderr]    Compiling axum-core v0.3.4
[INFO] [stderr]    Compiling rand_core v0.6.4
[INFO] [stderr]    Compiling rand_chacha v0.3.1
[INFO] [stderr]    Compiling powerfmt v0.2.0
[INFO] [stderr]    Compiling sync_wrapper v0.1.2
[INFO] [stderr]    Compiling time-core v0.1.2
[INFO] [stderr]    Compiling serde_json v1.0.108
[INFO] [stderr]    Compiling rand v0.8.5
[INFO] [stderr]    Compiling time-macros v0.2.15
[INFO] [stderr]    Compiling deranged v0.3.10
[INFO] [stderr]    Compiling axum v0.6.20
[INFO] [stderr]    Compiling rustls-pemfile v1.0.4
[INFO] [stderr]    Compiling phf_shared v0.11.2
[INFO] [stderr]    Compiling itertools v0.11.0
[INFO] [stderr]    Compiling num-traits v0.2.17
[INFO] [stderr]    Compiling openssl v0.10.62
[INFO] [stderr]    Compiling thiserror v1.0.50
[INFO] [stderr]    Compiling matchit v0.7.3
[INFO] [stderr]    Compiling which v4.4.2
[INFO] [stderr]    Compiling cexpr v0.6.0
[INFO] [stderr]    Compiling hashbrown v0.14.3
[INFO] [stderr]    Compiling phf_generator v0.11.2
[INFO] [stderr]    Compiling generic-array v0.14.7
[INFO] [stderr]    Compiling rustls-native-certs v0.6.3
[INFO] [stderr]    Compiling form_urlencoded v1.2.1
[INFO] [stderr]    Compiling num-integer v0.1.45
[INFO] [stderr]    Compiling winnow v0.5.30
[INFO] [stderr]    Compiling ring v0.17.7
[INFO] [stderr]    Compiling regex-automata v0.4.3
[INFO] [stderr]    Compiling openssl-sys v0.9.98
[INFO] [stderr]    Compiling alloc-no-stdlib v2.0.4
[INFO] [stderr]    Compiling webpki-roots v0.25.3
[INFO] [stderr]    Compiling alloc-stdlib v0.2.2
[INFO] [stderr]    Compiling phf_codegen v0.11.2
[INFO] [stderr]    Compiling cookie v0.16.2
[INFO] [stderr]    Compiling num-bigint v0.4.4
[INFO] [stderr]    Compiling indexmap v2.1.0
[INFO] [stderr]    Compiling fallible-streaming-iterator v0.1.9
[INFO] [stderr]    Compiling sailfish-compiler v0.8.3
[INFO] [stderr]    Compiling fallible-iterator v0.2.0
[INFO] [stderr]    Compiling unicode-bidi v0.3.14
[INFO] [stderr]    Compiling crypto-common v0.1.6
[INFO] [stderr]    Compiling block-buffer v0.10.4
[INFO] [stderr]    Compiling sqlite3-parser v0.11.0 (https://github.com/tursodatabase/libsql.git#47ec93eb)
[INFO] [stderr]    Compiling brotli-decompressor v2.5.1
[INFO] [stderr]    Compiling axum-core v0.4.1
[INFO] [stderr]    Compiling time v0.3.30
[INFO] [stderr]    Compiling native-tls v0.2.11
[INFO] [stderr]    Compiling filetime v0.2.23
[INFO] [stderr]    Compiling http-range-header v0.3.1
[INFO] [stderr]    Compiling flate2 v1.0.28
[INFO] [stderr]    Compiling idna v0.5.0
[INFO] [stderr]    Compiling phf v0.11.2
[INFO] [stderr]    Compiling digest v0.10.7
[INFO] [stderr]    Compiling axum v0.7.2
[INFO] [stderr]    Compiling sailfish v0.8.3
[INFO] [stderr]    Compiling fallible-iterator v0.3.0
[INFO] [stderr]    Compiling base64ct v1.6.0
[INFO] [stderr]    Compiling url v2.5.0
[INFO] [stderr]    Compiling unicode-segmentation v1.10.1
[INFO] [stderr]    Compiling regex v1.10.2
[INFO] [stderr]    Compiling brotli v3.4.0
[INFO] [stderr]    Compiling password-hash v0.5.0
[INFO] [stderr]    Compiling blake2 v0.10.6
[INFO] [stderr]    Compiling pem v3.0.3
[INFO] [stderr]    Compiling cpufeatures v0.2.11
[INFO] [stderr]    Compiling itoap v1.0.1
[INFO] [stderr]    Compiling dotenv v0.15.0
[INFO] [stderr]    Compiling argon2 v0.5.2
[INFO] [stderr]    Compiling serde_derive v1.0.193
[INFO] [stderr]    Compiling tokio-macros v2.2.0
[INFO] [stderr]    Compiling futures-macro v0.3.29
[INFO] [stderr]    Compiling zerocopy-derive v0.7.31
[INFO] [stderr]    Compiling tracing-attributes v0.1.27
[INFO] [stderr]    Compiling pin-project-internal v1.1.3
[INFO] [stderr]    Compiling openssl-macros v0.1.1
[INFO] [stderr]    Compiling async-stream-impl v0.3.5
[INFO] [stderr]    Compiling prost-derive v0.12.3
[INFO] [stderr]    Compiling thiserror-impl v1.0.50
[INFO] [stderr]    Compiling async-stream v0.3.5
[INFO] [stderr]    Compiling zerocopy v0.7.31
[INFO] [stderr]    Compiling pin-project v1.1.3
[INFO] [stderr]    Compiling tracing v0.1.40
[INFO] [stderr]    Compiling simple_asn1 v0.6.2
[INFO] [stderr]    Compiling rustls-webpki v0.101.7
[INFO] [stderr]    Compiling sct v0.7.1
[INFO] [stderr]    Compiling hashlink v0.8.4
[INFO] [stderr]    Compiling libsql-ffi v0.1.0 (https://github.com/tursodatabase/libsql.git#47ec93eb)
[INFO] [stderr]    Compiling futures-executor v0.3.29
[INFO] [stderr]    Compiling futures v0.3.29
[INFO] [stderr]    Compiling bytes v1.5.0
[INFO] [stderr]    Compiling uuid v1.6.1
[INFO] [stderr]    Compiling serde_path_to_error v0.1.14
[INFO] [stderr]    Compiling bincode v1.3.3
[INFO] [stderr]    Compiling serde_urlencoded v0.7.1
[INFO] [stderr]    Compiling serde_spanned v0.6.5
[INFO] [stderr]    Compiling toml_datetime v0.6.5
[INFO] [stderr]    Compiling toml_edit v0.21.0
[INFO] [stderr]    Compiling tokio v1.35.0
[INFO] [stderr]    Compiling http v0.2.11
[INFO] [stderr]    Compiling http v1.0.0
[INFO] [stderr]    Compiling prost v0.12.3
[INFO] [stderr]    Compiling jsonwebtoken v9.2.0
[INFO] [stderr]    Compiling http-body v0.4.6
[INFO] [stderr]    Compiling webdriver v0.46.0
[INFO] [stderr]    Compiling http-body v1.0.0
[INFO] [stderr]    Compiling http-body-util v0.1.0
[INFO] [stderr]    Compiling toml v0.8.8
[INFO] [stderr]    Compiling sailfish-macros v0.8.3
[INFO] [stderr]    Compiling tokio-util v0.7.10
[INFO] [stderr]    Compiling tokio-io-timeout v1.2.0
[INFO] [stderr]    Compiling tokio-rustls v0.24.1
[INFO] [stderr]    Compiling tokio-stream v0.1.14
[INFO] [stderr]    Compiling tokio-native-tls v0.3.1
[INFO] [stderr]    Compiling async-compression v0.4.5
[INFO] [stderr]    Compiling h2 v0.3.22
[INFO] [stderr]    Compiling tower v0.4.13
[INFO] [stderr]    Compiling h2 v0.4.0
[INFO] [stderr]    Compiling tower-http v0.5.0
[INFO] [stderr]    Compiling tower-http v0.4.4
[INFO] [stderr]    Compiling rusqlite v0.29.0 (https://github.com/tursodatabase/libsql.git#47ec93eb)
[INFO] [stderr]    Compiling libsql-sys v0.2.14 (https://github.com/tursodatabase/libsql.git#47ec93eb)
[INFO] [stderr]    Compiling hyper v1.0.1
[INFO] [stderr]    Compiling hyper v0.14.27
[INFO] [stderr]    Compiling hyper-util v0.1.1
[INFO] [stderr]    Compiling hyper-timeout v0.4.1
[INFO] [stderr]    Compiling hyper-tls v0.5.0
[INFO] [stderr]    Compiling hyper-rustls v0.24.2
[INFO] [stderr]    Compiling fantoccini v0.19.3
[INFO] [stderr]    Compiling tonic v0.10.2
[INFO] [stderr]    Compiling tonic-web v0.10.2
[INFO] [stderr]    Compiling libsql-replication v0.1.0 (https://github.com/tursodatabase/libsql.git#47ec93eb)
[INFO] [stderr]    Compiling libsql v0.2.0-alpha.1 (https://github.com/tursodatabase/libsql.git#47ec93eb)
[INFO] [stderr]    Compiling rust-axum-htmx-example v0.1.0 (/opt/rustwide/workdir)
[INFO] [stderr]     Finished dev [unoptimized + debuginfo] target(s) in 1m 10s
[INFO] running `Command { std: "docker" "inspect" "76c51ff1eca5c111503705368b199d1d554afa0e391957384335f112eb163644", kill_on_drop: false }`
[INFO] running `Command { std: "docker" "rm" "-f" "76c51ff1eca5c111503705368b199d1d554afa0e391957384335f112eb163644", kill_on_drop: false }`
[INFO] [stdout] 76c51ff1eca5c111503705368b199d1d554afa0e391957384335f112eb163644
[INFO] running `Command { std: "docker" "create" "-v" "/var/lib/crater-agent-workspace/builds/worker-1-tc2/target:/opt/rustwide/target:rw,Z" "-v" "/var/lib/crater-agent-workspace/builds/worker-1-tc2/source:/opt/rustwide/workdir:ro,Z" "-v" "/var/lib/crater-agent-workspace/cargo-home:/opt/rustwide/cargo-home:ro,Z" "-v" "/var/lib/crater-agent-workspace/rustup-home:/opt/rustwide/rustup-home:ro,Z" "-e" "SOURCE_DIR=/opt/rustwide/workdir" "-e" "CARGO_TARGET_DIR=/opt/rustwide/target" "-e" "CARGO_INCREMENTAL=0" "-e" "RUST_BACKTRACE=full" "-e" "RUSTFLAGS=--cap-lints=warn" "-e" "RUSTDOCFLAGS=--cap-lints=warn" "-e" "CARGO_HOME=/opt/rustwide/cargo-home" "-e" "RUSTUP_HOME=/opt/rustwide/rustup-home" "-w" "/opt/rustwide/workdir" "-m" "1610612736" "--user" "0:0" "--network" "none" "ghcr.io/rust-lang/crates-build-env/linux@sha256:2788e3201cd34a07e3172128adcd8b3090168a8e3bcc40d7c032b9dda1df7d1c" "/opt/rustwide/cargo-home/bin/cargo" "+beta-2023-12-22" "test" "--frozen" "--no-run" "--message-format=json", kill_on_drop: false }`
[INFO] [stdout] 29ba61bae950a2b9f10f9451fd6245443e2229a916a237460209f1d5dcfbf0ee
[INFO] running `Command { std: "docker" "start" "-a" "29ba61bae950a2b9f10f9451fd6245443e2229a916a237460209f1d5dcfbf0ee", kill_on_drop: false }`
[INFO] [stderr]    Compiling rust-axum-htmx-example v0.1.0 (/opt/rustwide/workdir)
[INFO] [stdout] warning: function `e2e_sign_out` is never used
[INFO] [stdout]  --> src/test/e2e_sign_out.rs:2:14
[INFO] [stdout]   |
[INFO] [stdout] 2 | pub async fn e2e_sign_out(
[INFO] [stdout]   |              ^^^^^^^^^^^^
[INFO] [stdout]   |
[INFO] [stdout]   = note: `#[warn(dead_code)]` on by default
[INFO] [stdout] 
[INFO] [stdout] 
[INFO] [stdout] warning: 1 warning emitted
[INFO] [stdout] 
[INFO] [stdout] 
[INFO] [stderr]     Finished test [unoptimized + debuginfo] target(s) in 7.23s
[INFO] running `Command { std: "docker" "inspect" "29ba61bae950a2b9f10f9451fd6245443e2229a916a237460209f1d5dcfbf0ee", kill_on_drop: false }`
[INFO] running `Command { std: "docker" "rm" "-f" "29ba61bae950a2b9f10f9451fd6245443e2229a916a237460209f1d5dcfbf0ee", kill_on_drop: false }`
[INFO] [stdout] 29ba61bae950a2b9f10f9451fd6245443e2229a916a237460209f1d5dcfbf0ee
[INFO] running `Command { std: "docker" "create" "-v" "/var/lib/crater-agent-workspace/builds/worker-1-tc2/target:/opt/rustwide/target:rw,Z" "-v" "/var/lib/crater-agent-workspace/builds/worker-1-tc2/source:/opt/rustwide/workdir:ro,Z" "-v" "/var/lib/crater-agent-workspace/cargo-home:/opt/rustwide/cargo-home:ro,Z" "-v" "/var/lib/crater-agent-workspace/rustup-home:/opt/rustwide/rustup-home:ro,Z" "-e" "SOURCE_DIR=/opt/rustwide/workdir" "-e" "CARGO_TARGET_DIR=/opt/rustwide/target" "-e" "CARGO_INCREMENTAL=0" "-e" "RUST_BACKTRACE=full" "-e" "RUSTFLAGS=--cap-lints=warn" "-e" "RUSTDOCFLAGS=--cap-lints=warn" "-e" "CARGO_HOME=/opt/rustwide/cargo-home" "-e" "RUSTUP_HOME=/opt/rustwide/rustup-home" "-w" "/opt/rustwide/workdir" "-m" "1610612736" "--user" "0:0" "--network" "none" "ghcr.io/rust-lang/crates-build-env/linux@sha256:2788e3201cd34a07e3172128adcd8b3090168a8e3bcc40d7c032b9dda1df7d1c" "/opt/rustwide/cargo-home/bin/cargo" "+beta-2023-12-22" "test" "--frozen", kill_on_drop: false }`
[INFO] [stdout] 03f1590cc79c4c55adeed461cb27bcca83c62b64f01e78efce4572e9be6573dd
[INFO] running `Command { std: "docker" "start" "-a" "03f1590cc79c4c55adeed461cb27bcca83c62b64f01e78efce4572e9be6573dd", kill_on_drop: false }`
[INFO] [stderr] warning: function `e2e_sign_out` is never used
[INFO] [stderr]  --> src/test/e2e_sign_out.rs:2:14
[INFO] [stderr]   |
[INFO] [stderr] 2 | pub async fn e2e_sign_out(
[INFO] [stderr]   |              ^^^^^^^^^^^^
[INFO] [stderr]   |
[INFO] [stderr]   = note: `#[warn(dead_code)]` on by default
[INFO] [stderr] 
[INFO] [stderr] warning: `rust-axum-htmx-example` (bin "rust-axum-htmx-example" test) generated 1 warning
[INFO] [stderr]     Finished test [unoptimized + debuginfo] target(s) in 0.18s
[INFO] [stderr]      Running unittests src/main.rs (/opt/rustwide/target/debug/deps/rust_axum_htmx_example-9adb9a3e7d41872a)
[INFO] [stdout] 
[INFO] [stdout] running 6 tests
[INFO] [stdout] test test::test_sign_in_with_wrong_login ... FAILED
[INFO] [stdout] test test::test_cat_form_visable ... FAILED
[INFO] [stdout] test test::test_sign_up_and_sign_in ... FAILED
[INFO] [stdout] test test::test_sign_up_with_taken_username ... FAILED
[INFO] [stdout] test test::test_add_cat ... FAILED
[INFO] [stdout] test test::test_cat_form_hidden ... FAILED
[INFO] [stdout] 
[INFO] [stdout] failures:
[INFO] [stdout] 
[INFO] [stdout] ---- test::test_sign_in_with_wrong_login stdout ----
[INFO] [stdout] Error: Failed(hyper::Error(Connect, ConnectError("tcp connect error", Os { code: 99, kind: AddrNotAvailable, message: "Cannot assign requested address" })))
[INFO] [stdout] 
[INFO] [stdout] ---- test::test_cat_form_visable stdout ----
[INFO] [stdout] Error: Failed(hyper::Error(Connect, ConnectError("tcp connect error", Os { code: 99, kind: AddrNotAvailable, message: "Cannot assign requested address" })))
[INFO] [stdout] 
[INFO] [stdout] ---- test::test_sign_up_and_sign_in stdout ----
[INFO] [stdout] Error: Failed(hyper::Error(Connect, ConnectError("tcp connect error", Os { code: 99, kind: AddrNotAvailable, message: "Cannot assign requested address" })))
[INFO] [stdout] 
[INFO] [stdout] ---- test::test_sign_up_with_taken_username stdout ----
[INFO] [stdout] Error: Failed(hyper::Error(Connect, ConnectError("tcp connect error", Os { code: 99, kind: AddrNotAvailable, message: "Cannot assign requested address" })))
[INFO] [stdout] 
[INFO] [stdout] ---- test::test_add_cat stdout ----
[INFO] [stdout] Error: Failed(hyper::Error(Connect, ConnectError("tcp connect error", Os { code: 99, kind: AddrNotAvailable, message: "Cannot assign requested address" })))
[INFO] [stdout] 
[INFO] [stdout] ---- test::test_cat_form_hidden stdout ----
[INFO] [stdout] Error: Failed(hyper::Error(Connect, ConnectError("tcp connect error", Os { code: 99, kind: AddrNotAvailable, message: "Cannot assign requested address" })))
[INFO] [stdout] 
[INFO] [stdout] 
[INFO] [stdout] failures:
[INFO] [stdout]     test::test_add_cat
[INFO] [stdout]     test::test_cat_form_hidden
[INFO] [stdout]     test::test_cat_form_visable
[INFO] [stdout]     test::test_sign_in_with_wrong_login
[INFO] [stdout]     test::test_sign_up_and_sign_in
[INFO] [stdout]     test::test_sign_up_with_taken_username
[INFO] [stdout] 
[INFO] [stdout] test result: FAILED. 0 passed; 6 failed; 0 ignored; 0 measured; 0 filtered out; finished in 0.81s
[INFO] [stdout] 
[INFO] [stderr] error: test failed, to rerun pass `--bin rust-axum-htmx-example`
[INFO] running `Command { std: "docker" "inspect" "03f1590cc79c4c55adeed461cb27bcca83c62b64f01e78efce4572e9be6573dd", kill_on_drop: false }`
[INFO] running `Command { std: "docker" "rm" "-f" "03f1590cc79c4c55adeed461cb27bcca83c62b64f01e78efce4572e9be6573dd", kill_on_drop: false }`
[INFO] [stdout] 03f1590cc79c4c55adeed461cb27bcca83c62b64f01e78efce4572e9be6573dd
