[INFO] cloning repository https://github.com/ShoyuVanilla/unity-cli
[INFO] running `Command { std: "git" "-c" "credential.helper=" "-c" "credential.helper=/workspace/cargo-home/bin/git-credential-null" "clone" "--bare" "https://github.com/ShoyuVanilla/unity-cli" "/workspace/cache/git-repos/https%3A%2F%2Fgithub.com%2FShoyuVanilla%2Funity-cli", kill_on_drop: false }`
[INFO] [stderr] Cloning into bare repository '/workspace/cache/git-repos/https%3A%2F%2Fgithub.com%2FShoyuVanilla%2Funity-cli'...
[INFO] running `Command { std: "git" "rev-parse" "HEAD", kill_on_drop: false }`
[INFO] [stdout] adcb3dc6fb1bcc15ea8ef10454fc9c1fd2ebd4a4
[INFO] testing ShoyuVanilla/unity-cli against 1.75.0 for beta-1.76-1
[INFO] running `Command { std: "git" "clone" "/workspace/cache/git-repos/https%3A%2F%2Fgithub.com%2FShoyuVanilla%2Funity-cli" "/workspace/builds/worker-5-tc1/source", kill_on_drop: false }`
[INFO] [stderr] Cloning into '/workspace/builds/worker-5-tc1/source'...
[INFO] [stderr] done.
[INFO] validating manifest of git repo https://github.com/ShoyuVanilla/unity-cli on toolchain 1.75.0
[INFO] running `Command { std: CARGO_HOME="/workspace/cargo-home" RUSTUP_HOME="/workspace/rustup-home" "/workspace/cargo-home/bin/cargo" "+1.75.0" "metadata" "--manifest-path" "Cargo.toml" "--no-deps", kill_on_drop: false }`
[INFO] started tweaking git repo https://github.com/ShoyuVanilla/unity-cli
[INFO] finished tweaking git repo https://github.com/ShoyuVanilla/unity-cli
[INFO] tweaked toml for git repo https://github.com/ShoyuVanilla/unity-cli written to /workspace/builds/worker-5-tc1/source/Cargo.toml
[INFO] crate git repo https://github.com/ShoyuVanilla/unity-cli already has a lockfile, it will not be regenerated
[INFO] running `Command { std: CARGO_HOME="/workspace/cargo-home" RUSTUP_HOME="/workspace/rustup-home" "/workspace/cargo-home/bin/cargo" "+1.75.0" "fetch" "--manifest-path" "Cargo.toml", kill_on_drop: false }`
[INFO] [stderr] warning: virtual workspace defaulting to `resolver = "1"` despite one or more workspace members being on edition 2021 which implies `resolver = "2"`
[INFO] [stderr] note: to keep the current resolver, specify `workspace.resolver = "1"` in the workspace root's manifest
[INFO] [stderr] note: to use the edition 2021 resolver, specify `workspace.resolver = "2"` in the workspace root's manifest
[INFO] [stderr] note: for more details see https://doc.rust-lang.org/cargo/reference/resolver.html#resolver-versions
[INFO] [stderr]     Updating git repository `https://github.com/ShoyuVanilla/mdns-sd.git`
[INFO] [stderr]  Downloading crates ...
[INFO] [stderr]   Downloaded names v0.14.0
[INFO] running `Command { std: "docker" "create" "-v" "/var/lib/crater-agent-workspace/builds/worker-5-tc1/target:/opt/rustwide/target:rw,Z" "-v" "/var/lib/crater-agent-workspace/builds/worker-5-tc1/source:/opt/rustwide/workdir:ro,Z" "-v" "/var/lib/crater-agent-workspace/cargo-home:/opt/rustwide/cargo-home:ro,Z" "-v" "/var/lib/crater-agent-workspace/rustup-home:/opt/rustwide/rustup-home:ro,Z" "-e" "SOURCE_DIR=/opt/rustwide/workdir" "-e" "CARGO_TARGET_DIR=/opt/rustwide/target" "-e" "CARGO_HOME=/opt/rustwide/cargo-home" "-e" "RUSTUP_HOME=/opt/rustwide/rustup-home" "-w" "/opt/rustwide/workdir" "-m" "1610612736" "--user" "0:0" "--network" "none" "ghcr.io/rust-lang/crates-build-env/linux@sha256:2788e3201cd34a07e3172128adcd8b3090168a8e3bcc40d7c032b9dda1df7d1c" "/opt/rustwide/cargo-home/bin/cargo" "+1.75.0" "metadata" "--no-deps" "--format-version=1", kill_on_drop: false }`
[INFO] [stdout] 31be13f96466e2a40b63206f087a5ea37bd95f144483c97cba2bf5e16cddae17
[INFO] running `Command { std: "docker" "start" "-a" "31be13f96466e2a40b63206f087a5ea37bd95f144483c97cba2bf5e16cddae17", kill_on_drop: false }`
[INFO] running `Command { std: "docker" "inspect" "31be13f96466e2a40b63206f087a5ea37bd95f144483c97cba2bf5e16cddae17", kill_on_drop: false }`
[INFO] running `Command { std: "docker" "rm" "-f" "31be13f96466e2a40b63206f087a5ea37bd95f144483c97cba2bf5e16cddae17", kill_on_drop: false }`
[INFO] [stdout] 31be13f96466e2a40b63206f087a5ea37bd95f144483c97cba2bf5e16cddae17
[INFO] running `Command { std: "docker" "create" "-v" "/var/lib/crater-agent-workspace/builds/worker-5-tc1/target:/opt/rustwide/target:rw,Z" "-v" "/var/lib/crater-agent-workspace/builds/worker-5-tc1/source:/opt/rustwide/workdir:ro,Z" "-v" "/var/lib/crater-agent-workspace/cargo-home:/opt/rustwide/cargo-home:ro,Z" "-v" "/var/lib/crater-agent-workspace/rustup-home:/opt/rustwide/rustup-home:ro,Z" "-e" "SOURCE_DIR=/opt/rustwide/workdir" "-e" "CARGO_TARGET_DIR=/opt/rustwide/target" "-e" "CARGO_INCREMENTAL=0" "-e" "RUST_BACKTRACE=full" "-e" "RUSTFLAGS=--cap-lints=warn" "-e" "RUSTDOCFLAGS=--cap-lints=warn" "-e" "CARGO_HOME=/opt/rustwide/cargo-home" "-e" "RUSTUP_HOME=/opt/rustwide/rustup-home" "-w" "/opt/rustwide/workdir" "-m" "1610612736" "--user" "0:0" "--network" "none" "ghcr.io/rust-lang/crates-build-env/linux@sha256:2788e3201cd34a07e3172128adcd8b3090168a8e3bcc40d7c032b9dda1df7d1c" "/opt/rustwide/cargo-home/bin/cargo" "+1.75.0" "build" "--frozen" "--message-format=json", kill_on_drop: false }`
[INFO] [stdout] d97eb7a7a4e91ed521bbb1845ae9368506c46026d4342185a5c902a31610eddc
[INFO] running `Command { std: "docker" "start" "-a" "d97eb7a7a4e91ed521bbb1845ae9368506c46026d4342185a5c902a31610eddc", kill_on_drop: false }`
[INFO] [stderr] warning: virtual workspace defaulting to `resolver = "1"` despite one or more workspace members being on edition 2021 which implies `resolver = "2"`
[INFO] [stderr] note: to keep the current resolver, specify `workspace.resolver = "1"` in the workspace root's manifest
[INFO] [stderr] note: to use the edition 2021 resolver, specify `workspace.resolver = "2"` in the workspace root's manifest
[INFO] [stderr] note: for more details see https://doc.rust-lang.org/cargo/reference/resolver.html#resolver-versions
[INFO] [stderr]    Compiling libc v0.2.144
[INFO] [stderr]    Compiling scopeguard v1.1.0
[INFO] [stderr]    Compiling lock_api v0.4.9
[INFO] [stderr]    Compiling log v0.4.17
[INFO] [stderr]    Compiling once_cell v1.17.1
[INFO] [stderr]    Compiling parking_lot_core v0.9.7
[INFO] [stderr]    Compiling futures-core v0.3.28
[INFO] [stderr]    Compiling syn v2.0.16
[INFO] [stderr]    Compiling smallvec v1.10.0
[INFO] [stderr]    Compiling crossbeam-utils v0.8.15
[INFO] [stderr]    Compiling pin-project-lite v0.2.9
[INFO] [stderr]    Compiling tracing-core v0.1.31
[INFO] [stderr]    Compiling io-lifetimes v1.0.11
[INFO] [stderr]    Compiling heck v0.4.1
[INFO] [stderr]    Compiling rustix v0.37.19
[INFO] [stderr]    Compiling proc-macro-error-attr v1.0.4
[INFO] [stderr]    Compiling tokio v1.28.1
[INFO] [stderr]    Compiling serde v1.0.163
[INFO] [stderr]    Compiling linux-raw-sys v0.3.8
[INFO] [stderr]    Compiling proc-macro-error v1.0.4
[INFO] [stderr]    Compiling crossbeam-epoch v0.9.15
[INFO] [stderr]    Compiling slab v0.4.8
[INFO] [stderr]    Compiling polling v2.8.0
[INFO] [stderr]    Compiling anyhow v1.0.71
[INFO] [stderr]    Compiling utf8parse v0.2.1
[INFO] [stderr]    Compiling futures-channel v0.3.28
[INFO] [stderr]    Compiling signal-hook v0.3.15
[INFO] [stderr]    Compiling futures-task v0.3.28
[INFO] [stderr]    Compiling bytes v1.4.0
[INFO] [stderr]    Compiling memchr v2.5.0
[INFO] [stderr]    Compiling anstyle-parse v0.2.0
[INFO] [stderr]    Compiling crossbeam-channel v0.5.8
[INFO] [stderr]    Compiling syn v1.0.109
[INFO] [stderr]    Compiling spin v0.9.8
[INFO] [stderr]    Compiling hashbrown v0.12.3
[INFO] [stderr]    Compiling parking_lot v0.12.1
[INFO] [stderr]    Compiling signal-hook-registry v1.4.1
[INFO] [stderr]    Compiling mio v0.8.6
[INFO] [stderr]    Compiling socket2 v0.4.9
[INFO] [stderr]    Compiling num_cpus v1.15.0
[INFO] [stderr]    Compiling getrandom v0.2.9
[INFO] [stderr]    Compiling crossbeam-queue v0.3.8
[INFO] [stderr]    Compiling rand_core v0.6.4
[INFO] [stderr]    Compiling anstyle-query v1.0.0
[INFO] [stderr]    Compiling anstyle v1.0.0
[INFO] [stderr]    Compiling colorchoice v1.0.0
[INFO] [stderr]    Compiling ppv-lite86 v0.2.17
[INFO] [stderr]    Compiling futures-util v0.3.28
[INFO] [stderr]    Compiling if-addrs v0.7.0
[INFO] [stderr]    Compiling rand_chacha v0.3.1
[INFO] [stderr]    Compiling is-terminal v0.4.7
[INFO] [stderr]    Compiling anstream v0.3.2
[INFO] [stderr]    Compiling overload v0.1.1
[INFO] [stderr]    Compiling clap_lex v0.5.0
[INFO] [stderr]    Compiling futures-io v0.3.28
[INFO] [stderr]    Compiling time-core v0.1.1
[INFO] [stderr]    Compiling os_str_bytes v6.5.0
[INFO] [stderr]    Compiling itoa v1.0.6
[INFO] [stderr]    Compiling clap_builder v4.3.1
[INFO] [stderr]    Compiling time v0.3.22
[INFO] [stderr]    Compiling nu-ansi-term v0.46.0
[INFO] [stderr]    Compiling crossbeam-deque v0.8.3
[INFO] [stderr]    Compiling rand v0.8.5
[INFO] [stderr]    Compiling clap_lex v0.2.4
[INFO] [stderr]    Compiling signal-hook-mio v0.2.3
[INFO] [stderr]    Compiling indexmap v1.9.3
[INFO] [stderr]    Compiling tracing-log v0.1.3
[INFO] [stderr]    Compiling sharded-slab v0.1.4
[INFO] [stderr]    Compiling atty v0.2.14
[INFO] [stderr]    Compiling thread_local v1.1.7
[INFO] [stderr]    Compiling textwrap v0.16.0
[INFO] [stderr]    Compiling termcolor v1.2.0
[INFO] [stderr]    Compiling names v0.14.0
[INFO] [stderr]    Compiling tracing-subscriber v0.3.17
[INFO] [stderr]    Compiling crossbeam v0.8.2
[INFO] [stderr]    Compiling crossterm v0.26.1
[INFO] [stderr]    Compiling uuid v1.3.3
[INFO] [stderr]    Compiling dashmap v5.4.0
[INFO] [stderr]    Compiling socket2 v0.5.3
[INFO] [stderr]    Compiling gethostname v0.4.3
[INFO] [stderr]    Compiling pin-project-internal v1.1.0
[INFO] [stderr]    Compiling tokio-macros v2.1.0
[INFO] [stderr]    Compiling serde_derive v1.0.163
[INFO] [stderr]    Compiling tracing-attributes v0.1.24
[INFO] [stderr]    Compiling futures-macro v0.3.28
[INFO] [stderr]    Compiling clap_derive v3.2.25
[INFO] [stderr]    Compiling clap_derive v4.3.2
[INFO] [stderr]    Compiling pin-project v1.1.0
[INFO] [stderr]    Compiling flume v0.10.14
[INFO] [stderr]    Compiling tracing v0.1.37
[INFO] [stderr]    Compiling mdns-sd v0.7.3 (https://github.com/ShoyuVanilla/mdns-sd.git?rev=e3be0c744e3918eb913f6f7bbe76703d302e6fe3#e3be0c74)
[INFO] [stderr]    Compiling tracing-appender v0.2.2
[INFO] [stderr]    Compiling clap v3.2.25
[INFO] [stderr]    Compiling clap v4.3.2
[INFO] [stderr]    Compiling futures-executor v0.3.28
[INFO] [stderr]    Compiling futures v0.3.28
[INFO] [stderr]    Compiling tokio-util v0.7.8
[INFO] [stderr]    Compiling bincode v1.3.3
[INFO] [stderr]    Compiling common v0.1.0 (/opt/rustwide/workdir/common)
[INFO] [stderr]    Compiling ucli v0.1.0 (/opt/rustwide/workdir/ucli)
[INFO] [stderr]    Compiling ucli-server v0.1.0 (/opt/rustwide/workdir/ucli-server)
[INFO] [stdout] warning: unused import: `Receiver`
[INFO] [stdout]  --> ucli/src/terminal.rs:3:26
[INFO] [stdout]   |
[INFO] [stdout] 3 | use crossbeam::channel::{Receiver, Sender};
[INFO] [stdout]   |                          ^^^^^^^^
[INFO] [stdout]   |
[INFO] [stdout]   = note: `#[warn(unused_imports)]` on by default
[INFO] [stdout] 
[INFO] [stdout] 
[INFO] [stdout] warning: unreachable statement
[INFO] [stdout]   --> ucli/src/terminal.rs:46:9
[INFO] [stdout]    |
[INFO] [stdout] 28 | /         match self {
[INFO] [stdout] 29 | |             Self::ServerMessage(ServerMessage::IsBusy) => {
[INFO] [stdout] 30 | |                 todo!();
[INFO] [stdout] 31 | |             }
[INFO] [stdout] ...  |
[INFO] [stdout] 44 | |             }
[INFO] [stdout] 45 | |         }
[INFO] [stdout]    | |_________- any code following this `match` expression is unreachable, as all arms diverge
[INFO] [stdout] 46 |           stdout.execute(SetForegroundColor(Color::Red)).unwrap();
[INFO] [stdout]    |           ^^^^^^^^^^^^^^^^^^^^^^^^^^^^^^^^^^^^^^^^^^^^^^^^^^^^^^^^ unreachable statement
[INFO] [stdout]    |
[INFO] [stdout]    = note: `#[warn(unreachable_code)]` on by default
[INFO] [stdout] 
[INFO] [stdout] 
[INFO] [stdout] warning: unused variable: `log_type`
[INFO] [stdout]   --> ucli/src/terminal.rs:33:17
[INFO] [stdout]    |
[INFO] [stdout] 33 |                 log_type,
[INFO] [stdout]    |                 ^^^^^^^^ help: try ignoring the field: `log_type: _`
[INFO] [stdout]    |
[INFO] [stdout]    = note: `#[warn(unused_variables)]` on by default
[INFO] [stdout] 
[INFO] [stdout] 
[INFO] [stdout] warning: unused variable: `log`
[INFO] [stdout]   --> ucli/src/terminal.rs:34:17
[INFO] [stdout]    |
[INFO] [stdout] 34 |                 log,
[INFO] [stdout]    |                 ^^^ help: try ignoring the field: `log: _`
[INFO] [stdout] 
[INFO] [stdout] 
[INFO] [stdout] warning: unused variable: `stack_trace`
[INFO] [stdout]   --> ucli/src/terminal.rs:35:17
[INFO] [stdout]    |
[INFO] [stdout] 35 |                 stack_trace,
[INFO] [stdout]    |                 ^^^^^^^^^^^ help: try ignoring the field: `stack_trace: _`
[INFO] [stdout] 
[INFO] [stdout] 
[INFO] [stdout] warning: unused variable: `is_success`
[INFO] [stdout]   --> ucli/src/terminal.rs:39:66
[INFO] [stdout]    |
[INFO] [stdout] 39 |             Self::ServerMessage(ServerMessage::CommandFinished { is_success, msg }) => {
[INFO] [stdout]    |                                                                  ^^^^^^^^^^ help: try ignoring the field: `is_success: _`
[INFO] [stdout] 
[INFO] [stdout] 
[INFO] [stdout] warning: unused variable: `msg`
[INFO] [stdout]   --> ucli/src/terminal.rs:39:78
[INFO] [stdout]    |
[INFO] [stdout] 39 |             Self::ServerMessage(ServerMessage::CommandFinished { is_success, msg }) => {
[INFO] [stdout]    |                                                                              ^^^ help: try ignoring the field: `msg: _`
[INFO] [stdout] 
[INFO] [stdout] 
[INFO] [stdout] warning: unused variable: `stdout`
[INFO] [stdout]   --> ucli/src/terminal.rs:27:52
[INFO] [stdout]    |
[INFO] [stdout] 27 |     fn print_to_console<T: Write, U: Write>(&self, stdout: &mut T, stderr: &mut U) {
[INFO] [stdout]    |                                                    ^^^^^^ help: if this is intentional, prefix it with an underscore: `_stdout`
[INFO] [stdout] 
[INFO] [stdout] 
[INFO] [stdout] warning: unused variable: `stderr`
[INFO] [stdout]   --> ucli/src/terminal.rs:27:68
[INFO] [stdout]    |
[INFO] [stdout] 27 |     fn print_to_console<T: Write, U: Write>(&self, stdout: &mut T, stderr: &mut U) {
[INFO] [stdout]    |                                                                    ^^^^^^ help: if this is intentional, prefix it with an underscore: `_stderr`
[INFO] [stdout] 
[INFO] [stdout] 
[INFO] [stdout] warning: unused variable: `discovery_args`
[INFO] [stdout]  --> ucli/src/lib.rs:9:33
[INFO] [stdout]   |
[INFO] [stdout] 9 |         CliArgs::ListSessions { discovery_args } => {}
[INFO] [stdout]   |                                 ^^^^^^^^^^^^^^ help: try ignoring the field: `discovery_args: _`
[INFO] [stdout] 
[INFO] [stdout] 
[INFO] [stdout] warning: unused variable: `discovery_args`
[INFO] [stdout]   --> ucli/src/lib.rs:10:28
[INFO] [stdout]    |
[INFO] [stdout] 10 |         CliArgs::Compile { discovery_args } => {}
[INFO] [stdout]    |                            ^^^^^^^^^^^^^^ help: try ignoring the field: `discovery_args: _`
[INFO] [stdout] 
[INFO] [stdout] 
[INFO] [stdout] warning: unused variable: `command`
[INFO] [stdout]   --> ucli/src/lib.rs:12:13
[INFO] [stdout]    |
[INFO] [stdout] 12 |             command,
[INFO] [stdout]    |             ^^^^^^^ help: try ignoring the field: `command: _`
[INFO] [stdout] 
[INFO] [stdout] 
[INFO] [stdout] warning: unused variable: `args`
[INFO] [stdout]   --> ucli/src/lib.rs:13:13
[INFO] [stdout]    |
[INFO] [stdout] 13 |             args,
[INFO] [stdout]    |             ^^^^ help: try ignoring the field: `args: _`
[INFO] [stdout] 
[INFO] [stdout] 
[INFO] [stdout] warning: unused variable: `discovery_args`
[INFO] [stdout]   --> ucli/src/lib.rs:14:13
[INFO] [stdout]    |
[INFO] [stdout] 14 |             discovery_args,
[INFO] [stdout]    |             ^^^^^^^^^^^^^^ help: try ignoring the field: `discovery_args: _`
[INFO] [stdout] 
[INFO] [stdout] 
[INFO] [stdout] warning: struct `UnityService` is never constructed
[INFO] [stdout]   --> ucli/src/service_discovery.rs:15:12
[INFO] [stdout]    |
[INFO] [stdout] 15 | pub struct UnityService {
[INFO] [stdout]    |            ^^^^^^^^^^^^
[INFO] [stdout]    |
[INFO] [stdout]    = note: `#[warn(dead_code)]` on by default
[INFO] [stdout] 
[INFO] [stdout] 
[INFO] [stdout] warning: function `discover_service` is never used
[INFO] [stdout]   --> ucli/src/service_discovery.rs:24:8
[INFO] [stdout]    |
[INFO] [stdout] 24 | pub fn discover_service(args: DiscoveryArgs) -> Vec<UnityService> {
[INFO] [stdout]    |        ^^^^^^^^^^^^^^^^
[INFO] [stdout] 
[INFO] [stdout] 
[INFO] [stdout] warning: function `filter_service` is never used
[INFO] [stdout]   --> ucli/src/service_discovery.rs:47:4
[INFO] [stdout]    |
[INFO] [stdout] 47 | fn filter_service(info: &ServiceInfo, args: &DiscoveryArgs) -> Option<(bool, UnityService)> {
[INFO] [stdout]    |    ^^^^^^^^^^^^^^
[INFO] [stdout] 
[INFO] [stdout] 
[INFO] [stdout] warning: field `inner` is never read
[INFO] [stdout]   --> ucli/src/terminal.rs:13:5
[INFO] [stdout]    |
[INFO] [stdout] 12 | pub struct TerminalWriter {
[INFO] [stdout]    |            -------------- field in this struct
[INFO] [stdout] 13 |     inner: Sender<Output>,
[INFO] [stdout]    |     ^^^^^
[INFO] [stdout]    |
[INFO] [stdout]    = note: `TerminalWriter` has a derived impl for the trait `Clone`, but this is intentionally ignored during dead code analysis
[INFO] [stdout] 
[INFO] [stdout] 
[INFO] [stdout] warning: method `write_server_msg` is never used
[INFO] [stdout]   --> ucli/src/terminal.rs:17:12
[INFO] [stdout]    |
[INFO] [stdout] 16 | impl TerminalWriter {
[INFO] [stdout]    | ------------------- method in this implementation
[INFO] [stdout] 17 |     pub fn write_server_msg(&self, item: ServerMessage) {
[INFO] [stdout]    |            ^^^^^^^^^^^^^^^^
[INFO] [stdout] 
[INFO] [stdout] 
[INFO] [stdout] warning: variant `ServerMessage` is never constructed
[INFO] [stdout]   --> ucli/src/terminal.rs:23:5
[INFO] [stdout]    |
[INFO] [stdout] 22 | enum Output {
[INFO] [stdout]    |      ------ variant in this enum
[INFO] [stdout] 23 |     ServerMessage(ServerMessage),
[INFO] [stdout]    |     ^^^^^^^^^^^^^
[INFO] [stdout] 
[INFO] [stdout] 
[INFO] [stdout] warning: method `print_to_console` is never used
[INFO] [stdout]   --> ucli/src/terminal.rs:27:8
[INFO] [stdout]    |
[INFO] [stdout] 26 | impl Output {
[INFO] [stdout]    | ----------- method in this implementation
[INFO] [stdout] 27 |     fn print_to_console<T: Write, U: Write>(&self, stdout: &mut T, stderr: &mut U) {
[INFO] [stdout]    |        ^^^^^^^^^^^^^^^^
[INFO] [stdout] 
[INFO] [stdout] 
[INFO] [stdout] warning: function `print_loop` is never used
[INFO] [stdout]   --> ucli/src/terminal.rs:50:8
[INFO] [stdout]    |
[INFO] [stdout] 50 | pub fn print_loop<T: Write + Send + 'static, U: Write + Send + 'static>(
[INFO] [stdout]    |        ^^^^^^^^^^
[INFO] [stdout] 
[INFO] [stdout] 
[INFO] [stdout] warning: 22 warnings emitted
[INFO] [stdout] 
[INFO] [stdout] 
[INFO] [stderr]     Finished dev [unoptimized + debuginfo] target(s) in 57.77s
[INFO] running `Command { std: "docker" "inspect" "d97eb7a7a4e91ed521bbb1845ae9368506c46026d4342185a5c902a31610eddc", kill_on_drop: false }`
[INFO] running `Command { std: "docker" "rm" "-f" "d97eb7a7a4e91ed521bbb1845ae9368506c46026d4342185a5c902a31610eddc", kill_on_drop: false }`
[INFO] [stdout] d97eb7a7a4e91ed521bbb1845ae9368506c46026d4342185a5c902a31610eddc
[INFO] running `Command { std: "docker" "create" "-v" "/var/lib/crater-agent-workspace/builds/worker-5-tc1/target:/opt/rustwide/target:rw,Z" "-v" "/var/lib/crater-agent-workspace/builds/worker-5-tc1/source:/opt/rustwide/workdir:ro,Z" "-v" "/var/lib/crater-agent-workspace/cargo-home:/opt/rustwide/cargo-home:ro,Z" "-v" "/var/lib/crater-agent-workspace/rustup-home:/opt/rustwide/rustup-home:ro,Z" "-e" "SOURCE_DIR=/opt/rustwide/workdir" "-e" "CARGO_TARGET_DIR=/opt/rustwide/target" "-e" "CARGO_INCREMENTAL=0" "-e" "RUST_BACKTRACE=full" "-e" "RUSTFLAGS=--cap-lints=warn" "-e" "RUSTDOCFLAGS=--cap-lints=warn" "-e" "CARGO_HOME=/opt/rustwide/cargo-home" "-e" "RUSTUP_HOME=/opt/rustwide/rustup-home" "-w" "/opt/rustwide/workdir" "-m" "1610612736" "--user" "0:0" "--network" "none" "ghcr.io/rust-lang/crates-build-env/linux@sha256:2788e3201cd34a07e3172128adcd8b3090168a8e3bcc40d7c032b9dda1df7d1c" "/opt/rustwide/cargo-home/bin/cargo" "+1.75.0" "test" "--frozen" "--no-run" "--message-format=json", kill_on_drop: false }`
[INFO] [stdout] 7fd65a7c7d720ce3b82a0790227acaf840c2a9857089e813737363557acfabf3
[INFO] running `Command { std: "docker" "start" "-a" "7fd65a7c7d720ce3b82a0790227acaf840c2a9857089e813737363557acfabf3", kill_on_drop: false }`
[INFO] [stderr] warning: virtual workspace defaulting to `resolver = "1"` despite one or more workspace members being on edition 2021 which implies `resolver = "2"`
[INFO] [stderr] note: to keep the current resolver, specify `workspace.resolver = "1"` in the workspace root's manifest
[INFO] [stderr] note: to use the edition 2021 resolver, specify `workspace.resolver = "2"` in the workspace root's manifest
[INFO] [stderr] note: for more details see https://doc.rust-lang.org/cargo/reference/resolver.html#resolver-versions
[INFO] [stderr]    Compiling common v0.1.0 (/opt/rustwide/workdir/common)
[INFO] [stdout] warning: unused import: `Receiver`
[INFO] [stdout]  --> ucli/src/terminal.rs:3:26
[INFO] [stdout]   |
[INFO] [stdout] 3 | use crossbeam::channel::{Receiver, Sender};
[INFO] [stdout]   |                          ^^^^^^^^
[INFO] [stdout]   |
[INFO] [stdout]   = note: `#[warn(unused_imports)]` on by default
[INFO] [stdout] 
[INFO] [stdout] 
[INFO] [stdout] warning: unreachable statement
[INFO] [stdout]   --> ucli/src/terminal.rs:46:9
[INFO] [stdout]    |
[INFO] [stdout] 28 | /         match self {
[INFO] [stdout] 29 | |             Self::ServerMessage(ServerMessage::IsBusy) => {
[INFO] [stdout] 30 | |                 todo!();
[INFO] [stdout] 31 | |             }
[INFO] [stdout] ...  |
[INFO] [stdout] 44 | |             }
[INFO] [stdout] 45 | |         }
[INFO] [stdout]    | |_________- any code following this `match` expression is unreachable, as all arms diverge
[INFO] [stdout] 46 |           stdout.execute(SetForegroundColor(Color::Red)).unwrap();
[INFO] [stdout]    |           ^^^^^^^^^^^^^^^^^^^^^^^^^^^^^^^^^^^^^^^^^^^^^^^^^^^^^^^^ unreachable statement
[INFO] [stdout]    |
[INFO] [stdout]    = note: `#[warn(unreachable_code)]` on by default
[INFO] [stdout] 
[INFO] [stdout] 
[INFO] [stdout] warning: unused variable: `log_type`
[INFO] [stdout]   --> ucli/src/terminal.rs:33:17
[INFO] [stdout]    |
[INFO] [stdout] 33 |                 log_type,
[INFO] [stdout]    |                 ^^^^^^^^ help: try ignoring the field: `log_type: _`
[INFO] [stdout]    |
[INFO] [stdout]    = note: `#[warn(unused_variables)]` on by default
[INFO] [stdout] 
[INFO] [stdout] 
[INFO] [stdout] warning: unused variable: `log`
[INFO] [stdout]   --> ucli/src/terminal.rs:34:17
[INFO] [stdout]    |
[INFO] [stdout] 34 |                 log,
[INFO] [stdout]    |                 ^^^ help: try ignoring the field: `log: _`
[INFO] [stdout] 
[INFO] [stdout] 
[INFO] [stdout] warning: unused variable: `stack_trace`
[INFO] [stdout]   --> ucli/src/terminal.rs:35:17
[INFO] [stdout]    |
[INFO] [stdout] 35 |                 stack_trace,
[INFO] [stdout]    |                 ^^^^^^^^^^^ help: try ignoring the field: `stack_trace: _`
[INFO] [stdout] 
[INFO] [stdout] 
[INFO] [stdout] warning: unused variable: `is_success`
[INFO] [stdout]   --> ucli/src/terminal.rs:39:66
[INFO] [stdout]    |
[INFO] [stdout] 39 |             Self::ServerMessage(ServerMessage::CommandFinished { is_success, msg }) => {
[INFO] [stdout]    |                                                                  ^^^^^^^^^^ help: try ignoring the field: `is_success: _`
[INFO] [stdout] 
[INFO] [stdout] 
[INFO] [stdout] warning: unused variable: `msg`
[INFO] [stdout]   --> ucli/src/terminal.rs:39:78
[INFO] [stdout]    |
[INFO] [stdout] 39 |             Self::ServerMessage(ServerMessage::CommandFinished { is_success, msg }) => {
[INFO] [stdout]    |                                                                              ^^^ help: try ignoring the field: `msg: _`
[INFO] [stdout] 
[INFO] [stdout] 
[INFO] [stdout] warning: unused variable: `stdout`
[INFO] [stdout]   --> ucli/src/terminal.rs:27:52
[INFO] [stdout]    |
[INFO] [stdout] 27 |     fn print_to_console<T: Write, U: Write>(&self, stdout: &mut T, stderr: &mut U) {
[INFO] [stdout]    |                                                    ^^^^^^ help: if this is intentional, prefix it with an underscore: `_stdout`
[INFO] [stdout] 
[INFO] [stdout] 
[INFO] [stdout] warning: unused variable: `stderr`
[INFO] [stdout]   --> ucli/src/terminal.rs:27:68
[INFO] [stdout]    |
[INFO] [stdout] 27 |     fn print_to_console<T: Write, U: Write>(&self, stdout: &mut T, stderr: &mut U) {
[INFO] [stdout]    |                                                                    ^^^^^^ help: if this is intentional, prefix it with an underscore: `_stderr`
[INFO] [stdout] 
[INFO] [stdout] 
[INFO] [stdout] warning: unused variable: `discovery_args`
[INFO] [stdout]  --> ucli/src/lib.rs:9:33
[INFO] [stdout]   |
[INFO] [stdout] 9 |         CliArgs::ListSessions { discovery_args } => {}
[INFO] [stdout]   |                                 ^^^^^^^^^^^^^^ help: try ignoring the field: `discovery_args: _`
[INFO] [stdout] 
[INFO] [stdout] 
[INFO] [stdout] warning: unused variable: `discovery_args`
[INFO] [stdout]   --> ucli/src/lib.rs:10:28
[INFO] [stdout]    |
[INFO] [stdout] 10 |         CliArgs::Compile { discovery_args } => {}
[INFO] [stdout]    |                            ^^^^^^^^^^^^^^ help: try ignoring the field: `discovery_args: _`
[INFO] [stdout] 
[INFO] [stdout] 
[INFO] [stdout] warning: unused variable: `command`
[INFO] [stdout]   --> ucli/src/lib.rs:12:13
[INFO] [stdout]    |
[INFO] [stdout] 12 |             command,
[INFO] [stdout]    |             ^^^^^^^ help: try ignoring the field: `command: _`
[INFO] [stdout] 
[INFO] [stdout] 
[INFO] [stdout] warning: unused variable: `args`
[INFO] [stdout]   --> ucli/src/lib.rs:13:13
[INFO] [stdout]    |
[INFO] [stdout] 13 |             args,
[INFO] [stdout]    |             ^^^^ help: try ignoring the field: `args: _`
[INFO] [stdout] 
[INFO] [stdout] 
[INFO] [stdout] warning: unused variable: `discovery_args`
[INFO] [stdout]   --> ucli/src/lib.rs:14:13
[INFO] [stdout]    |
[INFO] [stdout] 14 |             discovery_args,
[INFO] [stdout]    |             ^^^^^^^^^^^^^^ help: try ignoring the field: `discovery_args: _`
[INFO] [stdout] 
[INFO] [stdout] 
[INFO] [stdout] warning: struct `UnityService` is never constructed
[INFO] [stdout]   --> ucli/src/service_discovery.rs:15:12
[INFO] [stdout]    |
[INFO] [stdout] 15 | pub struct UnityService {
[INFO] [stdout]    |            ^^^^^^^^^^^^
[INFO] [stdout]    |
[INFO] [stdout]    = note: `#[warn(dead_code)]` on by default
[INFO] [stdout] 
[INFO] [stdout] 
[INFO] [stdout] warning: function `discover_service` is never used
[INFO] [stdout]   --> ucli/src/service_discovery.rs:24:8
[INFO] [stdout]    |
[INFO] [stdout] 24 | pub fn discover_service(args: DiscoveryArgs) -> Vec<UnityService> {
[INFO] [stdout]    |        ^^^^^^^^^^^^^^^^
[INFO] [stdout] 
[INFO] [stdout] 
[INFO] [stdout] warning: function `filter_service` is never used
[INFO] [stdout]   --> ucli/src/service_discovery.rs:47:4
[INFO] [stdout]    |
[INFO] [stdout] 47 | fn filter_service(info: &ServiceInfo, args: &DiscoveryArgs) -> Option<(bool, UnityService)> {
[INFO] [stdout]    |    ^^^^^^^^^^^^^^
[INFO] [stdout] 
[INFO] [stdout] 
[INFO] [stderr]    Compiling ucli v0.1.0 (/opt/rustwide/workdir/ucli)
[INFO] [stdout] warning: field `inner` is never read
[INFO] [stdout]   --> ucli/src/terminal.rs:13:5
[INFO] [stdout]    |
[INFO] [stdout] 12 | pub struct TerminalWriter {
[INFO] [stdout]    |            -------------- field in this struct
[INFO] [stdout] 13 |     inner: Sender<Output>,
[INFO] [stdout]    |     ^^^^^
[INFO] [stdout]    |
[INFO] [stdout]    = note: `TerminalWriter` has a derived impl for the trait `Clone`, but this is intentionally ignored during dead code analysis
[INFO] [stdout] 
[INFO] [stdout] 
[INFO] [stderr]    Compiling ucli-server v0.1.0 (/opt/rustwide/workdir/ucli-server)
[INFO] [stdout] warning: method `write_server_msg` is never used
[INFO] [stdout]   --> ucli/src/terminal.rs:17:12
[INFO] [stdout]    |
[INFO] [stdout] 16 | impl TerminalWriter {
[INFO] [stdout]    | ------------------- method in this implementation
[INFO] [stdout] 17 |     pub fn write_server_msg(&self, item: ServerMessage) {
[INFO] [stdout]    |            ^^^^^^^^^^^^^^^^
[INFO] [stdout] 
[INFO] [stdout] 
[INFO] [stdout] warning: variant `ServerMessage` is never constructed
[INFO] [stdout]   --> ucli/src/terminal.rs:23:5
[INFO] [stdout]    |
[INFO] [stdout] 22 | enum Output {
[INFO] [stdout]    |      ------ variant in this enum
[INFO] [stdout] 23 |     ServerMessage(ServerMessage),
[INFO] [stdout]    |     ^^^^^^^^^^^^^
[INFO] [stdout] 
[INFO] [stdout] 
[INFO] [stdout] warning: method `print_to_console` is never used
[INFO] [stdout]   --> ucli/src/terminal.rs:27:8
[INFO] [stdout]    |
[INFO] [stdout] 26 | impl Output {
[INFO] [stdout]    | ----------- method in this implementation
[INFO] [stdout] 27 |     fn print_to_console<T: Write, U: Write>(&self, stdout: &mut T, stderr: &mut U) {
[INFO] [stdout]    |        ^^^^^^^^^^^^^^^^
[INFO] [stdout] 
[INFO] [stdout] 
[INFO] [stdout] warning: function `print_loop` is never used
[INFO] [stdout]   --> ucli/src/terminal.rs:50:8
[INFO] [stdout]    |
[INFO] [stdout] 50 | pub fn print_loop<T: Write + Send + 'static, U: Write + Send + 'static>(
[INFO] [stdout]    |        ^^^^^^^^^^
[INFO] [stdout] 
[INFO] [stdout] 
[INFO] [stdout] warning: 22 warnings emitted
[INFO] [stdout] 
[INFO] [stdout] 
[INFO] [stdout] warning: unused import: `Receiver`
[INFO] [stdout]  --> ucli/src/terminal.rs:3:26
[INFO] [stdout]   |
[INFO] [stdout] 3 | use crossbeam::channel::{Receiver, Sender};
[INFO] [stdout]   |                          ^^^^^^^^
[INFO] [stdout]   |
[INFO] [stdout]   = note: `#[warn(unused_imports)]` on by default
[INFO] [stdout] 
[INFO] [stdout] 
[INFO] [stdout] warning: unused variable: `conn_b`
[INFO] [stdout]    --> ucli-server/tests/main.rs:121:13
[INFO] [stdout]     |
[INFO] [stdout] 121 |     let mut conn_b = TcpStream::connect(format!("127.0.0.1:{}", port_b)).unwrap();
[INFO] [stdout]     |             ^^^^^^ help: if this is intentional, prefix it with an underscore: `_conn_b`
[INFO] [stdout]     |
[INFO] [stdout]     = note: `#[warn(unused_variables)]` on by default
[INFO] [stdout] 
[INFO] [stdout] 
[INFO] [stdout] warning: variable does not need to be mutable
[INFO] [stdout]    --> ucli-server/tests/main.rs:121:9
[INFO] [stdout]     |
[INFO] [stdout] 121 |     let mut conn_b = TcpStream::connect(format!("127.0.0.1:{}", port_b)).unwrap();
[INFO] [stdout]     |         ----^^^^^^
[INFO] [stdout]     |         |
[INFO] [stdout]     |         help: remove this `mut`
[INFO] [stdout]     |
[INFO] [stdout]     = note: `#[warn(unused_mut)]` on by default
[INFO] [stdout] 
[INFO] [stdout] 
[INFO] [stdout] warning: unreachable statement
[INFO] [stdout]   --> ucli/src/terminal.rs:46:9
[INFO] [stdout]    |
[INFO] [stdout] 28 | /         match self {
[INFO] [stdout] 29 | |             Self::ServerMessage(ServerMessage::IsBusy) => {
[INFO] [stdout] 30 | |                 todo!();
[INFO] [stdout] 31 | |             }
[INFO] [stdout] ...  |
[INFO] [stdout] 44 | |             }
[INFO] [stdout] 45 | |         }
[INFO] [stdout]    | |_________- any code following this `match` expression is unreachable, as all arms diverge
[INFO] [stdout] 46 |           stdout.execute(SetForegroundColor(Color::Red)).unwrap();
[INFO] [stdout]    |           ^^^^^^^^^^^^^^^^^^^^^^^^^^^^^^^^^^^^^^^^^^^^^^^^^^^^^^^^ unreachable statement
[INFO] [stdout]    |
[INFO] [stdout]    = note: `#[warn(unreachable_code)]` on by default
[INFO] [stdout] 
[INFO] [stdout] 
[INFO] [stdout] warning: unused variable: `log_type`
[INFO] [stdout]   --> ucli/src/terminal.rs:33:17
[INFO] [stdout]    |
[INFO] [stdout] 33 |                 log_type,
[INFO] [stdout]    |                 ^^^^^^^^ help: try ignoring the field: `log_type: _`
[INFO] [stdout]    |
[INFO] [stdout]    = note: `#[warn(unused_variables)]` on by default
[INFO] [stdout] 
[INFO] [stdout] 
[INFO] [stdout] warning: unused variable: `log`
[INFO] [stdout]   --> ucli/src/terminal.rs:34:17
[INFO] [stdout]    |
[INFO] [stdout] 34 |                 log,
[INFO] [stdout]    |                 ^^^ help: try ignoring the field: `log: _`
[INFO] [stdout] 
[INFO] [stdout] 
[INFO] [stdout] warning: unused variable: `stack_trace`
[INFO] [stdout]   --> ucli/src/terminal.rs:35:17
[INFO] [stdout]    |
[INFO] [stdout] 35 |                 stack_trace,
[INFO] [stdout]    |                 ^^^^^^^^^^^ help: try ignoring the field: `stack_trace: _`
[INFO] [stdout] 
[INFO] [stdout] 
[INFO] [stdout] warning: unused variable: `is_success`
[INFO] [stdout]   --> ucli/src/terminal.rs:39:66
[INFO] [stdout]    |
[INFO] [stdout] 39 |             Self::ServerMessage(ServerMessage::CommandFinished { is_success, msg }) => {
[INFO] [stdout]    |                                                                  ^^^^^^^^^^ help: try ignoring the field: `is_success: _`
[INFO] [stdout] 
[INFO] [stdout] 
[INFO] [stdout] warning: unused variable: `msg`
[INFO] [stdout]   --> ucli/src/terminal.rs:39:78
[INFO] [stdout]    |
[INFO] [stdout] 39 |             Self::ServerMessage(ServerMessage::CommandFinished { is_success, msg }) => {
[INFO] [stdout]    |                                                                              ^^^ help: try ignoring the field: `msg: _`
[INFO] [stdout] 
[INFO] [stdout] 
[INFO] [stdout] warning: unused variable: `stdout`
[INFO] [stdout]   --> ucli/src/terminal.rs:27:52
[INFO] [stdout]    |
[INFO] [stdout] 27 |     fn print_to_console<T: Write, U: Write>(&self, stdout: &mut T, stderr: &mut U) {
[INFO] [stdout]    |                                                    ^^^^^^ help: if this is intentional, prefix it with an underscore: `_stdout`
[INFO] [stdout] 
[INFO] [stdout] 
[INFO] [stdout] warning: unused variable: `stderr`
[INFO] [stdout]   --> ucli/src/terminal.rs:27:68
[INFO] [stdout]    |
[INFO] [stdout] 27 |     fn print_to_console<T: Write, U: Write>(&self, stdout: &mut T, stderr: &mut U) {
[INFO] [stdout]    |                                                                    ^^^^^^ help: if this is intentional, prefix it with an underscore: `_stderr`
[INFO] [stdout] 
[INFO] [stdout] 
[INFO] [stdout] warning: unused variable: `discovery_args`
[INFO] [stdout]  --> ucli/src/lib.rs:9:33
[INFO] [stdout]   |
[INFO] [stdout] 9 |         CliArgs::ListSessions { discovery_args } => {}
[INFO] [stdout]   |                                 ^^^^^^^^^^^^^^ help: try ignoring the field: `discovery_args: _`
[INFO] [stdout] 
[INFO] [stdout] 
[INFO] [stdout] warning: unused variable: `discovery_args`
[INFO] [stdout]   --> ucli/src/lib.rs:10:28
[INFO] [stdout]    |
[INFO] [stdout] 10 |         CliArgs::Compile { discovery_args } => {}
[INFO] [stdout]    |                            ^^^^^^^^^^^^^^ help: try ignoring the field: `discovery_args: _`
[INFO] [stdout] 
[INFO] [stdout] 
[INFO] [stdout] warning: unused variable: `command`
[INFO] [stdout]   --> ucli/src/lib.rs:12:13
[INFO] [stdout]    |
[INFO] [stdout] 12 |             command,
[INFO] [stdout]    |             ^^^^^^^ help: try ignoring the field: `command: _`
[INFO] [stdout] 
[INFO] [stdout] 
[INFO] [stdout] warning: unused variable: `args`
[INFO] [stdout]   --> ucli/src/lib.rs:13:13
[INFO] [stdout]    |
[INFO] [stdout] 13 |             args,
[INFO] [stdout]    |             ^^^^ help: try ignoring the field: `args: _`
[INFO] [stdout] 
[INFO] [stdout] 
[INFO] [stdout] warning: unused variable: `discovery_args`
[INFO] [stdout]   --> ucli/src/lib.rs:14:13
[INFO] [stdout]    |
[INFO] [stdout] 14 |             discovery_args,
[INFO] [stdout]    |             ^^^^^^^^^^^^^^ help: try ignoring the field: `discovery_args: _`
[INFO] [stdout] 
[INFO] [stdout] 
[INFO] [stdout] warning: struct `UnityService` is never constructed
[INFO] [stdout]   --> ucli/src/service_discovery.rs:15:12
[INFO] [stdout]    |
[INFO] [stdout] 15 | pub struct UnityService {
[INFO] [stdout]    |            ^^^^^^^^^^^^
[INFO] [stdout]    |
[INFO] [stdout]    = note: `#[warn(dead_code)]` on by default
[INFO] [stdout] 
[INFO] [stdout] 
[INFO] [stdout] warning: function `discover_service` is never used
[INFO] [stdout]   --> ucli/src/service_discovery.rs:24:8
[INFO] [stdout]    |
[INFO] [stdout] 24 | pub fn discover_service(args: DiscoveryArgs) -> Vec<UnityService> {
[INFO] [stdout]    |        ^^^^^^^^^^^^^^^^
[INFO] [stdout] 
[INFO] [stdout] 
[INFO] [stdout] warning: function `filter_service` is never used
[INFO] [stdout]   --> ucli/src/service_discovery.rs:47:4
[INFO] [stdout]    |
[INFO] [stdout] 47 | fn filter_service(info: &ServiceInfo, args: &DiscoveryArgs) -> Option<(bool, UnityService)> {
[INFO] [stdout]    |    ^^^^^^^^^^^^^^
[INFO] [stdout] 
[INFO] [stdout] 
[INFO] [stdout] warning: field `inner` is never read
[INFO] [stdout]   --> ucli/src/terminal.rs:13:5
[INFO] [stdout]    |
[INFO] [stdout] 12 | pub struct TerminalWriter {
[INFO] [stdout]    |            -------------- field in this struct
[INFO] [stdout] 13 |     inner: Sender<Output>,
[INFO] [stdout]    |     ^^^^^
[INFO] [stdout]    |
[INFO] [stdout]    = note: `TerminalWriter` has a derived impl for the trait `Clone`, but this is intentionally ignored during dead code analysis
[INFO] [stdout] 
[INFO] [stdout] 
[INFO] [stdout] warning: method `write_server_msg` is never used
[INFO] [stdout]   --> ucli/src/terminal.rs:17:12
[INFO] [stdout]    |
[INFO] [stdout] 16 | impl TerminalWriter {
[INFO] [stdout]    | ------------------- method in this implementation
[INFO] [stdout] 17 |     pub fn write_server_msg(&self, item: ServerMessage) {
[INFO] [stdout]    |            ^^^^^^^^^^^^^^^^
[INFO] [stdout] 
[INFO] [stdout] 
[INFO] [stdout] warning: variant `ServerMessage` is never constructed
[INFO] [stdout]   --> ucli/src/terminal.rs:23:5
[INFO] [stdout]    |
[INFO] [stdout] 22 | enum Output {
[INFO] [stdout]    |      ------ variant in this enum
[INFO] [stdout] 23 |     ServerMessage(ServerMessage),
[INFO] [stdout]    |     ^^^^^^^^^^^^^
[INFO] [stdout] 
[INFO] [stdout] 
[INFO] [stdout] warning: method `print_to_console` is never used
[INFO] [stdout]   --> ucli/src/terminal.rs:27:8
[INFO] [stdout]    |
[INFO] [stdout] 26 | impl Output {
[INFO] [stdout]    | ----------- method in this implementation
[INFO] [stdout] 27 |     fn print_to_console<T: Write, U: Write>(&self, stdout: &mut T, stderr: &mut U) {
[INFO] [stdout]    |        ^^^^^^^^^^^^^^^^
[INFO] [stdout] 
[INFO] [stdout] 
[INFO] [stdout] warning: function `print_loop` is never used
[INFO] [stdout]   --> ucli/src/terminal.rs:50:8
[INFO] [stdout]    |
[INFO] [stdout] 50 | pub fn print_loop<T: Write + Send + 'static, U: Write + Send + 'static>(
[INFO] [stdout]    |        ^^^^^^^^^^
[INFO] [stdout] 
[INFO] [stdout] 
[INFO] [stdout] warning: 22 warnings emitted
[INFO] [stdout] 
[INFO] [stdout] 
[INFO] [stdout] warning: 2 warnings emitted
[INFO] [stdout] 
[INFO] [stdout] 
[INFO] [stderr]     Finished test [unoptimized + debuginfo] target(s) in 6.50s
[INFO] running `Command { std: "docker" "inspect" "7fd65a7c7d720ce3b82a0790227acaf840c2a9857089e813737363557acfabf3", kill_on_drop: false }`
[INFO] running `Command { std: "docker" "rm" "-f" "7fd65a7c7d720ce3b82a0790227acaf840c2a9857089e813737363557acfabf3", kill_on_drop: false }`
[INFO] [stdout] 7fd65a7c7d720ce3b82a0790227acaf840c2a9857089e813737363557acfabf3
[INFO] running `Command { std: "docker" "create" "-v" "/var/lib/crater-agent-workspace/builds/worker-5-tc1/target:/opt/rustwide/target:rw,Z" "-v" "/var/lib/crater-agent-workspace/builds/worker-5-tc1/source:/opt/rustwide/workdir:ro,Z" "-v" "/var/lib/crater-agent-workspace/cargo-home:/opt/rustwide/cargo-home:ro,Z" "-v" "/var/lib/crater-agent-workspace/rustup-home:/opt/rustwide/rustup-home:ro,Z" "-e" "SOURCE_DIR=/opt/rustwide/workdir" "-e" "CARGO_TARGET_DIR=/opt/rustwide/target" "-e" "CARGO_INCREMENTAL=0" "-e" "RUST_BACKTRACE=full" "-e" "RUSTFLAGS=--cap-lints=warn" "-e" "RUSTDOCFLAGS=--cap-lints=warn" "-e" "CARGO_HOME=/opt/rustwide/cargo-home" "-e" "RUSTUP_HOME=/opt/rustwide/rustup-home" "-w" "/opt/rustwide/workdir" "-m" "1610612736" "--user" "0:0" "--network" "none" "ghcr.io/rust-lang/crates-build-env/linux@sha256:2788e3201cd34a07e3172128adcd8b3090168a8e3bcc40d7c032b9dda1df7d1c" "/opt/rustwide/cargo-home/bin/cargo" "+1.75.0" "test" "--frozen", kill_on_drop: false }`
[INFO] [stdout] ebcb7fa80074026f7407519e91c261cbedb13d5c81dde312abe7a067550cf4e8
[INFO] running `Command { std: "docker" "start" "-a" "ebcb7fa80074026f7407519e91c261cbedb13d5c81dde312abe7a067550cf4e8", kill_on_drop: false }`
[INFO] [stderr] warning: virtual workspace defaulting to `resolver = "1"` despite one or more workspace members being on edition 2021 which implies `resolver = "2"`
[INFO] [stderr] note: to keep the current resolver, specify `workspace.resolver = "1"` in the workspace root's manifest
[INFO] [stderr] note: to use the edition 2021 resolver, specify `workspace.resolver = "2"` in the workspace root's manifest
[INFO] [stderr] note: for more details see https://doc.rust-lang.org/cargo/reference/resolver.html#resolver-versions
[INFO] [stderr] warning: unused import: `Receiver`
[INFO] [stderr]  --> ucli/src/terminal.rs:3:26
[INFO] [stderr]   |
[INFO] [stderr] 3 | use crossbeam::channel::{Receiver, Sender};
[INFO] [stderr]   |                          ^^^^^^^^
[INFO] [stderr]   |
[INFO] [stderr]   = note: `#[warn(unused_imports)]` on by default
[INFO] [stderr] 
[INFO] [stderr] warning: unreachable statement
[INFO] [stderr]   --> ucli/src/terminal.rs:46:9
[INFO] [stderr]    |
[INFO] [stderr] 28 | /         match self {
[INFO] [stderr] 29 | |             Self::ServerMessage(ServerMessage::IsBusy) => {
[INFO] [stderr] 30 | |                 todo!();
[INFO] [stderr] 31 | |             }
[INFO] [stderr] ...  |
[INFO] [stderr] 44 | |             }
[INFO] [stderr] 45 | |         }
[INFO] [stderr]    | |_________- any code following this `match` expression is unreachable, as all arms diverge
[INFO] [stderr] 46 |           stdout.execute(SetForegroundColor(Color::Red)).unwrap();
[INFO] [stderr]    |           ^^^^^^^^^^^^^^^^^^^^^^^^^^^^^^^^^^^^^^^^^^^^^^^^^^^^^^^^ unreachable statement
[INFO] [stderr]    |
[INFO] [stderr]    = note: `#[warn(unreachable_code)]` on by default
[INFO] [stderr] 
[INFO] [stderr] warning: unused variable: `log_type`
[INFO] [stderr]   --> ucli/src/terminal.rs:33:17
[INFO] [stderr]    |
[INFO] [stderr] 33 |                 log_type,
[INFO] [stderr]    |                 ^^^^^^^^ help: try ignoring the field: `log_type: _`
[INFO] [stderr]    |
[INFO] [stderr]    = note: `#[warn(unused_variables)]` on by default
[INFO] [stderr] 
[INFO] [stderr] warning: unused variable: `log`
[INFO] [stderr]   --> ucli/src/terminal.rs:34:17
[INFO] [stderr]    |
[INFO] [stderr] 34 |                 log,
[INFO] [stderr]    |                 ^^^ help: try ignoring the field: `log: _`
[INFO] [stderr] 
[INFO] [stderr] warning: unused variable: `stack_trace`
[INFO] [stderr]   --> ucli/src/terminal.rs:35:17
[INFO] [stderr]    |
[INFO] [stderr] 35 |                 stack_trace,
[INFO] [stderr]    |                 ^^^^^^^^^^^ help: try ignoring the field: `stack_trace: _`
[INFO] [stderr] 
[INFO] [stderr] warning: unused variable: `is_success`
[INFO] [stderr]   --> ucli/src/terminal.rs:39:66
[INFO] [stderr]    |
[INFO] [stderr] 39 |             Self::ServerMessage(ServerMessage::CommandFinished { is_success, msg }) => {
[INFO] [stderr]    |                                                                  ^^^^^^^^^^ help: try ignoring the field: `is_success: _`
[INFO] [stderr] 
[INFO] [stderr] warning: unused variable: `msg`
[INFO] [stderr]   --> ucli/src/terminal.rs:39:78
[INFO] [stderr]    |
[INFO] [stderr] 39 |             Self::ServerMessage(ServerMessage::CommandFinished { is_success, msg }) => {
[INFO] [stderr]    |                                                                              ^^^ help: try ignoring the field: `msg: _`
[INFO] [stderr] 
[INFO] [stderr] warning: unused variable: `stdout`
[INFO] [stderr]   --> ucli/src/terminal.rs:27:52
[INFO] [stderr]    |
[INFO] [stderr] 27 |     fn print_to_console<T: Write, U: Write>(&self, stdout: &mut T, stderr: &mut U) {
[INFO] [stderr]    |                                                    ^^^^^^ help: if this is intentional, prefix it with an underscore: `_stdout`
[INFO] [stderr] 
[INFO] [stderr] warning: unused variable: `stderr`
[INFO] [stderr]   --> ucli/src/terminal.rs:27:68
[INFO] [stderr]    |
[INFO] [stderr] 27 |     fn print_to_console<T: Write, U: Write>(&self, stdout: &mut T, stderr: &mut U) {
[INFO] [stderr]    |                                                                    ^^^^^^ help: if this is intentional, prefix it with an underscore: `_stderr`
[INFO] [stderr] 
[INFO] [stderr] warning: unused variable: `discovery_args`
[INFO] [stderr]  --> ucli/src/lib.rs:9:33
[INFO] [stderr]   |
[INFO] [stderr] 9 |         CliArgs::ListSessions { discovery_args } => {}
[INFO] [stderr]   |                                 ^^^^^^^^^^^^^^ help: try ignoring the field: `discovery_args: _`
[INFO] [stderr] 
[INFO] [stderr] warning: unused variable: `discovery_args`
[INFO] [stderr]   --> ucli/src/lib.rs:10:28
[INFO] [stderr]    |
[INFO] [stderr] 10 |         CliArgs::Compile { discovery_args } => {}
[INFO] [stderr]    |                            ^^^^^^^^^^^^^^ help: try ignoring the field: `discovery_args: _`
[INFO] [stderr] 
[INFO] [stderr] warning: unused variable: `command`
[INFO] [stderr]   --> ucli/src/lib.rs:12:13
[INFO] [stderr]    |
[INFO] [stderr] 12 |             command,
[INFO] [stderr]    |             ^^^^^^^ help: try ignoring the field: `command: _`
[INFO] [stderr] 
[INFO] [stderr] warning: unused variable: `args`
[INFO] [stderr]   --> ucli/src/lib.rs:13:13
[INFO] [stderr]    |
[INFO] [stderr] 13 |             args,
[INFO] [stderr]    |             ^^^^ help: try ignoring the field: `args: _`
[INFO] [stderr] 
[INFO] [stderr] warning: unused variable: `discovery_args`
[INFO] [stderr]   --> ucli/src/lib.rs:14:13
[INFO] [stderr]    |
[INFO] [stderr] 14 |             discovery_args,
[INFO] [stderr]    |             ^^^^^^^^^^^^^^ help: try ignoring the field: `discovery_args: _`
[INFO] [stderr] 
[INFO] [stderr] warning: struct `UnityService` is never constructed
[INFO] [stderr]   --> ucli/src/service_discovery.rs:15:12
[INFO] [stderr]    |
[INFO] [stderr] 15 | pub struct UnityService {
[INFO] [stderr]    |            ^^^^^^^^^^^^
[INFO] [stderr]    |
[INFO] [stderr]    = note: `#[warn(dead_code)]` on by default
[INFO] [stderr] 
[INFO] [stderr] warning: function `discover_service` is never used
[INFO] [stderr]   --> ucli/src/service_discovery.rs:24:8
[INFO] [stderr]    |
[INFO] [stderr] 24 | pub fn discover_service(args: DiscoveryArgs) -> Vec<UnityService> {
[INFO] [stderr]    |        ^^^^^^^^^^^^^^^^
[INFO] [stderr] 
[INFO] [stderr] warning: function `filter_service` is never used
[INFO] [stderr]   --> ucli/src/service_discovery.rs:47:4
[INFO] [stderr]    |
[INFO] [stderr] 47 | fn filter_service(info: &ServiceInfo, args: &DiscoveryArgs) -> Option<(bool, UnityService)> {
[INFO] [stderr]    |    ^^^^^^^^^^^^^^
[INFO] [stderr] 
[INFO] [stderr] warning: field `inner` is never read
[INFO] [stderr]   --> ucli/src/terminal.rs:13:5
[INFO] [stderr]    |
[INFO] [stderr] 12 | pub struct TerminalWriter {
[INFO] [stderr]    |            -------------- field in this struct
[INFO] [stderr] 13 |     inner: Sender<Output>,
[INFO] [stderr]    |     ^^^^^
[INFO] [stderr]    |
[INFO] [stderr]    = note: `TerminalWriter` has a derived impl for the trait `Clone`, but this is intentionally ignored during dead code analysis
[INFO] [stderr] 
[INFO] [stderr] warning: method `write_server_msg` is never used
[INFO] [stderr]   --> ucli/src/terminal.rs:17:12
[INFO] [stderr]    |
[INFO] [stderr] 16 | impl TerminalWriter {
[INFO] [stderr]    | ------------------- method in this implementation
[INFO] [stderr] 17 |     pub fn write_server_msg(&self, item: ServerMessage) {
[INFO] [stderr]    |            ^^^^^^^^^^^^^^^^
[INFO] [stderr] 
[INFO] [stderr] warning: variant `ServerMessage` is never constructed
[INFO] [stderr]   --> ucli/src/terminal.rs:23:5
[INFO] [stderr]    |
[INFO] [stderr] 22 | enum Output {
[INFO] [stderr]    |      ------ variant in this enum
[INFO] [stderr] 23 |     ServerMessage(ServerMessage),
[INFO] [stderr]    |     ^^^^^^^^^^^^^
[INFO] [stderr] 
[INFO] [stderr] warning: method `print_to_console` is never used
[INFO] [stderr]   --> ucli/src/terminal.rs:27:8
[INFO] [stderr]    |
[INFO] [stderr] 26 | impl Output {
[INFO] [stderr]    | ----------- method in this implementation
[INFO] [stderr] 27 |     fn print_to_console<T: Write, U: Write>(&self, stdout: &mut T, stderr: &mut U) {
[INFO] [stderr]    |        ^^^^^^^^^^^^^^^^
[INFO] [stderr] 
[INFO] [stderr] warning: function `print_loop` is never used
[INFO] [stderr]   --> ucli/src/terminal.rs:50:8
[INFO] [stderr]    |
[INFO] [stderr] 50 | pub fn print_loop<T: Write + Send + 'static, U: Write + Send + 'static>(
[INFO] [stderr]    |        ^^^^^^^^^^
[INFO] [stderr] 
[INFO] [stderr] warning: `ucli` (lib) generated 22 warnings (run `cargo fix --lib -p ucli` to apply 13 suggestions)
[INFO] [stderr] warning: `ucli` (lib test) generated 22 warnings (22 duplicates)
[INFO] [stderr] warning: unused variable: `conn_b`
[INFO] [stderr]    --> ucli-server/tests/main.rs:121:13
[INFO] [stderr]     |
[INFO] [stderr] 121 |     let mut conn_b = TcpStream::connect(format!("127.0.0.1:{}", port_b)).unwrap();
[INFO] [stderr]     |             ^^^^^^ help: if this is intentional, prefix it with an underscore: `_conn_b`
[INFO] [stderr]     |
[INFO] [stderr]     = note: `#[warn(unused_variables)]` on by default
[INFO] [stderr] 
[INFO] [stderr] warning: variable does not need to be mutable
[INFO] [stderr]    --> ucli-server/tests/main.rs:121:9
[INFO] [stderr]     |
[INFO] [stderr] 121 |     let mut conn_b = TcpStream::connect(format!("127.0.0.1:{}", port_b)).unwrap();
[INFO] [stderr]     |         ----^^^^^^
[INFO] [stderr]     |         |
[INFO] [stderr]     |         help: remove this `mut`
[INFO] [stderr]     |
[INFO] [stderr]     = note: `#[warn(unused_mut)]` on by default
[INFO] [stderr] 
[INFO] [stderr] warning: `ucli-server` (test "main") generated 2 warnings (run `cargo fix --test "main"` to apply 2 suggestions)
[INFO] [stderr]     Finished test [unoptimized + debuginfo] target(s) in 0.18s
[INFO] [stderr]      Running unittests src/lib.rs (/opt/rustwide/target/debug/deps/common-2c4c8ff5c359bbbe)
[INFO] [stdout] 
[INFO] [stdout] running 2 tests
[INFO] [stdout] test tests::sync_write_async_read ... ok
[INFO] [stdout] test tests::async_write_sync_read ... FAILED
[INFO] [stdout] 
[INFO] [stdout] failures:
[INFO] [stdout] 
[INFO] [stdout] ---- tests::async_write_sync_read stdout ----
[INFO] [stdout] Error: deadline has elapsed
[INFO] [stdout] 
[INFO] [stdout] 
[INFO] [stdout] failures:
[INFO] [stdout]     tests::async_write_sync_read
[INFO] [stdout] 
[INFO] [stdout] test result: FAILED. 1 passed; 1 failed; 0 ignored; 0 measured; 0 filtered out; finished in 0.02s
[INFO] [stdout] 
[INFO] [stderr] error: test failed, to rerun pass `-p common --lib`
[INFO] running `Command { std: "docker" "inspect" "ebcb7fa80074026f7407519e91c261cbedb13d5c81dde312abe7a067550cf4e8", kill_on_drop: false }`
[INFO] running `Command { std: "docker" "rm" "-f" "ebcb7fa80074026f7407519e91c261cbedb13d5c81dde312abe7a067550cf4e8", kill_on_drop: false }`
[INFO] [stdout] ebcb7fa80074026f7407519e91c261cbedb13d5c81dde312abe7a067550cf4e8
[INFO] testing ShoyuVanilla/unity-cli against beta-2023-12-22 for beta-1.76-1
[INFO] running `Command { std: "git" "clone" "/workspace/cache/git-repos/https%3A%2F%2Fgithub.com%2FShoyuVanilla%2Funity-cli" "/workspace/builds/worker-5-tc2/source", kill_on_drop: false }`
[INFO] [stderr] Cloning into '/workspace/builds/worker-5-tc2/source'...
[INFO] [stderr] done.
[INFO] validating manifest of git repo https://github.com/ShoyuVanilla/unity-cli on toolchain beta-2023-12-22
[INFO] running `Command { std: CARGO_HOME="/workspace/cargo-home" RUSTUP_HOME="/workspace/rustup-home" "/workspace/cargo-home/bin/cargo" "+beta-2023-12-22" "metadata" "--manifest-path" "Cargo.toml" "--no-deps", kill_on_drop: false }`
[INFO] started tweaking git repo https://github.com/ShoyuVanilla/unity-cli
[INFO] finished tweaking git repo https://github.com/ShoyuVanilla/unity-cli
[INFO] tweaked toml for git repo https://github.com/ShoyuVanilla/unity-cli written to /workspace/builds/worker-5-tc2/source/Cargo.toml
[INFO] crate git repo https://github.com/ShoyuVanilla/unity-cli already has a lockfile, it will not be regenerated
[INFO] running `Command { std: CARGO_HOME="/workspace/cargo-home" RUSTUP_HOME="/workspace/rustup-home" "/workspace/cargo-home/bin/cargo" "+beta-2023-12-22" "fetch" "--manifest-path" "Cargo.toml", kill_on_drop: false }`
[INFO] [stderr] warning: virtual workspace defaulting to `resolver = "1"` despite one or more workspace members being on edition 2021 which implies `resolver = "2"`
[INFO] [stderr] note: to keep the current resolver, specify `workspace.resolver = "1"` in the workspace root's manifest
[INFO] [stderr] note: to use the edition 2021 resolver, specify `workspace.resolver = "2"` in the workspace root's manifest
[INFO] [stderr] note: for more details see https://doc.rust-lang.org/cargo/reference/resolver.html#resolver-versions
[INFO] running `Command { std: "docker" "create" "-v" "/var/lib/crater-agent-workspace/builds/worker-5-tc2/target:/opt/rustwide/target:rw,Z" "-v" "/var/lib/crater-agent-workspace/builds/worker-5-tc2/source:/opt/rustwide/workdir:ro,Z" "-v" "/var/lib/crater-agent-workspace/cargo-home:/opt/rustwide/cargo-home:ro,Z" "-v" "/var/lib/crater-agent-workspace/rustup-home:/opt/rustwide/rustup-home:ro,Z" "-e" "SOURCE_DIR=/opt/rustwide/workdir" "-e" "CARGO_TARGET_DIR=/opt/rustwide/target" "-e" "CARGO_HOME=/opt/rustwide/cargo-home" "-e" "RUSTUP_HOME=/opt/rustwide/rustup-home" "-w" "/opt/rustwide/workdir" "-m" "1610612736" "--user" "0:0" "--network" "none" "ghcr.io/rust-lang/crates-build-env/linux@sha256:2788e3201cd34a07e3172128adcd8b3090168a8e3bcc40d7c032b9dda1df7d1c" "/opt/rustwide/cargo-home/bin/cargo" "+beta-2023-12-22" "metadata" "--no-deps" "--format-version=1", kill_on_drop: false }`
[INFO] [stdout] 70ea74156c2db17859cd693c861f7815ce9190dcf681278209e2d7e3e5fdd3f6
[INFO] running `Command { std: "docker" "start" "-a" "70ea74156c2db17859cd693c861f7815ce9190dcf681278209e2d7e3e5fdd3f6", kill_on_drop: false }`
[INFO] running `Command { std: "docker" "inspect" "70ea74156c2db17859cd693c861f7815ce9190dcf681278209e2d7e3e5fdd3f6", kill_on_drop: false }`
[INFO] running `Command { std: "docker" "rm" "-f" "70ea74156c2db17859cd693c861f7815ce9190dcf681278209e2d7e3e5fdd3f6", kill_on_drop: false }`
[INFO] [stdout] 70ea74156c2db17859cd693c861f7815ce9190dcf681278209e2d7e3e5fdd3f6
[INFO] running `Command { std: "docker" "create" "-v" "/var/lib/crater-agent-workspace/builds/worker-5-tc2/target:/opt/rustwide/target:rw,Z" "-v" "/var/lib/crater-agent-workspace/builds/worker-5-tc2/source:/opt/rustwide/workdir:ro,Z" "-v" "/var/lib/crater-agent-workspace/cargo-home:/opt/rustwide/cargo-home:ro,Z" "-v" "/var/lib/crater-agent-workspace/rustup-home:/opt/rustwide/rustup-home:ro,Z" "-e" "SOURCE_DIR=/opt/rustwide/workdir" "-e" "CARGO_TARGET_DIR=/opt/rustwide/target" "-e" "CARGO_INCREMENTAL=0" "-e" "RUST_BACKTRACE=full" "-e" "RUSTFLAGS=--cap-lints=warn" "-e" "RUSTDOCFLAGS=--cap-lints=warn" "-e" "CARGO_HOME=/opt/rustwide/cargo-home" "-e" "RUSTUP_HOME=/opt/rustwide/rustup-home" "-w" "/opt/rustwide/workdir" "-m" "1610612736" "--user" "0:0" "--network" "none" "ghcr.io/rust-lang/crates-build-env/linux@sha256:2788e3201cd34a07e3172128adcd8b3090168a8e3bcc40d7c032b9dda1df7d1c" "/opt/rustwide/cargo-home/bin/cargo" "+beta-2023-12-22" "build" "--frozen" "--message-format=json", kill_on_drop: false }`
[INFO] [stdout] 753afc9f97279788b8d17b1e0b5f57ec3225c216d0608866b4fd5945d1729e8d
[INFO] running `Command { std: "docker" "start" "-a" "753afc9f97279788b8d17b1e0b5f57ec3225c216d0608866b4fd5945d1729e8d", kill_on_drop: false }`
[INFO] [stderr] warning: virtual workspace defaulting to `resolver = "1"` despite one or more workspace members being on edition 2021 which implies `resolver = "2"`
[INFO] [stderr] note: to keep the current resolver, specify `workspace.resolver = "1"` in the workspace root's manifest
[INFO] [stderr] note: to use the edition 2021 resolver, specify `workspace.resolver = "2"` in the workspace root's manifest
[INFO] [stderr] note: for more details see https://doc.rust-lang.org/cargo/reference/resolver.html#resolver-versions
[INFO] [stderr]    Compiling libc v0.2.144
[INFO] [stderr]    Compiling scopeguard v1.1.0
[INFO] [stderr]    Compiling lock_api v0.4.9
[INFO] [stderr]    Compiling log v0.4.17
[INFO] [stderr]    Compiling once_cell v1.17.1
[INFO] [stderr]    Compiling futures-core v0.3.28
[INFO] [stderr]    Compiling parking_lot_core v0.9.7
[INFO] [stderr]    Compiling syn v2.0.16
[INFO] [stderr]    Compiling smallvec v1.10.0
[INFO] [stderr]    Compiling crossbeam-utils v0.8.15
[INFO] [stderr]    Compiling pin-project-lite v0.2.9
[INFO] [stderr]    Compiling tracing-core v0.1.31
[INFO] [stderr]    Compiling io-lifetimes v1.0.11
[INFO] [stderr]    Compiling rustix v0.37.19
[INFO] [stderr]    Compiling heck v0.4.1
[INFO] [stderr]    Compiling proc-macro-error-attr v1.0.4
[INFO] [stderr]    Compiling tokio v1.28.1
[INFO] [stderr]    Compiling linux-raw-sys v0.3.8
[INFO] [stderr]    Compiling serde v1.0.163
[INFO] [stderr]    Compiling proc-macro-error v1.0.4
[INFO] [stderr]    Compiling polling v2.8.0
[INFO] [stderr]    Compiling crossbeam-epoch v0.9.15
[INFO] [stderr]    Compiling slab v0.4.8
[INFO] [stderr]    Compiling anyhow v1.0.71
[INFO] [stderr]    Compiling memchr v2.5.0
[INFO] [stderr]    Compiling bytes v1.4.0
[INFO] [stderr]    Compiling futures-task v0.3.28
[INFO] [stderr]    Compiling futures-channel v0.3.28
[INFO] [stderr]    Compiling utf8parse v0.2.1
[INFO] [stderr]    Compiling signal-hook v0.3.15
[INFO] [stderr]    Compiling anstyle-parse v0.2.0
[INFO] [stderr]    Compiling crossbeam-channel v0.5.8
[INFO] [stderr]    Compiling syn v1.0.109
[INFO] [stderr]    Compiling spin v0.9.8
[INFO] [stderr]    Compiling hashbrown v0.12.3
[INFO] [stderr]    Compiling signal-hook-registry v1.4.1
[INFO] [stderr]    Compiling mio v0.8.6
[INFO] [stderr]    Compiling parking_lot v0.12.1
[INFO] [stderr]    Compiling socket2 v0.4.9
[INFO] [stderr]    Compiling getrandom v0.2.9
[INFO] [stderr]    Compiling num_cpus v1.15.0
[INFO] [stderr]    Compiling rand_core v0.6.4
[INFO] [stderr]    Compiling ppv-lite86 v0.2.17
[INFO] [stderr]    Compiling crossbeam-queue v0.3.8
[INFO] [stderr]    Compiling futures-util v0.3.28
[INFO] [stderr]    Compiling anstyle-query v1.0.0
[INFO] [stderr]    Compiling colorchoice v1.0.0
[INFO] [stderr]    Compiling anstyle v1.0.0
[INFO] [stderr]    Compiling if-addrs v0.7.0
[INFO] [stderr]    Compiling rand_chacha v0.3.1
[INFO] [stderr]    Compiling is-terminal v0.4.7
[INFO] [stderr]    Compiling anstream v0.3.2
[INFO] [stderr]    Compiling clap_lex v0.5.0
[INFO] [stderr]    Compiling time-core v0.1.1
[INFO] [stderr]    Compiling os_str_bytes v6.5.0
[INFO] [stderr]    Compiling overload v0.1.1
[INFO] [stderr]    Compiling futures-io v0.3.28
[INFO] [stderr]    Compiling itoa v1.0.6
[INFO] [stderr]    Compiling clap_builder v4.3.1
[INFO] [stderr]    Compiling time v0.3.22
[INFO] [stderr]    Compiling clap_lex v0.2.4
[INFO] [stderr]    Compiling nu-ansi-term v0.46.0
[INFO] [stderr]    Compiling crossbeam-deque v0.8.3
[INFO] [stderr]    Compiling signal-hook-mio v0.2.3
[INFO] [stderr]    Compiling indexmap v1.9.3
[INFO] [stderr]    Compiling rand v0.8.5
[INFO] [stderr]    Compiling sharded-slab v0.1.4
[INFO] [stderr]    Compiling tracing-log v0.1.3
[INFO] [stderr]    Compiling atty v0.2.14
[INFO] [stderr]    Compiling thread_local v1.1.7
[INFO] [stderr]    Compiling textwrap v0.16.0
[INFO] [stderr]    Compiling names v0.14.0
[INFO] [stderr]    Compiling termcolor v1.2.0
[INFO] [stderr]    Compiling tracing-subscriber v0.3.17
[INFO] [stderr]    Compiling crossbeam v0.8.2
[INFO] [stderr]    Compiling crossterm v0.26.1
[INFO] [stderr]    Compiling uuid v1.3.3
[INFO] [stderr]    Compiling dashmap v5.4.0
[INFO] [stderr]    Compiling gethostname v0.4.3
[INFO] [stderr]    Compiling socket2 v0.5.3
[INFO] [stderr]    Compiling tracing-appender v0.2.2
[INFO] [stderr]    Compiling tracing-attributes v0.1.24
[INFO] [stderr]    Compiling tokio-macros v2.1.0
[INFO] [stderr]    Compiling pin-project-internal v1.1.0
[INFO] [stderr]    Compiling serde_derive v1.0.163
[INFO] [stderr]    Compiling futures-macro v0.3.28
[INFO] [stderr]    Compiling clap_derive v3.2.25
[INFO] [stderr]    Compiling clap_derive v4.3.2
[INFO] [stderr]    Compiling pin-project v1.1.0
[INFO] [stderr]    Compiling flume v0.10.14
[INFO] [stderr]    Compiling tracing v0.1.37
[INFO] [stderr]    Compiling mdns-sd v0.7.3 (https://github.com/ShoyuVanilla/mdns-sd.git?rev=e3be0c744e3918eb913f6f7bbe76703d302e6fe3#e3be0c74)
[INFO] [stderr]    Compiling clap v3.2.25
[INFO] [stderr]    Compiling clap v4.3.2
[INFO] [stderr]    Compiling futures-executor v0.3.28
[INFO] [stderr]    Compiling futures v0.3.28
[INFO] [stderr]    Compiling tokio-util v0.7.8
[INFO] [stderr]    Compiling bincode v1.3.3
[INFO] [stderr]    Compiling common v0.1.0 (/opt/rustwide/workdir/common)
[INFO] [stderr]    Compiling ucli v0.1.0 (/opt/rustwide/workdir/ucli)
[INFO] [stderr]    Compiling ucli-server v0.1.0 (/opt/rustwide/workdir/ucli-server)
[INFO] [stdout] warning: unused import: `Receiver`
[INFO] [stdout]  --> ucli/src/terminal.rs:3:26
[INFO] [stdout]   |
[INFO] [stdout] 3 | use crossbeam::channel::{Receiver, Sender};
[INFO] [stdout]   |                          ^^^^^^^^
[INFO] [stdout]   |
[INFO] [stdout]   = note: `#[warn(unused_imports)]` on by default
[INFO] [stdout] 
[INFO] [stdout] 
[INFO] [stdout] warning: unreachable statement
[INFO] [stdout]   --> ucli/src/terminal.rs:46:9
[INFO] [stdout]    |
[INFO] [stdout] 28 | /         match self {
[INFO] [stdout] 29 | |             Self::ServerMessage(ServerMessage::IsBusy) => {
[INFO] [stdout] 30 | |                 todo!();
[INFO] [stdout] 31 | |             }
[INFO] [stdout] ...  |
[INFO] [stdout] 44 | |             }
[INFO] [stdout] 45 | |         }
[INFO] [stdout]    | |_________- any code following this `match` expression is unreachable, as all arms diverge
[INFO] [stdout] 46 |           stdout.execute(SetForegroundColor(Color::Red)).unwrap();
[INFO] [stdout]    |           ^^^^^^^^^^^^^^^^^^^^^^^^^^^^^^^^^^^^^^^^^^^^^^^^^^^^^^^^ unreachable statement
[INFO] [stdout]    |
[INFO] [stdout]    = note: `#[warn(unreachable_code)]` on by default
[INFO] [stdout] 
[INFO] [stdout] 
[INFO] [stdout] warning: unused variable: `log_type`
[INFO] [stdout]   --> ucli/src/terminal.rs:33:17
[INFO] [stdout]    |
[INFO] [stdout] 33 |                 log_type,
[INFO] [stdout]    |                 ^^^^^^^^ help: try ignoring the field: `log_type: _`
[INFO] [stdout]    |
[INFO] [stdout]    = note: `#[warn(unused_variables)]` on by default
[INFO] [stdout] 
[INFO] [stdout] 
[INFO] [stdout] warning: unused variable: `log`
[INFO] [stdout]   --> ucli/src/terminal.rs:34:17
[INFO] [stdout]    |
[INFO] [stdout] 34 |                 log,
[INFO] [stdout]    |                 ^^^ help: try ignoring the field: `log: _`
[INFO] [stdout] 
[INFO] [stdout] 
[INFO] [stdout] warning: unused variable: `stack_trace`
[INFO] [stdout]   --> ucli/src/terminal.rs:35:17
[INFO] [stdout]    |
[INFO] [stdout] 35 |                 stack_trace,
[INFO] [stdout]    |                 ^^^^^^^^^^^ help: try ignoring the field: `stack_trace: _`
[INFO] [stdout] 
[INFO] [stdout] 
[INFO] [stdout] warning: unused variable: `is_success`
[INFO] [stdout]   --> ucli/src/terminal.rs:39:66
[INFO] [stdout]    |
[INFO] [stdout] 39 |             Self::ServerMessage(ServerMessage::CommandFinished { is_success, msg }) => {
[INFO] [stdout]    |                                                                  ^^^^^^^^^^ help: try ignoring the field: `is_success: _`
[INFO] [stdout] 
[INFO] [stdout] 
[INFO] [stdout] warning: unused variable: `msg`
[INFO] [stdout]   --> ucli/src/terminal.rs:39:78
[INFO] [stdout]    |
[INFO] [stdout] 39 |             Self::ServerMessage(ServerMessage::CommandFinished { is_success, msg }) => {
[INFO] [stdout]    |                                                                              ^^^ help: try ignoring the field: `msg: _`
[INFO] [stdout] 
[INFO] [stdout] 
[INFO] [stdout] warning: unused variable: `stdout`
[INFO] [stdout]   --> ucli/src/terminal.rs:27:52
[INFO] [stdout]    |
[INFO] [stdout] 27 |     fn print_to_console<T: Write, U: Write>(&self, stdout: &mut T, stderr: &mut U) {
[INFO] [stdout]    |                                                    ^^^^^^ help: if this is intentional, prefix it with an underscore: `_stdout`
[INFO] [stdout] 
[INFO] [stdout] 
[INFO] [stdout] warning: unused variable: `stderr`
[INFO] [stdout]   --> ucli/src/terminal.rs:27:68
[INFO] [stdout]    |
[INFO] [stdout] 27 |     fn print_to_console<T: Write, U: Write>(&self, stdout: &mut T, stderr: &mut U) {
[INFO] [stdout]    |                                                                    ^^^^^^ help: if this is intentional, prefix it with an underscore: `_stderr`
[INFO] [stdout] 
[INFO] [stdout] 
[INFO] [stdout] warning: unused variable: `discovery_args`
[INFO] [stdout]  --> ucli/src/lib.rs:9:33
[INFO] [stdout]   |
[INFO] [stdout] 9 |         CliArgs::ListSessions { discovery_args } => {}
[INFO] [stdout]   |                                 ^^^^^^^^^^^^^^ help: try ignoring the field: `discovery_args: _`
[INFO] [stdout] 
[INFO] [stdout] 
[INFO] [stdout] warning: unused variable: `discovery_args`
[INFO] [stdout]   --> ucli/src/lib.rs:10:28
[INFO] [stdout]    |
[INFO] [stdout] 10 |         CliArgs::Compile { discovery_args } => {}
[INFO] [stdout]    |                            ^^^^^^^^^^^^^^ help: try ignoring the field: `discovery_args: _`
[INFO] [stdout] 
[INFO] [stdout] 
[INFO] [stdout] warning: unused variable: `command`
[INFO] [stdout]   --> ucli/src/lib.rs:12:13
[INFO] [stdout]    |
[INFO] [stdout] 12 |             command,
[INFO] [stdout]    |             ^^^^^^^ help: try ignoring the field: `command: _`
[INFO] [stdout] 
[INFO] [stdout] 
[INFO] [stdout] warning: unused variable: `args`
[INFO] [stdout]   --> ucli/src/lib.rs:13:13
[INFO] [stdout]    |
[INFO] [stdout] 13 |             args,
[INFO] [stdout]    |             ^^^^ help: try ignoring the field: `args: _`
[INFO] [stdout] 
[INFO] [stdout] 
[INFO] [stdout] warning: unused variable: `discovery_args`
[INFO] [stdout]   --> ucli/src/lib.rs:14:13
[INFO] [stdout]    |
[INFO] [stdout] 14 |             discovery_args,
[INFO] [stdout]    |             ^^^^^^^^^^^^^^ help: try ignoring the field: `discovery_args: _`
[INFO] [stdout] 
[INFO] [stdout] 
[INFO] [stdout] warning: struct `UnityService` is never constructed
[INFO] [stdout]   --> ucli/src/service_discovery.rs:15:12
[INFO] [stdout]    |
[INFO] [stdout] 15 | pub struct UnityService {
[INFO] [stdout]    |            ^^^^^^^^^^^^
[INFO] [stdout]    |
[INFO] [stdout]    = note: `#[warn(dead_code)]` on by default
[INFO] [stdout] 
[INFO] [stdout] 
[INFO] [stdout] warning: function `discover_service` is never used
[INFO] [stdout]   --> ucli/src/service_discovery.rs:24:8
[INFO] [stdout]    |
[INFO] [stdout] 24 | pub fn discover_service(args: DiscoveryArgs) -> Vec<UnityService> {
[INFO] [stdout]    |        ^^^^^^^^^^^^^^^^
[INFO] [stdout] 
[INFO] [stdout] 
[INFO] [stdout] warning: function `filter_service` is never used
[INFO] [stdout]   --> ucli/src/service_discovery.rs:47:4
[INFO] [stdout]    |
[INFO] [stdout] 47 | fn filter_service(info: &ServiceInfo, args: &DiscoveryArgs) -> Option<(bool, UnityService)> {
[INFO] [stdout]    |    ^^^^^^^^^^^^^^
[INFO] [stdout] 
[INFO] [stdout] 
[INFO] [stdout] warning: field `inner` is never read
[INFO] [stdout]   --> ucli/src/terminal.rs:13:5
[INFO] [stdout]    |
[INFO] [stdout] 12 | pub struct TerminalWriter {
[INFO] [stdout]    |            -------------- field in this struct
[INFO] [stdout] 13 |     inner: Sender<Output>,
[INFO] [stdout]    |     ^^^^^
[INFO] [stdout]    |
[INFO] [stdout]    = note: `TerminalWriter` has a derived impl for the trait `Clone`, but this is intentionally ignored during dead code analysis
[INFO] [stdout] 
[INFO] [stdout] 
[INFO] [stdout] warning: method `write_server_msg` is never used
[INFO] [stdout]   --> ucli/src/terminal.rs:17:12
[INFO] [stdout]    |
[INFO] [stdout] 16 | impl TerminalWriter {
[INFO] [stdout]    | ------------------- method in this implementation
[INFO] [stdout] 17 |     pub fn write_server_msg(&self, item: ServerMessage) {
[INFO] [stdout]    |            ^^^^^^^^^^^^^^^^
[INFO] [stdout] 
[INFO] [stdout] 
[INFO] [stdout] warning: variant `ServerMessage` is never constructed
[INFO] [stdout]   --> ucli/src/terminal.rs:23:5
[INFO] [stdout]    |
[INFO] [stdout] 22 | enum Output {
[INFO] [stdout]    |      ------ variant in this enum
[INFO] [stdout] 23 |     ServerMessage(ServerMessage),
[INFO] [stdout]    |     ^^^^^^^^^^^^^
[INFO] [stdout] 
[INFO] [stdout] 
[INFO] [stdout] warning: method `print_to_console` is never used
[INFO] [stdout]   --> ucli/src/terminal.rs:27:8
[INFO] [stdout]    |
[INFO] [stdout] 26 | impl Output {
[INFO] [stdout]    | ----------- method in this implementation
[INFO] [stdout] 27 |     fn print_to_console<T: Write, U: Write>(&self, stdout: &mut T, stderr: &mut U) {
[INFO] [stdout]    |        ^^^^^^^^^^^^^^^^
[INFO] [stdout] 
[INFO] [stdout] 
[INFO] [stdout] warning: function `print_loop` is never used
[INFO] [stdout]   --> ucli/src/terminal.rs:50:8
[INFO] [stdout]    |
[INFO] [stdout] 50 | pub fn print_loop<T: Write + Send + 'static, U: Write + Send + 'static>(
[INFO] [stdout]    |        ^^^^^^^^^^
[INFO] [stdout] 
[INFO] [stdout] 
[INFO] [stdout] warning: 22 warnings emitted
[INFO] [stdout] 
[INFO] [stdout] 
[INFO] [stderr]     Finished dev [unoptimized + debuginfo] target(s) in 1m 01s
[INFO] running `Command { std: "docker" "inspect" "753afc9f97279788b8d17b1e0b5f57ec3225c216d0608866b4fd5945d1729e8d", kill_on_drop: false }`
[INFO] running `Command { std: "docker" "rm" "-f" "753afc9f97279788b8d17b1e0b5f57ec3225c216d0608866b4fd5945d1729e8d", kill_on_drop: false }`
[INFO] [stdout] 753afc9f97279788b8d17b1e0b5f57ec3225c216d0608866b4fd5945d1729e8d
[INFO] running `Command { std: "docker" "create" "-v" "/var/lib/crater-agent-workspace/builds/worker-5-tc2/target:/opt/rustwide/target:rw,Z" "-v" "/var/lib/crater-agent-workspace/builds/worker-5-tc2/source:/opt/rustwide/workdir:ro,Z" "-v" "/var/lib/crater-agent-workspace/cargo-home:/opt/rustwide/cargo-home:ro,Z" "-v" "/var/lib/crater-agent-workspace/rustup-home:/opt/rustwide/rustup-home:ro,Z" "-e" "SOURCE_DIR=/opt/rustwide/workdir" "-e" "CARGO_TARGET_DIR=/opt/rustwide/target" "-e" "CARGO_INCREMENTAL=0" "-e" "RUST_BACKTRACE=full" "-e" "RUSTFLAGS=--cap-lints=warn" "-e" "RUSTDOCFLAGS=--cap-lints=warn" "-e" "CARGO_HOME=/opt/rustwide/cargo-home" "-e" "RUSTUP_HOME=/opt/rustwide/rustup-home" "-w" "/opt/rustwide/workdir" "-m" "1610612736" "--user" "0:0" "--network" "none" "ghcr.io/rust-lang/crates-build-env/linux@sha256:2788e3201cd34a07e3172128adcd8b3090168a8e3bcc40d7c032b9dda1df7d1c" "/opt/rustwide/cargo-home/bin/cargo" "+beta-2023-12-22" "test" "--frozen" "--no-run" "--message-format=json", kill_on_drop: false }`
[INFO] [stdout] 4ebc58273410801acbb054e985b8807d09ffde3acdf1885e27febfa91cc1eb6e
[INFO] running `Command { std: "docker" "start" "-a" "4ebc58273410801acbb054e985b8807d09ffde3acdf1885e27febfa91cc1eb6e", kill_on_drop: false }`
[INFO] [stderr] warning: virtual workspace defaulting to `resolver = "1"` despite one or more workspace members being on edition 2021 which implies `resolver = "2"`
[INFO] [stderr] note: to keep the current resolver, specify `workspace.resolver = "1"` in the workspace root's manifest
[INFO] [stderr] note: to use the edition 2021 resolver, specify `workspace.resolver = "2"` in the workspace root's manifest
[INFO] [stderr] note: for more details see https://doc.rust-lang.org/cargo/reference/resolver.html#resolver-versions
[INFO] [stderr]    Compiling common v0.1.0 (/opt/rustwide/workdir/common)
[INFO] [stdout] warning: unused import: `Receiver`
[INFO] [stdout]  --> ucli/src/terminal.rs:3:26
[INFO] [stdout]   |
[INFO] [stdout] 3 | use crossbeam::channel::{Receiver, Sender};
[INFO] [stdout]   |                          ^^^^^^^^
[INFO] [stdout]   |
[INFO] [stdout]   = note: `#[warn(unused_imports)]` on by default
[INFO] [stdout] 
[INFO] [stdout] 
[INFO] [stdout] warning: unreachable statement
[INFO] [stdout]   --> ucli/src/terminal.rs:46:9
[INFO] [stdout]    |
[INFO] [stdout] 28 | /         match self {
[INFO] [stdout] 29 | |             Self::ServerMessage(ServerMessage::IsBusy) => {
[INFO] [stdout] 30 | |                 todo!();
[INFO] [stdout] 31 | |             }
[INFO] [stdout] ...  |
[INFO] [stdout] 44 | |             }
[INFO] [stdout] 45 | |         }
[INFO] [stdout]    | |_________- any code following this `match` expression is unreachable, as all arms diverge
[INFO] [stdout] 46 |           stdout.execute(SetForegroundColor(Color::Red)).unwrap();
[INFO] [stdout]    |           ^^^^^^^^^^^^^^^^^^^^^^^^^^^^^^^^^^^^^^^^^^^^^^^^^^^^^^^^ unreachable statement
[INFO] [stdout]    |
[INFO] [stdout]    = note: `#[warn(unreachable_code)]` on by default
[INFO] [stdout] 
[INFO] [stdout] 
[INFO] [stdout] warning: unused variable: `log_type`
[INFO] [stdout]   --> ucli/src/terminal.rs:33:17
[INFO] [stdout]    |
[INFO] [stdout] 33 |                 log_type,
[INFO] [stdout]    |                 ^^^^^^^^ help: try ignoring the field: `log_type: _`
[INFO] [stdout]    |
[INFO] [stdout]    = note: `#[warn(unused_variables)]` on by default
[INFO] [stdout] 
[INFO] [stdout] 
[INFO] [stdout] warning: unused variable: `log`
[INFO] [stdout]   --> ucli/src/terminal.rs:34:17
[INFO] [stdout]    |
[INFO] [stdout] 34 |                 log,
[INFO] [stdout]    |                 ^^^ help: try ignoring the field: `log: _`
[INFO] [stdout] 
[INFO] [stdout] 
[INFO] [stdout] warning: unused variable: `stack_trace`
[INFO] [stdout]   --> ucli/src/terminal.rs:35:17
[INFO] [stdout]    |
[INFO] [stdout] 35 |                 stack_trace,
[INFO] [stdout]    |                 ^^^^^^^^^^^ help: try ignoring the field: `stack_trace: _`
[INFO] [stdout] 
[INFO] [stdout] 
[INFO] [stdout] warning: unused variable: `is_success`
[INFO] [stdout]   --> ucli/src/terminal.rs:39:66
[INFO] [stdout]    |
[INFO] [stdout] 39 |             Self::ServerMessage(ServerMessage::CommandFinished { is_success, msg }) => {
[INFO] [stdout]    |                                                                  ^^^^^^^^^^ help: try ignoring the field: `is_success: _`
[INFO] [stdout] 
[INFO] [stdout] 
[INFO] [stdout] warning: unused variable: `msg`
[INFO] [stdout]   --> ucli/src/terminal.rs:39:78
[INFO] [stdout]    |
[INFO] [stdout] 39 |             Self::ServerMessage(ServerMessage::CommandFinished { is_success, msg }) => {
[INFO] [stdout]    |                                                                              ^^^ help: try ignoring the field: `msg: _`
[INFO] [stdout] 
[INFO] [stdout] 
[INFO] [stdout] warning: unused variable: `stdout`
[INFO] [stdout]   --> ucli/src/terminal.rs:27:52
[INFO] [stdout]    |
[INFO] [stdout] 27 |     fn print_to_console<T: Write, U: Write>(&self, stdout: &mut T, stderr: &mut U) {
[INFO] [stdout]    |                                                    ^^^^^^ help: if this is intentional, prefix it with an underscore: `_stdout`
[INFO] [stdout] 
[INFO] [stdout] 
[INFO] [stdout] warning: unused variable: `stderr`
[INFO] [stdout]   --> ucli/src/terminal.rs:27:68
[INFO] [stdout]    |
[INFO] [stdout] 27 |     fn print_to_console<T: Write, U: Write>(&self, stdout: &mut T, stderr: &mut U) {
[INFO] [stdout]    |                                                                    ^^^^^^ help: if this is intentional, prefix it with an underscore: `_stderr`
[INFO] [stdout] 
[INFO] [stdout] 
[INFO] [stdout] warning: unused variable: `discovery_args`
[INFO] [stdout]  --> ucli/src/lib.rs:9:33
[INFO] [stdout]   |
[INFO] [stdout] 9 |         CliArgs::ListSessions { discovery_args } => {}
[INFO] [stdout]   |                                 ^^^^^^^^^^^^^^ help: try ignoring the field: `discovery_args: _`
[INFO] [stdout] 
[INFO] [stdout] 
[INFO] [stdout] warning: unused variable: `discovery_args`
[INFO] [stdout]   --> ucli/src/lib.rs:10:28
[INFO] [stdout]    |
[INFO] [stdout] 10 |         CliArgs::Compile { discovery_args } => {}
[INFO] [stdout]    |                            ^^^^^^^^^^^^^^ help: try ignoring the field: `discovery_args: _`
[INFO] [stdout] 
[INFO] [stdout] 
[INFO] [stdout] warning: unused variable: `command`
[INFO] [stdout]   --> ucli/src/lib.rs:12:13
[INFO] [stdout]    |
[INFO] [stdout] 12 |             command,
[INFO] [stdout]    |             ^^^^^^^ help: try ignoring the field: `command: _`
[INFO] [stdout] 
[INFO] [stdout] 
[INFO] [stdout] warning: unused variable: `args`
[INFO] [stdout]   --> ucli/src/lib.rs:13:13
[INFO] [stdout]    |
[INFO] [stdout] 13 |             args,
[INFO] [stdout]    |             ^^^^ help: try ignoring the field: `args: _`
[INFO] [stdout] 
[INFO] [stdout] 
[INFO] [stdout] warning: unused variable: `discovery_args`
[INFO] [stdout]   --> ucli/src/lib.rs:14:13
[INFO] [stdout]    |
[INFO] [stdout] 14 |             discovery_args,
[INFO] [stdout]    |             ^^^^^^^^^^^^^^ help: try ignoring the field: `discovery_args: _`
[INFO] [stdout] 
[INFO] [stdout] 
[INFO] [stdout] warning: struct `UnityService` is never constructed
[INFO] [stdout]   --> ucli/src/service_discovery.rs:15:12
[INFO] [stdout]    |
[INFO] [stdout] 15 | pub struct UnityService {
[INFO] [stdout]    |            ^^^^^^^^^^^^
[INFO] [stdout]    |
[INFO] [stdout]    = note: `#[warn(dead_code)]` on by default
[INFO] [stdout] 
[INFO] [stdout] 
[INFO] [stdout] warning: function `discover_service` is never used
[INFO] [stdout]   --> ucli/src/service_discovery.rs:24:8
[INFO] [stdout]    |
[INFO] [stdout] 24 | pub fn discover_service(args: DiscoveryArgs) -> Vec<UnityService> {
[INFO] [stdout]    |        ^^^^^^^^^^^^^^^^
[INFO] [stdout] 
[INFO] [stdout] 
[INFO] [stdout] warning: function `filter_service` is never used
[INFO] [stdout]   --> ucli/src/service_discovery.rs:47:4
[INFO] [stdout]    |
[INFO] [stdout] 47 | fn filter_service(info: &ServiceInfo, args: &DiscoveryArgs) -> Option<(bool, UnityService)> {
[INFO] [stdout]    |    ^^^^^^^^^^^^^^
[INFO] [stdout] 
[INFO] [stdout] 
[INFO] [stdout] warning: field `inner` is never read
[INFO] [stdout]   --> ucli/src/terminal.rs:13:5
[INFO] [stdout]    |
[INFO] [stdout] 12 | pub struct TerminalWriter {
[INFO] [stdout]    |            -------------- field in this struct
[INFO] [stdout] 13 |     inner: Sender<Output>,
[INFO] [stdout]    |     ^^^^^
[INFO] [stdout]    |
[INFO] [stdout]    = note: `TerminalWriter` has a derived impl for the trait `Clone`, but this is intentionally ignored during dead code analysis
[INFO] [stdout] 
[INFO] [stdout] 
[INFO] [stdout] warning: method `write_server_msg` is never used
[INFO] [stdout]   --> ucli/src/terminal.rs:17:12
[INFO] [stdout]    |
[INFO] [stdout] 16 | impl TerminalWriter {
[INFO] [stdout]    | ------------------- method in this implementation
[INFO] [stdout] 17 |     pub fn write_server_msg(&self, item: ServerMessage) {
[INFO] [stdout]    |            ^^^^^^^^^^^^^^^^
[INFO] [stdout] 
[INFO] [stdout] 
[INFO] [stdout] warning: variant `ServerMessage` is never constructed
[INFO] [stdout]   --> ucli/src/terminal.rs:23:5
[INFO] [stdout]    |
[INFO] [stdout] 22 | enum Output {
[INFO] [stdout]    |      ------ variant in this enum
[INFO] [stdout] 23 |     ServerMessage(ServerMessage),
[INFO] [stdout]    |     ^^^^^^^^^^^^^
[INFO] [stdout] 
[INFO] [stdout] 
[INFO] [stdout] warning: method `print_to_console` is never used
[INFO] [stdout]   --> ucli/src/terminal.rs:27:8
[INFO] [stdout]    |
[INFO] [stdout] 26 | impl Output {
[INFO] [stdout]    | ----------- method in this implementation
[INFO] [stdout] 27 |     fn print_to_console<T: Write, U: Write>(&self, stdout: &mut T, stderr: &mut U) {
[INFO] [stdout]    |        ^^^^^^^^^^^^^^^^
[INFO] [stdout] 
[INFO] [stdout] 
[INFO] [stdout] warning: function `print_loop` is never used
[INFO] [stdout]   --> ucli/src/terminal.rs:50:8
[INFO] [stdout]    |
[INFO] [stdout] 50 | pub fn print_loop<T: Write + Send + 'static, U: Write + Send + 'static>(
[INFO] [stdout]    |        ^^^^^^^^^^
[INFO] [stdout] 
[INFO] [stdout] 
[INFO] [stdout] warning: 22 warnings emitted
[INFO] [stdout] 
[INFO] [stdout] 
[INFO] [stderr]    Compiling ucli-server v0.1.0 (/opt/rustwide/workdir/ucli-server)
[INFO] [stderr]    Compiling ucli v0.1.0 (/opt/rustwide/workdir/ucli)
[INFO] [stdout] warning: unused import: `Receiver`
[INFO] [stdout]  --> ucli/src/terminal.rs:3:26
[INFO] [stdout]   |
[INFO] [stdout] 3 | use crossbeam::channel::{Receiver, Sender};
[INFO] [stdout]   |                          ^^^^^^^^
[INFO] [stdout]   |
[INFO] [stdout]   = note: `#[warn(unused_imports)]` on by default
[INFO] [stdout] 
[INFO] [stdout] 
[INFO] [stdout] warning: unused variable: `conn_b`
[INFO] [stdout]    --> ucli-server/tests/main.rs:121:13
[INFO] [stdout]     |
[INFO] [stdout] 121 |     let mut conn_b = TcpStream::connect(format!("127.0.0.1:{}", port_b)).unwrap();
[INFO] [stdout]     |             ^^^^^^ help: if this is intentional, prefix it with an underscore: `_conn_b`
[INFO] [stdout]     |
[INFO] [stdout]     = note: `#[warn(unused_variables)]` on by default
[INFO] [stdout] 
[INFO] [stdout] 
[INFO] [stdout] warning: variable does not need to be mutable
[INFO] [stdout]    --> ucli-server/tests/main.rs:121:9
[INFO] [stdout]     |
[INFO] [stdout] 121 |     let mut conn_b = TcpStream::connect(format!("127.0.0.1:{}", port_b)).unwrap();
[INFO] [stdout]     |         ----^^^^^^
[INFO] [stdout]     |         |
[INFO] [stdout]     |         help: remove this `mut`
[INFO] [stdout]     |
[INFO] [stdout]     = note: `#[warn(unused_mut)]` on by default
[INFO] [stdout] 
[INFO] [stdout] 
[INFO] [stdout] warning: unreachable statement
[INFO] [stdout]   --> ucli/src/terminal.rs:46:9
[INFO] [stdout]    |
[INFO] [stdout] 28 | /         match self {
[INFO] [stdout] 29 | |             Self::ServerMessage(ServerMessage::IsBusy) => {
[INFO] [stdout] 30 | |                 todo!();
[INFO] [stdout] 31 | |             }
[INFO] [stdout] ...  |
[INFO] [stdout] 44 | |             }
[INFO] [stdout] 45 | |         }
[INFO] [stdout]    | |_________- any code following this `match` expression is unreachable, as all arms diverge
[INFO] [stdout] 46 |           stdout.execute(SetForegroundColor(Color::Red)).unwrap();
[INFO] [stdout]    |           ^^^^^^^^^^^^^^^^^^^^^^^^^^^^^^^^^^^^^^^^^^^^^^^^^^^^^^^^ unreachable statement
[INFO] [stdout]    |
[INFO] [stdout]    = note: `#[warn(unreachable_code)]` on by default
[INFO] [stdout] 
[INFO] [stdout] 
[INFO] [stdout] warning: unused variable: `log_type`
[INFO] [stdout]   --> ucli/src/terminal.rs:33:17
[INFO] [stdout]    |
[INFO] [stdout] 33 |                 log_type,
[INFO] [stdout]    |                 ^^^^^^^^ help: try ignoring the field: `log_type: _`
[INFO] [stdout]    |
[INFO] [stdout]    = note: `#[warn(unused_variables)]` on by default
[INFO] [stdout] 
[INFO] [stdout] 
[INFO] [stdout] warning: unused variable: `log`
[INFO] [stdout]   --> ucli/src/terminal.rs:34:17
[INFO] [stdout]    |
[INFO] [stdout] 34 |                 log,
[INFO] [stdout]    |                 ^^^ help: try ignoring the field: `log: _`
[INFO] [stdout] 
[INFO] [stdout] 
[INFO] [stdout] warning: unused variable: `stack_trace`
[INFO] [stdout]   --> ucli/src/terminal.rs:35:17
[INFO] [stdout]    |
[INFO] [stdout] 35 |                 stack_trace,
[INFO] [stdout]    |                 ^^^^^^^^^^^ help: try ignoring the field: `stack_trace: _`
[INFO] [stdout] 
[INFO] [stdout] 
[INFO] [stdout] warning: unused variable: `is_success`
[INFO] [stdout]   --> ucli/src/terminal.rs:39:66
[INFO] [stdout]    |
[INFO] [stdout] 39 |             Self::ServerMessage(ServerMessage::CommandFinished { is_success, msg }) => {
[INFO] [stdout]    |                                                                  ^^^^^^^^^^ help: try ignoring the field: `is_success: _`
[INFO] [stdout] 
[INFO] [stdout] 
[INFO] [stdout] warning: unused variable: `msg`
[INFO] [stdout]   --> ucli/src/terminal.rs:39:78
[INFO] [stdout]    |
[INFO] [stdout] 39 |             Self::ServerMessage(ServerMessage::CommandFinished { is_success, msg }) => {
[INFO] [stdout]    |                                                                              ^^^ help: try ignoring the field: `msg: _`
[INFO] [stdout] 
[INFO] [stdout] 
[INFO] [stdout] warning: unused variable: `stdout`
[INFO] [stdout]   --> ucli/src/terminal.rs:27:52
[INFO] [stdout]    |
[INFO] [stdout] 27 |     fn print_to_console<T: Write, U: Write>(&self, stdout: &mut T, stderr: &mut U) {
[INFO] [stdout]    |                                                    ^^^^^^ help: if this is intentional, prefix it with an underscore: `_stdout`
[INFO] [stdout] 
[INFO] [stdout] 
[INFO] [stdout] warning: unused variable: `stderr`
[INFO] [stdout]   --> ucli/src/terminal.rs:27:68
[INFO] [stdout]    |
[INFO] [stdout] 27 |     fn print_to_console<T: Write, U: Write>(&self, stdout: &mut T, stderr: &mut U) {
[INFO] [stdout]    |                                                                    ^^^^^^ help: if this is intentional, prefix it with an underscore: `_stderr`
[INFO] [stdout] 
[INFO] [stdout] 
[INFO] [stdout] warning: unused variable: `discovery_args`
[INFO] [stdout]  --> ucli/src/lib.rs:9:33
[INFO] [stdout]   |
[INFO] [stdout] 9 |         CliArgs::ListSessions { discovery_args } => {}
[INFO] [stdout]   |                                 ^^^^^^^^^^^^^^ help: try ignoring the field: `discovery_args: _`
[INFO] [stdout] 
[INFO] [stdout] 
[INFO] [stdout] warning: unused variable: `discovery_args`
[INFO] [stdout]   --> ucli/src/lib.rs:10:28
[INFO] [stdout]    |
[INFO] [stdout] 10 |         CliArgs::Compile { discovery_args } => {}
[INFO] [stdout]    |                            ^^^^^^^^^^^^^^ help: try ignoring the field: `discovery_args: _`
[INFO] [stdout] 
[INFO] [stdout] 
[INFO] [stdout] warning: unused variable: `command`
[INFO] [stdout]   --> ucli/src/lib.rs:12:13
[INFO] [stdout]    |
[INFO] [stdout] 12 |             command,
[INFO] [stdout]    |             ^^^^^^^ help: try ignoring the field: `command: _`
[INFO] [stdout] 
[INFO] [stdout] 
[INFO] [stdout] warning: unused variable: `args`
[INFO] [stdout]   --> ucli/src/lib.rs:13:13
[INFO] [stdout]    |
[INFO] [stdout] 13 |             args,
[INFO] [stdout]    |             ^^^^ help: try ignoring the field: `args: _`
[INFO] [stdout] 
[INFO] [stdout] 
[INFO] [stdout] warning: unused variable: `discovery_args`
[INFO] [stdout]   --> ucli/src/lib.rs:14:13
[INFO] [stdout]    |
[INFO] [stdout] 14 |             discovery_args,
[INFO] [stdout]    |             ^^^^^^^^^^^^^^ help: try ignoring the field: `discovery_args: _`
[INFO] [stdout] 
[INFO] [stdout] 
[INFO] [stdout] warning: struct `UnityService` is never constructed
[INFO] [stdout]   --> ucli/src/service_discovery.rs:15:12
[INFO] [stdout]    |
[INFO] [stdout] 15 | pub struct UnityService {
[INFO] [stdout]    |            ^^^^^^^^^^^^
[INFO] [stdout]    |
[INFO] [stdout]    = note: `#[warn(dead_code)]` on by default
[INFO] [stdout] 
[INFO] [stdout] 
[INFO] [stdout] warning: function `discover_service` is never used
[INFO] [stdout]   --> ucli/src/service_discovery.rs:24:8
[INFO] [stdout]    |
[INFO] [stdout] 24 | pub fn discover_service(args: DiscoveryArgs) -> Vec<UnityService> {
[INFO] [stdout]    |        ^^^^^^^^^^^^^^^^
[INFO] [stdout] 
[INFO] [stdout] 
[INFO] [stdout] warning: function `filter_service` is never used
[INFO] [stdout]   --> ucli/src/service_discovery.rs:47:4
[INFO] [stdout]    |
[INFO] [stdout] 47 | fn filter_service(info: &ServiceInfo, args: &DiscoveryArgs) -> Option<(bool, UnityService)> {
[INFO] [stdout]    |    ^^^^^^^^^^^^^^
[INFO] [stdout] 
[INFO] [stdout] 
[INFO] [stdout] warning: field `inner` is never read
[INFO] [stdout]   --> ucli/src/terminal.rs:13:5
[INFO] [stdout]    |
[INFO] [stdout] 12 | pub struct TerminalWriter {
[INFO] [stdout]    |            -------------- field in this struct
[INFO] [stdout] 13 |     inner: Sender<Output>,
[INFO] [stdout]    |     ^^^^^
[INFO] [stdout]    |
[INFO] [stdout]    = note: `TerminalWriter` has a derived impl for the trait `Clone`, but this is intentionally ignored during dead code analysis
[INFO] [stdout] 
[INFO] [stdout] 
[INFO] [stdout] warning: method `write_server_msg` is never used
[INFO] [stdout]   --> ucli/src/terminal.rs:17:12
[INFO] [stdout]    |
[INFO] [stdout] 16 | impl TerminalWriter {
[INFO] [stdout]    | ------------------- method in this implementation
[INFO] [stdout] 17 |     pub fn write_server_msg(&self, item: ServerMessage) {
[INFO] [stdout]    |            ^^^^^^^^^^^^^^^^
[INFO] [stdout] 
[INFO] [stdout] 
[INFO] [stdout] warning: variant `ServerMessage` is never constructed
[INFO] [stdout]   --> ucli/src/terminal.rs:23:5
[INFO] [stdout]    |
[INFO] [stdout] 22 | enum Output {
[INFO] [stdout]    |      ------ variant in this enum
[INFO] [stdout] 23 |     ServerMessage(ServerMessage),
[INFO] [stdout]    |     ^^^^^^^^^^^^^
[INFO] [stdout] 
[INFO] [stdout] 
[INFO] [stdout] warning: method `print_to_console` is never used
[INFO] [stdout]   --> ucli/src/terminal.rs:27:8
[INFO] [stdout]    |
[INFO] [stdout] 26 | impl Output {
[INFO] [stdout]    | ----------- method in this implementation
[INFO] [stdout] 27 |     fn print_to_console<T: Write, U: Write>(&self, stdout: &mut T, stderr: &mut U) {
[INFO] [stdout]    |        ^^^^^^^^^^^^^^^^
[INFO] [stdout] 
[INFO] [stdout] 
[INFO] [stdout] warning: function `print_loop` is never used
[INFO] [stdout]   --> ucli/src/terminal.rs:50:8
[INFO] [stdout]    |
[INFO] [stdout] 50 | pub fn print_loop<T: Write + Send + 'static, U: Write + Send + 'static>(
[INFO] [stdout]    |        ^^^^^^^^^^
[INFO] [stdout] 
[INFO] [stdout] 
[INFO] [stdout] warning: 22 warnings emitted
[INFO] [stdout] 
[INFO] [stdout] 
[INFO] [stdout] warning: 2 warnings emitted
[INFO] [stdout] 
[INFO] [stdout] 
[INFO] [stderr]     Finished test [unoptimized + debuginfo] target(s) in 6.24s
[INFO] running `Command { std: "docker" "inspect" "4ebc58273410801acbb054e985b8807d09ffde3acdf1885e27febfa91cc1eb6e", kill_on_drop: false }`
[INFO] running `Command { std: "docker" "rm" "-f" "4ebc58273410801acbb054e985b8807d09ffde3acdf1885e27febfa91cc1eb6e", kill_on_drop: false }`
[INFO] [stdout] 4ebc58273410801acbb054e985b8807d09ffde3acdf1885e27febfa91cc1eb6e
[INFO] running `Command { std: "docker" "create" "-v" "/var/lib/crater-agent-workspace/builds/worker-5-tc2/target:/opt/rustwide/target:rw,Z" "-v" "/var/lib/crater-agent-workspace/builds/worker-5-tc2/source:/opt/rustwide/workdir:ro,Z" "-v" "/var/lib/crater-agent-workspace/cargo-home:/opt/rustwide/cargo-home:ro,Z" "-v" "/var/lib/crater-agent-workspace/rustup-home:/opt/rustwide/rustup-home:ro,Z" "-e" "SOURCE_DIR=/opt/rustwide/workdir" "-e" "CARGO_TARGET_DIR=/opt/rustwide/target" "-e" "CARGO_INCREMENTAL=0" "-e" "RUST_BACKTRACE=full" "-e" "RUSTFLAGS=--cap-lints=warn" "-e" "RUSTDOCFLAGS=--cap-lints=warn" "-e" "CARGO_HOME=/opt/rustwide/cargo-home" "-e" "RUSTUP_HOME=/opt/rustwide/rustup-home" "-w" "/opt/rustwide/workdir" "-m" "1610612736" "--user" "0:0" "--network" "none" "ghcr.io/rust-lang/crates-build-env/linux@sha256:2788e3201cd34a07e3172128adcd8b3090168a8e3bcc40d7c032b9dda1df7d1c" "/opt/rustwide/cargo-home/bin/cargo" "+beta-2023-12-22" "test" "--frozen", kill_on_drop: false }`
[INFO] [stdout] 73e69b66d20456b1017536276b47be3f1be7109dfc5f5d48a14d710d5ad62bf9
[INFO] running `Command { std: "docker" "start" "-a" "73e69b66d20456b1017536276b47be3f1be7109dfc5f5d48a14d710d5ad62bf9", kill_on_drop: false }`
[INFO] [stderr] warning: virtual workspace defaulting to `resolver = "1"` despite one or more workspace members being on edition 2021 which implies `resolver = "2"`
[INFO] [stderr] note: to keep the current resolver, specify `workspace.resolver = "1"` in the workspace root's manifest
[INFO] [stderr] note: to use the edition 2021 resolver, specify `workspace.resolver = "2"` in the workspace root's manifest
[INFO] [stderr] note: for more details see https://doc.rust-lang.org/cargo/reference/resolver.html#resolver-versions
[INFO] [stderr] warning: unused import: `Receiver`
[INFO] [stderr]  --> ucli/src/terminal.rs:3:26
[INFO] [stderr]   |
[INFO] [stderr] 3 | use crossbeam::channel::{Receiver, Sender};
[INFO] [stderr]   |                          ^^^^^^^^
[INFO] [stderr]   |
[INFO] [stderr]   = note: `#[warn(unused_imports)]` on by default
[INFO] [stderr] 
[INFO] [stderr] warning: unreachable statement
[INFO] [stderr]   --> ucli/src/terminal.rs:46:9
[INFO] [stderr]    |
[INFO] [stderr] 28 | /         match self {
[INFO] [stderr] 29 | |             Self::ServerMessage(ServerMessage::IsBusy) => {
[INFO] [stderr] 30 | |                 todo!();
[INFO] [stderr] 31 | |             }
[INFO] [stderr] ...  |
[INFO] [stderr] 44 | |             }
[INFO] [stderr] 45 | |         }
[INFO] [stderr]    | |_________- any code following this `match` expression is unreachable, as all arms diverge
[INFO] [stderr] 46 |           stdout.execute(SetForegroundColor(Color::Red)).unwrap();
[INFO] [stderr]    |           ^^^^^^^^^^^^^^^^^^^^^^^^^^^^^^^^^^^^^^^^^^^^^^^^^^^^^^^^ unreachable statement
[INFO] [stderr]    |
[INFO] [stderr]    = note: `#[warn(unreachable_code)]` on by default
[INFO] [stderr] 
[INFO] [stderr] warning: unused variable: `log_type`
[INFO] [stderr]   --> ucli/src/terminal.rs:33:17
[INFO] [stderr]    |
[INFO] [stderr] 33 |                 log_type,
[INFO] [stderr]    |                 ^^^^^^^^ help: try ignoring the field: `log_type: _`
[INFO] [stderr]    |
[INFO] [stderr]    = note: `#[warn(unused_variables)]` on by default
[INFO] [stderr] 
[INFO] [stderr] warning: unused variable: `log`
[INFO] [stderr]   --> ucli/src/terminal.rs:34:17
[INFO] [stderr]    |
[INFO] [stderr] 34 |                 log,
[INFO] [stderr]    |                 ^^^ help: try ignoring the field: `log: _`
[INFO] [stderr] 
[INFO] [stderr] warning: unused variable: `stack_trace`
[INFO] [stderr]   --> ucli/src/terminal.rs:35:17
[INFO] [stderr]    |
[INFO] [stderr] 35 |                 stack_trace,
[INFO] [stderr]    |                 ^^^^^^^^^^^ help: try ignoring the field: `stack_trace: _`
[INFO] [stderr] 
[INFO] [stderr] warning: unused variable: `is_success`
[INFO] [stderr]   --> ucli/src/terminal.rs:39:66
[INFO] [stderr]    |
[INFO] [stderr] 39 |             Self::ServerMessage(ServerMessage::CommandFinished { is_success, msg }) => {
[INFO] [stderr]    |                                                                  ^^^^^^^^^^ help: try ignoring the field: `is_success: _`
[INFO] [stderr] 
[INFO] [stderr] warning: unused variable: `msg`
[INFO] [stderr]   --> ucli/src/terminal.rs:39:78
[INFO] [stderr]    |
[INFO] [stderr] 39 |             Self::ServerMessage(ServerMessage::CommandFinished { is_success, msg }) => {
[INFO] [stderr]    |                                                                              ^^^ help: try ignoring the field: `msg: _`
[INFO] [stderr] 
[INFO] [stderr] warning: unused variable: `stdout`
[INFO] [stderr]   --> ucli/src/terminal.rs:27:52
[INFO] [stderr]    |
[INFO] [stderr] 27 |     fn print_to_console<T: Write, U: Write>(&self, stdout: &mut T, stderr: &mut U) {
[INFO] [stderr]    |                                                    ^^^^^^ help: if this is intentional, prefix it with an underscore: `_stdout`
[INFO] [stderr] 
[INFO] [stderr] warning: unused variable: `stderr`
[INFO] [stderr]   --> ucli/src/terminal.rs:27:68
[INFO] [stderr]    |
[INFO] [stderr] 27 |     fn print_to_console<T: Write, U: Write>(&self, stdout: &mut T, stderr: &mut U) {
[INFO] [stderr]    |                                                                    ^^^^^^ help: if this is intentional, prefix it with an underscore: `_stderr`
[INFO] [stderr] 
[INFO] [stderr] warning: unused variable: `discovery_args`
[INFO] [stderr]  --> ucli/src/lib.rs:9:33
[INFO] [stderr]   |
[INFO] [stderr] 9 |         CliArgs::ListSessions { discovery_args } => {}
[INFO] [stderr]   |                                 ^^^^^^^^^^^^^^ help: try ignoring the field: `discovery_args: _`
[INFO] [stderr] 
[INFO] [stderr] warning: unused variable: `discovery_args`
[INFO] [stderr]   --> ucli/src/lib.rs:10:28
[INFO] [stderr]    |
[INFO] [stderr] 10 |         CliArgs::Compile { discovery_args } => {}
[INFO] [stderr]    |                            ^^^^^^^^^^^^^^ help: try ignoring the field: `discovery_args: _`
[INFO] [stderr] 
[INFO] [stderr] warning: unused variable: `command`
[INFO] [stderr]   --> ucli/src/lib.rs:12:13
[INFO] [stderr]    |
[INFO] [stderr] 12 |             command,
[INFO] [stderr]    |             ^^^^^^^ help: try ignoring the field: `command: _`
[INFO] [stderr] 
[INFO] [stderr] warning: unused variable: `args`
[INFO] [stderr]   --> ucli/src/lib.rs:13:13
[INFO] [stderr]    |
[INFO] [stderr] 13 |             args,
[INFO] [stderr]    |             ^^^^ help: try ignoring the field: `args: _`
[INFO] [stderr] 
[INFO] [stderr] warning: unused variable: `discovery_args`
[INFO] [stderr]   --> ucli/src/lib.rs:14:13
[INFO] [stderr]    |
[INFO] [stderr] 14 |             discovery_args,
[INFO] [stderr]    |             ^^^^^^^^^^^^^^ help: try ignoring the field: `discovery_args: _`
[INFO] [stderr] 
[INFO] [stderr] warning: struct `UnityService` is never constructed
[INFO] [stderr]   --> ucli/src/service_discovery.rs:15:12
[INFO] [stderr]    |
[INFO] [stderr] 15 | pub struct UnityService {
[INFO] [stderr]    |            ^^^^^^^^^^^^
[INFO] [stderr]    |
[INFO] [stderr]    = note: `#[warn(dead_code)]` on by default
[INFO] [stderr] 
[INFO] [stderr] warning: function `discover_service` is never used
[INFO] [stderr]   --> ucli/src/service_discovery.rs:24:8
[INFO] [stderr]    |
[INFO] [stderr] 24 | pub fn discover_service(args: DiscoveryArgs) -> Vec<UnityService> {
[INFO] [stderr]    |        ^^^^^^^^^^^^^^^^
[INFO] [stderr] 
[INFO] [stderr] warning: function `filter_service` is never used
[INFO] [stderr]   --> ucli/src/service_discovery.rs:47:4
[INFO] [stderr]    |
[INFO] [stderr] 47 | fn filter_service(info: &ServiceInfo, args: &DiscoveryArgs) -> Option<(bool, UnityService)> {
[INFO] [stderr]    |    ^^^^^^^^^^^^^^
[INFO] [stderr] 
[INFO] [stderr] warning: field `inner` is never read
[INFO] [stderr]   --> ucli/src/terminal.rs:13:5
[INFO] [stderr]    |
[INFO] [stderr] 12 | pub struct TerminalWriter {
[INFO] [stderr]    |            -------------- field in this struct
[INFO] [stderr] 13 |     inner: Sender<Output>,
[INFO] [stderr]    |     ^^^^^
[INFO] [stderr]    |
[INFO] [stderr]    = note: `TerminalWriter` has a derived impl for the trait `Clone`, but this is intentionally ignored during dead code analysis
[INFO] [stderr] 
[INFO] [stderr] warning: method `write_server_msg` is never used
[INFO] [stderr]   --> ucli/src/terminal.rs:17:12
[INFO] [stderr]    |
[INFO] [stderr] 16 | impl TerminalWriter {
[INFO] [stderr]    | ------------------- method in this implementation
[INFO] [stderr] 17 |     pub fn write_server_msg(&self, item: ServerMessage) {
[INFO] [stderr]    |            ^^^^^^^^^^^^^^^^
[INFO] [stderr] 
[INFO] [stderr] warning: variant `ServerMessage` is never constructed
[INFO] [stderr]   --> ucli/src/terminal.rs:23:5
[INFO] [stderr]    |
[INFO] [stderr] 22 | enum Output {
[INFO] [stderr]    |      ------ variant in this enum
[INFO] [stderr] 23 |     ServerMessage(ServerMessage),
[INFO] [stderr]    |     ^^^^^^^^^^^^^
[INFO] [stderr] 
[INFO] [stderr] warning: method `print_to_console` is never used
[INFO] [stderr]   --> ucli/src/terminal.rs:27:8
[INFO] [stderr]    |
[INFO] [stderr] 26 | impl Output {
[INFO] [stderr]    | ----------- method in this implementation
[INFO] [stderr] 27 |     fn print_to_console<T: Write, U: Write>(&self, stdout: &mut T, stderr: &mut U) {
[INFO] [stderr]    |        ^^^^^^^^^^^^^^^^
[INFO] [stderr] 
[INFO] [stderr] warning: function `print_loop` is never used
[INFO] [stderr]   --> ucli/src/terminal.rs:50:8
[INFO] [stderr]    |
[INFO] [stderr] 50 | pub fn print_loop<T: Write + Send + 'static, U: Write + Send + 'static>(
[INFO] [stderr]    |        ^^^^^^^^^^
[INFO] [stderr] 
[INFO] [stderr] warning: `ucli` (lib) generated 22 warnings (run `cargo fix --lib -p ucli` to apply 13 suggestions)
[INFO] [stderr] warning: `ucli` (lib test) generated 22 warnings (22 duplicates)
[INFO] [stderr] warning: unused variable: `conn_b`
[INFO] [stderr]    --> ucli-server/tests/main.rs:121:13
[INFO] [stderr]     |
[INFO] [stderr] 121 |     let mut conn_b = TcpStream::connect(format!("127.0.0.1:{}", port_b)).unwrap();
[INFO] [stderr]     |             ^^^^^^ help: if this is intentional, prefix it with an underscore: `_conn_b`
[INFO] [stderr]     |
[INFO] [stderr]     = note: `#[warn(unused_variables)]` on by default
[INFO] [stderr] 
[INFO] [stderr] warning: variable does not need to be mutable
[INFO] [stderr]    --> ucli-server/tests/main.rs:121:9
[INFO] [stderr]     |
[INFO] [stderr] 121 |     let mut conn_b = TcpStream::connect(format!("127.0.0.1:{}", port_b)).unwrap();
[INFO] [stderr]     |         ----^^^^^^
[INFO] [stderr]     |         |
[INFO] [stderr]     |         help: remove this `mut`
[INFO] [stderr]     |
[INFO] [stderr]     = note: `#[warn(unused_mut)]` on by default
[INFO] [stderr] 
[INFO] [stderr] warning: `ucli-server` (test "main") generated 2 warnings (run `cargo fix --test "main"` to apply 2 suggestions)
[INFO] [stderr]     Finished test [unoptimized + debuginfo] target(s) in 0.18s
[INFO] [stderr]      Running unittests src/lib.rs (/opt/rustwide/target/debug/deps/common-775d114f82c4f0fd)
[INFO] [stdout] 
[INFO] [stdout] running 2 tests
[INFO] [stdout] test tests::async_write_sync_read ... ok
[INFO] [stderr]      Running unittests src/lib.rs (/opt/rustwide/target/debug/deps/ucli-b9928b0f02316e12)
[INFO] [stdout] test tests::sync_write_async_read ... ok
[INFO] [stdout] 
[INFO] [stdout] test result: ok. 2 passed; 0 failed; 0 ignored; 0 measured; 0 filtered out; finished in 0.03s
[INFO] [stdout] 
[INFO] [stdout] 
[INFO] [stdout] running 4 tests
[INFO] [stdout] test cli_args::tests::parse_run_command ... ok
[INFO] [stdout] test cli_args::tests::parse_compile_command ... ok
[INFO] [stdout] test cli_args::tests::parse_list_sessions_subcommand ... ok
[INFO] [stdout] test cli_args::tests::parse_list_command_command ... ok
[INFO] [stdout] 
[INFO] [stdout] test result: ok. 4 passed; 0 failed; 0 ignored; 0 measured; 0 filtered out; finished in 0.01s
[INFO] [stdout] 
[INFO] [stderr]      Running unittests src/main.rs (/opt/rustwide/target/debug/deps/ucli-6b54bb76ce01bc70)
[INFO] [stdout] 
[INFO] [stdout] running 0 tests
[INFO] [stdout] 
[INFO] [stdout] test result: ok. 0 passed; 0 failed; 0 ignored; 0 measured; 0 filtered out; finished in 0.00s
[INFO] [stdout] 
[INFO] [stderr]      Running unittests src/lib.rs (/opt/rustwide/target/debug/deps/ucli_server-4756ab48f83c1394)
[INFO] [stdout] 
[INFO] [stdout] running 0 tests
[INFO] [stdout] 
[INFO] [stdout] test result: ok. 0 passed; 0 failed; 0 ignored; 0 measured; 0 filtered out; finished in 0.00s
[INFO] [stdout] 
[INFO] [stderr]      Running tests/main.rs (/opt/rustwide/target/debug/deps/main-992d6eb0284e948d)
[INFO] [stdout] 
[INFO] [stdout] running 1 test
[INFO] [stdout] [2m2024-01-05T17:50:52.528149Z[0m [34mDEBUG[0m ThreadId(06) [2mmdns_sd::service_daemon[0m[2m:[0m [2m/opt/rustwide/cargo-home/git/checkouts/mdns-sd-ff727dcaf1aef79b/e3be0c7/src/service_daemon.rs[0m[2m:[0m[2m995:[0m Sending multicast query for _unity-cli._tcp.local.    
[INFO] [stdout] [2m2024-01-05T17:50:52.532082Z[0m [34mDEBUG[0m ThreadId(05) [2mmdns_sd::service_daemon[0m[2m:[0m [2m/opt/rustwide/cargo-home/git/checkouts/mdns-sd-ff727dcaf1aef79b/e3be0c7/src/service_daemon.rs[0m[2m:[0m[2m427:[0m register service ServiceInfo { ty_domain: "_unity-cli._tcp.local.", sub_domain: None, fullname: "snotty-shake._unity-cli._tcp.local.", server: "73e69b66d204", addresses: {}, port: 51409, host_ttl: 120, other_ttl: 4500, priority: 0, weight: 0, txt_properties: TxtProperties { properties: [TxtProperty {key: "project-path", val: Some("foo/bar/baz")}, TxtProperty {key: "project-name", val: Some("My Unity Project")}, TxtProperty {key: "unity-version", val: Some("2023.5.30")}] }, addr_auto: true }    
[INFO] [stdout] [2m2024-01-05T17:50:53.528599Z[0m [34mDEBUG[0m ThreadId(06) [2mmdns_sd::service_daemon[0m[2m:[0m [2m/opt/rustwide/cargo-home/git/checkouts/mdns-sd-ff727dcaf1aef79b/e3be0c7/src/service_daemon.rs[0m[2m:[0m[2m995:[0m Sending multicast query for _unity-cli._tcp.local.    
[INFO] [stdout] [2m2024-01-05T17:50:53.532961Z[0m [34mDEBUG[0m ThreadId(05) [2mmdns_sd::service_daemon[0m[2m:[0m [2m/opt/rustwide/cargo-home/git/checkouts/mdns-sd-ff727dcaf1aef79b/e3be0c7/src/service_daemon.rs[0m[2m:[0m[2m433:[0m announce service: snotty-shake._unity-cli._tcp.local.    
[INFO] [stdout] [2m2024-01-05T17:50:55.538806Z[0m [34mDEBUG[0m ThreadId(06) [2mmdns_sd::service_daemon[0m[2m:[0m [2m/opt/rustwide/cargo-home/git/checkouts/mdns-sd-ff727dcaf1aef79b/e3be0c7/src/service_daemon.rs[0m[2m:[0m[2m995:[0m Sending multicast query for _unity-cli._tcp.local.    
[INFO] [stdout] test general_use_case ... FAILED
[INFO] [stdout] 
[INFO] [stdout] failures:
[INFO] [stdout] 
[INFO] [stdout] ---- general_use_case stdout ----
[INFO] [stdout] [ucli-server/tests/main.rs:66:13] &event = SearchStarted(
[INFO] [stdout]     "_unity-cli._tcp.local. on addrs []",
[INFO] [stdout] )
[INFO] [stdout] [ucli-server/tests/main.rs:66:13] &event = SearchStarted(
[INFO] [stdout]     "_unity-cli._tcp.local. on addrs []",
[INFO] [stdout] )
[INFO] [stdout] [ucli-server/tests/main.rs:66:13] &event = SearchStarted(
[INFO] [stdout]     "_unity-cli._tcp.local. on addrs []",
[INFO] [stdout] )
[INFO] [stdout] thread 'general_use_case' panicked at ucli-server/tests/main.rs:98:5:
[INFO] [stdout] Cannot find service!
[INFO] [stdout] stack backtrace:
[INFO] [stdout]    0:     0x562a86254266 - std::backtrace_rs::backtrace::libunwind::trace::h261606ad26a499c1
[INFO] [stdout]                                at /rustc/0e09125c6c3c2fd70d7de961bcf0e51575235fad/library/std/src/../../backtrace/src/backtrace/libunwind.rs:104:5
[INFO] [stdout]    1:     0x562a86254266 - std::backtrace_rs::backtrace::trace_unsynchronized::hd183f0625477fb28
[INFO] [stdout]                                at /rustc/0e09125c6c3c2fd70d7de961bcf0e51575235fad/library/std/src/../../backtrace/src/backtrace/mod.rs:66:5
[INFO] [stdout]    2:     0x562a86254266 - std::sys_common::backtrace::_print_fmt::hd7f8fef21b4eda67
[INFO] [stdout]                                at /rustc/0e09125c6c3c2fd70d7de961bcf0e51575235fad/library/std/src/sys_common/backtrace.rs:68:5
[INFO] [stdout]    3:     0x562a86254266 - <std::sys_common::backtrace::_print::DisplayBacktrace as core::fmt::Display>::fmt::h623d9b51f2f453f1
[INFO] [stdout]                                at /rustc/0e09125c6c3c2fd70d7de961bcf0e51575235fad/library/std/src/sys_common/backtrace.rs:44:22
[INFO] [stdout]    4:     0x562a86280ee0 - core::fmt::rt::Argument::fmt::h9f417ac76a86f368
[INFO] [stdout]                                at /rustc/0e09125c6c3c2fd70d7de961bcf0e51575235fad/library/core/src/fmt/rt.rs:142:9
[INFO] [stdout]    5:     0x562a86280ee0 - core::fmt::write::hc9b6faf4ac2aeff7
[INFO] [stdout]                                at /rustc/0e09125c6c3c2fd70d7de961bcf0e51575235fad/library/core/src/fmt/mod.rs:1120:17
[INFO] [stdout]    6:     0x562a8625130f - std::io::Write::write_fmt::he04625a3a989fec3
[INFO] [stdout]                                at /rustc/0e09125c6c3c2fd70d7de961bcf0e51575235fad/library/std/src/io/mod.rs:1810:15
[INFO] [stdout]    7:     0x562a86254044 - std::sys_common::backtrace::_print::hd5d66399c7df88a2
[INFO] [stdout]                                at /rustc/0e09125c6c3c2fd70d7de961bcf0e51575235fad/library/std/src/sys_common/backtrace.rs:47:5
[INFO] [stdout]    8:     0x562a86254044 - std::sys_common::backtrace::print::he81ed2da642d37e5
[INFO] [stdout]                                at /rustc/0e09125c6c3c2fd70d7de961bcf0e51575235fad/library/std/src/sys_common/backtrace.rs:34:9
[INFO] [stdout]    9:     0x562a86255db7 - std::panicking::default_hook::{{closure}}::h85773f4fa117163d
[INFO] [stdout]   10:     0x562a86255a9d - std::panicking::default_hook::h6a1694a91d09b278
[INFO] [stdout]                                at /rustc/0e09125c6c3c2fd70d7de961bcf0e51575235fad/library/std/src/panicking.rs:289:9
[INFO] [stdout]   11:     0x562a86084877 - <alloc::boxed::Box<F,A> as core::ops::function::Fn<Args>>::call::h616ac37fa3cd6c8f
[INFO] [stdout]                                at /rustc/0e09125c6c3c2fd70d7de961bcf0e51575235fad/library/alloc/src/boxed.rs:2029:9
[INFO] [stdout]   12:     0x562a86084877 - test::test_main::{{closure}}::h00d84697cefdcbb6
[INFO] [stdout]                                at /rustc/0e09125c6c3c2fd70d7de961bcf0e51575235fad/library/test/src/lib.rs:138:21
[INFO] [stdout]   13:     0x562a862563d6 - <alloc::boxed::Box<F,A> as core::ops::function::Fn<Args>>::call::hcb3fe3b9bb537ba8
[INFO] [stdout]                                at /rustc/0e09125c6c3c2fd70d7de961bcf0e51575235fad/library/alloc/src/boxed.rs:2029:9
[INFO] [stdout]   14:     0x562a862563d6 - std::panicking::rust_panic_with_hook::h0a7ad96e90f7145b
[INFO] [stdout]                                at /rustc/0e09125c6c3c2fd70d7de961bcf0e51575235fad/library/std/src/panicking.rs:783:13
[INFO] [stdout]   15:     0x562a862560e9 - std::panicking::begin_panic_handler::{{closure}}::h7919090525c6485e
[INFO] [stdout]                                at /rustc/0e09125c6c3c2fd70d7de961bcf0e51575235fad/library/std/src/panicking.rs:649:13
[INFO] [stdout]   16:     0x562a86254766 - std::sys_common::backtrace::__rust_end_short_backtrace::hf3289479464f7dfe
[INFO] [stdout]                                at /rustc/0e09125c6c3c2fd70d7de961bcf0e51575235fad/library/std/src/sys_common/backtrace.rs:171:18
[INFO] [stdout]   17:     0x562a86255e80 - rust_begin_unwind
[INFO] [stdout]                                at /rustc/0e09125c6c3c2fd70d7de961bcf0e51575235fad/library/std/src/panicking.rs:645:5
[INFO] [stdout]   18:     0x562a85eff425 - core::panicking::panic_fmt::hcc9f77c5c132af55
[INFO] [stdout]                                at /rustc/0e09125c6c3c2fd70d7de961bcf0e51575235fad/library/core/src/panicking.rs:72:14
[INFO] [stdout]   19:     0x562a85f0b660 - main::general_use_case::hc060222758fd6ecf
[INFO] [stdout]                                at /opt/rustwide/workdir/ucli-server/tests/main.rs:98:5
[INFO] [stdout]   20:     0x562a85f09927 - main::general_use_case::{{closure}}::h2e52b44b869d7d84
[INFO] [stdout]                                at /opt/rustwide/workdir/ucli-server/tests/main.rs:26:22
[INFO] [stdout]   21:     0x562a85f01786 - core::ops::function::FnOnce::call_once::h6bc230cf0ba45bb5
[INFO] [stdout]                                at /rustc/0e09125c6c3c2fd70d7de961bcf0e51575235fad/library/core/src/ops/function.rs:250:5
[INFO] [stdout]   22:     0x562a8608a14f - core::ops::function::FnOnce::call_once::hd64d26f405258157
[INFO] [stdout]                                at /rustc/0e09125c6c3c2fd70d7de961bcf0e51575235fad/library/core/src/ops/function.rs:250:5
[INFO] [stdout]   23:     0x562a8608a14f - test::__rust_begin_short_backtrace::he21b0b7a6d731bf9
[INFO] [stdout]                                at /rustc/0e09125c6c3c2fd70d7de961bcf0e51575235fad/library/test/src/lib.rs:627:18
[INFO] [stdout]   24:     0x562a86088ed1 - test::run_test_in_process::{{closure}}::hf5c73986d7bdfde2
[INFO] [stdout]                                at /rustc/0e09125c6c3c2fd70d7de961bcf0e51575235fad/library/test/src/lib.rs:650:60
[INFO] [stdout]   25:     0x562a86088ed1 - <core::panic::unwind_safe::AssertUnwindSafe<F> as core::ops::function::FnOnce<()>>::call_once::h330011ad032aadc0
[INFO] [stdout]                                at /rustc/0e09125c6c3c2fd70d7de961bcf0e51575235fad/library/core/src/panic/unwind_safe.rs:272:9
[INFO] [stdout]   26:     0x562a86088ed1 - std::panicking::try::do_call::he61b0a958b795a41
[INFO] [stdout]                                at /rustc/0e09125c6c3c2fd70d7de961bcf0e51575235fad/library/std/src/panicking.rs:552:40
[INFO] [stdout]   27:     0x562a86088ed1 - std::panicking::try::h7309da130f906eb7
[INFO] [stdout]                                at /rustc/0e09125c6c3c2fd70d7de961bcf0e51575235fad/library/std/src/panicking.rs:516:19
[INFO] [stdout]   28:     0x562a86088ed1 - std::panic::catch_unwind::hc5c3a06fdaf0a92a
[INFO] [stdout]                                at /rustc/0e09125c6c3c2fd70d7de961bcf0e51575235fad/library/std/src/panic.rs:142:14
[INFO] [stdout]   29:     0x562a86088ed1 - test::run_test_in_process::h7e7b7c71c3324e0f
[INFO] [stdout]                                at /rustc/0e09125c6c3c2fd70d7de961bcf0e51575235fad/library/test/src/lib.rs:650:27
[INFO] [stdout]   30:     0x562a86088ed1 - test::run_test::{{closure}}::h1f509f28f5cf20b1
[INFO] [stdout]                                at /rustc/0e09125c6c3c2fd70d7de961bcf0e51575235fad/library/test/src/lib.rs:573:43
[INFO] [stdout]   31:     0x562a86050206 - test::run_test::{{closure}}::h1754218abf443f6d
[INFO] [stdout]                                at /rustc/0e09125c6c3c2fd70d7de961bcf0e51575235fad/library/test/src/lib.rs:601:41
[INFO] [stdout]   32:     0x562a86050206 - std::sys_common::backtrace::__rust_begin_short_backtrace::h2ee174b9d5954948
[INFO] [stdout]                                at /rustc/0e09125c6c3c2fd70d7de961bcf0e51575235fad/library/std/src/sys_common/backtrace.rs:155:18
[INFO] [stdout]   33:     0x562a86055267 - std::thread::Builder::spawn_unchecked_::{{closure}}::{{closure}}::hf60bee9c1a17ef09
[INFO] [stdout]                                at /rustc/0e09125c6c3c2fd70d7de961bcf0e51575235fad/library/std/src/thread/mod.rs:529:17
[INFO] [stdout]   34:     0x562a86055267 - <core::panic::unwind_safe::AssertUnwindSafe<F> as core::ops::function::FnOnce<()>>::call_once::h33d0dddec5216160
[INFO] [stdout]                                at /rustc/0e09125c6c3c2fd70d7de961bcf0e51575235fad/library/core/src/panic/unwind_safe.rs:272:9
[INFO] [stdout]   35:     0x562a86055267 - std::panicking::try::do_call::h144b3048b546f835
[INFO] [stdout]                                at /rustc/0e09125c6c3c2fd70d7de961bcf0e51575235fad/library/std/src/panicking.rs:552:40
[INFO] [stdout]   36:     0x562a86055267 - std::panicking::try::h978244d04646189f
[INFO] [stdout]                                at /rustc/0e09125c6c3c2fd70d7de961bcf0e51575235fad/library/std/src/panicking.rs:516:19
[INFO] [stdout]   37:     0x562a86055267 - std::panic::catch_unwind::hdf436369d188fe86
[INFO] [stdout]                                at /rustc/0e09125c6c3c2fd70d7de961bcf0e51575235fad/library/std/src/panic.rs:142:14
[INFO] [stdout]   38:     0x562a86055267 - std::thread::Builder::spawn_unchecked_::{{closure}}::h87329cbdd33c79ec
[INFO] [stdout]                                at /rustc/0e09125c6c3c2fd70d7de961bcf0e51575235fad/library/std/src/thread/mod.rs:528:30
[INFO] [stdout]   39:     0x562a86055267 - core::ops::function::FnOnce::call_once{{vtable.shim}}::h401abbe67897d450
[INFO] [stdout]                                at /rustc/0e09125c6c3c2fd70d7de961bcf0e51575235fad/library/core/src/ops/function.rs:250:5
[INFO] [stdout]   40:     0x562a8625b015 - <alloc::boxed::Box<F,A> as core::ops::function::FnOnce<Args>>::call_once::h5d7c8f150ab9c84c
[INFO] [stdout]                                at /rustc/0e09125c6c3c2fd70d7de961bcf0e51575235fad/library/alloc/src/boxed.rs:2015:9
[INFO] [stdout]   41:     0x562a8625b015 - <alloc::boxed::Box<F,A> as core::ops::function::FnOnce<Args>>::call_once::h570d5b005c242c15
[INFO] [stdout]                                at /rustc/0e09125c6c3c2fd70d7de961bcf0e51575235fad/library/alloc/src/boxed.rs:2015:9
[INFO] [stdout]   42:     0x562a8625b015 - std::sys::unix::thread::Thread::new::thread_start::h36b0a20c0b2361ad
[INFO] [stdout]                                at /rustc/0e09125c6c3c2fd70d7de961bcf0e51575235fad/library/std/src/sys/unix/thread.rs:108:17
[INFO] [stdout]   43:     0x7fa520f90ac3 - <unknown>
[INFO] [stdout]   44:     0x7fa521021bf4 - __clone
[INFO] [stdout]   45:                0x0 - <unknown>
[INFO] [stdout] 
[INFO] [stdout] 
[INFO] [stdout] failures:
[INFO] [stdout]     general_use_case
[INFO] [stdout] 
[INFO] [stdout] test result: FAILED. 0 passed; 1 failed; 0 ignored; 0 measured; 0 filtered out; finished in 5.03s
[INFO] [stdout] 
[INFO] [stderr] error: test failed, to rerun pass `-p ucli-server --test main`
[INFO] running `Command { std: "docker" "inspect" "73e69b66d20456b1017536276b47be3f1be7109dfc5f5d48a14d710d5ad62bf9", kill_on_drop: false }`
[INFO] running `Command { std: "docker" "rm" "-f" "73e69b66d20456b1017536276b47be3f1be7109dfc5f5d48a14d710d5ad62bf9", kill_on_drop: false }`
[INFO] [stdout] 73e69b66d20456b1017536276b47be3f1be7109dfc5f5d48a14d710d5ad62bf9
