[INFO] cloning repository https://github.com/Sherlock2019/nodejs-rust
[INFO] running `Command { std: "git" "-c" "credential.helper=" "-c" "credential.helper=/workspace/cargo-home/bin/git-credential-null" "clone" "--bare" "https://github.com/Sherlock2019/nodejs-rust" "/workspace/cache/git-repos/https%3A%2F%2Fgithub.com%2FSherlock2019%2Fnodejs-rust", kill_on_drop: false }`
[INFO] [stderr] Cloning into bare repository '/workspace/cache/git-repos/https%3A%2F%2Fgithub.com%2FSherlock2019%2Fnodejs-rust'...
[INFO] running `Command { std: "git" "rev-parse" "HEAD", kill_on_drop: false }`
[INFO] [stdout] 910a5480c1ac748b5fa8ff3da531241eaf106388
[INFO] testing Sherlock2019/nodejs-rust against 1.75.0 for beta-1.76-1
[INFO] running `Command { std: "git" "clone" "/workspace/cache/git-repos/https%3A%2F%2Fgithub.com%2FSherlock2019%2Fnodejs-rust" "/workspace/builds/worker-4-tc1/source", kill_on_drop: false }`
[INFO] [stderr] Cloning into '/workspace/builds/worker-4-tc1/source'...
[INFO] [stderr] done.
[INFO] validating manifest of git repo https://github.com/Sherlock2019/nodejs-rust on toolchain 1.75.0
[INFO] running `Command { std: CARGO_HOME="/workspace/cargo-home" RUSTUP_HOME="/workspace/rustup-home" "/workspace/cargo-home/bin/cargo" "+1.75.0" "metadata" "--manifest-path" "Cargo.toml" "--no-deps", kill_on_drop: false }`
[INFO] removed /workspace/builds/worker-4-tc1/source/.cargo/config.toml
[INFO] started tweaking git repo https://github.com/Sherlock2019/nodejs-rust
[INFO] finished tweaking git repo https://github.com/Sherlock2019/nodejs-rust
[INFO] tweaked toml for git repo https://github.com/Sherlock2019/nodejs-rust written to /workspace/builds/worker-4-tc1/source/Cargo.toml
[INFO] crate git repo https://github.com/Sherlock2019/nodejs-rust already has a lockfile, it will not be regenerated
[INFO] running `Command { std: CARGO_HOME="/workspace/cargo-home" RUSTUP_HOME="/workspace/rustup-home" "/workspace/cargo-home/bin/cargo" "+1.75.0" "fetch" "--manifest-path" "Cargo.toml", kill_on_drop: false }`
[INFO] [stderr]     Updating crates.io index
[INFO] [stderr]  Downloading crates ...
[INFO] [stderr]   Downloaded psd v0.3.4
[INFO] [stderr]   Downloaded nodejs-sys v0.14.0
[INFO] [stderr]   Downloaded easy-cast v0.5.1
[INFO] running `Command { std: "docker" "create" "-v" "/var/lib/crater-agent-workspace/builds/worker-4-tc1/target:/opt/rustwide/target:rw,Z" "-v" "/var/lib/crater-agent-workspace/builds/worker-4-tc1/source:/opt/rustwide/workdir:ro,Z" "-v" "/var/lib/crater-agent-workspace/cargo-home:/opt/rustwide/cargo-home:ro,Z" "-v" "/var/lib/crater-agent-workspace/rustup-home:/opt/rustwide/rustup-home:ro,Z" "-e" "SOURCE_DIR=/opt/rustwide/workdir" "-e" "CARGO_TARGET_DIR=/opt/rustwide/target" "-e" "CARGO_HOME=/opt/rustwide/cargo-home" "-e" "RUSTUP_HOME=/opt/rustwide/rustup-home" "-w" "/opt/rustwide/workdir" "-m" "1610612736" "--user" "0:0" "--network" "none" "ghcr.io/rust-lang/crates-build-env/linux@sha256:2788e3201cd34a07e3172128adcd8b3090168a8e3bcc40d7c032b9dda1df7d1c" "/opt/rustwide/cargo-home/bin/cargo" "+1.75.0" "metadata" "--no-deps" "--format-version=1", kill_on_drop: false }`
[INFO] [stdout] 6c278a7fd8f5cb634d3999e7bab43907750e07df94e1965adf5498b6fd9e2d7e
[INFO] running `Command { std: "docker" "start" "-a" "6c278a7fd8f5cb634d3999e7bab43907750e07df94e1965adf5498b6fd9e2d7e", kill_on_drop: false }`
[INFO] running `Command { std: "docker" "inspect" "6c278a7fd8f5cb634d3999e7bab43907750e07df94e1965adf5498b6fd9e2d7e", kill_on_drop: false }`
[INFO] running `Command { std: "docker" "rm" "-f" "6c278a7fd8f5cb634d3999e7bab43907750e07df94e1965adf5498b6fd9e2d7e", kill_on_drop: false }`
[INFO] [stdout] 6c278a7fd8f5cb634d3999e7bab43907750e07df94e1965adf5498b6fd9e2d7e
[INFO] running `Command { std: "docker" "create" "-v" "/var/lib/crater-agent-workspace/builds/worker-4-tc1/target:/opt/rustwide/target:rw,Z" "-v" "/var/lib/crater-agent-workspace/builds/worker-4-tc1/source:/opt/rustwide/workdir:ro,Z" "-v" "/var/lib/crater-agent-workspace/cargo-home:/opt/rustwide/cargo-home:ro,Z" "-v" "/var/lib/crater-agent-workspace/rustup-home:/opt/rustwide/rustup-home:ro,Z" "-e" "SOURCE_DIR=/opt/rustwide/workdir" "-e" "CARGO_TARGET_DIR=/opt/rustwide/target" "-e" "CARGO_INCREMENTAL=0" "-e" "RUST_BACKTRACE=full" "-e" "RUSTFLAGS=--cap-lints=warn" "-e" "RUSTDOCFLAGS=--cap-lints=warn" "-e" "CARGO_HOME=/opt/rustwide/cargo-home" "-e" "RUSTUP_HOME=/opt/rustwide/rustup-home" "-w" "/opt/rustwide/workdir" "-m" "1610612736" "--user" "0:0" "--network" "none" "ghcr.io/rust-lang/crates-build-env/linux@sha256:2788e3201cd34a07e3172128adcd8b3090168a8e3bcc40d7c032b9dda1df7d1c" "/opt/rustwide/cargo-home/bin/cargo" "+1.75.0" "build" "--frozen" "--message-format=json", kill_on_drop: false }`
[INFO] [stdout] 7d260e68599f0d7b30f9a3663308fb13d982e66bf5697fbae68021f6d88b2643
[INFO] running `Command { std: "docker" "start" "-a" "7d260e68599f0d7b30f9a3663308fb13d982e66bf5697fbae68021f6d88b2643", kill_on_drop: false }`
[INFO] [stderr]    Compiling autocfg v1.1.0
[INFO] [stderr]    Compiling libc v0.2.132
[INFO] [stderr]    Compiling cfg-if v1.0.0
[INFO] [stderr]    Compiling proc-macro2 v1.0.43
[INFO] [stderr]    Compiling unicode-ident v1.0.4
[INFO] [stderr]    Compiling quote v1.0.21
[INFO] [stderr]    Compiling syn v1.0.99
[INFO] [stderr]    Compiling semver v1.0.13
[INFO] [stderr]    Compiling serde v1.0.152
[INFO] [stderr]    Compiling pin-project-lite v0.2.9
[INFO] [stderr]    Compiling libm v0.2.6
[INFO] [stderr]    Compiling ppv-lite86 v0.2.17
[INFO] [stderr]    Compiling smallvec v1.10.0
[INFO] [stderr]    Compiling num-bigint-dig v0.8.2
[INFO] [stderr]    Compiling send_wrapper v0.6.0
[INFO] [stderr]    Compiling once_cell v1.14.0
[INFO] [stderr]    Compiling libloading v0.7.3
[INFO] [stderr]    Compiling spin v0.5.2
[INFO] [stderr]    Compiling byteorder v1.4.3
[INFO] [stderr]    Compiling lazy_static v1.4.0
[INFO] [stderr]    Compiling num-traits v0.2.15
[INFO] [stderr]    Compiling tokio v1.24.2
[INFO] [stderr]    Compiling num-integer v0.1.45
[INFO] [stderr]    Compiling num-iter v0.1.43
[INFO] [stderr]    Compiling getrandom v0.2.7
[INFO] [stderr]    Compiling num_cpus v1.13.1
[INFO] [stderr]    Compiling rand_core v0.6.4
[INFO] [stderr]    Compiling rand_chacha v0.3.1
[INFO] [stderr]    Compiling rand v0.8.5
[INFO] [stderr]    Compiling syn-mid v0.5.3
[INFO] [stderr]    Compiling neon-macros v1.0.0-alpha.4 (/opt/rustwide/workdir/crates/neon-macros)
[INFO] [stderr]    Compiling neon v1.0.0-alpha.4 (/opt/rustwide/workdir/crates/neon)
[INFO] [stderr]    Compiling napi-tests v0.1.0 (/opt/rustwide/workdir/test/napi)
[INFO] [stderr]    Compiling electron-tests v0.1.0 (/opt/rustwide/workdir/test/electron)
[INFO] [stderr]     Finished dev [unoptimized + debuginfo] target(s) in 12.98s
[INFO] running `Command { std: "docker" "inspect" "7d260e68599f0d7b30f9a3663308fb13d982e66bf5697fbae68021f6d88b2643", kill_on_drop: false }`
[INFO] running `Command { std: "docker" "rm" "-f" "7d260e68599f0d7b30f9a3663308fb13d982e66bf5697fbae68021f6d88b2643", kill_on_drop: false }`
[INFO] [stdout] 7d260e68599f0d7b30f9a3663308fb13d982e66bf5697fbae68021f6d88b2643
[INFO] running `Command { std: "docker" "create" "-v" "/var/lib/crater-agent-workspace/builds/worker-4-tc1/target:/opt/rustwide/target:rw,Z" "-v" "/var/lib/crater-agent-workspace/builds/worker-4-tc1/source:/opt/rustwide/workdir:ro,Z" "-v" "/var/lib/crater-agent-workspace/cargo-home:/opt/rustwide/cargo-home:ro,Z" "-v" "/var/lib/crater-agent-workspace/rustup-home:/opt/rustwide/rustup-home:ro,Z" "-e" "SOURCE_DIR=/opt/rustwide/workdir" "-e" "CARGO_TARGET_DIR=/opt/rustwide/target" "-e" "CARGO_INCREMENTAL=0" "-e" "RUST_BACKTRACE=full" "-e" "RUSTFLAGS=--cap-lints=warn" "-e" "RUSTDOCFLAGS=--cap-lints=warn" "-e" "CARGO_HOME=/opt/rustwide/cargo-home" "-e" "RUSTUP_HOME=/opt/rustwide/rustup-home" "-w" "/opt/rustwide/workdir" "-m" "1610612736" "--user" "0:0" "--network" "none" "ghcr.io/rust-lang/crates-build-env/linux@sha256:2788e3201cd34a07e3172128adcd8b3090168a8e3bcc40d7c032b9dda1df7d1c" "/opt/rustwide/cargo-home/bin/cargo" "+1.75.0" "test" "--frozen" "--no-run" "--message-format=json", kill_on_drop: false }`
[INFO] [stdout] d6c40f35126558234853b7ae5aa24d237ec389783c51183f003c8504ee47dc9c
[INFO] running `Command { std: "docker" "start" "-a" "d6c40f35126558234853b7ae5aa24d237ec389783c51183f003c8504ee47dc9c", kill_on_drop: false }`
[INFO] [stderr]    Compiling memchr v2.5.0
[INFO] [stderr]    Compiling glob v0.3.0
[INFO] [stderr]    Compiling indexmap v1.9.2
[INFO] [stderr]    Compiling log v0.4.17
[INFO] [stderr]    Compiling regex-syntax v0.6.27
[INFO] [stderr]    Compiling os_str_bytes v6.4.1
[INFO] [stderr]    Compiling hashbrown v0.12.3
[INFO] [stderr]    Compiling minimal-lexical v0.2.1
[INFO] [stderr]    Compiling termcolor v1.1.3
[INFO] [stderr]    Compiling either v1.8.0
[INFO] [stderr]    Compiling strsim v0.10.0
[INFO] [stderr]    Compiling bitflags v1.3.2
[INFO] [stderr]    Compiling humantime v2.1.0
[INFO] [stderr]    Compiling textwrap v0.16.0
[INFO] [stderr]    Compiling atty v0.2.14
[INFO] [stderr]    Compiling bindgen v0.60.1
[INFO] [stderr]    Compiling neon-macros v1.0.0-alpha.4 (/opt/rustwide/workdir/crates/neon-macros)
[INFO] [stderr]    Compiling rustc-hash v1.1.0
[INFO] [stderr]    Compiling which v4.4.0
[INFO] [stderr]    Compiling peeking_take_while v0.1.2
[INFO] [stderr]    Compiling clap_lex v0.2.4
[INFO] [stderr]    Compiling shlex v1.1.0
[INFO] [stderr]    Compiling lazycell v1.3.0
[INFO] [stderr]    Compiling thiserror v1.0.35
[INFO] [stderr]    Compiling thiserror-impl v1.0.35
[INFO] [stderr]    Compiling anyhow v1.0.65
[INFO] [stderr]    Compiling widestring v1.0.2
[INFO] [stderr]    Compiling clang-sys v1.3.3
[INFO] [stderr]    Compiling aho-corasick v0.7.19
[INFO] [stderr]    Compiling nom v7.1.3
[INFO] [stderr]    Compiling linkify v0.9.0
[INFO] [stderr]    Compiling neon v1.0.0-alpha.4 (/opt/rustwide/workdir/crates/neon)
[INFO] [stderr]    Compiling clap v3.2.23
[INFO] [stderr]    Compiling psd v0.3.4
[INFO] [stderr]    Compiling regex v1.6.0
[INFO] [stderr]    Compiling cexpr v0.6.0
[INFO] [stderr]    Compiling env_logger v0.9.3
[INFO] [stderr]    Compiling napi-tests v0.1.0 (/opt/rustwide/workdir/test/napi)
[INFO] [stderr]    Compiling electron-tests v0.1.0 (/opt/rustwide/workdir/test/electron)
[INFO] [stderr]    Compiling nodejs-sys v0.14.0
[INFO] [stderr]     Finished test [unoptimized + debuginfo] target(s) in 19.52s
[INFO] running `Command { std: "docker" "inspect" "d6c40f35126558234853b7ae5aa24d237ec389783c51183f003c8504ee47dc9c", kill_on_drop: false }`
[INFO] running `Command { std: "docker" "rm" "-f" "d6c40f35126558234853b7ae5aa24d237ec389783c51183f003c8504ee47dc9c", kill_on_drop: false }`
[INFO] [stdout] d6c40f35126558234853b7ae5aa24d237ec389783c51183f003c8504ee47dc9c
[INFO] running `Command { std: "docker" "create" "-v" "/var/lib/crater-agent-workspace/builds/worker-4-tc1/target:/opt/rustwide/target:rw,Z" "-v" "/var/lib/crater-agent-workspace/builds/worker-4-tc1/source:/opt/rustwide/workdir:ro,Z" "-v" "/var/lib/crater-agent-workspace/cargo-home:/opt/rustwide/cargo-home:ro,Z" "-v" "/var/lib/crater-agent-workspace/rustup-home:/opt/rustwide/rustup-home:ro,Z" "-e" "SOURCE_DIR=/opt/rustwide/workdir" "-e" "CARGO_TARGET_DIR=/opt/rustwide/target" "-e" "CARGO_INCREMENTAL=0" "-e" "RUST_BACKTRACE=full" "-e" "RUSTFLAGS=--cap-lints=warn" "-e" "RUSTDOCFLAGS=--cap-lints=warn" "-e" "CARGO_HOME=/opt/rustwide/cargo-home" "-e" "RUSTUP_HOME=/opt/rustwide/rustup-home" "-w" "/opt/rustwide/workdir" "-m" "1610612736" "--user" "0:0" "--network" "none" "ghcr.io/rust-lang/crates-build-env/linux@sha256:2788e3201cd34a07e3172128adcd8b3090168a8e3bcc40d7c032b9dda1df7d1c" "/opt/rustwide/cargo-home/bin/cargo" "+1.75.0" "test" "--frozen", kill_on_drop: false }`
[INFO] [stdout] 1489f29a18df139b394eb2e0c2904f4214788f1a96424a326a9e1e04cc43cbae
[INFO] running `Command { std: "docker" "start" "-a" "1489f29a18df139b394eb2e0c2904f4214788f1a96424a326a9e1e04cc43cbae", kill_on_drop: false }`
[INFO] [stderr]     Finished test [unoptimized + debuginfo] target(s) in 0.05s
[INFO] [stderr]      Running unittests src/lib.rs (/opt/rustwide/target/debug/deps/electron_tests-9e1cc91e25fd8417)
[INFO] [stdout] 
[INFO] [stdout] running 0 tests
[INFO] [stdout] 
[INFO] [stdout] test result: ok. 0 passed; 0 failed; 0 ignored; 0 measured; 0 filtered out; finished in 0.00s
[INFO] [stdout] 
[INFO] [stderr]      Running unittests src/lib.rs (/opt/rustwide/target/debug/deps/napi_tests-d42901486696f123)
[INFO] [stdout] 
[INFO] [stdout] running 0 tests
[INFO] [stdout] 
[INFO] [stdout] test result: ok. 0 passed; 0 failed; 0 ignored; 0 measured; 0 filtered out; finished in 0.00s
[INFO] [stdout] 
[INFO] [stderr]      Running unittests src/lib.rs (/opt/rustwide/target/debug/deps/neon-6892f3d51f591b9a)
[INFO] [stdout] 
[INFO] [stdout] running 4 tests
[INFO] [stdout] test feature_matrix ... ignored
[INFO] [stdout] test types_impl::buffer::lock::tests::test_overlapping_borrows ... ok
[INFO] [stdout] test types_impl::buffer::lock::tests::test_overlapping_immutable_borrows ... ok
[INFO] [stdout] test types_impl::buffer::lock::tests::test_nonoverlapping_borrows ... ok
[INFO] [stdout] 
[INFO] [stdout] test result: ok. 3 passed; 0 failed; 1 ignored; 0 measured; 0 filtered out; finished in 0.00s
[INFO] [stdout] 
[INFO] [stderr]      Running unittests src/lib.rs (/opt/rustwide/target/debug/deps/neon_macros-6e40478ee406a296)
[INFO] [stdout] 
[INFO] [stdout] running 0 tests
[INFO] [stdout] 
[INFO] [stdout] test result: ok. 0 passed; 0 failed; 0 ignored; 0 measured; 0 filtered out; finished in 0.00s
[INFO] [stdout] 
[INFO] [stderr]    Doc-tests neon
[INFO] [stdout] 
[INFO] [stdout] running 74 tests
[INFO] [stdout] test crates/neon/src/handle/mod.rs - handle::Handle<'a,T>::is_a (line 155) - compile ... ok
[INFO] [stdout] test crates/neon/src/lib.rs - (line 46) - compile ... ok
[INFO] [stdout] test crates/neon/src/context/mod.rs - context::Context::task (line 513) ... ok
[INFO] [stdout] test crates/neon/src/context/mod.rs - context::Context::boxed (line 436) ... ok
[INFO] [stdout] test crates/neon/src/context/mod.rs - context (line 48) ... ok
[INFO] [stdout] test crates/neon/src/sys/bindings/mod.rs - sys::bindings::generate (line 42) ... ignored
[INFO] [stdout] test crates/neon/src/sys/bindings/mod.rs - sys::bindings::generate (line 51) ... ignored
[INFO] [stdout] test crates/neon/src/context/mod.rs - context (line 80) ... ok
[INFO] [stdout] test crates/neon/src/handle/mod.rs - handle (line 19) ... ok
[INFO] [stdout] test crates/neon/src/handle/mod.rs - handle (line 34) ... ok
[INFO] [stdout] test crates/neon/src/sys/mod.rs - sys (line 18) - compile ... ok
[INFO] [stdout] test crates/neon/src/event/mod.rs - event (line 62) ... ok
[INFO] [stdout] test crates/neon/src/sys/mod.rs - sys (line 52) - compile ... ok
[INFO] [stdout] test crates/neon/src/event/task.rs - event::task::TaskBuilder (line 17) ... ok
[INFO] [stdout] test crates/neon/src/event/mod.rs - event (line 31) ... ok
[INFO] [stdout] test crates/neon/src/context/mod.rs - context::Context::promise (line 490) ... ok
[INFO] [stdout] test crates/neon/src/event/channel.rs - event::channel::Channel (line 59) ... ok
[INFO] [stdout] test crates/neon/src/context/mod.rs - context (line 16) ... ok
[INFO] [stdout] test crates/neon/src/handle/root.rs - handle::root::Root<T>::clone (line 110) ... ok
[INFO] [stdout] test crates/neon/src/context/mod.rs - context::Context::global (line 366) ... ok
[INFO] [stdout] test crates/neon/src/lib.rs - (line 64) ... ok
[INFO] [stdout] test crates/neon/src/object/mod.rs - object (line 17) ... ok
[INFO] [stdout] test crates/neon/src/thread/mod.rs - thread (line 33) ... ok
[INFO] [stdout] test crates/neon/src/types_docs.rs - types_docs::exports (line 42) ... ok
[INFO] [stdout] test crates/neon/src/types_docs.rs - types_docs::exports (line 30) ... ok
[INFO] [stdout] test crates/neon/src/result/mod.rs - result (line 25) ... ok
[INFO] [stdout] test crates/neon/src/thread/mod.rs - thread (line 11) ... ok
[INFO] [stdout] test crates/neon/src/thread/mod.rs - thread (line 60) ... ok
[INFO] [stdout] test crates/neon/src/context/mod.rs - context (line 27) ... ok
[INFO] [stdout] test crates/neon/src/types_impl/bigint.rs - types_impl::bigint::JsBigInt::from_i128 (line 133) ... ok
[INFO] [stdout] test crates/neon/src/types_impl/bigint.rs - types_impl::bigint::JsBigInt::from_digits_le (line 177) ... ok
[INFO] [stdout] test crates/neon/src/types_impl/bigint.rs - types_impl::bigint::JsBigInt::from_u128 (line 158) ... ok
[INFO] [stdout] test crates/neon/src/types_impl/buffer/types.rs - types_impl::buffer::types::JsTypedArray<T>::len (line 768) ... ignored
[INFO] [stdout] test crates/neon/src/types_impl/bigint.rs - types_impl::bigint::JsBigInt::from_u64 (line 94) ... ok
[INFO] [stdout] test crates/neon/src/types_impl/boxed.rs - types_impl::boxed::Finalize (line 283) ... ok
[INFO] [stdout] test crates/neon/src/types_impl/bigint.rs - types_impl::bigint::JsBigInt::from_i64 (line 66) ... ok
[INFO] [stdout] test crates/neon/src/types_impl/bigint.rs - types_impl::bigint::JsBigInt::read_digits_le (line 363) ... ok
[INFO] [stdout] test crates/neon/src/types_impl/boxed.rs - types_impl::boxed::Finalize (line 293) ... ok
[INFO] [stdout] test crates/neon/src/types_impl/date.rs - types_impl::date::JsDate (line 25) ... FAILED
[INFO] [stdout] test crates/neon/src/types_impl/boxed.rs - types_impl::boxed::JsBox (line 57) ... ok
[INFO] [stdout] test crates/neon/src/types_impl/boxed.rs - types_impl::boxed::JsBox (line 71) ... ok
[INFO] [stdout] test crates/neon/src/types_impl/buffer/types.rs - types_impl::buffer::types::Handle<'cx,JsArrayBuffer>::region (line 314) ... ok
[INFO] [stdout] test crates/neon/src/types_impl/buffer/mod.rs - types_impl::buffer::Region (line 206) ... ok
[INFO] [stdout] test crates/neon/src/types_impl/boxed.rs - types_impl::boxed::JsBox (line 93) ... ok
[INFO] [stdout] test crates/neon/src/types_impl/buffer/types.rs - types_impl::buffer::types::JsBuffer (line 34) ... ok
[INFO] [stdout] test crates/neon/src/types_impl/buffer/types.rs - types_impl::buffer::types::JsArrayBuffer (line 219) ... ok
[INFO] [stdout] test crates/neon/src/types_impl/buffer/mod.rs - types_impl::buffer::TypedArray (line 34) ... ok
[INFO] [stdout] test crates/neon/src/types_impl/function/mod.rs - types_impl::function::CallOptions (line 18) ... ok
[INFO] [stdout] test crates/neon/src/types_impl/function/mod.rs - types_impl::function::ConstructOptions (line 76) ... ok
[INFO] [stdout] test crates/neon/src/types_impl/error.rs - types_impl::error::JsError (line 20) ... ok
[INFO] [stdout] test crates/neon/src/types_impl/mod.rs - types_impl::JsBoolean (line 339) ... ok
[INFO] [stdout] test crates/neon/src/types_impl/mod.rs - types_impl::JsFunction (line 1022) ... ok
[INFO] [stdout] test crates/neon/src/types_impl/mod.rs - types_impl::JsArray (line 855) ... ok
[INFO] [stdout] test crates/neon/src/types_impl/mod.rs - types_impl::JsFunction (line 981) ... ok
[INFO] [stdout] test crates/neon/src/types_impl/mod.rs - types_impl::JsBigInt (line 1259) ... ok
[INFO] [stdout] test crates/neon/src/types_impl/mod.rs - types_impl::JsNull (line 271) ... ok
[INFO] [stdout] test crates/neon/src/types_impl/mod.rs - types_impl::JsString::new (line 625) ... ok
[INFO] [stdout] test crates/neon/src/types_impl/mod.rs - types_impl::JsFunction (line 1001) ... ok
[INFO] [stdout] test crates/neon/src/types_impl/buffer/types.rs - types_impl::buffer::types::JsTypedArray (line 466) ... ok
[INFO] [stdout] test crates/neon/src/types_impl/mod.rs - types_impl::JsString (line 416) ... ok
[INFO] [stdout] test crates/neon/src/types_impl/mod.rs - types_impl::JsString::to_utf16 (line 590) ... ok
[INFO] [stdout] test crates/neon/src/types_impl/mod.rs - types_impl::JsString::to_utf16 (line 576) ... ok
[INFO] [stdout] test crates/neon/src/types_impl/mod.rs - types_impl::JsString::try_new (line 650) ... ok
[INFO] [stdout] test crates/neon/src/types_impl/mod.rs - types_impl::JsString::size_utf16 (line 524) ... ok
[INFO] [stdout] test crates/neon/src/types_impl/mod.rs - types_impl::JsNumber (line 693) ... ok
[INFO] [stdout] test crates/neon/src/types_impl/mod.rs - types_impl::JsString::size (line 498) ... ok
[INFO] [stdout] test crates/neon/src/types_impl/mod.rs - types_impl::JsObject (line 769) ... ok
[INFO] [stdout] test crates/neon/src/types_impl/mod.rs - types_impl::JsValue (line 134) ... ok
[INFO] [stdout] test crates/neon/src/types_impl/promise.rs - types_impl::promise::JsPromise (line 72) ... ok
[INFO] [stdout] test crates/neon/src/types_impl/mod.rs - types_impl::JsString::value (line 545) ... ok
[INFO] [stdout] test crates/neon/src/types_impl/promise.rs - types_impl::promise::Deferred::settle_with (line 347) ... ok
[INFO] [stdout] test crates/neon/src/types_impl/mod.rs - types_impl::JsUndefined (line 199) ... ok
[INFO] [stdout] test crates/neon/src/types_impl/promise.rs - types_impl::promise::JsPromise (line 94) ... ok
[INFO] [stdout] test crates/neon/src/types_impl/promise.rs - types_impl::promise::JsFuture (line 453) ... ok
[INFO] [stdout] 
[INFO] [stdout] failures:
[INFO] [stdout] 
[INFO] [stdout] ---- crates/neon/src/types_impl/date.rs - types_impl::date::JsDate (line 25) stdout ----
[INFO] [stdout] error[E0432]: unresolved import `easy_cast`
[INFO] [stdout]  --> crates/neon/src/types_impl/date.rs:28:5
[INFO] [stdout]   |
[INFO] [stdout] 6 | use easy_cast::Cast; // for safe numeric conversions
[INFO] [stdout]   |     ^^^^^^^^^ use of undeclared crate or module `easy_cast`
[INFO] [stdout] 
[INFO] [stdout] error[E0599]: no method named `try_cast` found for type `u128` in the current scope
[INFO] [stdout]   --> crates/neon/src/types_impl/date.rs:39:10
[INFO] [stdout]    |
[INFO] [stdout] 12 |       Ok(File::open(&path)?
[INFO] [stdout]    |  ________-
[INFO] [stdout] 13 | |         .metadata()?
[INFO] [stdout] 14 | |         .modified()?
[INFO] [stdout] 15 | |         .duration_since(SystemTime::UNIX_EPOCH)?
[INFO] [stdout] 16 | |         .as_millis()
[INFO] [stdout] 17 | |         .try_cast()?)
[INFO] [stdout]    | |         -^^^^^^^^ method not found in `u128`
[INFO] [stdout]    | |_________|
[INFO] [stdout]    | 
[INFO] [stdout] 
[INFO] [stdout] error: aborting due to 2 previous errors
[INFO] [stdout] 
[INFO] [stdout] Some errors have detailed explanations: E0432, E0599.
[INFO] [stdout] For more information about an error, try `rustc --explain E0432`.
[INFO] [stdout] Couldn't compile the test.
[INFO] [stdout] 
[INFO] [stdout] failures:
[INFO] [stdout]     crates/neon/src/types_impl/date.rs - types_impl::date::JsDate (line 25)
[INFO] [stdout] 
[INFO] [stdout] test result: FAILED. 70 passed; 1 failed; 3 ignored; 0 measured; 0 filtered out; finished in 1.63s
[INFO] [stdout] 
[INFO] [stderr] error: doctest failed, to rerun pass `-p neon --doc`
[INFO] running `Command { std: "docker" "inspect" "1489f29a18df139b394eb2e0c2904f4214788f1a96424a326a9e1e04cc43cbae", kill_on_drop: false }`
[INFO] running `Command { std: "docker" "rm" "-f" "1489f29a18df139b394eb2e0c2904f4214788f1a96424a326a9e1e04cc43cbae", kill_on_drop: false }`
[INFO] [stdout] 1489f29a18df139b394eb2e0c2904f4214788f1a96424a326a9e1e04cc43cbae
