[INFO] cloning repository https://github.com/Schwarzam/rastronomy
[INFO] running `Command { std: "git" "-c" "credential.helper=" "-c" "credential.helper=/workspace/cargo-home/bin/git-credential-null" "clone" "--bare" "https://github.com/Schwarzam/rastronomy" "/workspace/cache/git-repos/https%3A%2F%2Fgithub.com%2FSchwarzam%2Frastronomy", kill_on_drop: false }`
[INFO] [stderr] Cloning into bare repository '/workspace/cache/git-repos/https%3A%2F%2Fgithub.com%2FSchwarzam%2Frastronomy'...
[INFO] running `Command { std: "git" "rev-parse" "HEAD", kill_on_drop: false }`
[INFO] [stdout] 6a93b954f03094071e315c9c95e0ebc2cc9bf15f
[INFO] testing Schwarzam/rastronomy against 1.75.0 for beta-1.76-1
[INFO] running `Command { std: "git" "clone" "/workspace/cache/git-repos/https%3A%2F%2Fgithub.com%2FSchwarzam%2Frastronomy" "/workspace/builds/worker-3-tc1/source", kill_on_drop: false }`
[INFO] [stderr] Cloning into '/workspace/builds/worker-3-tc1/source'...
[INFO] [stderr] done.
[INFO] validating manifest of git repo https://github.com/Schwarzam/rastronomy on toolchain 1.75.0
[INFO] running `Command { std: CARGO_HOME="/workspace/cargo-home" RUSTUP_HOME="/workspace/rustup-home" "/workspace/cargo-home/bin/cargo" "+1.75.0" "metadata" "--manifest-path" "Cargo.toml" "--no-deps", kill_on_drop: false }`
[INFO] started tweaking git repo https://github.com/Schwarzam/rastronomy
[INFO] finished tweaking git repo https://github.com/Schwarzam/rastronomy
[INFO] tweaked toml for git repo https://github.com/Schwarzam/rastronomy written to /workspace/builds/worker-3-tc1/source/Cargo.toml
[INFO] running `Command { std: CARGO_HOME="/workspace/cargo-home" RUSTUP_HOME="/workspace/rustup-home" "/workspace/cargo-home/bin/cargo" "+1.75.0" "generate-lockfile" "--manifest-path" "Cargo.toml", kill_on_drop: false }`
[INFO] [stderr]     Updating crates.io index
[INFO] running `Command { std: CARGO_HOME="/workspace/cargo-home" RUSTUP_HOME="/workspace/rustup-home" "/workspace/cargo-home/bin/cargo" "+1.75.0" "fetch" "--manifest-path" "Cargo.toml", kill_on_drop: false }`
[INFO] running `Command { std: "docker" "create" "-v" "/var/lib/crater-agent-workspace/builds/worker-3-tc1/target:/opt/rustwide/target:rw,Z" "-v" "/var/lib/crater-agent-workspace/builds/worker-3-tc1/source:/opt/rustwide/workdir:ro,Z" "-v" "/var/lib/crater-agent-workspace/cargo-home:/opt/rustwide/cargo-home:ro,Z" "-v" "/var/lib/crater-agent-workspace/rustup-home:/opt/rustwide/rustup-home:ro,Z" "-e" "SOURCE_DIR=/opt/rustwide/workdir" "-e" "CARGO_TARGET_DIR=/opt/rustwide/target" "-e" "CARGO_HOME=/opt/rustwide/cargo-home" "-e" "RUSTUP_HOME=/opt/rustwide/rustup-home" "-w" "/opt/rustwide/workdir" "-m" "1610612736" "--user" "0:0" "--network" "none" "ghcr.io/rust-lang/crates-build-env/linux@sha256:2788e3201cd34a07e3172128adcd8b3090168a8e3bcc40d7c032b9dda1df7d1c" "/opt/rustwide/cargo-home/bin/cargo" "+1.75.0" "metadata" "--no-deps" "--format-version=1", kill_on_drop: false }`
[INFO] [stdout] 60bfa7c721498f251c1bae4bec67eccbed99845b5091bd57c2ed20683e2bab6b
[INFO] running `Command { std: "docker" "start" "-a" "60bfa7c721498f251c1bae4bec67eccbed99845b5091bd57c2ed20683e2bab6b", kill_on_drop: false }`
[INFO] running `Command { std: "docker" "inspect" "60bfa7c721498f251c1bae4bec67eccbed99845b5091bd57c2ed20683e2bab6b", kill_on_drop: false }`
[INFO] running `Command { std: "docker" "rm" "-f" "60bfa7c721498f251c1bae4bec67eccbed99845b5091bd57c2ed20683e2bab6b", kill_on_drop: false }`
[INFO] [stdout] 60bfa7c721498f251c1bae4bec67eccbed99845b5091bd57c2ed20683e2bab6b
[INFO] running `Command { std: "docker" "create" "-v" "/var/lib/crater-agent-workspace/builds/worker-3-tc1/target:/opt/rustwide/target:rw,Z" "-v" "/var/lib/crater-agent-workspace/builds/worker-3-tc1/source:/opt/rustwide/workdir:ro,Z" "-v" "/var/lib/crater-agent-workspace/cargo-home:/opt/rustwide/cargo-home:ro,Z" "-v" "/var/lib/crater-agent-workspace/rustup-home:/opt/rustwide/rustup-home:ro,Z" "-e" "SOURCE_DIR=/opt/rustwide/workdir" "-e" "CARGO_TARGET_DIR=/opt/rustwide/target" "-e" "CARGO_INCREMENTAL=0" "-e" "RUST_BACKTRACE=full" "-e" "RUSTFLAGS=--cap-lints=warn" "-e" "RUSTDOCFLAGS=--cap-lints=warn" "-e" "CARGO_HOME=/opt/rustwide/cargo-home" "-e" "RUSTUP_HOME=/opt/rustwide/rustup-home" "-w" "/opt/rustwide/workdir" "-m" "1610612736" "--user" "0:0" "--network" "none" "ghcr.io/rust-lang/crates-build-env/linux@sha256:2788e3201cd34a07e3172128adcd8b3090168a8e3bcc40d7c032b9dda1df7d1c" "/opt/rustwide/cargo-home/bin/cargo" "+1.75.0" "build" "--frozen" "--message-format=json", kill_on_drop: false }`
[INFO] [stdout] 65526d4ccc84afca09c90fb05905d0076bc5bb2414ea6fde534139d05eb9d2f2
[INFO] running `Command { std: "docker" "start" "-a" "65526d4ccc84afca09c90fb05905d0076bc5bb2414ea6fde534139d05eb9d2f2", kill_on_drop: false }`
[INFO] [stderr]    Compiling crossbeam-utils v0.8.18
[INFO] [stderr]    Compiling libc v0.2.151
[INFO] [stderr]    Compiling num-traits v0.2.17
[INFO] [stderr]    Compiling rayon-core v1.12.0
[INFO] [stderr]    Compiling num-integer v0.1.45
[INFO] [stderr]    Compiling matrixmultiply v0.3.8
[INFO] [stderr]    Compiling either v1.9.0
[INFO] [stderr]    Compiling indexmap v1.9.3
[INFO] [stderr]    Compiling hashbrown v0.12.3
[INFO] [stderr]    Compiling byteorder v1.5.0
[INFO] [stderr]    Compiling itertools v0.10.5
[INFO] [stderr]    Compiling crossbeam-epoch v0.9.17
[INFO] [stderr]    Compiling getrandom v0.2.11
[INFO] [stderr]    Compiling memmap v0.7.0
[INFO] [stderr]    Compiling crossbeam-deque v0.8.4
[INFO] [stderr]    Compiling rand_core v0.6.4
[INFO] [stderr]    Compiling cc v1.0.83
[INFO] [stderr]    Compiling rand_chacha v0.3.1
[INFO] [stderr]    Compiling num-complex v0.4.4
[INFO] [stderr]    Compiling noisy_float v0.2.0
[INFO] [stderr]    Compiling rand v0.8.5
[INFO] [stderr]    Compiling rayon v1.8.0
[INFO] [stderr]    Compiling astrors v0.1.3 (/opt/rustwide/workdir)
[INFO] [stderr] warning: astrors@0.1.3: cc1: warning: src/cextern/fitsio2.h: not a directory
[INFO] [stderr] warning: astrors@0.1.3: src/cextern/fits_hcompress.c: In function 'ffpmsg':
[INFO] [stderr] warning: astrors@0.1.3: src/cextern/fits_hcompress.c:99:25: warning: unused parameter 'err_message' [-Wunused-parameter]
[INFO] [stderr] warning: astrors@0.1.3:    99 | void ffpmsg(const char *err_message){};
[INFO] [stderr] warning: astrors@0.1.3:       |             ~~~~~~~~~~~~^~~~~~~~~~~
[INFO] [stderr] warning: astrors@0.1.3: cc1: warning: src/cextern/fitsio2.h: not a directory
[INFO] [stderr]    Compiling ndarray v0.15.6
[INFO] [stderr]    Compiling ndarray-stats v0.5.1
[INFO] [stderr]     Finished dev [unoptimized + debuginfo] target(s) in 6.77s
[INFO] running `Command { std: "docker" "inspect" "65526d4ccc84afca09c90fb05905d0076bc5bb2414ea6fde534139d05eb9d2f2", kill_on_drop: false }`
[INFO] running `Command { std: "docker" "rm" "-f" "65526d4ccc84afca09c90fb05905d0076bc5bb2414ea6fde534139d05eb9d2f2", kill_on_drop: false }`
[INFO] [stdout] 65526d4ccc84afca09c90fb05905d0076bc5bb2414ea6fde534139d05eb9d2f2
[INFO] running `Command { std: "docker" "create" "-v" "/var/lib/crater-agent-workspace/builds/worker-3-tc1/target:/opt/rustwide/target:rw,Z" "-v" "/var/lib/crater-agent-workspace/builds/worker-3-tc1/source:/opt/rustwide/workdir:ro,Z" "-v" "/var/lib/crater-agent-workspace/cargo-home:/opt/rustwide/cargo-home:ro,Z" "-v" "/var/lib/crater-agent-workspace/rustup-home:/opt/rustwide/rustup-home:ro,Z" "-e" "SOURCE_DIR=/opt/rustwide/workdir" "-e" "CARGO_TARGET_DIR=/opt/rustwide/target" "-e" "CARGO_INCREMENTAL=0" "-e" "RUST_BACKTRACE=full" "-e" "RUSTFLAGS=--cap-lints=warn" "-e" "RUSTDOCFLAGS=--cap-lints=warn" "-e" "CARGO_HOME=/opt/rustwide/cargo-home" "-e" "RUSTUP_HOME=/opt/rustwide/rustup-home" "-w" "/opt/rustwide/workdir" "-m" "1610612736" "--user" "0:0" "--network" "none" "ghcr.io/rust-lang/crates-build-env/linux@sha256:2788e3201cd34a07e3172128adcd8b3090168a8e3bcc40d7c032b9dda1df7d1c" "/opt/rustwide/cargo-home/bin/cargo" "+1.75.0" "test" "--frozen" "--no-run" "--message-format=json", kill_on_drop: false }`
[INFO] [stdout] 8cffa63bab2d678c0bf00832e741716d614881214b6a4b218080b0fbb43a3d3c
[INFO] running `Command { std: "docker" "start" "-a" "8cffa63bab2d678c0bf00832e741716d614881214b6a4b218080b0fbb43a3d3c", kill_on_drop: false }`
[INFO] [stderr] warning: astrors@0.1.3: cc1: warning: src/cextern/fitsio2.h: not a directory
[INFO] [stderr] warning: astrors@0.1.3: src/cextern/fits_hcompress.c: In function 'ffpmsg':
[INFO] [stderr] warning: astrors@0.1.3: src/cextern/fits_hcompress.c:99:25: warning: unused parameter 'err_message' [-Wunused-parameter]
[INFO] [stderr] warning: astrors@0.1.3:    99 | void ffpmsg(const char *err_message){};
[INFO] [stderr] warning: astrors@0.1.3:       |             ~~~~~~~~~~~~^~~~~~~~~~~
[INFO] [stderr] warning: astrors@0.1.3: cc1: warning: src/cextern/fitsio2.h: not a directory
[INFO] [stderr]    Compiling astrors v0.1.3 (/opt/rustwide/workdir)
[INFO] [stdout] warning: unused imports: `io::Write`, `ops::Mul`
[INFO] [stdout]  --> tests/image_test.rs:9:25
[INFO] [stdout]   |
[INFO] [stdout] 9 |     use std::{fs::File, io::Write, ops::Mul};
[INFO] [stdout]   |                         ^^^^^^^^^  ^^^^^^^^
[INFO] [stdout]   |
[INFO] [stdout]   = note: `#[warn(unused_imports)]` on by default
[INFO] [stdout] 
[INFO] [stdout] 
[INFO] [stdout] warning: unused import: `astrors::io::hdulist::HDUList`
[INFO] [stdout]  --> tests/hdu_test.rs:5:5
[INFO] [stdout]   |
[INFO] [stdout] 5 | use astrors::io::hdulist::HDUList;
[INFO] [stdout]   |     ^^^^^^^^^^^^^^^^^^^^^^^^^^^^^
[INFO] [stdout]   |
[INFO] [stdout]   = note: `#[warn(unused_imports)]` on by default
[INFO] [stdout] 
[INFO] [stdout] 
[INFO] [stdout] warning: unused imports: `Seek`, `Write`
[INFO] [stdout]   --> tests/hdu_test.rs:12:30
[INFO] [stdout]    |
[INFO] [stdout] 12 |     use std::{fs::File, io::{Write, Seek}};
[INFO] [stdout]    |                              ^^^^^  ^^^^
[INFO] [stdout] 
[INFO] [stdout] 
[INFO] [stdout] warning: unused variable: `header`
[INFO] [stdout]   --> tests/hdu_test.rs:74:17
[INFO] [stdout]    |
[INFO] [stdout] 74 |         let mut header = Header::new();
[INFO] [stdout]    |                 ^^^^^^ help: if this is intentional, prefix it with an underscore: `_header`
[INFO] [stdout]    |
[INFO] [stdout]    = note: `#[warn(unused_variables)]` on by default
[INFO] [stdout] 
[INFO] [stdout] 
[INFO] [stdout] warning: variable does not need to be mutable
[INFO] [stdout]   --> tests/hdu_test.rs:74:13
[INFO] [stdout]    |
[INFO] [stdout] 74 |         let mut header = Header::new();
[INFO] [stdout]    |             ----^^^^^^
[INFO] [stdout]    |             |
[INFO] [stdout]    |             help: remove this `mut`
[INFO] [stdout]    |
[INFO] [stdout]    = note: `#[warn(unused_mut)]` on by default
[INFO] [stdout] 
[INFO] [stdout] 
[INFO] [stdout] warning: 4 warnings emitted
[INFO] [stdout] 
[INFO] [stdout] 
[INFO] [stdout] warning: 1 warning emitted
[INFO] [stdout] 
[INFO] [stdout] 
[INFO] [stderr]     Finished test [unoptimized + debuginfo] target(s) in 0.64s
[INFO] running `Command { std: "docker" "inspect" "8cffa63bab2d678c0bf00832e741716d614881214b6a4b218080b0fbb43a3d3c", kill_on_drop: false }`
[INFO] running `Command { std: "docker" "rm" "-f" "8cffa63bab2d678c0bf00832e741716d614881214b6a4b218080b0fbb43a3d3c", kill_on_drop: false }`
[INFO] [stdout] 8cffa63bab2d678c0bf00832e741716d614881214b6a4b218080b0fbb43a3d3c
[INFO] running `Command { std: "docker" "create" "-v" "/var/lib/crater-agent-workspace/builds/worker-3-tc1/target:/opt/rustwide/target:rw,Z" "-v" "/var/lib/crater-agent-workspace/builds/worker-3-tc1/source:/opt/rustwide/workdir:ro,Z" "-v" "/var/lib/crater-agent-workspace/cargo-home:/opt/rustwide/cargo-home:ro,Z" "-v" "/var/lib/crater-agent-workspace/rustup-home:/opt/rustwide/rustup-home:ro,Z" "-e" "SOURCE_DIR=/opt/rustwide/workdir" "-e" "CARGO_TARGET_DIR=/opt/rustwide/target" "-e" "CARGO_INCREMENTAL=0" "-e" "RUST_BACKTRACE=full" "-e" "RUSTFLAGS=--cap-lints=warn" "-e" "RUSTDOCFLAGS=--cap-lints=warn" "-e" "CARGO_HOME=/opt/rustwide/cargo-home" "-e" "RUSTUP_HOME=/opt/rustwide/rustup-home" "-w" "/opt/rustwide/workdir" "-m" "1610612736" "--user" "0:0" "--network" "none" "ghcr.io/rust-lang/crates-build-env/linux@sha256:2788e3201cd34a07e3172128adcd8b3090168a8e3bcc40d7c032b9dda1df7d1c" "/opt/rustwide/cargo-home/bin/cargo" "+1.75.0" "test" "--frozen", kill_on_drop: false }`
[INFO] [stdout] 32a0dacfbf8b2a0e2d26996f7b94173e3d93a61cfd54f2019b8cb09b4fe83cbf
[INFO] running `Command { std: "docker" "start" "-a" "32a0dacfbf8b2a0e2d26996f7b94173e3d93a61cfd54f2019b8cb09b4fe83cbf", kill_on_drop: false }`
[INFO] [stderr] warning: astrors@0.1.3: cc1: warning: src/cextern/fitsio2.h: not a directory
[INFO] [stderr] warning: astrors@0.1.3: src/cextern/fits_hcompress.c: In function 'ffpmsg':
[INFO] [stderr] warning: astrors@0.1.3: src/cextern/fits_hcompress.c:99:25: warning: unused parameter 'err_message' [-Wunused-parameter]
[INFO] [stderr] warning: astrors@0.1.3:    99 | void ffpmsg(const char *err_message){};
[INFO] [stderr] warning: astrors@0.1.3:       |             ~~~~~~~~~~~~^~~~~~~~~~~
[INFO] [stderr] warning: astrors@0.1.3: cc1: warning: src/cextern/fitsio2.h: not a directory
[INFO] [stderr] warning: unused import: `astrors::io::hdulist::HDUList`
[INFO] [stderr]  --> tests/hdu_test.rs:5:5
[INFO] [stderr]   |
[INFO] [stderr] 5 | use astrors::io::hdulist::HDUList;
[INFO] [stderr]   |     ^^^^^^^^^^^^^^^^^^^^^^^^^^^^^
[INFO] [stderr]   |
[INFO] [stderr]   = note: `#[warn(unused_imports)]` on by default
[INFO] [stderr] 
[INFO] [stderr] warning: unused imports: `Seek`, `Write`
[INFO] [stderr]   --> tests/hdu_test.rs:12:30
[INFO] [stderr]    |
[INFO] [stderr] 12 |     use std::{fs::File, io::{Write, Seek}};
[INFO] [stderr]    |                              ^^^^^  ^^^^
[INFO] [stderr] 
[INFO] [stderr] warning: unused variable: `header`
[INFO] [stderr]   --> tests/hdu_test.rs:74:17
[INFO] [stderr]    |
[INFO] [stderr] 74 |         let mut header = Header::new();
[INFO] [stderr]    |                 ^^^^^^ help: if this is intentional, prefix it with an underscore: `_header`
[INFO] [stderr]    |
[INFO] [stderr]    = note: `#[warn(unused_variables)]` on by default
[INFO] [stderr] 
[INFO] [stderr] warning: variable does not need to be mutable
[INFO] [stderr]   --> tests/hdu_test.rs:74:13
[INFO] [stderr]    |
[INFO] [stderr] 74 |         let mut header = Header::new();
[INFO] [stderr]    |             ----^^^^^^
[INFO] [stderr]    |             |
[INFO] [stderr]    |             help: remove this `mut`
[INFO] [stderr]    |
[INFO] [stderr]    = note: `#[warn(unused_mut)]` on by default
[INFO] [stderr] 
[INFO] [stderr] warning: unused imports: `io::Write`, `ops::Mul`
[INFO] [stderr]  --> tests/image_test.rs:9:25
[INFO] [stderr]   |
[INFO] [stderr] 9 |     use std::{fs::File, io::Write, ops::Mul};
[INFO] [stderr]   |                         ^^^^^^^^^  ^^^^^^^^
[INFO] [stderr]   |
[INFO] [stderr]   = note: `#[warn(unused_imports)]` on by default
[INFO] [stderr] 
[INFO] [stderr] warning: `astrors` (test "hdu_test") generated 4 warnings (run `cargo fix --test "hdu_test"` to apply 4 suggestions)
[INFO] [stderr] warning: `astrors` (test "image_test") generated 1 warning (run `cargo fix --test "image_test"` to apply 1 suggestion)
[INFO] [stderr]     Finished test [unoptimized + debuginfo] target(s) in 0.02s
[INFO] [stderr]      Running unittests src/lib.rs (/opt/rustwide/target/debug/deps/astrors-537c150f38162606)
[INFO] [stdout] 
[INFO] [stdout] running 0 tests
[INFO] [stdout] 
[INFO] [stdout] test result: ok. 0 passed; 0 failed; 0 ignored; 0 measured; 0 filtered out; finished in 0.00s
[INFO] [stdout] 
[INFO] [stderr]      Running tests/common.rs (/opt/rustwide/target/debug/deps/common-1756ee7606041a3d)
[INFO] [stdout] 
[INFO] [stdout] running 0 tests
[INFO] [stdout] 
[INFO] [stdout] test result: ok. 0 passed; 0 failed; 0 ignored; 0 measured; 0 filtered out; finished in 0.00s
[INFO] [stdout] 
[INFO] [stderr]      Running tests/hdu_test.rs (/opt/rustwide/target/debug/deps/hdu_test-fc819083f3a20c9b)
[INFO] [stdout] 
[INFO] [stdout] running 3 tests
[INFO] [stdout] test image_tests::read_primary_hdu ... FAILED
[INFO] [stdout] test image_tests::read_primary_hdu_modify ... FAILED
[INFO] [stdout] test image_tests::read_fits ... FAILED
[INFO] [stdout] 
[INFO] [stdout] failures:
[INFO] [stdout] 
[INFO] [stdout] ---- image_tests::read_primary_hdu stdout ----
[INFO] [stdout] Error: Os { code: 30, kind: ReadOnlyFilesystem, message: "Read-only file system" }
[INFO] [stdout] 
[INFO] [stdout] ---- image_tests::read_primary_hdu_modify stdout ----
[INFO] [stdout] Error: Os { code: 30, kind: ReadOnlyFilesystem, message: "Read-only file system" }
[INFO] [stdout] 
[INFO] [stdout] ---- image_tests::read_fits stdout ----
[INFO] [stdout] HDU type: <Primary HDU object at memory location 0x7f1a1dd33070>
[INFO] [stdout] HDU type: <Image HDU object at memory location 0x7f1a1dd33070>
[INFO] [stdout] HDU type: <Image HDU object at memory location 0x7f1a1dd33070>
[INFO] [stdout] HDU type: <Image HDU object at memory location 0x7f1a1dd33070>
[INFO] [stdout] HDU type: <Image HDU object at memory location 0x7f1a1dd33070>
[INFO] [stdout] Error: Os { code: 30, kind: ReadOnlyFilesystem, message: "Read-only file system" }
[INFO] [stdout] 
[INFO] [stdout] 
[INFO] [stdout] failures:
[INFO] [stdout]     image_tests::read_fits
[INFO] [stdout]     image_tests::read_primary_hdu
[INFO] [stdout]     image_tests::read_primary_hdu_modify
[INFO] [stdout] 
[INFO] [stdout] test result: FAILED. 0 passed; 3 failed; 0 ignored; 0 measured; 0 filtered out; finished in 0.03s
[INFO] [stdout] 
[INFO] [stderr] error: test failed, to rerun pass `--test hdu_test`
[INFO] running `Command { std: "docker" "inspect" "32a0dacfbf8b2a0e2d26996f7b94173e3d93a61cfd54f2019b8cb09b4fe83cbf", kill_on_drop: false }`
[INFO] running `Command { std: "docker" "rm" "-f" "32a0dacfbf8b2a0e2d26996f7b94173e3d93a61cfd54f2019b8cb09b4fe83cbf", kill_on_drop: false }`
[INFO] [stdout] 32a0dacfbf8b2a0e2d26996f7b94173e3d93a61cfd54f2019b8cb09b4fe83cbf
