[INFO] cloning repository https://github.com/SauravMaheshkar/sat-rs
[INFO] running `Command { std: "git" "-c" "credential.helper=" "-c" "credential.helper=/workspace/cargo-home/bin/git-credential-null" "clone" "--bare" "https://github.com/SauravMaheshkar/sat-rs" "/workspace/cache/git-repos/https%3A%2F%2Fgithub.com%2FSauravMaheshkar%2Fsat-rs", kill_on_drop: false }`
[INFO] [stderr] Cloning into bare repository '/workspace/cache/git-repos/https%3A%2F%2Fgithub.com%2FSauravMaheshkar%2Fsat-rs'...
[INFO] running `Command { std: "git" "rev-parse" "HEAD", kill_on_drop: false }`
[INFO] [stdout] e69b5af0f2f94f904f5f75bb04de890782124dc3
[INFO] testing SauravMaheshkar/sat-rs against 1.75.0 for beta-1.76-1
[INFO] running `Command { std: "git" "clone" "/workspace/cache/git-repos/https%3A%2F%2Fgithub.com%2FSauravMaheshkar%2Fsat-rs" "/workspace/builds/worker-6-tc1/source", kill_on_drop: false }`
[INFO] [stderr] Cloning into '/workspace/builds/worker-6-tc1/source'...
[INFO] [stderr] done.
[INFO] validating manifest of git repo https://github.com/SauravMaheshkar/sat-rs on toolchain 1.75.0
[INFO] running `Command { std: CARGO_HOME="/workspace/cargo-home" RUSTUP_HOME="/workspace/rustup-home" "/workspace/cargo-home/bin/cargo" "+1.75.0" "metadata" "--manifest-path" "Cargo.toml" "--no-deps", kill_on_drop: false }`
[INFO] started tweaking git repo https://github.com/SauravMaheshkar/sat-rs
[INFO] finished tweaking git repo https://github.com/SauravMaheshkar/sat-rs
[INFO] tweaked toml for git repo https://github.com/SauravMaheshkar/sat-rs written to /workspace/builds/worker-6-tc1/source/Cargo.toml
[INFO] crate git repo https://github.com/SauravMaheshkar/sat-rs already has a lockfile, it will not be regenerated
[INFO] running `Command { std: CARGO_HOME="/workspace/cargo-home" RUSTUP_HOME="/workspace/rustup-home" "/workspace/cargo-home/bin/cargo" "+1.75.0" "fetch" "--manifest-path" "Cargo.toml", kill_on_drop: false }`
[INFO] running `Command { std: "docker" "create" "-v" "/var/lib/crater-agent-workspace/builds/worker-6-tc1/target:/opt/rustwide/target:rw,Z" "-v" "/var/lib/crater-agent-workspace/builds/worker-6-tc1/source:/opt/rustwide/workdir:ro,Z" "-v" "/var/lib/crater-agent-workspace/cargo-home:/opt/rustwide/cargo-home:ro,Z" "-v" "/var/lib/crater-agent-workspace/rustup-home:/opt/rustwide/rustup-home:ro,Z" "-e" "SOURCE_DIR=/opt/rustwide/workdir" "-e" "CARGO_TARGET_DIR=/opt/rustwide/target" "-e" "CARGO_HOME=/opt/rustwide/cargo-home" "-e" "RUSTUP_HOME=/opt/rustwide/rustup-home" "-w" "/opt/rustwide/workdir" "-m" "1610612736" "--user" "0:0" "--network" "none" "ghcr.io/rust-lang/crates-build-env/linux@sha256:2788e3201cd34a07e3172128adcd8b3090168a8e3bcc40d7c032b9dda1df7d1c" "/opt/rustwide/cargo-home/bin/cargo" "+1.75.0" "metadata" "--no-deps" "--format-version=1", kill_on_drop: false }`
[INFO] [stdout] 24722028fd9568d7fdf60fa31011da48ce00be50da58c71287735e16544e22a5
[INFO] running `Command { std: "docker" "start" "-a" "24722028fd9568d7fdf60fa31011da48ce00be50da58c71287735e16544e22a5", kill_on_drop: false }`
[INFO] running `Command { std: "docker" "inspect" "24722028fd9568d7fdf60fa31011da48ce00be50da58c71287735e16544e22a5", kill_on_drop: false }`
[INFO] running `Command { std: "docker" "rm" "-f" "24722028fd9568d7fdf60fa31011da48ce00be50da58c71287735e16544e22a5", kill_on_drop: false }`
[INFO] [stdout] 24722028fd9568d7fdf60fa31011da48ce00be50da58c71287735e16544e22a5
[INFO] running `Command { std: "docker" "create" "-v" "/var/lib/crater-agent-workspace/builds/worker-6-tc1/target:/opt/rustwide/target:rw,Z" "-v" "/var/lib/crater-agent-workspace/builds/worker-6-tc1/source:/opt/rustwide/workdir:ro,Z" "-v" "/var/lib/crater-agent-workspace/cargo-home:/opt/rustwide/cargo-home:ro,Z" "-v" "/var/lib/crater-agent-workspace/rustup-home:/opt/rustwide/rustup-home:ro,Z" "-e" "SOURCE_DIR=/opt/rustwide/workdir" "-e" "CARGO_TARGET_DIR=/opt/rustwide/target" "-e" "CARGO_INCREMENTAL=0" "-e" "RUST_BACKTRACE=full" "-e" "RUSTFLAGS=--cap-lints=warn" "-e" "RUSTDOCFLAGS=--cap-lints=warn" "-e" "CARGO_HOME=/opt/rustwide/cargo-home" "-e" "RUSTUP_HOME=/opt/rustwide/rustup-home" "-w" "/opt/rustwide/workdir" "-m" "1610612736" "--user" "0:0" "--network" "none" "ghcr.io/rust-lang/crates-build-env/linux@sha256:2788e3201cd34a07e3172128adcd8b3090168a8e3bcc40d7c032b9dda1df7d1c" "/opt/rustwide/cargo-home/bin/cargo" "+1.75.0" "build" "--frozen" "--message-format=json", kill_on_drop: false }`
[INFO] [stdout] bbb1d8a4d400fd1414873805b25c3f496034f68c29eb5b2bc622a96cbd617ab6
[INFO] running `Command { std: "docker" "start" "-a" "bbb1d8a4d400fd1414873805b25c3f496034f68c29eb5b2bc622a96cbd617ab6", kill_on_drop: false }`
[INFO] [stderr]    Compiling proc-macro2 v1.0.74
[INFO] [stderr]    Compiling unicode-ident v1.0.12
[INFO] [stderr]    Compiling anstyle v1.0.4
[INFO] [stderr]    Compiling anstyle-query v1.0.2
[INFO] [stderr]    Compiling clap_lex v0.6.0
[INFO] [stderr]    Compiling anstyle-parse v0.2.3
[INFO] [stderr]    Compiling anstream v0.6.5
[INFO] [stderr]    Compiling clap_builder v4.4.12
[INFO] [stderr]    Compiling quote v1.0.35
[INFO] [stderr]    Compiling syn v2.0.46
[INFO] [stderr]    Compiling clap_derive v4.4.7
[INFO] [stderr]    Compiling clap v4.4.13
[INFO] [stderr]    Compiling sat-rs v0.0.3 (/opt/rustwide/workdir)
[INFO] [stderr]     Finished dev [unoptimized + debuginfo] target(s) in 9.49s
[INFO] running `Command { std: "docker" "inspect" "bbb1d8a4d400fd1414873805b25c3f496034f68c29eb5b2bc622a96cbd617ab6", kill_on_drop: false }`
[INFO] running `Command { std: "docker" "rm" "-f" "bbb1d8a4d400fd1414873805b25c3f496034f68c29eb5b2bc622a96cbd617ab6", kill_on_drop: false }`
[INFO] [stdout] bbb1d8a4d400fd1414873805b25c3f496034f68c29eb5b2bc622a96cbd617ab6
[INFO] running `Command { std: "docker" "create" "-v" "/var/lib/crater-agent-workspace/builds/worker-6-tc1/target:/opt/rustwide/target:rw,Z" "-v" "/var/lib/crater-agent-workspace/builds/worker-6-tc1/source:/opt/rustwide/workdir:ro,Z" "-v" "/var/lib/crater-agent-workspace/cargo-home:/opt/rustwide/cargo-home:ro,Z" "-v" "/var/lib/crater-agent-workspace/rustup-home:/opt/rustwide/rustup-home:ro,Z" "-e" "SOURCE_DIR=/opt/rustwide/workdir" "-e" "CARGO_TARGET_DIR=/opt/rustwide/target" "-e" "CARGO_INCREMENTAL=0" "-e" "RUST_BACKTRACE=full" "-e" "RUSTFLAGS=--cap-lints=warn" "-e" "RUSTDOCFLAGS=--cap-lints=warn" "-e" "CARGO_HOME=/opt/rustwide/cargo-home" "-e" "RUSTUP_HOME=/opt/rustwide/rustup-home" "-w" "/opt/rustwide/workdir" "-m" "1610612736" "--user" "0:0" "--network" "none" "ghcr.io/rust-lang/crates-build-env/linux@sha256:2788e3201cd34a07e3172128adcd8b3090168a8e3bcc40d7c032b9dda1df7d1c" "/opt/rustwide/cargo-home/bin/cargo" "+1.75.0" "test" "--frozen" "--no-run" "--message-format=json", kill_on_drop: false }`
[INFO] [stdout] 7ae32a463418b0aa30f3c5cb0d355e0836ef68796ed275774cf68c4bdf3ed54b
[INFO] running `Command { std: "docker" "start" "-a" "7ae32a463418b0aa30f3c5cb0d355e0836ef68796ed275774cf68c4bdf3ed54b", kill_on_drop: false }`
[INFO] [stderr]    Compiling sat-rs v0.0.3 (/opt/rustwide/workdir)
[INFO] [stderr]     Finished test [unoptimized + debuginfo] target(s) in 0.43s
[INFO] running `Command { std: "docker" "inspect" "7ae32a463418b0aa30f3c5cb0d355e0836ef68796ed275774cf68c4bdf3ed54b", kill_on_drop: false }`
[INFO] running `Command { std: "docker" "rm" "-f" "7ae32a463418b0aa30f3c5cb0d355e0836ef68796ed275774cf68c4bdf3ed54b", kill_on_drop: false }`
[INFO] [stdout] 7ae32a463418b0aa30f3c5cb0d355e0836ef68796ed275774cf68c4bdf3ed54b
[INFO] running `Command { std: "docker" "create" "-v" "/var/lib/crater-agent-workspace/builds/worker-6-tc1/target:/opt/rustwide/target:rw,Z" "-v" "/var/lib/crater-agent-workspace/builds/worker-6-tc1/source:/opt/rustwide/workdir:ro,Z" "-v" "/var/lib/crater-agent-workspace/cargo-home:/opt/rustwide/cargo-home:ro,Z" "-v" "/var/lib/crater-agent-workspace/rustup-home:/opt/rustwide/rustup-home:ro,Z" "-e" "SOURCE_DIR=/opt/rustwide/workdir" "-e" "CARGO_TARGET_DIR=/opt/rustwide/target" "-e" "CARGO_INCREMENTAL=0" "-e" "RUST_BACKTRACE=full" "-e" "RUSTFLAGS=--cap-lints=warn" "-e" "RUSTDOCFLAGS=--cap-lints=warn" "-e" "CARGO_HOME=/opt/rustwide/cargo-home" "-e" "RUSTUP_HOME=/opt/rustwide/rustup-home" "-w" "/opt/rustwide/workdir" "-m" "1610612736" "--user" "0:0" "--network" "none" "ghcr.io/rust-lang/crates-build-env/linux@sha256:2788e3201cd34a07e3172128adcd8b3090168a8e3bcc40d7c032b9dda1df7d1c" "/opt/rustwide/cargo-home/bin/cargo" "+1.75.0" "test" "--frozen", kill_on_drop: false }`
[INFO] [stdout] 1857d35e173458604cf5a7364eee7f0f49621ae624d0d9bad6addaed518f5cff
[INFO] running `Command { std: "docker" "start" "-a" "1857d35e173458604cf5a7364eee7f0f49621ae624d0d9bad6addaed518f5cff", kill_on_drop: false }`
[INFO] [stderr]     Finished test [unoptimized + debuginfo] target(s) in 0.02s
[INFO] [stderr]      Running unittests src/lib.rs (/opt/rustwide/target/debug/deps/sat_rs-a99bfa28d1ecb795)
[INFO] [stdout] 
[INFO] [stderr]      Running unittests src/main.rs (/opt/rustwide/target/debug/deps/sat_rs-a06ab048cc6b6d1e)
[INFO] [stdout] running 0 tests
[INFO] [stderr]      Running tests/parser_test.rs (/opt/rustwide/target/debug/deps/parser_test-57adb93c871f3f99)
[INFO] [stdout] 
[INFO] [stdout] test result: ok. 0 passed; 0 failed; 0 ignored; 0 measured; 0 filtered out; finished in 0.00s
[INFO] [stdout] 
[INFO] [stdout] 
[INFO] [stdout] running 0 tests
[INFO] [stdout] 
[INFO] [stdout] test result: ok. 0 passed; 0 failed; 0 ignored; 0 measured; 0 filtered out; finished in 0.00s
[INFO] [stdout] 
[INFO] [stdout] 
[INFO] [stdout] running 1 test
[INFO] [stderr]    Doc-tests sat-rs
[INFO] [stdout] test test_parse_cnf ... ok
[INFO] [stdout] 
[INFO] [stdout] test result: ok. 1 passed; 0 failed; 0 ignored; 0 measured; 0 filtered out; finished in 0.00s
[INFO] [stdout] 
[INFO] [stdout] 
[INFO] [stdout] running 9 tests
[INFO] [stdout] test src/cnfparser.rs - cnfparser::parse_cnf (line 16) ... FAILED
[INFO] [stdout] test src/notation.rs - notation::Formula::evaluate (line 156) ... FAILED
[INFO] [stdout] test src/solvers/syntactic.rs - solvers::syntactic::syntactic_algorithm (line 41) ... FAILED
[INFO] [stdout] test src/notation.rs - notation::Literal (line 14) ... ok
[INFO] [stdout] test src/notation.rs - notation::Literal::from_value (line 53) ... ok
[INFO] [stdout] test src/notation.rs - notation::Clause (line 74) ... ok
[INFO] [stdout] test src/notation.rs - notation::Formula::new (line 127) ... ok
[INFO] [stdout] test src/notation.rs - notation::Literal::new (line 34) ... ok
[INFO] [stderr] error: doctest failed, to rerun pass `--doc`
[INFO] [stdout] test src/notation.rs - notation::Clause::new (line 96) ... ok
[INFO] [stdout] 
[INFO] [stdout] failures:
[INFO] [stdout] 
[INFO] [stdout] ---- src/cnfparser.rs - cnfparser::parse_cnf (line 16) stdout ----
[INFO] [stdout] error: couldn't read src/bin/problem.cnf: No such file or directory (os error 2)
[INFO] [stdout]  --> src/cnfparser.rs:20:14
[INFO] [stdout]   |
[INFO] [stdout] 7 | let buffer = include_str!("bin/problem.cnf");
[INFO] [stdout]   |              ^^^^^^^^^^^^^^^^^^^^^^^^^^^^^^^
[INFO] [stdout]   |
[INFO] [stdout]   = note: this error originates in the macro `include_str` (in Nightly builds, run with -Z macro-backtrace for more info)
[INFO] [stdout] 
[INFO] [stdout] error: aborting due to previous error
[INFO] [stdout] 
[INFO] [stdout] Couldn't compile the test.
[INFO] [stdout] ---- src/notation.rs - notation::Formula::evaluate (line 156) stdout ----
[INFO] [stdout] error: couldn't read src/bin/problem.cnf: No such file or directory (os error 2)
[INFO] [stdout]  --> src/notation.rs:161:14
[INFO] [stdout]   |
[INFO] [stdout] 8 | let buffer = include_str!("bin/problem.cnf");
[INFO] [stdout]   |              ^^^^^^^^^^^^^^^^^^^^^^^^^^^^^^^
[INFO] [stdout]   |
[INFO] [stdout]   = note: this error originates in the macro `include_str` (in Nightly builds, run with -Z macro-backtrace for more info)
[INFO] [stdout] 
[INFO] [stdout] error: aborting due to previous error
[INFO] [stdout] 
[INFO] [stdout] Couldn't compile the test.
[INFO] [stdout] ---- src/solvers/syntactic.rs - solvers::syntactic::syntactic_algorithm (line 41) stdout ----
[INFO] [stdout] error: couldn't read src/solvers/bin/problem.cnf: No such file or directory (os error 2)
[INFO] [stdout]  --> src/solvers/syntactic.rs:46:14
[INFO] [stdout]   |
[INFO] [stdout] 8 | let buffer = include_str!("bin/problem.cnf");
[INFO] [stdout]   |              ^^^^^^^^^^^^^^^^^^^^^^^^^^^^^^^
[INFO] [stdout]   |
[INFO] [stdout]   = note: this error originates in the macro `include_str` (in Nightly builds, run with -Z macro-backtrace for more info)
[INFO] [stdout] 
[INFO] [stdout] error: aborting due to previous error
[INFO] [stdout] 
[INFO] [stdout] Couldn't compile the test.
[INFO] [stdout] 
[INFO] [stdout] failures:
[INFO] [stdout]     src/cnfparser.rs - cnfparser::parse_cnf (line 16)
[INFO] [stdout]     src/notation.rs - notation::Formula::evaluate (line 156)
[INFO] [stdout]     src/solvers/syntactic.rs - solvers::syntactic::syntactic_algorithm (line 41)
[INFO] [stdout] 
[INFO] [stdout] test result: FAILED. 6 passed; 3 failed; 0 ignored; 0 measured; 0 filtered out; finished in 0.49s
[INFO] [stdout] 
[INFO] running `Command { std: "docker" "inspect" "1857d35e173458604cf5a7364eee7f0f49621ae624d0d9bad6addaed518f5cff", kill_on_drop: false }`
[INFO] running `Command { std: "docker" "rm" "-f" "1857d35e173458604cf5a7364eee7f0f49621ae624d0d9bad6addaed518f5cff", kill_on_drop: false }`
[INFO] [stdout] 1857d35e173458604cf5a7364eee7f0f49621ae624d0d9bad6addaed518f5cff
