[INFO] cloning repository https://github.com/SamuelMcGowan/text_editor
[INFO] running `Command { std: "git" "-c" "credential.helper=" "-c" "credential.helper=/workspace/cargo-home/bin/git-credential-null" "clone" "--bare" "https://github.com/SamuelMcGowan/text_editor" "/workspace/cache/git-repos/https%3A%2F%2Fgithub.com%2FSamuelMcGowan%2Ftext_editor", kill_on_drop: false }`
[INFO] [stderr] Cloning into bare repository '/workspace/cache/git-repos/https%3A%2F%2Fgithub.com%2FSamuelMcGowan%2Ftext_editor'...
[INFO] running `Command { std: "git" "rev-parse" "HEAD", kill_on_drop: false }`
[INFO] [stdout] 076729dd138b6af7dcec0f55d09f7b3c97b89e88
[INFO] testing SamuelMcGowan/text_editor against 1.75.0 for beta-1.76-1
[INFO] running `Command { std: "git" "clone" "/workspace/cache/git-repos/https%3A%2F%2Fgithub.com%2FSamuelMcGowan%2Ftext_editor" "/workspace/builds/worker-7-tc1/source", kill_on_drop: false }`
[INFO] [stderr] Cloning into '/workspace/builds/worker-7-tc1/source'...
[INFO] [stderr] done.
[INFO] validating manifest of git repo https://github.com/SamuelMcGowan/text_editor on toolchain 1.75.0
[INFO] running `Command { std: CARGO_HOME="/workspace/cargo-home" RUSTUP_HOME="/workspace/rustup-home" "/workspace/cargo-home/bin/cargo" "+1.75.0" "metadata" "--manifest-path" "Cargo.toml" "--no-deps", kill_on_drop: false }`
[INFO] started tweaking git repo https://github.com/SamuelMcGowan/text_editor
[INFO] finished tweaking git repo https://github.com/SamuelMcGowan/text_editor
[INFO] tweaked toml for git repo https://github.com/SamuelMcGowan/text_editor written to /workspace/builds/worker-7-tc1/source/Cargo.toml
[INFO] crate git repo https://github.com/SamuelMcGowan/text_editor already has a lockfile, it will not be regenerated
[INFO] running `Command { std: CARGO_HOME="/workspace/cargo-home" RUSTUP_HOME="/workspace/rustup-home" "/workspace/cargo-home/bin/cargo" "+1.75.0" "fetch" "--manifest-path" "Cargo.toml", kill_on_drop: false }`
[INFO] [stderr]  Downloading crates ...
[INFO] [stderr]   Downloaded str_indices v0.4.1
[INFO] [stderr]   Downloaded ropey v1.6.0
[INFO] running `Command { std: "docker" "create" "-v" "/var/lib/crater-agent-workspace/builds/worker-7-tc1/target:/opt/rustwide/target:rw,Z" "-v" "/var/lib/crater-agent-workspace/builds/worker-7-tc1/source:/opt/rustwide/workdir:ro,Z" "-v" "/var/lib/crater-agent-workspace/cargo-home:/opt/rustwide/cargo-home:ro,Z" "-v" "/var/lib/crater-agent-workspace/rustup-home:/opt/rustwide/rustup-home:ro,Z" "-e" "SOURCE_DIR=/opt/rustwide/workdir" "-e" "CARGO_TARGET_DIR=/opt/rustwide/target" "-e" "CARGO_HOME=/opt/rustwide/cargo-home" "-e" "RUSTUP_HOME=/opt/rustwide/rustup-home" "-w" "/opt/rustwide/workdir" "-m" "1610612736" "--user" "0:0" "--network" "none" "ghcr.io/rust-lang/crates-build-env/linux@sha256:2788e3201cd34a07e3172128adcd8b3090168a8e3bcc40d7c032b9dda1df7d1c" "/opt/rustwide/cargo-home/bin/cargo" "+1.75.0" "metadata" "--no-deps" "--format-version=1", kill_on_drop: false }`
[INFO] [stdout] 1a8ecec1a5bee192cd338fb8880788a67ac2f37b22d670d5625b0efcceb0128f
[INFO] running `Command { std: "docker" "start" "-a" "1a8ecec1a5bee192cd338fb8880788a67ac2f37b22d670d5625b0efcceb0128f", kill_on_drop: false }`
[INFO] running `Command { std: "docker" "inspect" "1a8ecec1a5bee192cd338fb8880788a67ac2f37b22d670d5625b0efcceb0128f", kill_on_drop: false }`
[INFO] running `Command { std: "docker" "rm" "-f" "1a8ecec1a5bee192cd338fb8880788a67ac2f37b22d670d5625b0efcceb0128f", kill_on_drop: false }`
[INFO] [stdout] 1a8ecec1a5bee192cd338fb8880788a67ac2f37b22d670d5625b0efcceb0128f
[INFO] running `Command { std: "docker" "create" "-v" "/var/lib/crater-agent-workspace/builds/worker-7-tc1/target:/opt/rustwide/target:rw,Z" "-v" "/var/lib/crater-agent-workspace/builds/worker-7-tc1/source:/opt/rustwide/workdir:ro,Z" "-v" "/var/lib/crater-agent-workspace/cargo-home:/opt/rustwide/cargo-home:ro,Z" "-v" "/var/lib/crater-agent-workspace/rustup-home:/opt/rustwide/rustup-home:ro,Z" "-e" "SOURCE_DIR=/opt/rustwide/workdir" "-e" "CARGO_TARGET_DIR=/opt/rustwide/target" "-e" "CARGO_INCREMENTAL=0" "-e" "RUST_BACKTRACE=full" "-e" "RUSTFLAGS=--cap-lints=warn" "-e" "RUSTDOCFLAGS=--cap-lints=warn" "-e" "CARGO_HOME=/opt/rustwide/cargo-home" "-e" "RUSTUP_HOME=/opt/rustwide/rustup-home" "-w" "/opt/rustwide/workdir" "-m" "1610612736" "--user" "0:0" "--network" "none" "ghcr.io/rust-lang/crates-build-env/linux@sha256:2788e3201cd34a07e3172128adcd8b3090168a8e3bcc40d7c032b9dda1df7d1c" "/opt/rustwide/cargo-home/bin/cargo" "+1.75.0" "build" "--frozen" "--message-format=json", kill_on_drop: false }`
[INFO] [stdout] c9e2a1f63236dc6b4328c73167f2d991c132a13a15c32938d0564feb1030237d
[INFO] running `Command { std: "docker" "start" "-a" "c9e2a1f63236dc6b4328c73167f2d991c132a13a15c32938d0564feb1030237d", kill_on_drop: false }`
[INFO] [stderr]    Compiling cfg-if v1.0.0
[INFO] [stderr]    Compiling crossbeam-utils v0.8.15
[INFO] [stderr]    Compiling log v0.4.17
[INFO] [stderr]    Compiling libc v0.2.140
[INFO] [stderr]    Compiling str_indices v0.4.1
[INFO] [stderr]    Compiling smallvec v1.10.0
[INFO] [stderr]    Compiling bitflags v2.0.2
[INFO] [stderr]    Compiling ropey v1.6.0
[INFO] [stderr]    Compiling fern v0.6.2
[INFO] [stderr]    Compiling crossbeam-channel v0.5.7
[INFO] [stderr]    Compiling text_editor v0.1.0 (/opt/rustwide/workdir)
[INFO] [stdout] warning: associated function `char` is never used
[INFO] [stdout]   --> src/buffer.rs:12:8
[INFO] [stdout]    |
[INFO] [stdout] 11 | impl Cell {
[INFO] [stdout]    | --------- associated function in this implementation
[INFO] [stdout] 12 |     fn char(c: char) -> Self {
[INFO] [stdout]    |        ^^^^
[INFO] [stdout]    |
[INFO] [stdout]    = note: `#[warn(dead_code)]` on by default
[INFO] [stdout] 
[INFO] [stdout] 
[INFO] [stdout] warning: method `write_str` is never used
[INFO] [stdout]   --> src/term/ansi_builder.rs:31:12
[INFO] [stdout]    |
[INFO] [stdout] 30 | impl AnsiBuilder {
[INFO] [stdout]    | ---------------- method in this implementation
[INFO] [stdout] 31 |     pub fn write_str(&mut self, s: &str) {
[INFO] [stdout]    |            ^^^^^^^^^
[INFO] [stdout] 
[INFO] [stdout] 
[INFO] [stdout] warning: method `value` is never used
[INFO] [stdout]   --> src/editor/text_field.rs:76:12
[INFO] [stdout]    |
[INFO] [stdout] 75 | impl TextField {
[INFO] [stdout]    | -------------- method in this implementation
[INFO] [stdout] 76 |     pub fn value(&self) -> String {
[INFO] [stdout]    |            ^^^^^
[INFO] [stdout] 
[INFO] [stdout] 
[INFO] [stdout] warning: associated function `new` is never used
[INFO] [stdout]   --> src/editor/vsplit.rs:21:12
[INFO] [stdout]    |
[INFO] [stdout] 20 | impl VSplit {
[INFO] [stdout]    | ----------- associated function in this implementation
[INFO] [stdout] 21 |     pub fn new(
[INFO] [stdout]    |            ^^^
[INFO] [stdout] 
[INFO] [stdout] 
[INFO] [stdout] warning: 4 warnings emitted
[INFO] [stdout] 
[INFO] [stdout] 
[INFO] [stderr]     Finished dev [unoptimized + debuginfo] target(s) in 1.80s
[INFO] running `Command { std: "docker" "inspect" "c9e2a1f63236dc6b4328c73167f2d991c132a13a15c32938d0564feb1030237d", kill_on_drop: false }`
[INFO] running `Command { std: "docker" "rm" "-f" "c9e2a1f63236dc6b4328c73167f2d991c132a13a15c32938d0564feb1030237d", kill_on_drop: false }`
[INFO] [stdout] c9e2a1f63236dc6b4328c73167f2d991c132a13a15c32938d0564feb1030237d
[INFO] running `Command { std: "docker" "create" "-v" "/var/lib/crater-agent-workspace/builds/worker-7-tc1/target:/opt/rustwide/target:rw,Z" "-v" "/var/lib/crater-agent-workspace/builds/worker-7-tc1/source:/opt/rustwide/workdir:ro,Z" "-v" "/var/lib/crater-agent-workspace/cargo-home:/opt/rustwide/cargo-home:ro,Z" "-v" "/var/lib/crater-agent-workspace/rustup-home:/opt/rustwide/rustup-home:ro,Z" "-e" "SOURCE_DIR=/opt/rustwide/workdir" "-e" "CARGO_TARGET_DIR=/opt/rustwide/target" "-e" "CARGO_INCREMENTAL=0" "-e" "RUST_BACKTRACE=full" "-e" "RUSTFLAGS=--cap-lints=warn" "-e" "RUSTDOCFLAGS=--cap-lints=warn" "-e" "CARGO_HOME=/opt/rustwide/cargo-home" "-e" "RUSTUP_HOME=/opt/rustwide/rustup-home" "-w" "/opt/rustwide/workdir" "-m" "1610612736" "--user" "0:0" "--network" "none" "ghcr.io/rust-lang/crates-build-env/linux@sha256:2788e3201cd34a07e3172128adcd8b3090168a8e3bcc40d7c032b9dda1df7d1c" "/opt/rustwide/cargo-home/bin/cargo" "+1.75.0" "test" "--frozen" "--no-run" "--message-format=json", kill_on_drop: false }`
[INFO] [stdout] e309cda8e0913b23933afc691f84af1d538dda3b2197a92ceb74f8aeef062eac
[INFO] running `Command { std: "docker" "start" "-a" "e309cda8e0913b23933afc691f84af1d538dda3b2197a92ceb74f8aeef062eac", kill_on_drop: false }`
[INFO] [stdout] warning: associated function `char` is never used
[INFO] [stdout]   --> src/buffer.rs:12:8
[INFO] [stdout]    |
[INFO] [stdout] 11 | impl Cell {
[INFO] [stdout]    | --------- associated function in this implementation
[INFO] [stdout] 12 |     fn char(c: char) -> Self {
[INFO] [stdout]    |        ^^^^
[INFO] [stdout]    |
[INFO] [stdout]    = note: `#[warn(dead_code)]` on by default
[INFO] [stdout] 
[INFO] [stdout] 
[INFO] [stdout] warning: method `write_str` is never used
[INFO] [stdout]   --> src/term/ansi_builder.rs:31:12
[INFO] [stdout]    |
[INFO] [stdout] 30 | impl AnsiBuilder {
[INFO] [stdout]    | ---------------- method in this implementation
[INFO] [stdout] 31 |     pub fn write_str(&mut self, s: &str) {
[INFO] [stdout]    |            ^^^^^^^^^
[INFO] [stdout] 
[INFO] [stdout] 
[INFO] [stderr]    Compiling text_editor v0.1.0 (/opt/rustwide/workdir)
[INFO] [stdout] warning: method `value` is never used
[INFO] [stdout]   --> src/editor/text_field.rs:76:12
[INFO] [stdout]    |
[INFO] [stdout] 75 | impl TextField {
[INFO] [stdout]    | -------------- method in this implementation
[INFO] [stdout] 76 |     pub fn value(&self) -> String {
[INFO] [stdout]    |            ^^^^^
[INFO] [stdout] 
[INFO] [stdout] 
[INFO] [stdout] warning: associated function `new` is never used
[INFO] [stdout]   --> src/editor/vsplit.rs:21:12
[INFO] [stdout]    |
[INFO] [stdout] 20 | impl VSplit {
[INFO] [stdout]    | ----------- associated function in this implementation
[INFO] [stdout] 21 |     pub fn new(
[INFO] [stdout]    |            ^^^
[INFO] [stdout] 
[INFO] [stdout] 
[INFO] [stdout] warning: 4 warnings emitted
[INFO] [stdout] 
[INFO] [stdout] 
[INFO] [stdout] warning: method `value` is never used
[INFO] [stdout]   --> src/editor/text_field.rs:76:12
[INFO] [stdout]    |
[INFO] [stdout] 75 | impl TextField {
[INFO] [stdout]    | -------------- method in this implementation
[INFO] [stdout] 76 |     pub fn value(&self) -> String {
[INFO] [stdout]    |            ^^^^^
[INFO] [stdout]    |
[INFO] [stdout]    = note: `#[warn(dead_code)]` on by default
[INFO] [stdout] 
[INFO] [stdout] 
[INFO] [stdout] warning: associated function `new` is never used
[INFO] [stdout]   --> src/editor/vsplit.rs:21:12
[INFO] [stdout]    |
[INFO] [stdout] 20 | impl VSplit {
[INFO] [stdout]    | ----------- associated function in this implementation
[INFO] [stdout] 21 |     pub fn new(
[INFO] [stdout]    |            ^^^
[INFO] [stdout] 
[INFO] [stdout] 
[INFO] [stdout] warning: 2 warnings emitted
[INFO] [stdout] 
[INFO] [stdout] 
[INFO] [stderr]     Finished test [unoptimized + debuginfo] target(s) in 0.47s
[INFO] running `Command { std: "docker" "inspect" "e309cda8e0913b23933afc691f84af1d538dda3b2197a92ceb74f8aeef062eac", kill_on_drop: false }`
[INFO] running `Command { std: "docker" "rm" "-f" "e309cda8e0913b23933afc691f84af1d538dda3b2197a92ceb74f8aeef062eac", kill_on_drop: false }`
[INFO] [stdout] e309cda8e0913b23933afc691f84af1d538dda3b2197a92ceb74f8aeef062eac
[INFO] running `Command { std: "docker" "create" "-v" "/var/lib/crater-agent-workspace/builds/worker-7-tc1/target:/opt/rustwide/target:rw,Z" "-v" "/var/lib/crater-agent-workspace/builds/worker-7-tc1/source:/opt/rustwide/workdir:ro,Z" "-v" "/var/lib/crater-agent-workspace/cargo-home:/opt/rustwide/cargo-home:ro,Z" "-v" "/var/lib/crater-agent-workspace/rustup-home:/opt/rustwide/rustup-home:ro,Z" "-e" "SOURCE_DIR=/opt/rustwide/workdir" "-e" "CARGO_TARGET_DIR=/opt/rustwide/target" "-e" "CARGO_INCREMENTAL=0" "-e" "RUST_BACKTRACE=full" "-e" "RUSTFLAGS=--cap-lints=warn" "-e" "RUSTDOCFLAGS=--cap-lints=warn" "-e" "CARGO_HOME=/opt/rustwide/cargo-home" "-e" "RUSTUP_HOME=/opt/rustwide/rustup-home" "-w" "/opt/rustwide/workdir" "-m" "1610612736" "--user" "0:0" "--network" "none" "ghcr.io/rust-lang/crates-build-env/linux@sha256:2788e3201cd34a07e3172128adcd8b3090168a8e3bcc40d7c032b9dda1df7d1c" "/opt/rustwide/cargo-home/bin/cargo" "+1.75.0" "test" "--frozen", kill_on_drop: false }`
[INFO] [stdout] 0bf3ab979c3f4398a9176d5140938ab7abf9134c3f8ffe03906d54fb186c0016
[INFO] running `Command { std: "docker" "start" "-a" "0bf3ab979c3f4398a9176d5140938ab7abf9134c3f8ffe03906d54fb186c0016", kill_on_drop: false }`
[INFO] [stderr] warning: associated function `char` is never used
[INFO] [stderr]   --> src/buffer.rs:12:8
[INFO] [stderr]    |
[INFO] [stderr] 11 | impl Cell {
[INFO] [stderr]    | --------- associated function in this implementation
[INFO] [stderr] 12 |     fn char(c: char) -> Self {
[INFO] [stderr]    |        ^^^^
[INFO] [stderr]    |
[INFO] [stderr]    = note: `#[warn(dead_code)]` on by default
[INFO] [stderr] 
[INFO] [stderr] warning: method `write_str` is never used
[INFO] [stderr]   --> src/term/ansi_builder.rs:31:12
[INFO] [stderr]    |
[INFO] [stderr] 30 | impl AnsiBuilder {
[INFO] [stderr]    | ---------------- method in this implementation
[INFO] [stderr] 31 |     pub fn write_str(&mut self, s: &str) {
[INFO] [stderr]    |            ^^^^^^^^^
[INFO] [stderr] 
[INFO] [stderr] warning: method `value` is never used
[INFO] [stderr]   --> src/editor/text_field.rs:76:12
[INFO] [stderr]    |
[INFO] [stderr] 75 | impl TextField {
[INFO] [stderr]    | -------------- method in this implementation
[INFO] [stderr] 76 |     pub fn value(&self) -> String {
[INFO] [stderr]    |            ^^^^^
[INFO] [stderr] 
[INFO] [stderr] warning: associated function `new` is never used
[INFO] [stderr]   --> src/editor/vsplit.rs:21:12
[INFO] [stderr]    |
[INFO] [stderr] 20 | impl VSplit {
[INFO] [stderr]    | ----------- associated function in this implementation
[INFO] [stderr] 21 |     pub fn new(
[INFO] [stderr]    |            ^^^
[INFO] [stderr] 
[INFO] [stderr] warning: method `value` is never used
[INFO] [stderr]   --> src/editor/text_field.rs:76:12
[INFO] [stderr]    |
[INFO] [stderr] 75 | impl TextField {
[INFO] [stderr]    | -------------- method in this implementation
[INFO] [stderr] 76 |     pub fn value(&self) -> String {
[INFO] [stderr]    |            ^^^^^
[INFO] [stderr]    |
[INFO] [stderr]    = note: `#[warn(dead_code)]` on by default
[INFO] [stderr] 
[INFO] [stderr] warning: `text_editor` (lib) generated 4 warnings
[INFO] [stderr] warning: `text_editor` (lib test) generated 2 warnings (1 duplicate)
[INFO] [stderr]     Finished test [unoptimized + debuginfo] target(s) in 0.02s
[INFO] [stderr]      Running unittests src/lib.rs (/opt/rustwide/target/debug/deps/text_editor-34131662921a6b29)
[INFO] [stdout] 
[INFO] [stdout] running 3 tests
[INFO] [stdout] test term::ansi_builder::tests::my_test ... ok
[INFO] [stdout] test buffer::tests::simple ... ok
[INFO] [stderr] error: test failed, to rerun pass `--lib`
[INFO] [stdout] test term::tests::get_term_size ... FAILED
[INFO] [stdout] 
[INFO] [stdout] failures:
[INFO] [stdout] 
[INFO] [stdout] ---- term::tests::get_term_size stdout ----
[INFO] [stdout] thread 'term::tests::get_term_size' panicked at src/term/mod.rs:77:32:
[INFO] [stdout] called `Result::unwrap()` on an `Err` value: Os { code: 25, kind: Uncategorized, message: "Inappropriate ioctl for device" }
[INFO] [stdout] stack backtrace:
[INFO] [stdout]    0:     0x556c72a0f78c - std::backtrace_rs::backtrace::libunwind::trace::ha637c64ce894333a
[INFO] [stdout]                                at /rustc/82e1608dfa6e0b5569232559e3d385fea5a93112/library/std/src/../../backtrace/src/backtrace/libunwind.rs:104:5
[INFO] [stdout]    1:     0x556c72a0f78c - std::backtrace_rs::backtrace::trace_unsynchronized::h47f62dea28e0c88d
[INFO] [stdout]                                at /rustc/82e1608dfa6e0b5569232559e3d385fea5a93112/library/std/src/../../backtrace/src/backtrace/mod.rs:66:5
[INFO] [stdout]    2:     0x556c72a0f78c - std::sys_common::backtrace::_print_fmt::h9eef0abe20ede486
[INFO] [stdout]                                at /rustc/82e1608dfa6e0b5569232559e3d385fea5a93112/library/std/src/sys_common/backtrace.rs:67:5
[INFO] [stdout]    3:     0x556c72a0f78c - <std::sys_common::backtrace::_print::DisplayBacktrace as core::fmt::Display>::fmt::hed7f999df88cc644
[INFO] [stdout]                                at /rustc/82e1608dfa6e0b5569232559e3d385fea5a93112/library/std/src/sys_common/backtrace.rs:44:22
[INFO] [stdout]    4:     0x556c72a392e0 - core::fmt::rt::Argument::fmt::h1539a9308b8d058d
[INFO] [stdout]                                at /rustc/82e1608dfa6e0b5569232559e3d385fea5a93112/library/core/src/fmt/rt.rs:142:9
[INFO] [stdout]    5:     0x556c72a392e0 - core::fmt::write::h3a39390d8560d9c9
[INFO] [stdout]                                at /rustc/82e1608dfa6e0b5569232559e3d385fea5a93112/library/core/src/fmt/mod.rs:1120:17
[INFO] [stdout]    6:     0x556c72a0d13f - std::io::Write::write_fmt::h040b369f3a0f9cbc
[INFO] [stdout]                                at /rustc/82e1608dfa6e0b5569232559e3d385fea5a93112/library/std/src/io/mod.rs:1762:15
[INFO] [stdout]    7:     0x556c72a0f574 - std::sys_common::backtrace::_print::h894006fb5c6f3d45
[INFO] [stdout]                                at /rustc/82e1608dfa6e0b5569232559e3d385fea5a93112/library/std/src/sys_common/backtrace.rs:47:5
[INFO] [stdout]    8:     0x556c72a0f574 - std::sys_common::backtrace::print::h23a2d212c6fff936
[INFO] [stdout]                                at /rustc/82e1608dfa6e0b5569232559e3d385fea5a93112/library/std/src/sys_common/backtrace.rs:34:9
[INFO] [stdout]    9:     0x556c72a11237 - std::panicking::default_hook::{{closure}}::h8a1d2ee00185001a
[INFO] [stdout]   10:     0x556c72a10f23 - std::panicking::default_hook::h6038f2eba384e475
[INFO] [stdout]                                at /rustc/82e1608dfa6e0b5569232559e3d385fea5a93112/library/std/src/panicking.rs:289:9
[INFO] [stdout]   11:     0x556c729dd4d7 - <alloc::boxed::Box<F,A> as core::ops::function::Fn<Args>>::call::h0ad024c9bdc6d768
[INFO] [stdout]                                at /rustc/82e1608dfa6e0b5569232559e3d385fea5a93112/library/alloc/src/boxed.rs:2021:9
[INFO] [stdout]   12:     0x556c729dd4d7 - test::test_main::{{closure}}::h7500b54257359db6
[INFO] [stdout]                                at /rustc/82e1608dfa6e0b5569232559e3d385fea5a93112/library/test/src/lib.rs:138:21
[INFO] [stdout]   13:     0x556c72a11848 - <alloc::boxed::Box<F,A> as core::ops::function::Fn<Args>>::call::h1f8f335eaa9cfaee
[INFO] [stdout]                                at /rustc/82e1608dfa6e0b5569232559e3d385fea5a93112/library/alloc/src/boxed.rs:2021:9
[INFO] [stdout]   14:     0x556c72a11848 - std::panicking::rust_panic_with_hook::h2b5517d590cab22e
[INFO] [stdout]                                at /rustc/82e1608dfa6e0b5569232559e3d385fea5a93112/library/std/src/panicking.rs:783:13
[INFO] [stdout]   15:     0x556c72a1159e - std::panicking::begin_panic_handler::{{closure}}::h233112c06e0ef43e
[INFO] [stdout]                                at /rustc/82e1608dfa6e0b5569232559e3d385fea5a93112/library/std/src/panicking.rs:657:13
[INFO] [stdout]   16:     0x556c72a0fc56 - std::sys_common::backtrace::__rust_end_short_backtrace::h6e893f24d7ebbff8
[INFO] [stdout]                                at /rustc/82e1608dfa6e0b5569232559e3d385fea5a93112/library/std/src/sys_common/backtrace.rs:170:18
[INFO] [stdout]   17:     0x556c72a11302 - rust_begin_unwind
[INFO] [stdout]                                at /rustc/82e1608dfa6e0b5569232559e3d385fea5a93112/library/std/src/panicking.rs:645:5
[INFO] [stdout]   18:     0x556c729a1cf5 - core::panicking::panic_fmt::hbf0e066aabfa482c
[INFO] [stdout]                                at /rustc/82e1608dfa6e0b5569232559e3d385fea5a93112/library/core/src/panicking.rs:72:14
[INFO] [stdout]   19:     0x556c729a2193 - core::result::unwrap_failed::hddb4fea594200c52
[INFO] [stdout]                                at /rustc/82e1608dfa6e0b5569232559e3d385fea5a93112/library/core/src/result.rs:1653:5
[INFO] [stdout]   20:     0x556c729a7e94 - core::result::Result<T,E>::unwrap::h9e2e33bfc626e632
[INFO] [stdout]                                at /rustc/82e1608dfa6e0b5569232559e3d385fea5a93112/library/core/src/result.rs:1077:23
[INFO] [stdout]   21:     0x556c729a9a8f - text_editor::term::tests::get_term_size::h61733ad42754575c
[INFO] [stdout]                                at /opt/rustwide/workdir/src/term/mod.rs:77:20
[INFO] [stdout]   22:     0x556c729a9a47 - text_editor::term::tests::get_term_size::{{closure}}::h330894c3e0dc7b18
[INFO] [stdout]                                at /opt/rustwide/workdir/src/term/mod.rs:76:23
[INFO] [stdout]   23:     0x556c729a2ed6 - core::ops::function::FnOnce::call_once::h0c2b9327d087f332
[INFO] [stdout]                                at /rustc/82e1608dfa6e0b5569232559e3d385fea5a93112/library/core/src/ops/function.rs:250:5
[INFO] [stdout]   24:     0x556c729e2b2f - core::ops::function::FnOnce::call_once::h2b5d431d5046312d
[INFO] [stdout]                                at /rustc/82e1608dfa6e0b5569232559e3d385fea5a93112/library/core/src/ops/function.rs:250:5
[INFO] [stdout]   25:     0x556c729e2b2f - test::__rust_begin_short_backtrace::h7714669af176e207
[INFO] [stdout]                                at /rustc/82e1608dfa6e0b5569232559e3d385fea5a93112/library/test/src/lib.rs:628:18
[INFO] [stdout]   26:     0x556c729e1b45 - test::run_test_in_process::{{closure}}::h85218797dcbcec12
[INFO] [stdout]                                at /rustc/82e1608dfa6e0b5569232559e3d385fea5a93112/library/test/src/lib.rs:651:60
[INFO] [stdout]   27:     0x556c729e1b45 - <core::panic::unwind_safe::AssertUnwindSafe<F> as core::ops::function::FnOnce<()>>::call_once::h76c106ea31c14d7b
[INFO] [stdout]                                at /rustc/82e1608dfa6e0b5569232559e3d385fea5a93112/library/core/src/panic/unwind_safe.rs:272:9
[INFO] [stdout]   28:     0x556c729e1b45 - std::panicking::try::do_call::h3bd5d0f6620ee946
[INFO] [stdout]                                at /rustc/82e1608dfa6e0b5569232559e3d385fea5a93112/library/std/src/panicking.rs:552:40
[INFO] [stdout]   29:     0x556c729e1b45 - std::panicking::try::h232e535e4744fe31
[INFO] [stdout]                                at /rustc/82e1608dfa6e0b5569232559e3d385fea5a93112/library/std/src/panicking.rs:516:19
[INFO] [stdout]   30:     0x556c729e1b45 - std::panic::catch_unwind::h3ce3bd6ca8dbac68
[INFO] [stdout]                                at /rustc/82e1608dfa6e0b5569232559e3d385fea5a93112/library/std/src/panic.rs:142:14
[INFO] [stdout]   31:     0x556c729e1b45 - test::run_test_in_process::hc97b257c9621286a
[INFO] [stdout]                                at /rustc/82e1608dfa6e0b5569232559e3d385fea5a93112/library/test/src/lib.rs:651:27
[INFO] [stdout]   32:     0x556c729e1b45 - test::run_test::{{closure}}::h2aa798823a438d38
[INFO] [stdout]                                at /rustc/82e1608dfa6e0b5569232559e3d385fea5a93112/library/test/src/lib.rs:574:43
[INFO] [stdout]   33:     0x556c729a9e06 - test::run_test::{{closure}}::h87d231c78fb59832
[INFO] [stdout]                                at /rustc/82e1608dfa6e0b5569232559e3d385fea5a93112/library/test/src/lib.rs:602:41
[INFO] [stdout]   34:     0x556c729a9e06 - std::sys_common::backtrace::__rust_begin_short_backtrace::he6df152596625789
[INFO] [stdout]                                at /rustc/82e1608dfa6e0b5569232559e3d385fea5a93112/library/std/src/sys_common/backtrace.rs:154:18
[INFO] [stdout]   35:     0x556c729aeeb7 - std::thread::Builder::spawn_unchecked_::{{closure}}::{{closure}}::ha94be15d1e0acf36
[INFO] [stdout]                                at /rustc/82e1608dfa6e0b5569232559e3d385fea5a93112/library/std/src/thread/mod.rs:529:17
[INFO] [stdout]   36:     0x556c729aeeb7 - <core::panic::unwind_safe::AssertUnwindSafe<F> as core::ops::function::FnOnce<()>>::call_once::h9dc6bd6372f16606
[INFO] [stdout]                                at /rustc/82e1608dfa6e0b5569232559e3d385fea5a93112/library/core/src/panic/unwind_safe.rs:272:9
[INFO] [stdout]   37:     0x556c729aeeb7 - std::panicking::try::do_call::h9057517f80303cd4
[INFO] [stdout]                                at /rustc/82e1608dfa6e0b5569232559e3d385fea5a93112/library/std/src/panicking.rs:552:40
[INFO] [stdout]   38:     0x556c729aeeb7 - std::panicking::try::he3a30b11ee45340c
[INFO] [stdout]                                at /rustc/82e1608dfa6e0b5569232559e3d385fea5a93112/library/std/src/panicking.rs:516:19
[INFO] [stdout]   39:     0x556c729aeeb7 - std::panic::catch_unwind::h410458cfd3528b8b
[INFO] [stdout]                                at /rustc/82e1608dfa6e0b5569232559e3d385fea5a93112/library/std/src/panic.rs:142:14
[INFO] [stdout]   40:     0x556c729aeeb7 - std::thread::Builder::spawn_unchecked_::{{closure}}::h72ac3bdb567b737b
[INFO] [stdout]                                at /rustc/82e1608dfa6e0b5569232559e3d385fea5a93112/library/std/src/thread/mod.rs:528:30
[INFO] [stdout]   41:     0x556c729aeeb7 - core::ops::function::FnOnce::call_once{{vtable.shim}}::h38f34da3654a8344
[INFO] [stdout]                                at /rustc/82e1608dfa6e0b5569232559e3d385fea5a93112/library/core/src/ops/function.rs:250:5
[INFO] [stdout]   42:     0x556c72a162e5 - <alloc::boxed::Box<F,A> as core::ops::function::FnOnce<Args>>::call_once::hc7eafaff61e32df9
[INFO] [stdout]                                at /rustc/82e1608dfa6e0b5569232559e3d385fea5a93112/library/alloc/src/boxed.rs:2007:9
[INFO] [stdout]   43:     0x556c72a162e5 - <alloc::boxed::Box<F,A> as core::ops::function::FnOnce<Args>>::call_once::h6ba4a5de48dd2304
[INFO] [stdout]                                at /rustc/82e1608dfa6e0b5569232559e3d385fea5a93112/library/alloc/src/boxed.rs:2007:9
[INFO] [stdout]   44:     0x556c72a162e5 - std::sys::unix::thread::Thread::new::thread_start::he469335aef763e45
[INFO] [stdout]                                at /rustc/82e1608dfa6e0b5569232559e3d385fea5a93112/library/std/src/sys/unix/thread.rs:108:17
[INFO] [stdout]   45:     0x7f55e15c3ac3 - <unknown>
[INFO] [stdout]   46:     0x7f55e1654bf4 - __clone
[INFO] [stdout]   47:                0x0 - <unknown>
[INFO] [stdout] 
[INFO] [stdout] 
[INFO] [stdout] failures:
[INFO] [stdout]     term::tests::get_term_size
[INFO] [stdout] 
[INFO] [stdout] test result: FAILED. 2 passed; 1 failed; 0 ignored; 0 measured; 0 filtered out; finished in 0.02s
[INFO] [stdout] 
[INFO] running `Command { std: "docker" "inspect" "0bf3ab979c3f4398a9176d5140938ab7abf9134c3f8ffe03906d54fb186c0016", kill_on_drop: false }`
[INFO] running `Command { std: "docker" "rm" "-f" "0bf3ab979c3f4398a9176d5140938ab7abf9134c3f8ffe03906d54fb186c0016", kill_on_drop: false }`
[INFO] [stdout] 0bf3ab979c3f4398a9176d5140938ab7abf9134c3f8ffe03906d54fb186c0016
