[INFO] cloning repository https://github.com/SamirTalwar/sandcastles
[INFO] running `Command { std: "git" "-c" "credential.helper=" "-c" "credential.helper=/workspace/cargo-home/bin/git-credential-null" "clone" "--bare" "https://github.com/SamirTalwar/sandcastles" "/workspace/cache/git-repos/https%3A%2F%2Fgithub.com%2FSamirTalwar%2Fsandcastles", kill_on_drop: false }`
[INFO] [stderr] Cloning into bare repository '/workspace/cache/git-repos/https%3A%2F%2Fgithub.com%2FSamirTalwar%2Fsandcastles'...
[INFO] running `Command { std: "git" "rev-parse" "HEAD", kill_on_drop: false }`
[INFO] [stdout] 35047ac55c05328c20b8d6b031a6b65d81d90c33
[INFO] testing SamirTalwar/sandcastles against 1.75.0 for beta-1.76-1
[INFO] running `Command { std: "git" "clone" "/workspace/cache/git-repos/https%3A%2F%2Fgithub.com%2FSamirTalwar%2Fsandcastles" "/workspace/builds/worker-2-tc1/source", kill_on_drop: false }`
[INFO] [stderr] Cloning into '/workspace/builds/worker-2-tc1/source'...
[INFO] [stderr] done.
[INFO] validating manifest of git repo https://github.com/SamirTalwar/sandcastles on toolchain 1.75.0
[INFO] running `Command { std: CARGO_HOME="/workspace/cargo-home" RUSTUP_HOME="/workspace/rustup-home" "/workspace/cargo-home/bin/cargo" "+1.75.0" "metadata" "--manifest-path" "Cargo.toml" "--no-deps", kill_on_drop: false }`
[INFO] removed /workspace/builds/worker-2-tc1/source/rust-toolchain.toml
[INFO] started tweaking git repo https://github.com/SamirTalwar/sandcastles
[INFO] finished tweaking git repo https://github.com/SamirTalwar/sandcastles
[INFO] tweaked toml for git repo https://github.com/SamirTalwar/sandcastles written to /workspace/builds/worker-2-tc1/source/Cargo.toml
[INFO] crate git repo https://github.com/SamirTalwar/sandcastles already has a lockfile, it will not be regenerated
[INFO] running `Command { std: CARGO_HOME="/workspace/cargo-home" RUSTUP_HOME="/workspace/rustup-home" "/workspace/cargo-home/bin/cargo" "+1.75.0" "fetch" "--manifest-path" "Cargo.toml", kill_on_drop: false }`
[INFO] [stderr]     Updating crates.io index
[INFO] [stderr]  Downloading crates ...
[INFO] [stderr]   Downloaded ntest_timeout v0.9.0
[INFO] [stderr]   Downloaded ntest v0.9.0
[INFO] [stderr]   Downloaded ntest_test_cases v0.9.0
[INFO] running `Command { std: "docker" "create" "-v" "/var/lib/crater-agent-workspace/builds/worker-2-tc1/target:/opt/rustwide/target:rw,Z" "-v" "/var/lib/crater-agent-workspace/builds/worker-2-tc1/source:/opt/rustwide/workdir:ro,Z" "-v" "/var/lib/crater-agent-workspace/cargo-home:/opt/rustwide/cargo-home:ro,Z" "-v" "/var/lib/crater-agent-workspace/rustup-home:/opt/rustwide/rustup-home:ro,Z" "-e" "SOURCE_DIR=/opt/rustwide/workdir" "-e" "CARGO_TARGET_DIR=/opt/rustwide/target" "-e" "CARGO_HOME=/opt/rustwide/cargo-home" "-e" "RUSTUP_HOME=/opt/rustwide/rustup-home" "-w" "/opt/rustwide/workdir" "-m" "1610612736" "--user" "0:0" "--network" "none" "ghcr.io/rust-lang/crates-build-env/linux@sha256:2788e3201cd34a07e3172128adcd8b3090168a8e3bcc40d7c032b9dda1df7d1c" "/opt/rustwide/cargo-home/bin/cargo" "+1.75.0" "metadata" "--no-deps" "--format-version=1", kill_on_drop: false }`
[INFO] [stdout] 9e6ce6d7a9f30d6b62eca0eee0575899b7e9e291a594d09aeebf78e5742b6aca
[INFO] running `Command { std: "docker" "start" "-a" "9e6ce6d7a9f30d6b62eca0eee0575899b7e9e291a594d09aeebf78e5742b6aca", kill_on_drop: false }`
[INFO] running `Command { std: "docker" "inspect" "9e6ce6d7a9f30d6b62eca0eee0575899b7e9e291a594d09aeebf78e5742b6aca", kill_on_drop: false }`
[INFO] running `Command { std: "docker" "rm" "-f" "9e6ce6d7a9f30d6b62eca0eee0575899b7e9e291a594d09aeebf78e5742b6aca", kill_on_drop: false }`
[INFO] [stdout] 9e6ce6d7a9f30d6b62eca0eee0575899b7e9e291a594d09aeebf78e5742b6aca
[INFO] running `Command { std: "docker" "create" "-v" "/var/lib/crater-agent-workspace/builds/worker-2-tc1/target:/opt/rustwide/target:rw,Z" "-v" "/var/lib/crater-agent-workspace/builds/worker-2-tc1/source:/opt/rustwide/workdir:ro,Z" "-v" "/var/lib/crater-agent-workspace/cargo-home:/opt/rustwide/cargo-home:ro,Z" "-v" "/var/lib/crater-agent-workspace/rustup-home:/opt/rustwide/rustup-home:ro,Z" "-e" "SOURCE_DIR=/opt/rustwide/workdir" "-e" "CARGO_TARGET_DIR=/opt/rustwide/target" "-e" "CARGO_INCREMENTAL=0" "-e" "RUST_BACKTRACE=full" "-e" "RUSTFLAGS=--cap-lints=warn" "-e" "RUSTDOCFLAGS=--cap-lints=warn" "-e" "CARGO_HOME=/opt/rustwide/cargo-home" "-e" "RUSTUP_HOME=/opt/rustwide/rustup-home" "-w" "/opt/rustwide/workdir" "-m" "1610612736" "--user" "0:0" "--network" "none" "ghcr.io/rust-lang/crates-build-env/linux@sha256:2788e3201cd34a07e3172128adcd8b3090168a8e3bcc40d7c032b9dda1df7d1c" "/opt/rustwide/cargo-home/bin/cargo" "+1.75.0" "build" "--frozen" "--message-format=json", kill_on_drop: false }`
[INFO] [stdout] 291ea0cbf45685b1199e80851219c8946c48dd5afff33bb21c4b43a311bc1ec3
[INFO] running `Command { std: "docker" "start" "-a" "291ea0cbf45685b1199e80851219c8946c48dd5afff33bb21c4b43a311bc1ec3", kill_on_drop: false }`
[INFO] [stderr]    Compiling libc v0.2.147
[INFO] [stderr]    Compiling serde v1.0.188
[INFO] [stderr]    Compiling cfg-if v1.0.0
[INFO] [stderr]    Compiling utf8parse v0.2.1
[INFO] [stderr]    Compiling paste v1.0.14
[INFO] [stderr]    Compiling num-traits v0.2.16
[INFO] [stderr]    Compiling colorchoice v1.0.0
[INFO] [stderr]    Compiling quote v1.0.33
[INFO] [stderr]    Compiling anstyle-parse v0.2.1
[INFO] [stderr]    Compiling anstyle-query v1.0.0
[INFO] [stderr]    Compiling anstyle v1.0.2
[INFO] [stderr]    Compiling strsim v0.10.0
[INFO] [stderr]    Compiling syn v2.0.29
[INFO] [stderr]    Compiling anstream v0.5.0
[INFO] [stderr]    Compiling hashbrown v0.14.0
[INFO] [stderr]    Compiling serde_json v1.0.105
[INFO] [stderr]    Compiling ppv-lite86 v0.2.17
[INFO] [stderr]    Compiling byteorder v1.4.3
[INFO] [stderr]    Compiling anyhow v1.0.75
[INFO] [stderr]    Compiling clap_lex v0.5.1
[INFO] [stderr]    Compiling thiserror v1.0.50
[INFO] [stderr]    Compiling equivalent v1.0.1
[INFO] [stderr]    Compiling signal-hook v0.3.17
[INFO] [stderr]    Compiling indexmap v2.0.0
[INFO] [stderr]    Compiling clap_builder v4.4.2
[INFO] [stderr]    Compiling iana-time-zone v0.1.57
[INFO] [stderr]    Compiling itoa v1.0.9
[INFO] [stderr]    Compiling regex-automata v0.3.8
[INFO] [stderr]    Compiling memchr v2.6.3
[INFO] [stderr]    Compiling rmp v0.8.12
[INFO] [stderr]    Compiling ryu v1.0.15
[INFO] [stderr]    Compiling base64 v0.21.2
[INFO] [stderr]    Compiling getrandom v0.2.10
[INFO] [stderr]    Compiling time v0.1.45
[INFO] [stderr]    Compiling rand_core v0.6.4
[INFO] [stderr]    Compiling signal-hook-registry v1.4.1
[INFO] [stderr]    Compiling nix v0.26.4
[INFO] [stderr]    Compiling rand_chacha v0.3.1
[INFO] [stderr]    Compiling rand v0.8.5
[INFO] [stderr]    Compiling serde_derive v1.0.188
[INFO] [stderr]    Compiling thiserror-impl v1.0.50
[INFO] [stderr]    Compiling clap_derive v4.4.2
[INFO] [stderr]    Compiling clap v4.4.2
[INFO] [stderr]    Compiling bitflags v2.4.0
[INFO] [stderr]    Compiling bstr v1.6.2
[INFO] [stderr]    Compiling chrono v0.4.29
[INFO] [stderr]    Compiling rmp-serde v1.1.2
[INFO] [stderr]    Compiling erased-serde v0.3.31
[INFO] [stderr]    Compiling ron v0.8.1
[INFO] [stderr]    Compiling sandcastles v0.1.0 (/opt/rustwide/workdir)
[INFO] [stderr]     Finished dev [unoptimized + debuginfo] target(s) in 14.93s
[INFO] running `Command { std: "docker" "inspect" "291ea0cbf45685b1199e80851219c8946c48dd5afff33bb21c4b43a311bc1ec3", kill_on_drop: false }`
[INFO] running `Command { std: "docker" "rm" "-f" "291ea0cbf45685b1199e80851219c8946c48dd5afff33bb21c4b43a311bc1ec3", kill_on_drop: false }`
[INFO] [stdout] 291ea0cbf45685b1199e80851219c8946c48dd5afff33bb21c4b43a311bc1ec3
[INFO] running `Command { std: "docker" "create" "-v" "/var/lib/crater-agent-workspace/builds/worker-2-tc1/target:/opt/rustwide/target:rw,Z" "-v" "/var/lib/crater-agent-workspace/builds/worker-2-tc1/source:/opt/rustwide/workdir:ro,Z" "-v" "/var/lib/crater-agent-workspace/cargo-home:/opt/rustwide/cargo-home:ro,Z" "-v" "/var/lib/crater-agent-workspace/rustup-home:/opt/rustwide/rustup-home:ro,Z" "-e" "SOURCE_DIR=/opt/rustwide/workdir" "-e" "CARGO_TARGET_DIR=/opt/rustwide/target" "-e" "CARGO_INCREMENTAL=0" "-e" "RUST_BACKTRACE=full" "-e" "RUSTFLAGS=--cap-lints=warn" "-e" "RUSTDOCFLAGS=--cap-lints=warn" "-e" "CARGO_HOME=/opt/rustwide/cargo-home" "-e" "RUSTUP_HOME=/opt/rustwide/rustup-home" "-w" "/opt/rustwide/workdir" "-m" "1610612736" "--user" "0:0" "--network" "none" "ghcr.io/rust-lang/crates-build-env/linux@sha256:2788e3201cd34a07e3172128adcd8b3090168a8e3bcc40d7c032b9dda1df7d1c" "/opt/rustwide/cargo-home/bin/cargo" "+1.75.0" "test" "--frozen" "--no-run" "--message-format=json", kill_on_drop: false }`
[INFO] [stdout] fa8022da74ee7b087d6e74c7843d83e14154ff95c1034dfaa277945cfd01c2dc
[INFO] running `Command { std: "docker" "start" "-a" "fa8022da74ee7b087d6e74c7843d83e14154ff95c1034dfaa277945cfd01c2dc", kill_on_drop: false }`
[INFO] [stderr]    Compiling futures-core v0.3.28
[INFO] [stderr]    Compiling memchr v2.6.3
[INFO] [stderr]    Compiling bytes v1.4.0
[INFO] [stderr]    Compiling mio v0.8.8
[INFO] [stderr]    Compiling socket2 v0.5.3
[INFO] [stderr]    Compiling num_cpus v1.16.0
[INFO] [stderr]    Compiling bitflags v2.4.0
[INFO] [stderr]    Compiling tracing-core v0.1.31
[INFO] [stderr]    Compiling indexmap v1.9.3
[INFO] [stderr]    Compiling futures-util v0.3.28
[INFO] [stderr]    Compiling tinyvec_macros v0.1.1
[INFO] [stderr]    Compiling fnv v1.0.7
[INFO] [stderr]    Compiling tinyvec v1.6.0
[INFO] [stderr]    Compiling http v0.2.9
[INFO] [stderr]    Compiling tokio v1.32.0
[INFO] [stderr]    Compiling tracing v0.1.37
[INFO] [stderr]    Compiling futures-io v0.3.28
[INFO] [stderr]    Compiling winnow v0.5.15
[INFO] [stderr]    Compiling futures-sink v0.3.28
[INFO] [stderr]    Compiling percent-encoding v2.3.0
[INFO] [stderr]    Compiling hashbrown v0.12.3
[INFO] [stderr]    Compiling httparse v1.8.0
[INFO] [stderr]    Compiling toml_datetime v0.6.3
[INFO] [stderr]    Compiling form_urlencoded v1.2.0
[INFO] [stderr]    Compiling syn v1.0.109
[INFO] [stderr]    Compiling try-lock v0.2.4
[INFO] [stderr]    Compiling unicode-bidi v0.3.13
[INFO] [stderr]    Compiling unicode-normalization v0.1.22
[INFO] [stderr]    Compiling rustix v0.38.8
[INFO] [stderr]    Compiling bstr v1.6.2
[INFO] [stderr]    Compiling idna v0.4.0
[INFO] [stderr]    Compiling toml_edit v0.19.14
[INFO] [stderr]    Compiling want v0.3.1
[INFO] [stderr]    Compiling http-body v0.4.5
[INFO] [stderr]    Compiling futures-channel v0.3.28
[INFO] [stderr]    Compiling ron v0.8.1
[INFO] [stderr]    Compiling socket2 v0.4.9
[INFO] [stderr]    Compiling tower-service v0.3.2
[INFO] [stderr]    Compiling linux-raw-sys v0.4.5
[INFO] [stderr]    Compiling httpdate v1.0.3
[INFO] [stderr]    Compiling url v2.4.0
[INFO] [stderr]    Compiling proc-macro-crate v1.3.1
[INFO] [stderr]    Compiling serde_urlencoded v0.7.1
[INFO] [stderr]    Compiling encoding_rs v0.8.32
[INFO] [stderr]    Compiling mime v0.3.17
[INFO] [stderr]    Compiling tokio-util v0.7.8
[INFO] [stderr]    Compiling ipnet v2.8.0
[INFO] [stderr]    Compiling log v0.4.20
[INFO] [stderr]    Compiling h2 v0.3.20
[INFO] [stderr]    Compiling fastrand v2.0.0
[INFO] [stderr]    Compiling sandcastles v0.1.0 (/opt/rustwide/workdir)
[INFO] [stderr]    Compiling tempfile v3.8.0
[INFO] [stderr]    Compiling ntest_test_cases v0.9.0
[INFO] [stderr]    Compiling ntest_timeout v0.9.0
[INFO] [stderr]    Compiling ntest v0.9.0
[INFO] [stderr]    Compiling hyper v0.14.27
[INFO] [stderr]    Compiling reqwest v0.11.20
[INFO] [stderr]     Finished test [unoptimized + debuginfo] target(s) in 15.07s
[INFO] running `Command { std: "docker" "inspect" "fa8022da74ee7b087d6e74c7843d83e14154ff95c1034dfaa277945cfd01c2dc", kill_on_drop: false }`
[INFO] running `Command { std: "docker" "rm" "-f" "fa8022da74ee7b087d6e74c7843d83e14154ff95c1034dfaa277945cfd01c2dc", kill_on_drop: false }`
[INFO] [stdout] fa8022da74ee7b087d6e74c7843d83e14154ff95c1034dfaa277945cfd01c2dc
[INFO] running `Command { std: "docker" "create" "-v" "/var/lib/crater-agent-workspace/builds/worker-2-tc1/target:/opt/rustwide/target:rw,Z" "-v" "/var/lib/crater-agent-workspace/builds/worker-2-tc1/source:/opt/rustwide/workdir:ro,Z" "-v" "/var/lib/crater-agent-workspace/cargo-home:/opt/rustwide/cargo-home:ro,Z" "-v" "/var/lib/crater-agent-workspace/rustup-home:/opt/rustwide/rustup-home:ro,Z" "-e" "SOURCE_DIR=/opt/rustwide/workdir" "-e" "CARGO_TARGET_DIR=/opt/rustwide/target" "-e" "CARGO_INCREMENTAL=0" "-e" "RUST_BACKTRACE=full" "-e" "RUSTFLAGS=--cap-lints=warn" "-e" "RUSTDOCFLAGS=--cap-lints=warn" "-e" "CARGO_HOME=/opt/rustwide/cargo-home" "-e" "RUSTUP_HOME=/opt/rustwide/rustup-home" "-w" "/opt/rustwide/workdir" "-m" "1610612736" "--user" "0:0" "--network" "none" "ghcr.io/rust-lang/crates-build-env/linux@sha256:2788e3201cd34a07e3172128adcd8b3090168a8e3bcc40d7c032b9dda1df7d1c" "/opt/rustwide/cargo-home/bin/cargo" "+1.75.0" "test" "--frozen", kill_on_drop: false }`
[INFO] [stdout] 245a3b77d83234f19d3d2f37b85fade5b647321704405be523b41261030ef3da
[INFO] running `Command { std: "docker" "start" "-a" "245a3b77d83234f19d3d2f37b85fade5b647321704405be523b41261030ef3da", kill_on_drop: false }`
[INFO] [stderr]     Finished test [unoptimized + debuginfo] target(s) in 0.07s
[INFO] [stderr]      Running unittests src/lib.rs (/opt/rustwide/target/debug/deps/sandcastles-2ca09f9a0dc522dc)
[INFO] [stdout] 
[INFO] [stdout] running 40 tests
[INFO] [stderr] {"timestamp":"2024-01-05T17:35:27.799516160Z","severity":"DEBUG","socket":"/tmp/sandcastles-testFIH1NR/socket"}
[INFO] [stderr] {"timestamp":"2024-01-05T17:35:27.799708980Z",{"timestamp":"2024-01-05T17:35:27.799455010Z","severity":"DEBUG","event":"STARTED"}
[INFO] [stdout] test awaiter::tests::test_wait_until_unlocked ... ok
[INFO] [stderr] {"timestamp""severity":"DEBUG","request":"Ping"}
[INFO] [stderr] :"2024-01-05T17:35:27.799403260Z","severity":"DEBUG","socket":"/tmp/sandcastles-testpQ4aC9/socket"}
[INFO] [stderr] {"timestamp":"2024-01-05T17:35:27.799910980Z","severity":"DEBUG","request":"Ping"}
[INFO] [stdout] test log::tests::test_logging_by_name_only ... ok
[INFO] [stdout] test communication::tests::test_requests_are_serializable_and_deserializable ... ok
[INFO] [stdout] test communication::tests::test_errors_are_serializable_and_deserializable ... ok
[INFO] [stdout] test log::tests::test_logging_data ... ok
[INFO] [stdout] test log::tests::test_logging_errors ... ok
[INFO] [stdout] test names::tests::test_name_allows_alphanumeric_hyphens_and_underscores ... ok
[INFO] [stdout] test communication::tests::test_serialization_across_io ... ok
[INFO] [stderr] {"timestamp":"2024-01-05T17:35:27.800234720Z","severity":"DEBUG","event":"STARTED"}
[INFO] [stdout] test names::tests::test_name_rejects_a_name_that_is_too_long ... ok
[INFO] [stdout] test names::tests::test_name_rejects_accents ... ok
[INFO] [stdout] test names::tests::test_name_rejects_an_empty_name ... ok
[INFO] [stdout] test log::tests::test_logging_nested_data ... ok
[INFO] [stdout] test log::tests::test_logging_io_errors ... ok
[INFO] [stdout] test log::tests::test_logging_for_reading ... ok
[INFO] [stdout] test names::tests::test_name_rejects_hyphens_at_the_start ... ok
[INFO] [stderr] {"timestamp":"2024-01-05T17:35:27.801143360Z","severity":"DEBUG","event":"HANDLE","request":"Ping"}
[INFO] [stdout] test names::tests::test_name_rejects_numbers_at_the_start ... ok
[INFO] [stderr] {"timestamp":"2024-01-05T17:35:27.801378130Z","severity":"INFO","event":"PING"}
[INFO] [stdout] test names::tests::test_name_rejects_underscores_at_the_start ... ok
[INFO] [stderr] {"timestamp":"2024-01-05T17:35:27.801458530Z","severity":"DEBUG","response":"Pong"}
[INFO] [stdout] test services::programs::tests::test_deserializing_an_argument ... ok
[INFO] [stdout] test services::programs::tests::test_serializing_an_argument ... ok
[INFO] [stdout] test names::tests::test_name_rejects_spaces ... ok
[INFO] [stderr] {"timestamp":"2024-01-05T17:35:27.900078019Z","severity":"DEBUG","event":"HANDLE","request":"Ping"}
[INFO] [stderr] {"timestamp":"2024-01-05T17:35:27.900142689Z","severity":"INFO","event":"PING"}
[INFO] [stderr] {"timestamp":"2024-01-05T17:35:27.900252099Z","severity":"DEBUG","response":"Pong"}
[INFO] [stderr] {"timestamp":"2024-01-05T17:35:27.900315539Z","severity":"DEBUG","request":"Ping"}
[INFO] [stderr] {"timestamp":"2024-01-05T17:35:27.900401379Z","severity":"DEBUG","event":"HANDLE","request":"Ping"}
[INFO] [stderr] {"timestamp":"2024-01-05T17:35:27.900479449Z","severity":"INFO","event":"PING"}
[INFO] [stderr] {"timestamp":"2024-01-05T17:35:27.900576269Z","severity":"DEBUG","response":"Pong"}
[INFO] [stderr] {"timestamp":"2024-01-05T17:35:27.901042009Z","severity":"DEBUG","event":"SHUTDOWN"}
[INFO] [stderr] {"timestamp":"2024-01-05T17:35:27.901093719Z","severity":"DEBUG","event":"STOPPED"}
[INFO] [stdout] test client::tests::test_sends_request ... ok
[INFO] [stdout] test supervisor::tests::test_refuses_to_stop_a_service_with_an_unknown_name ... ok
[INFO] [stdout] test services::programs::tests::test_environment_variables ... ok
[INFO] [stdout] test services::programs::tests::test_stopping_a_stopped_process ... ok
[INFO] [stderr] {"timestamp":"2024-01-05T17:35:28.000078489Z","severity":"DEBUG","event":"SHUTDOWN"}
[INFO] [stderr] {"timestamp":"2024-01-05T17:35:28.000133529Z","severity":"DEBUG","event":"STOPPED"}
[INFO] [stdout] test client::tests::test_sends_request_twice ... ok
[INFO] [stdout] test supervisor::tests::test_starts_a_single_service_and_waits_for_a_port ... FAILED
[INFO] [stdout] test supervisor::tests::test_stops_all_services_on_drop ... FAILED
[INFO] [stdout] test supervisor::tests::test_stops_an_individual_service ... FAILED
[INFO] [stdout] test wait::tests::test_time_out_waiting_for_port ... FAILED
[INFO] [stdout] test wait::tests::test_time_out_waiting_for_time ... ok
[INFO] [stdout] test services::programs::tests::test_starting_and_stopping ... ok
[INFO] [stdout] test wait::tests::test_wait_for_port ... FAILED
[INFO] [stdout] test supervisor::tests::test_starts_a_single_service_and_waits_a_little ... ok
[INFO] [stdout] test wait::tests::test_wait_a_moment ... ok
[INFO] [stdout] test supervisor::tests::test_refuses_to_start_a_service_with_a_name_that_is_taken ... ok
[INFO] [stdout] test supervisor::tests::test_responds_with_the_name_if_one_is_provided ... ok
[INFO] [stdout] test wait::tests::test_wait_for_time ... ok
[INFO] [stdout] test services::programs::tests::test_killing ... ok
[INFO] [stdout] test supervisor::tests::test_starts_a_single_service ... ok
[INFO] [stdout] test supervisor::tests::test_generates_a_random_name_if_one_is_not_provided ... ok
[INFO] [stdout] 
[INFO] [stdout] failures:
[INFO] [stdout] 
[INFO] [stdout] ---- supervisor::tests::test_starts_a_single_service_and_waits_for_a_port stdout ----
[INFO] [stdout] Error: Cannot assign requested address (os error 99)
[INFO] [stdout] 
[INFO] [stdout] ---- supervisor::tests::test_stops_all_services_on_drop stdout ----
[INFO] [stdout] Error: Cannot assign requested address (os error 99)
[INFO] [stdout] 
[INFO] [stdout] ---- supervisor::tests::test_stops_an_individual_service stdout ----
[INFO] [stdout] Error: Cannot assign requested address (os error 99)
[INFO] [stdout] 
[INFO] [stdout] ---- wait::tests::test_time_out_waiting_for_port stdout ----
[INFO] [stdout] Error: Cannot assign requested address (os error 99)
[INFO] [stdout] 
[INFO] [stdout] ---- wait::tests::test_wait_for_port stdout ----
[INFO] [stdout] Error: Cannot assign requested address (os error 99)
[INFO] [stdout] 
[INFO] [stdout] 
[INFO] [stdout] failures:
[INFO] [stdout]     supervisor::tests::test_starts_a_single_service_and_waits_for_a_port
[INFO] [stdout]     supervisor::tests::test_stops_all_services_on_drop
[INFO] [stdout]     supervisor::tests::test_stops_an_individual_service
[INFO] [stdout]     wait::tests::test_time_out_waiting_for_port
[INFO] [stdout]     wait::tests::test_wait_for_port
[INFO] [stdout] 
[INFO] [stdout] test result: FAILED. 35 passed; 5 failed; 0 ignored; 0 measured; 0 filtered out; finished in 2.11s
[INFO] [stdout] 
[INFO] [stderr] error: test failed, to rerun pass `--lib`
[INFO] running `Command { std: "docker" "inspect" "245a3b77d83234f19d3d2f37b85fade5b647321704405be523b41261030ef3da", kill_on_drop: false }`
[INFO] running `Command { std: "docker" "rm" "-f" "245a3b77d83234f19d3d2f37b85fade5b647321704405be523b41261030ef3da", kill_on_drop: false }`
[INFO] [stdout] 245a3b77d83234f19d3d2f37b85fade5b647321704405be523b41261030ef3da
