[INFO] cloning repository https://github.com/RyanRMurray/AOC2023
[INFO] running `Command { std: "git" "-c" "credential.helper=" "-c" "credential.helper=/workspace/cargo-home/bin/git-credential-null" "clone" "--bare" "https://github.com/RyanRMurray/AOC2023" "/workspace/cache/git-repos/https%3A%2F%2Fgithub.com%2FRyanRMurray%2FAOC2023", kill_on_drop: false }`
[INFO] [stderr] Cloning into bare repository '/workspace/cache/git-repos/https%3A%2F%2Fgithub.com%2FRyanRMurray%2FAOC2023'...
[INFO] running `Command { std: "git" "rev-parse" "HEAD", kill_on_drop: false }`
[INFO] [stdout] c7801d48fd67760d4512d097f581cc1afbcb05ce
[INFO] testing RyanRMurray/AOC2023 against 1.75.0 for beta-1.76-1
[INFO] running `Command { std: "git" "clone" "/workspace/cache/git-repos/https%3A%2F%2Fgithub.com%2FRyanRMurray%2FAOC2023" "/workspace/builds/worker-3-tc1/source", kill_on_drop: false }`
[INFO] [stderr] Cloning into '/workspace/builds/worker-3-tc1/source'...
[INFO] [stderr] done.
[INFO] validating manifest of git repo https://github.com/RyanRMurray/AOC2023 on toolchain 1.75.0
[INFO] running `Command { std: CARGO_HOME="/workspace/cargo-home" RUSTUP_HOME="/workspace/rustup-home" "/workspace/cargo-home/bin/cargo" "+1.75.0" "metadata" "--manifest-path" "Cargo.toml" "--no-deps", kill_on_drop: false }`
[INFO] started tweaking git repo https://github.com/RyanRMurray/AOC2023
[INFO] finished tweaking git repo https://github.com/RyanRMurray/AOC2023
[INFO] tweaked toml for git repo https://github.com/RyanRMurray/AOC2023 written to /workspace/builds/worker-3-tc1/source/Cargo.toml
[INFO] crate git repo https://github.com/RyanRMurray/AOC2023 already has a lockfile, it will not be regenerated
[INFO] running `Command { std: CARGO_HOME="/workspace/cargo-home" RUSTUP_HOME="/workspace/rustup-home" "/workspace/cargo-home/bin/cargo" "+1.75.0" "fetch" "--manifest-path" "Cargo.toml", kill_on_drop: false }`
[INFO] [stderr]  Downloading crates ...
[INFO] [stderr]   Downloaded rstest v0.15.0
[INFO] [stderr]   Downloaded rstest_macros v0.14.0
[INFO] running `Command { std: "docker" "create" "-v" "/var/lib/crater-agent-workspace/builds/worker-3-tc1/target:/opt/rustwide/target:rw,Z" "-v" "/var/lib/crater-agent-workspace/builds/worker-3-tc1/source:/opt/rustwide/workdir:ro,Z" "-v" "/var/lib/crater-agent-workspace/cargo-home:/opt/rustwide/cargo-home:ro,Z" "-v" "/var/lib/crater-agent-workspace/rustup-home:/opt/rustwide/rustup-home:ro,Z" "-e" "SOURCE_DIR=/opt/rustwide/workdir" "-e" "CARGO_TARGET_DIR=/opt/rustwide/target" "-e" "CARGO_HOME=/opt/rustwide/cargo-home" "-e" "RUSTUP_HOME=/opt/rustwide/rustup-home" "-w" "/opt/rustwide/workdir" "-m" "1610612736" "--user" "0:0" "--network" "none" "ghcr.io/rust-lang/crates-build-env/linux@sha256:2788e3201cd34a07e3172128adcd8b3090168a8e3bcc40d7c032b9dda1df7d1c" "/opt/rustwide/cargo-home/bin/cargo" "+1.75.0" "metadata" "--no-deps" "--format-version=1", kill_on_drop: false }`
[INFO] [stdout] 4c40eb5d6435f19e61512ea58da162567fdd75aace85d6ffa910a168f4e256cc
[INFO] running `Command { std: "docker" "start" "-a" "4c40eb5d6435f19e61512ea58da162567fdd75aace85d6ffa910a168f4e256cc", kill_on_drop: false }`
[INFO] running `Command { std: "docker" "inspect" "4c40eb5d6435f19e61512ea58da162567fdd75aace85d6ffa910a168f4e256cc", kill_on_drop: false }`
[INFO] running `Command { std: "docker" "rm" "-f" "4c40eb5d6435f19e61512ea58da162567fdd75aace85d6ffa910a168f4e256cc", kill_on_drop: false }`
[INFO] [stdout] 4c40eb5d6435f19e61512ea58da162567fdd75aace85d6ffa910a168f4e256cc
[INFO] running `Command { std: "docker" "create" "-v" "/var/lib/crater-agent-workspace/builds/worker-3-tc1/target:/opt/rustwide/target:rw,Z" "-v" "/var/lib/crater-agent-workspace/builds/worker-3-tc1/source:/opt/rustwide/workdir:ro,Z" "-v" "/var/lib/crater-agent-workspace/cargo-home:/opt/rustwide/cargo-home:ro,Z" "-v" "/var/lib/crater-agent-workspace/rustup-home:/opt/rustwide/rustup-home:ro,Z" "-e" "SOURCE_DIR=/opt/rustwide/workdir" "-e" "CARGO_TARGET_DIR=/opt/rustwide/target" "-e" "CARGO_INCREMENTAL=0" "-e" "RUST_BACKTRACE=full" "-e" "RUSTFLAGS=--cap-lints=warn" "-e" "RUSTDOCFLAGS=--cap-lints=warn" "-e" "CARGO_HOME=/opt/rustwide/cargo-home" "-e" "RUSTUP_HOME=/opt/rustwide/rustup-home" "-w" "/opt/rustwide/workdir" "-m" "1610612736" "--user" "0:0" "--network" "none" "ghcr.io/rust-lang/crates-build-env/linux@sha256:2788e3201cd34a07e3172128adcd8b3090168a8e3bcc40d7c032b9dda1df7d1c" "/opt/rustwide/cargo-home/bin/cargo" "+1.75.0" "build" "--frozen" "--message-format=json", kill_on_drop: false }`
[INFO] [stdout] feaf67c73bae46af2dc1c67b767fe67e46dee99d557fd2b3020eef687fa9ac01
[INFO] running `Command { std: "docker" "start" "-a" "feaf67c73bae46af2dc1c67b767fe67e46dee99d557fd2b3020eef687fa9ac01", kill_on_drop: false }`
[INFO] [stderr]    Compiling proc-macro2 v1.0.71
[INFO] [stderr]    Compiling version_check v0.9.4
[INFO] [stderr]    Compiling unicode-ident v1.0.5
[INFO] [stderr]    Compiling autocfg v1.1.0
[INFO] [stderr]    Compiling libc v0.2.151
[INFO] [stderr]    Compiling io-lifetimes v1.0.1
[INFO] [stderr]    Compiling syn v1.0.103
[INFO] [stderr]    Compiling rustix v0.36.3
[INFO] [stderr]    Compiling memchr v2.6.4
[INFO] [stderr]    Compiling linux-raw-sys v0.1.3
[INFO] [stderr]    Compiling regex-syntax v0.8.2
[INFO] [stderr]    Compiling equivalent v1.0.1
[INFO] [stderr]    Compiling os_str_bytes v6.4.1
[INFO] [stderr]    Compiling hashbrown v0.12.3
[INFO] [stderr]    Compiling bit-vec v0.6.3
[INFO] [stderr]    Compiling heck v0.4.0
[INFO] [stderr]    Compiling hashbrown v0.14.3
[INFO] [stderr]    Compiling anyhow v1.0.66
[INFO] [stderr]    Compiling clap_lex v0.3.0
[INFO] [stderr]    Compiling bit-set v0.5.3
[INFO] [stderr]    Compiling strsim v0.10.0
[INFO] [stderr]    Compiling proc-macro-error-attr v1.0.4
[INFO] [stderr]    Compiling proc-macro-error v1.0.4
[INFO] [stderr]    Compiling once_cell v1.16.0
[INFO] [stderr]    Compiling indexmap v1.9.3
[INFO] [stderr]    Compiling priority-queue v1.3.2
[INFO] [stderr]    Compiling fixedbitset v0.4.2
[INFO] [stderr]    Compiling termcolor v1.1.3
[INFO] [stderr]    Compiling either v1.8.0
[INFO] [stderr]    Compiling aho-corasick v1.1.2
[INFO] [stderr]    Compiling itertools v0.10.5
[INFO] [stderr]    Compiling quote v1.0.33
[INFO] [stderr]    Compiling indexmap v2.1.0
[INFO] [stderr]    Compiling petgraph v0.6.4
[INFO] [stderr]    Compiling regex-automata v0.4.3
[INFO] [stderr]    Compiling is-terminal v0.4.0
[INFO] [stderr]    Compiling clap_derive v4.0.21
[INFO] [stderr]    Compiling regex v1.10.2
[INFO] [stderr]    Compiling fancy-regex v0.12.0
[INFO] [stderr]    Compiling clap v4.0.27
[INFO] [stderr]    Compiling aoc_2023 v1.0.0 (/opt/rustwide/workdir)
[INFO] [stderr]     Finished dev [unoptimized + debuginfo] target(s) in 10.63s
[INFO] running `Command { std: "docker" "inspect" "feaf67c73bae46af2dc1c67b767fe67e46dee99d557fd2b3020eef687fa9ac01", kill_on_drop: false }`
[INFO] running `Command { std: "docker" "rm" "-f" "feaf67c73bae46af2dc1c67b767fe67e46dee99d557fd2b3020eef687fa9ac01", kill_on_drop: false }`
[INFO] [stdout] feaf67c73bae46af2dc1c67b767fe67e46dee99d557fd2b3020eef687fa9ac01
[INFO] running `Command { std: "docker" "create" "-v" "/var/lib/crater-agent-workspace/builds/worker-3-tc1/target:/opt/rustwide/target:rw,Z" "-v" "/var/lib/crater-agent-workspace/builds/worker-3-tc1/source:/opt/rustwide/workdir:ro,Z" "-v" "/var/lib/crater-agent-workspace/cargo-home:/opt/rustwide/cargo-home:ro,Z" "-v" "/var/lib/crater-agent-workspace/rustup-home:/opt/rustwide/rustup-home:ro,Z" "-e" "SOURCE_DIR=/opt/rustwide/workdir" "-e" "CARGO_TARGET_DIR=/opt/rustwide/target" "-e" "CARGO_INCREMENTAL=0" "-e" "RUST_BACKTRACE=full" "-e" "RUSTFLAGS=--cap-lints=warn" "-e" "RUSTDOCFLAGS=--cap-lints=warn" "-e" "CARGO_HOME=/opt/rustwide/cargo-home" "-e" "RUSTUP_HOME=/opt/rustwide/rustup-home" "-w" "/opt/rustwide/workdir" "-m" "1610612736" "--user" "0:0" "--network" "none" "ghcr.io/rust-lang/crates-build-env/linux@sha256:2788e3201cd34a07e3172128adcd8b3090168a8e3bcc40d7c032b9dda1df7d1c" "/opt/rustwide/cargo-home/bin/cargo" "+1.75.0" "test" "--frozen" "--no-run" "--message-format=json", kill_on_drop: false }`
[INFO] [stdout] 2c2bb22a7295170c8b7f0a455ffc08990658a75adfdff6a081ca51d125eaacd2
[INFO] running `Command { std: "docker" "start" "-a" "2c2bb22a7295170c8b7f0a455ffc08990658a75adfdff6a081ca51d125eaacd2", kill_on_drop: false }`
[INFO] [stderr]    Compiling syn v1.0.103
[INFO] [stderr]    Compiling semver v1.0.14
[INFO] [stderr]    Compiling futures-core v0.3.25
[INFO] [stderr]    Compiling slab v0.4.7
[INFO] [stderr]    Compiling futures-task v0.3.25
[INFO] [stderr]    Compiling futures-channel v0.3.25
[INFO] [stderr]    Compiling futures-util v0.3.25
[INFO] [stderr]    Compiling futures-sink v0.3.25
[INFO] [stderr]    Compiling pin-project-lite v0.2.9
[INFO] [stderr]    Compiling futures-io v0.3.25
[INFO] [stderr]    Compiling pin-utils v0.1.0
[INFO] [stderr]    Compiling futures-timer v3.0.2
[INFO] [stderr]    Compiling rustc_version v0.4.0
[INFO] [stderr]    Compiling rstest_macros v0.14.0
[INFO] [stderr]    Compiling proc-macro-error v1.0.4
[INFO] [stderr]    Compiling futures-macro v0.3.25
[INFO] [stderr]    Compiling clap_derive v4.0.21
[INFO] [stderr]    Compiling clap v4.0.27
[INFO] [stderr]    Compiling futures-executor v0.3.25
[INFO] [stderr]    Compiling futures v0.3.25
[INFO] [stderr]    Compiling rstest v0.15.0
[INFO] [stderr]    Compiling aoc_2023 v1.0.0 (/opt/rustwide/workdir)
[INFO] [stderr]     Finished test [unoptimized + debuginfo] target(s) in 11.28s
[INFO] running `Command { std: "docker" "inspect" "2c2bb22a7295170c8b7f0a455ffc08990658a75adfdff6a081ca51d125eaacd2", kill_on_drop: false }`
[INFO] running `Command { std: "docker" "rm" "-f" "2c2bb22a7295170c8b7f0a455ffc08990658a75adfdff6a081ca51d125eaacd2", kill_on_drop: false }`
[INFO] [stdout] 2c2bb22a7295170c8b7f0a455ffc08990658a75adfdff6a081ca51d125eaacd2
[INFO] running `Command { std: "docker" "create" "-v" "/var/lib/crater-agent-workspace/builds/worker-3-tc1/target:/opt/rustwide/target:rw,Z" "-v" "/var/lib/crater-agent-workspace/builds/worker-3-tc1/source:/opt/rustwide/workdir:ro,Z" "-v" "/var/lib/crater-agent-workspace/cargo-home:/opt/rustwide/cargo-home:ro,Z" "-v" "/var/lib/crater-agent-workspace/rustup-home:/opt/rustwide/rustup-home:ro,Z" "-e" "SOURCE_DIR=/opt/rustwide/workdir" "-e" "CARGO_TARGET_DIR=/opt/rustwide/target" "-e" "CARGO_INCREMENTAL=0" "-e" "RUST_BACKTRACE=full" "-e" "RUSTFLAGS=--cap-lints=warn" "-e" "RUSTDOCFLAGS=--cap-lints=warn" "-e" "CARGO_HOME=/opt/rustwide/cargo-home" "-e" "RUSTUP_HOME=/opt/rustwide/rustup-home" "-w" "/opt/rustwide/workdir" "-m" "1610612736" "--user" "0:0" "--network" "none" "ghcr.io/rust-lang/crates-build-env/linux@sha256:2788e3201cd34a07e3172128adcd8b3090168a8e3bcc40d7c032b9dda1df7d1c" "/opt/rustwide/cargo-home/bin/cargo" "+1.75.0" "test" "--frozen", kill_on_drop: false }`
[INFO] [stdout] d93519223d08171aa90fa2df6dea1693b640c0db03c33041650630c3776f6341
[INFO] running `Command { std: "docker" "start" "-a" "d93519223d08171aa90fa2df6dea1693b640c0db03c33041650630c3776f6341", kill_on_drop: false }`
[INFO] [stderr]     Finished test [unoptimized + debuginfo] target(s) in 0.04s
[INFO] [stderr]      Running unittests src/main.rs (/opt/rustwide/target/debug/deps/aoc_2023-484c9195ef20d1da)
[INFO] [stdout] 
[INFO] [stdout] running 51 tests
[INFO] [stdout] test solutions::day06::tests::validate::case_1 ... ok
[INFO] [stdout] test solutions::day04::tests::validate::case_1 ... ok
[INFO] [stdout] test solutions::day05::tests::validate::case_1 ... ok
[INFO] [stdout] test solutions::day08::tests::validate::case_1 ... ok
[INFO] [stdout] test solutions::day03::tests::validate::case_1 ... ok
[INFO] [stdout] test solutions::day08::tests::validate::case_2 ... ok
[INFO] [stdout] test solutions::day07::tests::validate::case_1 ... ok
[INFO] [stdout] test solutions::day09::tests::validate::case_1 ... ok
[INFO] [stdout] test solutions::day08::tests::validate::case_3 ... ok
[INFO] [stdout] test solutions::day10::tests::validate_day10::case_1 ... ok
[INFO] [stdout] test solutions::day10::tests::validate_day10::case_2 ... ok
[INFO] [stdout] test solutions::day11::tests::validate_day11::case_1 ... ok
[INFO] [stdout] test solutions::day10::tests::validate_day10::case_3 ... ok
[INFO] [stdout] test solutions::day13::tests::validate_day13::case_1 ... ok
[INFO] [stdout] test solutions::day18::tests::validate_day18::case_1 ... ignored, delete to test solution
[INFO] [stdout] test solutions::day15::tests::validate_day15::case_1 ... ok
[INFO] [stdout] test solutions::day20::tests::validate_day20::case_1 ... ignored, no answer for part 2
[INFO] [stdout] test solutions::day20::tests::validate_day20::case_2 ... ignored, no answer for part 2
[INFO] [stdout] test solutions::day21::tests::validate_day21::case_1 ... ignored, no answer for part 2
[INFO] [stdout] test solutions::day24::tests::validate_day24::case_1 ... ignored, not done
[INFO] [stdout] test solutions::day19::tests::validate_day19::case_1 ... ok
[INFO] [stdout] test solutions::templates::linear_template::tests::validate_linear::case_2 ... ok
[INFO] [stdout] test solutions::day10::tests::validate_day10::case_4 ... ok
[INFO] [stdout] test solutions::templates::linear_template::tests::validate_linear::case_3 ... ok
[INFO] [stdout] test solutions::templates::linear_template::tests::validate_linear::case_1 ... ok
[INFO] [stdout] test solutions::day22::tests::validate_day22::case_1 ... ok
[INFO] [stdout] test solutions::templates::simultaneous_template::tests::validate_simul::case_2 ... ok
[INFO] [stdout] test solutions::day10::tests::validate_day10::case_5 ... ok
[INFO] [stdout] test solutions::templates::simultaneous_template::tests::validate_simul::case_1 ... ok
[INFO] [stdout] test solutions::templates::simultaneous_template::tests::validate_simul::case_3 ... ok
[INFO] [stdout] test utils::grid::tests::test_merge ... ok
[INFO] [stdout] test utils::grid::tests::test_linear_iter ... ok
[INFO] [stdout] test solutions::day12::tests::validate_day12::case_1 ... ok
[INFO] [stdout] test utils::grid::tests::test_transform ... ok
[INFO] [stdout] test utils::grid::tests::test_print ... ok
[INFO] [stdout] test utils::load_input::tests::test_load_2d_grid ... ok
[INFO] [stdout] test utils::point::tests::validate_add::case_2 ... ok
[INFO] [stdout] test utils::point::tests::validate_mul::case_1 ... ok
[INFO] [stdout] test utils::point::tests::validate_add::case_1 ... ok
[INFO] [stdout] test utils::point::tests::validate_mul::case_2 ... ok
[INFO] [stdout] test utils::point::tests::validate_offsets ... ok
[INFO] [stdout] test utils::point::tests::validate_card_offsets ... ok
[INFO] [stdout] test solutions::day14::tests::validate_day14::case_1 ... ok
[INFO] [stdout] test solutions::day16::tests::validate_day16::case_1 ... ok
[INFO] [stdout] test solutions::day01::tests::validate::case_1 ... ok
[INFO] [stdout] test solutions::day01::tests::validate::case_2 ... ok
[INFO] [stdout] test solutions::day02::tests::validate::case_1 ... ok
[INFO] [stdout] test solutions::day23::tests::validate_day23::case_1 ... ok
[INFO] [stdout] test solutions::day17::tests::validate_day17::case_2 ... ok
[INFO] [stdout] test solutions::day25::tests::validate_day25::case_1 ... FAILED
[INFO] [stdout] test solutions::day17::tests::validate_day17::case_1 ... ok
[INFO] [stdout] 
[INFO] [stdout] failures:
[INFO] [stdout] 
[INFO] [stdout] ---- solutions::day25::tests::validate_day25::case_1 stdout ----
[INFO] [stdout] -------------- TEST START --------------
[INFO] [stdout] thread 'solutions::day25::tests::validate_day25::case_1' panicked at src/solutions/day25.rs:53:46:
[INFO] [stdout] called `Result::unwrap()` on an `Err` value: Os { code: 30, kind: ReadOnlyFilesystem, message: "Read-only file system" }
[INFO] [stdout] stack backtrace:
[INFO] [stdout]    0:     0x563094e4e6cc - std::backtrace_rs::backtrace::libunwind::trace::ha637c64ce894333a
[INFO] [stdout]                                at /rustc/82e1608dfa6e0b5569232559e3d385fea5a93112/library/std/src/../../backtrace/src/backtrace/libunwind.rs:104:5
[INFO] [stdout]    1:     0x563094e4e6cc - std::backtrace_rs::backtrace::trace_unsynchronized::h47f62dea28e0c88d
[INFO] [stdout]                                at /rustc/82e1608dfa6e0b5569232559e3d385fea5a93112/library/std/src/../../backtrace/src/backtrace/mod.rs:66:5
[INFO] [stdout]    2:     0x563094e4e6cc - std::sys_common::backtrace::_print_fmt::h9eef0abe20ede486
[INFO] [stdout]                                at /rustc/82e1608dfa6e0b5569232559e3d385fea5a93112/library/std/src/sys_common/backtrace.rs:67:5
[INFO] [stdout]    3:     0x563094e4e6cc - <std::sys_common::backtrace::_print::DisplayBacktrace as core::fmt::Display>::fmt::hed7f999df88cc644
[INFO] [stdout]                                at /rustc/82e1608dfa6e0b5569232559e3d385fea5a93112/library/std/src/sys_common/backtrace.rs:44:22
[INFO] [stdout]    4:     0x563094e79c70 - core::fmt::rt::Argument::fmt::h1539a9308b8d058d
[INFO] [stdout]                                at /rustc/82e1608dfa6e0b5569232559e3d385fea5a93112/library/core/src/fmt/rt.rs:142:9
[INFO] [stdout]    5:     0x563094e79c70 - core::fmt::write::h3a39390d8560d9c9
[INFO] [stdout]                                at /rustc/82e1608dfa6e0b5569232559e3d385fea5a93112/library/core/src/fmt/mod.rs:1120:17
[INFO] [stdout]    6:     0x563094e4c07f - std::io::Write::write_fmt::h040b369f3a0f9cbc
[INFO] [stdout]                                at /rustc/82e1608dfa6e0b5569232559e3d385fea5a93112/library/std/src/io/mod.rs:1762:15
[INFO] [stdout]    7:     0x563094e4e4b4 - std::sys_common::backtrace::_print::h894006fb5c6f3d45
[INFO] [stdout]                                at /rustc/82e1608dfa6e0b5569232559e3d385fea5a93112/library/std/src/sys_common/backtrace.rs:47:5
[INFO] [stdout]    8:     0x563094e4e4b4 - std::sys_common::backtrace::print::h23a2d212c6fff936
[INFO] [stdout]                                at /rustc/82e1608dfa6e0b5569232559e3d385fea5a93112/library/std/src/sys_common/backtrace.rs:34:9
[INFO] [stdout]    9:     0x563094e50177 - std::panicking::default_hook::{{closure}}::h8a1d2ee00185001a
[INFO] [stdout]   10:     0x563094e4fe63 - std::panicking::default_hook::h6038f2eba384e475
[INFO] [stdout]                                at /rustc/82e1608dfa6e0b5569232559e3d385fea5a93112/library/std/src/panicking.rs:289:9
[INFO] [stdout]   11:     0x563094b19157 - <alloc::boxed::Box<F,A> as core::ops::function::Fn<Args>>::call::h0ad024c9bdc6d768
[INFO] [stdout]                                at /rustc/82e1608dfa6e0b5569232559e3d385fea5a93112/library/alloc/src/boxed.rs:2021:9
[INFO] [stdout]   12:     0x563094b19157 - test::test_main::{{closure}}::h7500b54257359db6
[INFO] [stdout]                                at /rustc/82e1608dfa6e0b5569232559e3d385fea5a93112/library/test/src/lib.rs:138:21
[INFO] [stdout]   13:     0x563094e50788 - <alloc::boxed::Box<F,A> as core::ops::function::Fn<Args>>::call::h1f8f335eaa9cfaee
[INFO] [stdout]                                at /rustc/82e1608dfa6e0b5569232559e3d385fea5a93112/library/alloc/src/boxed.rs:2021:9
[INFO] [stdout]   14:     0x563094e50788 - std::panicking::rust_panic_with_hook::h2b5517d590cab22e
[INFO] [stdout]                                at /rustc/82e1608dfa6e0b5569232559e3d385fea5a93112/library/std/src/panicking.rs:783:13
[INFO] [stdout]   15:     0x563094e504de - std::panicking::begin_panic_handler::{{closure}}::h233112c06e0ef43e
[INFO] [stdout]                                at /rustc/82e1608dfa6e0b5569232559e3d385fea5a93112/library/std/src/panicking.rs:657:13
[INFO] [stdout]   16:     0x563094e4eb96 - std::sys_common::backtrace::__rust_end_short_backtrace::h6e893f24d7ebbff8
[INFO] [stdout]                                at /rustc/82e1608dfa6e0b5569232559e3d385fea5a93112/library/std/src/sys_common/backtrace.rs:170:18
[INFO] [stdout]   17:     0x563094e50242 - rust_begin_unwind
[INFO] [stdout]                                at /rustc/82e1608dfa6e0b5569232559e3d385fea5a93112/library/std/src/panicking.rs:645:5
[INFO] [stdout]   18:     0x56309496e325 - core::panicking::panic_fmt::hbf0e066aabfa482c
[INFO] [stdout]                                at /rustc/82e1608dfa6e0b5569232559e3d385fea5a93112/library/core/src/panicking.rs:72:14
[INFO] [stdout]   19:     0x56309496e8f3 - core::result::unwrap_failed::hddb4fea594200c52
[INFO] [stdout]                                at /rustc/82e1608dfa6e0b5569232559e3d385fea5a93112/library/core/src/result.rs:1653:5
[INFO] [stdout]   20:     0x563094a645cb - core::result::Result<T,E>::unwrap::h59e3b260e67b7ad0
[INFO] [stdout]                                at /rustc/82e1608dfa6e0b5569232559e3d385fea5a93112/library/core/src/result.rs:1077:23
[INFO] [stdout]   21:     0x563094a6fab2 - <aoc_2023::solutions::day25::Day25Solution as aoc_2023::utils::solver_types::SolutionLinear<petgraph::graph_impl::Graph<alloc::string::String,usize,petgraph::Undirected>,usize,alloc::string::String>>::load::h048abbab587969a5
[INFO] [stdout]                                at /opt/rustwide/workdir/src/solutions/day25.rs:53:21
[INFO] [stdout]   22:     0x563094a5ef34 - aoc_2023::solutions::day25::tests::validate_day25::hbe0af5dc68b43276
[INFO] [stdout]                                at /opt/rustwide/workdir/src/solutions/day25.rs:108:25
[INFO] [stdout]   23:     0x563094ac2971 - aoc_2023::solutions::day25::tests::validate_day25::case_1::hc4e79d790f101080
[INFO] [stdout]                                at /opt/rustwide/workdir/src/solutions/day25.rs:88:5
[INFO] [stdout]   24:     0x563094ac26d7 - aoc_2023::solutions::day25::tests::validate_day25::case_1::{{closure}}::h6491941f91dbf2eb
[INFO] [stdout]                                at /opt/rustwide/workdir/src/solutions/day25.rs:88:14
[INFO] [stdout]   25:     0x563094a2d2c6 - core::ops::function::FnOnce::call_once::h18535a3b5aaea412
[INFO] [stdout]                                at /rustc/82e1608dfa6e0b5569232559e3d385fea5a93112/library/core/src/ops/function.rs:250:5
[INFO] [stdout]   26:     0x563094b1e7af - core::ops::function::FnOnce::call_once::h2b5d431d5046312d
[INFO] [stdout]                                at /rustc/82e1608dfa6e0b5569232559e3d385fea5a93112/library/core/src/ops/function.rs:250:5
[INFO] [stdout]   27:     0x563094b1e7af - test::__rust_begin_short_backtrace::h7714669af176e207
[INFO] [stdout]                                at /rustc/82e1608dfa6e0b5569232559e3d385fea5a93112/library/test/src/lib.rs:628:18
[INFO] [stdout]   28:     0x563094b1d7c5 - test::run_test_in_process::{{closure}}::h85218797dcbcec12
[INFO] [stdout]                                at /rustc/82e1608dfa6e0b5569232559e3d385fea5a93112/library/test/src/lib.rs:651:60
[INFO] [stdout]   29:     0x563094b1d7c5 - <core::panic::unwind_safe::AssertUnwindSafe<F> as core::ops::function::FnOnce<()>>::call_once::h76c106ea31c14d7b
[INFO] [stdout]                                at /rustc/82e1608dfa6e0b5569232559e3d385fea5a93112/library/core/src/panic/unwind_safe.rs:272:9
[INFO] [stdout]   30:     0x563094b1d7c5 - std::panicking::try::do_call::h3bd5d0f6620ee946
[INFO] [stdout]                                at /rustc/82e1608dfa6e0b5569232559e3d385fea5a93112/library/std/src/panicking.rs:552:40
[INFO] [stdout]   31:     0x563094b1d7c5 - std::panicking::try::h232e535e4744fe31
[INFO] [stdout]                                at /rustc/82e1608dfa6e0b5569232559e3d385fea5a93112/library/std/src/panicking.rs:516:19
[INFO] [stdout]   32:     0x563094b1d7c5 - std::panic::catch_unwind::h3ce3bd6ca8dbac68
[INFO] [stdout]                                at /rustc/82e1608dfa6e0b5569232559e3d385fea5a93112/library/std/src/panic.rs:142:14
[INFO] [stdout]   33:     0x563094b1d7c5 - test::run_test_in_process::hc97b257c9621286a
[INFO] [stdout]                                at /rustc/82e1608dfa6e0b5569232559e3d385fea5a93112/library/test/src/lib.rs:651:27
[INFO] [stdout]   34:     0x563094b1d7c5 - test::run_test::{{closure}}::h2aa798823a438d38
[INFO] [stdout]                                at /rustc/82e1608dfa6e0b5569232559e3d385fea5a93112/library/test/src/lib.rs:574:43
[INFO] [stdout]   35:     0x563094ae5a86 - test::run_test::{{closure}}::h87d231c78fb59832
[INFO] [stdout]                                at /rustc/82e1608dfa6e0b5569232559e3d385fea5a93112/library/test/src/lib.rs:602:41
[INFO] [stdout]   36:     0x563094ae5a86 - std::sys_common::backtrace::__rust_begin_short_backtrace::he6df152596625789
[INFO] [stdout]                                at /rustc/82e1608dfa6e0b5569232559e3d385fea5a93112/library/std/src/sys_common/backtrace.rs:154:18
[INFO] [stdout]   37:     0x563094aeab37 - std::thread::Builder::spawn_unchecked_::{{closure}}::{{closure}}::ha94be15d1e0acf36
[INFO] [stdout]                                at /rustc/82e1608dfa6e0b5569232559e3d385fea5a93112/library/std/src/thread/mod.rs:529:17
[INFO] [stdout]   38:     0x563094aeab37 - <core::panic::unwind_safe::AssertUnwindSafe<F> as core::ops::function::FnOnce<()>>::call_once::h9dc6bd6372f16606
[INFO] [stdout]                                at /rustc/82e1608dfa6e0b5569232559e3d385fea5a93112/library/core/src/panic/unwind_safe.rs:272:9
[INFO] [stdout]   39:     0x563094aeab37 - std::panicking::try::do_call::h9057517f80303cd4
[INFO] [stdout]                                at /rustc/82e1608dfa6e0b5569232559e3d385fea5a93112/library/std/src/panicking.rs:552:40
[INFO] [stdout]   40:     0x563094aeab37 - std::panicking::try::he3a30b11ee45340c
[INFO] [stdout]                                at /rustc/82e1608dfa6e0b5569232559e3d385fea5a93112/library/std/src/panicking.rs:516:19
[INFO] [stdout]   41:     0x563094aeab37 - std::panic::catch_unwind::h410458cfd3528b8b
[INFO] [stdout]                                at /rustc/82e1608dfa6e0b5569232559e3d385fea5a93112/library/std/src/panic.rs:142:14
[INFO] [stdout]   42:     0x563094aeab37 - std::thread::Builder::spawn_unchecked_::{{closure}}::h72ac3bdb567b737b
[INFO] [stdout]                                at /rustc/82e1608dfa6e0b5569232559e3d385fea5a93112/library/std/src/thread/mod.rs:528:30
[INFO] [stdout]   43:     0x563094aeab37 - core::ops::function::FnOnce::call_once{{vtable.shim}}::h38f34da3654a8344
[INFO] [stdout]                                at /rustc/82e1608dfa6e0b5569232559e3d385fea5a93112/library/core/src/ops/function.rs:250:5
[INFO] [stdout]   44:     0x563094e55215 - <alloc::boxed::Box<F,A> as core::ops::function::FnOnce<Args>>::call_once::hc7eafaff61e32df9
[INFO] [stdout]                                at /rustc/82e1608dfa6e0b5569232559e3d385fea5a93112/library/alloc/src/boxed.rs:2007:9
[INFO] [stdout]   45:     0x563094e55215 - <alloc::boxed::Box<F,A> as core::ops::function::FnOnce<Args>>::call_once::h6ba4a5de48dd2304
[INFO] [stdout]                                at /rustc/82e1608dfa6e0b5569232559e3d385fea5a93112/library/alloc/src/boxed.rs:2007:9
[INFO] [stdout]   46:     0x563094e55215 - std::sys::unix::thread::Thread::new::thread_start::he469335aef763e45
[INFO] [stdout]                                at /rustc/82e1608dfa6e0b5569232559e3d385fea5a93112/library/std/src/sys/unix/thread.rs:108:17
[INFO] [stdout]   47:     0x7f4f5385fac3 - <unknown>
[INFO] [stdout]   48:     0x7f4f538f0bf4 - __clone
[INFO] [stdout]   49:                0x0 - <unknown>
[INFO] [stdout] 
[INFO] [stdout] 
[INFO] [stdout] failures:
[INFO] [stdout]     solutions::day25::tests::validate_day25::case_1
[INFO] [stdout] 
[INFO] [stdout] test result: FAILED. 45 passed; 1 failed; 5 ignored; 0 measured; 0 filtered out; finished in 0.11s
[INFO] [stdout] 
[INFO] [stderr] error: test failed, to rerun pass `--bin aoc_2023`
[INFO] running `Command { std: "docker" "inspect" "d93519223d08171aa90fa2df6dea1693b640c0db03c33041650630c3776f6341", kill_on_drop: false }`
[INFO] running `Command { std: "docker" "rm" "-f" "d93519223d08171aa90fa2df6dea1693b640c0db03c33041650630c3776f6341", kill_on_drop: false }`
[INFO] [stdout] d93519223d08171aa90fa2df6dea1693b640c0db03c33041650630c3776f6341
