[INFO] cloning repository https://github.com/Ryan1729/cross-platform-ice-puzzles
[INFO] running `Command { std: "git" "-c" "credential.helper=" "-c" "credential.helper=/workspace/cargo-home/bin/git-credential-null" "clone" "--bare" "https://github.com/Ryan1729/cross-platform-ice-puzzles" "/workspace/cache/git-repos/https%3A%2F%2Fgithub.com%2FRyan1729%2Fcross-platform-ice-puzzles", kill_on_drop: false }`
[INFO] [stderr] Cloning into bare repository '/workspace/cache/git-repos/https%3A%2F%2Fgithub.com%2FRyan1729%2Fcross-platform-ice-puzzles'...
[INFO] running `Command { std: "git" "rev-parse" "HEAD", kill_on_drop: false }`
[INFO] [stdout] 4b8a00faa96823c5426d6d518fc9c26d6ed1a316
[INFO] testing Ryan1729/cross-platform-ice-puzzles against 1.75.0 for beta-1.76-1
[INFO] running `Command { std: "git" "clone" "/workspace/cache/git-repos/https%3A%2F%2Fgithub.com%2FRyan1729%2Fcross-platform-ice-puzzles" "/workspace/builds/worker-1-tc1/source", kill_on_drop: false }`
[INFO] [stderr] Cloning into '/workspace/builds/worker-1-tc1/source'...
[INFO] [stderr] done.
[INFO] validating manifest of git repo https://github.com/Ryan1729/cross-platform-ice-puzzles on toolchain 1.75.0
[INFO] running `Command { std: CARGO_HOME="/workspace/cargo-home" RUSTUP_HOME="/workspace/rustup-home" "/workspace/cargo-home/bin/cargo" "+1.75.0" "metadata" "--manifest-path" "Cargo.toml" "--no-deps", kill_on_drop: false }`
[INFO] removed /workspace/builds/worker-1-tc1/source/.cargo/config.toml
[INFO] started tweaking git repo https://github.com/Ryan1729/cross-platform-ice-puzzles
[INFO] finished tweaking git repo https://github.com/Ryan1729/cross-platform-ice-puzzles
[INFO] tweaked toml for git repo https://github.com/Ryan1729/cross-platform-ice-puzzles written to /workspace/builds/worker-1-tc1/source/Cargo.toml
[INFO] crate git repo https://github.com/Ryan1729/cross-platform-ice-puzzles already has a lockfile, it will not be regenerated
[INFO] running `Command { std: CARGO_HOME="/workspace/cargo-home" RUSTUP_HOME="/workspace/rustup-home" "/workspace/cargo-home/bin/cargo" "+1.75.0" "fetch" "--manifest-path" "Cargo.toml", kill_on_drop: false }`
[INFO] [stderr] warning: virtual workspace defaulting to `resolver = "1"` despite one or more workspace members being on edition 2021 which implies `resolver = "2"`
[INFO] [stderr] note: to keep the current resolver, specify `workspace.resolver = "1"` in the workspace root's manifest
[INFO] [stderr] note: to use the edition 2021 resolver, specify `workspace.resolver = "2"` in the workspace root's manifest
[INFO] [stderr] note: for more details see https://doc.rust-lang.org/cargo/reference/resolver.html#resolver-versions
[INFO] [stderr]     Updating crates.io index
[INFO] [stderr]     Blocking waiting for file lock on package cache
[INFO] [stderr]  Downloading crates ...
[INFO] [stderr]   Downloaded wasm-bindgen-wasm-conventions v0.2.82
[INFO] [stderr]   Downloaded wasm-bindgen-externref-xform v0.2.82
[INFO] [stderr]   Downloaded wasm-bindgen-wasm-interpreter v0.2.82
[INFO] [stderr]   Downloaded wit-parser v0.2.0
[INFO] [stderr]   Downloaded wasm-bindgen-threads-xform v0.2.82
[INFO] [stderr]   Downloaded softbuffer v0.1.1
[INFO] [stderr]   Downloaded devserver_lib v0.4.1
[INFO] [stderr]   Downloaded wasm-bindgen-multi-value-xform v0.2.82
[INFO] [stderr]   Downloaded wit-schema-version v0.1.0
[INFO] [stderr]   Downloaded wit-writer v0.2.0
[INFO] [stderr]   Downloaded wit-text v0.8.0
[INFO] [stderr]   Downloaded wit-walrus v0.6.0
[INFO] [stderr]   Downloaded wasmparser v0.59.0
[INFO] [stderr]   Downloaded wast v21.0.0
[INFO] [stderr]   Downloaded wasmparser v0.77.0
[INFO] [stderr]   Downloaded wasm-bindgen-cli-support v0.2.82
[INFO] [stderr]   Downloaded wit-validator v0.2.1
[INFO] running `Command { std: "docker" "create" "-v" "/var/lib/crater-agent-workspace/builds/worker-1-tc1/target:/opt/rustwide/target:rw,Z" "-v" "/var/lib/crater-agent-workspace/builds/worker-1-tc1/source:/opt/rustwide/workdir:ro,Z" "-v" "/var/lib/crater-agent-workspace/cargo-home:/opt/rustwide/cargo-home:ro,Z" "-v" "/var/lib/crater-agent-workspace/rustup-home:/opt/rustwide/rustup-home:ro,Z" "-e" "SOURCE_DIR=/opt/rustwide/workdir" "-e" "CARGO_TARGET_DIR=/opt/rustwide/target" "-e" "CARGO_HOME=/opt/rustwide/cargo-home" "-e" "RUSTUP_HOME=/opt/rustwide/rustup-home" "-w" "/opt/rustwide/workdir" "-m" "1610612736" "--user" "0:0" "--network" "none" "ghcr.io/rust-lang/crates-build-env/linux@sha256:2788e3201cd34a07e3172128adcd8b3090168a8e3bcc40d7c032b9dda1df7d1c" "/opt/rustwide/cargo-home/bin/cargo" "+1.75.0" "metadata" "--no-deps" "--format-version=1", kill_on_drop: false }`
[INFO] [stdout] a4d1560882e617d0937b8ba99f549575d24201bdf10f06936478539b172d7b2e
[INFO] running `Command { std: "docker" "start" "-a" "a4d1560882e617d0937b8ba99f549575d24201bdf10f06936478539b172d7b2e", kill_on_drop: false }`
[INFO] running `Command { std: "docker" "inspect" "a4d1560882e617d0937b8ba99f549575d24201bdf10f06936478539b172d7b2e", kill_on_drop: false }`
[INFO] running `Command { std: "docker" "rm" "-f" "a4d1560882e617d0937b8ba99f549575d24201bdf10f06936478539b172d7b2e", kill_on_drop: false }`
[INFO] [stdout] a4d1560882e617d0937b8ba99f549575d24201bdf10f06936478539b172d7b2e
[INFO] running `Command { std: "docker" "create" "-v" "/var/lib/crater-agent-workspace/builds/worker-1-tc1/target:/opt/rustwide/target:rw,Z" "-v" "/var/lib/crater-agent-workspace/builds/worker-1-tc1/source:/opt/rustwide/workdir:ro,Z" "-v" "/var/lib/crater-agent-workspace/cargo-home:/opt/rustwide/cargo-home:ro,Z" "-v" "/var/lib/crater-agent-workspace/rustup-home:/opt/rustwide/rustup-home:ro,Z" "-e" "SOURCE_DIR=/opt/rustwide/workdir" "-e" "CARGO_TARGET_DIR=/opt/rustwide/target" "-e" "CARGO_INCREMENTAL=0" "-e" "RUST_BACKTRACE=full" "-e" "RUSTFLAGS=--cap-lints=warn" "-e" "RUSTDOCFLAGS=--cap-lints=warn" "-e" "CARGO_HOME=/opt/rustwide/cargo-home" "-e" "RUSTUP_HOME=/opt/rustwide/rustup-home" "-w" "/opt/rustwide/workdir" "-m" "1610612736" "--user" "0:0" "--network" "none" "ghcr.io/rust-lang/crates-build-env/linux@sha256:2788e3201cd34a07e3172128adcd8b3090168a8e3bcc40d7c032b9dda1df7d1c" "/opt/rustwide/cargo-home/bin/cargo" "+1.75.0" "build" "--frozen" "--message-format=json", kill_on_drop: false }`
[INFO] [stdout] 6005191cbf222dbd8565b1c47c94e603fca9361d7c6548f230ab80f25f58ee0e
[INFO] running `Command { std: "docker" "start" "-a" "6005191cbf222dbd8565b1c47c94e603fca9361d7c6548f230ab80f25f58ee0e", kill_on_drop: false }`
[INFO] [stderr] warning: virtual workspace defaulting to `resolver = "1"` despite one or more workspace members being on edition 2021 which implies `resolver = "2"`
[INFO] [stderr] note: to keep the current resolver, specify `workspace.resolver = "1"` in the workspace root's manifest
[INFO] [stderr] note: to use the edition 2021 resolver, specify `workspace.resolver = "2"` in the workspace root's manifest
[INFO] [stderr] note: for more details see https://doc.rust-lang.org/cargo/reference/resolver.html#resolver-versions
[INFO] [stderr]    Compiling cfg-if v1.0.0
[INFO] [stderr]    Compiling libc v0.2.126
[INFO] [stderr]    Compiling proc-macro2 v1.0.40
[INFO] [stderr]    Compiling quote v1.0.20
[INFO] [stderr]    Compiling unicode-ident v1.0.2
[INFO] [stderr]    Compiling pkg-config v0.3.25
[INFO] [stderr]    Compiling syn v1.0.98
[INFO] [stderr]    Compiling log v0.4.17
[INFO] [stderr]    Compiling memoffset v0.6.5
[INFO] [stderr]    Compiling bitflags v1.3.2
[INFO] [stderr]    Compiling leb128 v0.2.5
[INFO] [stderr]    Compiling anyhow v1.0.58
[INFO] [stderr]    Compiling smallvec v1.9.0
[INFO] [stderr]    Compiling libloading v0.7.3
[INFO] [stderr]    Compiling lazy_static v1.4.0
[INFO] [stderr]    Compiling unicode-segmentation v1.9.0
[INFO] [stderr]    Compiling dlib v0.5.0
[INFO] [stderr]    Compiling xs v0.1.0 (/opt/rustwide/workdir/libs/xs)
[INFO] [stderr]    Compiling memchr v2.5.0
[INFO] [stderr]    Compiling wasmparser v0.77.0
[INFO] [stderr]    Compiling id-arena v2.2.1
[INFO] [stderr]    Compiling wayland-sys v0.29.4
[INFO] [stderr]    Compiling once_cell v1.13.0
[INFO] [stderr]    Compiling heck v0.3.3
[INFO] [stderr]    Compiling platform_types v0.1.0 (/opt/rustwide/workdir/libs/platform_types)
[INFO] [stderr]    Compiling lock_api v0.4.7
[INFO] [stderr]    Compiling wayland-scanner v0.29.4
[INFO] [stderr]    Compiling downcast-rs v1.2.0
[INFO] [stderr]    Compiling scoped-tls v1.0.0
[INFO] [stderr]    Compiling byteorder v1.4.3
[INFO] [stderr]    Compiling parking_lot_core v0.8.5
[INFO] [stderr]    Compiling alsa-sys v0.3.1
[INFO] [stderr]    Compiling instant v0.1.12
[INFO] [stderr]    Compiling scopeguard v1.1.0
[INFO] [stderr]    Compiling minimal-lexical v0.2.1
[INFO] [stderr]    Compiling nix v0.22.3
[INFO] [stderr]    Compiling wit-schema-version v0.1.0
[INFO] [stderr]    Compiling nom v7.1.1
[INFO] [stderr]    Compiling rand v0.4.6
[INFO] [stderr]    Compiling wayland-client v0.29.4
[INFO] [stderr]    Compiling wayland-protocols v0.29.4
[INFO] [stderr]    Compiling x11-dl v2.19.1
[INFO] [stderr]    Compiling remove_dir_all v0.5.3
[INFO] [stderr]    Compiling fastrand v1.7.0
[INFO] [stderr]    Compiling tempfile v3.3.0
[INFO] [stderr]    Compiling xcursor v0.3.4
[INFO] [stderr]    Compiling rand v0.3.23
[INFO] [stderr]    Compiling parking_lot v0.11.2
[INFO] [stderr]    Compiling nix v0.23.1
[INFO] [stderr]    Compiling wayland-commons v0.29.4
[INFO] [stderr]    Compiling smithay-client-toolkit v0.15.4
[INFO] [stderr]    Compiling tinyvec_macros v0.1.0
[INFO] [stderr]    Compiling serde v1.0.140
[INFO] [stderr]    Compiling cty v0.2.2
[INFO] [stderr]    Compiling cpal v0.13.5
[INFO] [stderr]    Compiling raw-window-handle v0.4.3
[INFO] [stderr]    Compiling tinyvec v1.6.0
[INFO] [stderr]    Compiling calloop v0.9.3
[INFO] [stderr]    Compiling wayland-cursor v0.29.4
[INFO] [stderr]    Compiling common v0.1.0 (/opt/rustwide/workdir/libs/legacy/common)
[INFO] [stdout] warning: unused imports: `Rand`, `Rng`
[INFO] [stdout]  --> libs/legacy/common/src/lib.rs:5:20
[INFO] [stdout]   |
[INFO] [stdout] 5 | use rand::{StdRng, Rand, Rng};
[INFO] [stdout]   |                    ^^^^  ^^^
[INFO] [stdout]   |
[INFO] [stdout]   = note: `#[warn(unused_imports)]` on by default
[INFO] [stdout] 
[INFO] [stdout] 
[INFO] [stdout] warning: unused import: `std::iter::Iterator`
[INFO] [stdout]  --> libs/legacy/common/src/lib.rs:7:5
[INFO] [stdout]   |
[INFO] [stdout] 7 | use std::iter::Iterator;
[INFO] [stdout]   |     ^^^^^^^^^^^^^^^^^^^
[INFO] [stdout] 
[INFO] [stdout] 
[INFO] [stdout] warning: unused import: `std::iter::Cycle`
[INFO] [stdout]  --> libs/legacy/common/src/lib.rs:8:5
[INFO] [stdout]   |
[INFO] [stdout] 8 | use std::iter::Cycle;
[INFO] [stdout]   |     ^^^^^^^^^^^^^^^^
[INFO] [stdout] 
[INFO] [stdout] 
[INFO] [stdout] warning: unnecessary parentheses around type
[INFO] [stdout]   --> libs/legacy/common/src/lib.rs:21:33
[INFO] [stdout]    |
[INFO] [stdout] 21 |     pub get_foreground: fn() -> (Color),
[INFO] [stdout]    |                                 ^     ^
[INFO] [stdout]    |
[INFO] [stdout]    = note: `#[warn(unused_parens)]` on by default
[INFO] [stdout] help: remove these parentheses
[INFO] [stdout]    |
[INFO] [stdout] 21 -     pub get_foreground: fn() -> (Color),
[INFO] [stdout] 21 +     pub get_foreground: fn() -> Color,
[INFO] [stdout]    |
[INFO] [stdout] 
[INFO] [stdout] 
[INFO] [stdout] warning: unnecessary parentheses around type
[INFO] [stdout]   --> libs/legacy/common/src/lib.rs:23:33
[INFO] [stdout]    |
[INFO] [stdout] 23 |     pub get_background: fn() -> (Color),
[INFO] [stdout]    |                                 ^     ^
[INFO] [stdout]    |
[INFO] [stdout] help: remove these parentheses
[INFO] [stdout]    |
[INFO] [stdout] 23 -     pub get_background: fn() -> (Color),
[INFO] [stdout] 23 +     pub get_background: fn() -> Color,
[INFO] [stdout]    |
[INFO] [stdout] 
[INFO] [stdout] 
[INFO] [stdout] warning: 5 warnings emitted
[INFO] [stdout] 
[INFO] [stdout] 
[INFO] [stderr]    Compiling wit-writer v0.2.0
[INFO] [stderr]    Compiling walrus-macro v0.19.0
[INFO] [stderr]    Compiling thiserror-impl v1.0.31
[INFO] [stderr]    Compiling alsa v0.6.0
[INFO] [stderr]    Compiling wit-parser v0.2.0
[INFO] [stderr]    Compiling memmap2 v0.3.1
[INFO] [stderr]    Compiling ogg v0.8.0
[INFO] [stderr]    Compiling walrus v0.19.0
[INFO] [stderr]    Compiling thiserror v1.0.31
[INFO] [stderr]    Compiling models v0.1.0 (/opt/rustwide/workdir/libs/models)
[INFO] [stderr]    Compiling wasm-bindgen-shared v0.2.82
[INFO] [stderr]    Compiling serde_json v1.0.82
[INFO] [stderr]    Compiling winit v0.26.1
[INFO] [stderr]    Compiling gfx v0.1.0 (/opt/rustwide/workdir/libs/gfx)
[INFO] [stderr]    Compiling lewton v0.10.2
[INFO] [stderr]    Compiling wasm-bindgen-wasm-conventions v0.2.82
[INFO] [stderr]    Compiling state_manipulation v0.1.0 (/opt/rustwide/workdir/libs/legacy/state_manipulation)
[INFO] [stdout] warning: unused variable: `size`
[INFO] [stdout]   --> libs/legacy/state_manipulation/src/lib.rs:30:18
[INFO] [stdout]    |
[INFO] [stdout] 30 | pub fn new_state(size: Size) -> State {
[INFO] [stdout]    |                  ^^^^ help: if this is intentional, prefix it with an underscore: `_size`
[INFO] [stdout]    |
[INFO] [stdout]    = note: `#[warn(unused_variables)]` on by default
[INFO] [stdout] 
[INFO] [stdout] 
[INFO] [stdout] warning: function `sub` is never used
[INFO] [stdout]    --> libs/legacy/state_manipulation/src/lib.rs:590:4
[INFO] [stdout]     |
[INFO] [stdout] 590 | fn sub<T: Sub<Output = T>>((x1, y1): (T, T), (x2, y2): (T, T)) -> (T, T) {
[INFO] [stdout]     |    ^^^
[INFO] [stdout]     |
[INFO] [stdout]     = note: `#[warn(dead_code)]` on by default
[INFO] [stdout] 
[INFO] [stdout] 
[INFO] [stderr]    Compiling mio v0.8.4
[INFO] [stdout] warning: 2 warnings emitted
[INFO] [stdout] 
[INFO] [stdout] 
[INFO] [stderr]    Compiling assets v0.1.0 (/opt/rustwide/workdir/libs/assets)
[INFO] [stderr]    Compiling wast v21.0.0
[INFO] [stderr]    Compiling wasmparser v0.59.0
[INFO] [stderr]    Compiling percent-encoding v2.1.0
[INFO] [stderr]    Compiling safemem v0.3.3
[INFO] [stderr]    Compiling ryu v1.0.10
[INFO] [stderr]    Compiling itoa v1.0.2
[INFO] [stderr]    Compiling base64 v0.9.3
[INFO] [stderr]    Compiling wit-validator v0.2.1
[INFO] [stderr]    Compiling render v0.1.0 (/opt/rustwide/workdir/libs/render)
[INFO] [stdout] warning: unused import: `_gt_mask_32 as gt_mask_32`
[INFO] [stdout]    --> libs/render/src/render.rs:569:13
[INFO] [stdout]     |
[INFO] [stdout] 569 |     pub use _gt_mask_32 as gt_mask_32;
[INFO] [stdout]     |             ^^^^^^^^^^^^^^^^^^^^^^^^^
[INFO] [stdout]     |
[INFO] [stdout]     = note: `#[warn(unused_imports)]` on by default
[INFO] [stdout] 
[INFO] [stdout] 
[INFO] [stdout] warning: 1 warning emitted
[INFO] [stdout] 
[INFO] [stdout] 
[INFO] [stderr]    Compiling game v0.1.0 (/opt/rustwide/workdir/libs/game)
[INFO] [stdout] warning: unused imports: `Card`, `gen_card`
[INFO] [stdout]  --> libs/game/src/game.rs:3:14
[INFO] [stdout]   |
[INFO] [stdout] 3 | use models::{Card, gen_card};
[INFO] [stdout]   |              ^^^^  ^^^^^^^^
[INFO] [stdout]   |
[INFO] [stdout]   = note: `#[warn(unused_imports)]` on by default
[INFO] [stdout] 
[INFO] [stdout] 
[INFO] [stdout] warning: unused import: `SFX`
[INFO] [stdout]  --> libs/game/src/game.rs:4:65
[INFO] [stdout]   |
[INFO] [stdout] 4 | use platform_types::{command, unscaled, Button, Input, Speaker, SFX};
[INFO] [stdout]   |                                                                 ^^^
[INFO] [stdout] 
[INFO] [stdout] 
[INFO] [stdout] warning: unnecessary parentheses around type
[INFO] [stdout]    --> libs/game/src/game.rs:170:32
[INFO] [stdout]     |
[INFO] [stdout] 170 |     pub fn get_foreground() -> (Color) {
[INFO] [stdout]     |                                ^     ^
[INFO] [stdout]     |
[INFO] [stdout]     = note: `#[warn(unused_parens)]` on by default
[INFO] [stdout] help: remove these parentheses
[INFO] [stdout]     |
[INFO] [stdout] 170 -     pub fn get_foreground() -> (Color) {
[INFO] [stdout] 170 +     pub fn get_foreground() -> Color {
[INFO] [stdout]     |
[INFO] [stdout] 
[INFO] [stdout] 
[INFO] [stdout] warning: unnecessary parentheses around type
[INFO] [stdout]    --> libs/game/src/game.rs:176:32
[INFO] [stdout]     |
[INFO] [stdout] 176 |     pub fn get_background() -> (Color) {
[INFO] [stdout]     |                                ^     ^
[INFO] [stdout]     |
[INFO] [stdout] help: remove these parentheses
[INFO] [stdout]     |
[INFO] [stdout] 176 -     pub fn get_background() -> (Color) {
[INFO] [stdout] 176 +     pub fn get_background() -> Color {
[INFO] [stdout]     |
[INFO] [stdout] 
[INFO] [stdout] 
[INFO] [stdout] warning: unused variable: `speaker`
[INFO] [stdout]   --> libs/game/src/game.rs:51:9
[INFO] [stdout]    |
[INFO] [stdout] 51 |         speaker: &mut Speaker,
[INFO] [stdout]    |         ^^^^^^^ help: if this is intentional, prefix it with an underscore: `_speaker`
[INFO] [stdout]    |
[INFO] [stdout]    = note: `#[warn(unused_variables)]` on by default
[INFO] [stdout] 
[INFO] [stdout] 
[INFO] [stdout] warning: unused variable: `rect`
[INFO] [stdout]    --> libs/game/src/game.rs:140:18
[INFO] [stdout]     |
[INFO] [stdout] 140 |     pub fn clear(rect: Option<Rect>) {
[INFO] [stdout]     |                  ^^^^ help: if this is intentional, prefix it with an underscore: `_rect`
[INFO] [stdout] 
[INFO] [stdout] 
[INFO] [stdout] warning: unused variable: `point`
[INFO] [stdout]    --> libs/game/src/game.rs:146:17
[INFO] [stdout]     |
[INFO] [stdout] 146 |     pub fn pick(point: Point, _: i32) -> char {
[INFO] [stdout]     |                 ^^^^^ help: if this is intentional, prefix it with an underscore: `_point`
[INFO] [stdout] 
[INFO] [stdout] 
[INFO] [stdout] warning: unused variable: `key`
[INFO] [stdout]    --> libs/game/src/game.rs:155:24
[INFO] [stdout]     |
[INFO] [stdout] 155 |     pub fn key_pressed(key: KeyCode) -> bool {
[INFO] [stdout]     |                        ^^^ help: if this is intentional, prefix it with an underscore: `_key`
[INFO] [stdout] 
[INFO] [stdout] 
[INFO] [stdout] warning: unused variable: `foreground`
[INFO] [stdout]    --> libs/game/src/game.rs:158:23
[INFO] [stdout]     |
[INFO] [stdout] 158 |     pub fn set_colors(foreground: Color, background: Color) {
[INFO] [stdout]     |                       ^^^^^^^^^^ help: if this is intentional, prefix it with an underscore: `_foreground`
[INFO] [stdout] 
[INFO] [stdout] 
[INFO] [stdout] warning: unused variable: `background`
[INFO] [stdout]    --> libs/game/src/game.rs:158:42
[INFO] [stdout]     |
[INFO] [stdout] 158 |     pub fn set_colors(foreground: Color, background: Color) {
[INFO] [stdout]     |                                          ^^^^^^^^^^ help: if this is intentional, prefix it with an underscore: `_background`
[INFO] [stdout] 
[INFO] [stdout] 
[INFO] [stdout] warning: unused variable: `foreground`
[INFO] [stdout]    --> libs/game/src/game.rs:167:27
[INFO] [stdout]     |
[INFO] [stdout] 167 |     pub fn set_foreground(foreground: Color) {
[INFO] [stdout]     |                           ^^^^^^^^^^ help: if this is intentional, prefix it with an underscore: `_foreground`
[INFO] [stdout] 
[INFO] [stdout] 
[INFO] [stdout] warning: unused variable: `background`
[INFO] [stdout]    --> libs/game/src/game.rs:173:27
[INFO] [stdout]     |
[INFO] [stdout] 173 |     pub fn set_background(background: Color) {
[INFO] [stdout]     |                           ^^^^^^^^^^ help: if this is intentional, prefix it with an underscore: `_background`
[INFO] [stdout] 
[INFO] [stdout] 
[INFO] [stdout] warning: unused variable: `layer`
[INFO] [stdout]    --> libs/game/src/game.rs:179:22
[INFO] [stdout]     |
[INFO] [stdout] 179 |     pub fn set_layer(layer: i32) {
[INFO] [stdout]     |                      ^^^^^ help: if this is intentional, prefix it with an underscore: `_layer`
[INFO] [stdout] 
[INFO] [stdout] 
[INFO] [stderr]    Compiling rodio v0.15.0
[INFO] [stdout] warning: 13 warnings emitted
[INFO] [stdout] 
[INFO] [stdout] 
[INFO] [stderr]    Compiling wit-text v0.8.0
[INFO] [stderr]    Compiling wasm-bindgen-wasm-interpreter v0.2.82
[INFO] [stderr]    Compiling wasm-bindgen-threads-xform v0.2.82
[INFO] [stderr]    Compiling wit-walrus v0.6.0
[INFO] [stderr]    Compiling wasm-bindgen-externref-xform v0.2.82
[INFO] [stderr]    Compiling wasm-bindgen-multi-value-xform v0.2.82
[INFO] [stderr]    Compiling softbuffer v0.1.1
[INFO] [stderr]    Compiling features v0.1.0 (/opt/rustwide/workdir/libs/features)
[INFO] [stderr]    Compiling rustc-demangle v0.1.21
[INFO] [stderr]    Compiling spin_sleep v1.1.1
[INFO] [stderr]    Compiling app v0.1.0 (/opt/rustwide/workdir/libs/app)
[INFO] [stdout] warning: unused imports: `command`, `sprite`, `unscaled`
[INFO] [stdout]  --> libs/app/src/app.rs:2:22
[INFO] [stdout]   |
[INFO] [stdout] 2 | use platform_types::{command, sprite, unscaled, Button, Input, Speaker, SFX};
[INFO] [stdout]   |                      ^^^^^^^  ^^^^^^  ^^^^^^^^
[INFO] [stdout]   |
[INFO] [stdout]   = note: `#[warn(unused_imports)]` on by default
[INFO] [stdout] 
[INFO] [stdout] 
[INFO] [stdout] warning: variable does not need to be mutable
[INFO] [stdout]   --> libs/app/src/app.rs:23:13
[INFO] [stdout]    |
[INFO] [stdout] 23 |         let mut game_state = game::State::new(seed);
[INFO] [stdout]    |             ----^^^^^^^^^^
[INFO] [stdout]    |             |
[INFO] [stdout]    |             help: remove this `mut`
[INFO] [stdout]    |
[INFO] [stdout]    = note: `#[warn(unused_mut)]` on by default
[INFO] [stdout] 
[INFO] [stdout] 
[INFO] [stderr]    Compiling wasm-bindgen-cli-support v0.2.82
[INFO] [stdout] warning: 2 warnings emitted
[INFO] [stdout] 
[INFO] [stdout] 
[INFO] [stderr]    Compiling pico-args v0.5.0
[INFO] [stderr]    Compiling devserver_lib v0.4.1
[INFO] [stderr]    Compiling run-wasm v0.1.0 (/opt/rustwide/workdir/run-wasm)
[INFO] [stderr]    Compiling platform v0.1.0 (/opt/rustwide/workdir/libs/platform)
[INFO] [stderr]    Compiling ice-puzzles v0.2.0 (/opt/rustwide/workdir/ice-puzzles)
[INFO] [stderr]     Finished dev [optimized] target(s) in 55.35s
[INFO] [stderr] warning: the following packages contain code that will be rejected by a future version of Rust: wasmparser v0.59.0, wasmparser v0.77.0
[INFO] [stderr] note: to see what the problems were, use the option `--future-incompat-report`, or run `cargo report future-incompatibilities --id 2`
[INFO] running `Command { std: "docker" "inspect" "6005191cbf222dbd8565b1c47c94e603fca9361d7c6548f230ab80f25f58ee0e", kill_on_drop: false }`
[INFO] running `Command { std: "docker" "rm" "-f" "6005191cbf222dbd8565b1c47c94e603fca9361d7c6548f230ab80f25f58ee0e", kill_on_drop: false }`
[INFO] [stdout] 6005191cbf222dbd8565b1c47c94e603fca9361d7c6548f230ab80f25f58ee0e
[INFO] running `Command { std: "docker" "create" "-v" "/var/lib/crater-agent-workspace/builds/worker-1-tc1/target:/opt/rustwide/target:rw,Z" "-v" "/var/lib/crater-agent-workspace/builds/worker-1-tc1/source:/opt/rustwide/workdir:ro,Z" "-v" "/var/lib/crater-agent-workspace/cargo-home:/opt/rustwide/cargo-home:ro,Z" "-v" "/var/lib/crater-agent-workspace/rustup-home:/opt/rustwide/rustup-home:ro,Z" "-e" "SOURCE_DIR=/opt/rustwide/workdir" "-e" "CARGO_TARGET_DIR=/opt/rustwide/target" "-e" "CARGO_INCREMENTAL=0" "-e" "RUST_BACKTRACE=full" "-e" "RUSTFLAGS=--cap-lints=warn" "-e" "RUSTDOCFLAGS=--cap-lints=warn" "-e" "CARGO_HOME=/opt/rustwide/cargo-home" "-e" "RUSTUP_HOME=/opt/rustwide/rustup-home" "-w" "/opt/rustwide/workdir" "-m" "1610612736" "--user" "0:0" "--network" "none" "ghcr.io/rust-lang/crates-build-env/linux@sha256:2788e3201cd34a07e3172128adcd8b3090168a8e3bcc40d7c032b9dda1df7d1c" "/opt/rustwide/cargo-home/bin/cargo" "+1.75.0" "test" "--frozen" "--no-run" "--message-format=json", kill_on_drop: false }`
[INFO] [stdout] de07d373975ecc2d73ea2b0a0179e892c47f0a043736130140cca291a73fa84a
[INFO] running `Command { std: "docker" "start" "-a" "de07d373975ecc2d73ea2b0a0179e892c47f0a043736130140cca291a73fa84a", kill_on_drop: false }`
[INFO] [stderr] warning: virtual workspace defaulting to `resolver = "1"` despite one or more workspace members being on edition 2021 which implies `resolver = "2"`
[INFO] [stderr] note: to keep the current resolver, specify `workspace.resolver = "1"` in the workspace root's manifest
[INFO] [stderr] note: to use the edition 2021 resolver, specify `workspace.resolver = "2"` in the workspace root's manifest
[INFO] [stderr] note: for more details see https://doc.rust-lang.org/cargo/reference/resolver.html#resolver-versions
[INFO] [stdout] warning: unused imports: `Rand`, `Rng`
[INFO] [stdout]  --> libs/legacy/common/src/lib.rs:5:20
[INFO] [stdout]   |
[INFO] [stdout] 5 | use rand::{StdRng, Rand, Rng};
[INFO] [stdout]   |                    ^^^^  ^^^
[INFO] [stdout]   |
[INFO] [stdout]   = note: `#[warn(unused_imports)]` on by default
[INFO] [stdout] 
[INFO] [stdout] 
[INFO] [stdout] warning: unused import: `std::iter::Iterator`
[INFO] [stdout]  --> libs/legacy/common/src/lib.rs:7:5
[INFO] [stdout]   |
[INFO] [stdout] 7 | use std::iter::Iterator;
[INFO] [stdout]   |     ^^^^^^^^^^^^^^^^^^^
[INFO] [stdout] 
[INFO] [stdout] 
[INFO] [stdout] warning: unused import: `std::iter::Cycle`
[INFO] [stdout]  --> libs/legacy/common/src/lib.rs:8:5
[INFO] [stdout]   |
[INFO] [stdout] 8 | use std::iter::Cycle;
[INFO] [stdout]   |     ^^^^^^^^^^^^^^^^
[INFO] [stdout] 
[INFO] [stdout] 
[INFO] [stdout] warning: unnecessary parentheses around type
[INFO] [stdout]   --> libs/legacy/common/src/lib.rs:21:33
[INFO] [stdout]    |
[INFO] [stdout] 21 |     pub get_foreground: fn() -> (Color),
[INFO] [stdout]    |                                 ^     ^
[INFO] [stdout]    |
[INFO] [stdout]    = note: `#[warn(unused_parens)]` on by default
[INFO] [stdout] help: remove these parentheses
[INFO] [stdout]    |
[INFO] [stdout] 21 -     pub get_foreground: fn() -> (Color),
[INFO] [stdout] 21 +     pub get_foreground: fn() -> Color,
[INFO] [stdout]    |
[INFO] [stdout] 
[INFO] [stdout] 
[INFO] [stdout] warning: unnecessary parentheses around type
[INFO] [stdout]   --> libs/legacy/common/src/lib.rs:23:33
[INFO] [stdout]    |
[INFO] [stdout] 23 |     pub get_background: fn() -> (Color),
[INFO] [stdout]    |                                 ^     ^
[INFO] [stdout]    |
[INFO] [stdout] help: remove these parentheses
[INFO] [stdout]    |
[INFO] [stdout] 23 -     pub get_background: fn() -> (Color),
[INFO] [stdout] 23 +     pub get_background: fn() -> Color,
[INFO] [stdout]    |
[INFO] [stdout] 
[INFO] [stdout] 
[INFO] [stdout] warning: 5 warnings emitted
[INFO] [stdout] 
[INFO] [stdout] 
[INFO] [stdout] warning: unused variable: `size`
[INFO] [stdout]   --> libs/legacy/state_manipulation/src/lib.rs:30:18
[INFO] [stdout]    |
[INFO] [stdout] 30 | pub fn new_state(size: Size) -> State {
[INFO] [stdout]    |                  ^^^^ help: if this is intentional, prefix it with an underscore: `_size`
[INFO] [stdout]    |
[INFO] [stdout]    = note: `#[warn(unused_variables)]` on by default
[INFO] [stdout] 
[INFO] [stdout] 
[INFO] [stdout] warning: function `sub` is never used
[INFO] [stdout]    --> libs/legacy/state_manipulation/src/lib.rs:590:4
[INFO] [stdout]     |
[INFO] [stdout] 590 | fn sub<T: Sub<Output = T>>((x1, y1): (T, T), (x2, y2): (T, T)) -> (T, T) {
[INFO] [stdout]     |    ^^^
[INFO] [stdout]     |
[INFO] [stdout]     = note: `#[warn(dead_code)]` on by default
[INFO] [stdout] 
[INFO] [stdout] 
[INFO] [stdout] warning: 2 warnings emitted
[INFO] [stdout] 
[INFO] [stdout] 
[INFO] [stdout] warning: unused imports: `Card`, `gen_card`
[INFO] [stdout]  --> libs/game/src/game.rs:3:14
[INFO] [stdout]   |
[INFO] [stdout] 3 | use models::{Card, gen_card};
[INFO] [stdout]   |              ^^^^  ^^^^^^^^
[INFO] [stdout]   |
[INFO] [stdout]   = note: `#[warn(unused_imports)]` on by default
[INFO] [stdout] 
[INFO] [stdout] 
[INFO] [stdout] warning: unused import: `SFX`
[INFO] [stdout]  --> libs/game/src/game.rs:4:65
[INFO] [stdout]   |
[INFO] [stdout] 4 | use platform_types::{command, unscaled, Button, Input, Speaker, SFX};
[INFO] [stdout]   |                                                                 ^^^
[INFO] [stdout] 
[INFO] [stdout] 
[INFO] [stdout] warning: unnecessary parentheses around type
[INFO] [stdout]    --> libs/game/src/game.rs:170:32
[INFO] [stdout]     |
[INFO] [stdout] 170 |     pub fn get_foreground() -> (Color) {
[INFO] [stdout]     |                                ^     ^
[INFO] [stdout]     |
[INFO] [stdout]     = note: `#[warn(unused_parens)]` on by default
[INFO] [stdout] help: remove these parentheses
[INFO] [stdout]     |
[INFO] [stdout] 170 -     pub fn get_foreground() -> (Color) {
[INFO] [stdout] 170 +     pub fn get_foreground() -> Color {
[INFO] [stdout]     |
[INFO] [stdout] 
[INFO] [stdout] 
[INFO] [stdout] warning: unnecessary parentheses around type
[INFO] [stdout]    --> libs/game/src/game.rs:176:32
[INFO] [stdout]     |
[INFO] [stdout] 176 |     pub fn get_background() -> (Color) {
[INFO] [stdout]     |                                ^     ^
[INFO] [stdout]     |
[INFO] [stdout] help: remove these parentheses
[INFO] [stdout]     |
[INFO] [stdout] 176 -     pub fn get_background() -> (Color) {
[INFO] [stdout] 176 +     pub fn get_background() -> Color {
[INFO] [stdout]     |
[INFO] [stdout] 
[INFO] [stdout] 
[INFO] [stdout] warning: unused variable: `speaker`
[INFO] [stdout]   --> libs/game/src/game.rs:51:9
[INFO] [stdout]    |
[INFO] [stdout] 51 |         speaker: &mut Speaker,
[INFO] [stdout]    |         ^^^^^^^ help: if this is intentional, prefix it with an underscore: `_speaker`
[INFO] [stdout]    |
[INFO] [stdout]    = note: `#[warn(unused_variables)]` on by default
[INFO] [stdout] 
[INFO] [stdout] 
[INFO] [stdout] warning: unused variable: `rect`
[INFO] [stdout]    --> libs/game/src/game.rs:140:18
[INFO] [stdout]     |
[INFO] [stdout] 140 |     pub fn clear(rect: Option<Rect>) {
[INFO] [stdout]     |                  ^^^^ help: if this is intentional, prefix it with an underscore: `_rect`
[INFO] [stdout] 
[INFO] [stdout] 
[INFO] [stdout] warning: unused variable: `point`
[INFO] [stdout]    --> libs/game/src/game.rs:146:17
[INFO] [stdout]     |
[INFO] [stdout] 146 |     pub fn pick(point: Point, _: i32) -> char {
[INFO] [stdout]     |                 ^^^^^ help: if this is intentional, prefix it with an underscore: `_point`
[INFO] [stdout] 
[INFO] [stdout] 
[INFO] [stdout] warning: unused variable: `key`
[INFO] [stdout]    --> libs/game/src/game.rs:155:24
[INFO] [stdout]     |
[INFO] [stdout] 155 |     pub fn key_pressed(key: KeyCode) -> bool {
[INFO] [stdout]     |                        ^^^ help: if this is intentional, prefix it with an underscore: `_key`
[INFO] [stdout] 
[INFO] [stdout] 
[INFO] [stdout] warning: unused variable: `foreground`
[INFO] [stdout]    --> libs/game/src/game.rs:158:23
[INFO] [stdout]     |
[INFO] [stdout] 158 |     pub fn set_colors(foreground: Color, background: Color) {
[INFO] [stdout]     |                       ^^^^^^^^^^ help: if this is intentional, prefix it with an underscore: `_foreground`
[INFO] [stdout] 
[INFO] [stdout] 
[INFO] [stdout] warning: unused variable: `background`
[INFO] [stdout]    --> libs/game/src/game.rs:158:42
[INFO] [stdout]     |
[INFO] [stdout] 158 |     pub fn set_colors(foreground: Color, background: Color) {
[INFO] [stdout]     |                                          ^^^^^^^^^^ help: if this is intentional, prefix it with an underscore: `_background`
[INFO] [stdout] 
[INFO] [stdout] 
[INFO] [stdout] warning: unused variable: `foreground`
[INFO] [stdout]    --> libs/game/src/game.rs:167:27
[INFO] [stdout]     |
[INFO] [stdout] 167 |     pub fn set_foreground(foreground: Color) {
[INFO] [stdout]     |                           ^^^^^^^^^^ help: if this is intentional, prefix it with an underscore: `_foreground`
[INFO] [stdout] 
[INFO] [stdout] 
[INFO] [stdout] warning: unused variable: `background`
[INFO] [stdout]    --> libs/game/src/game.rs:173:27
[INFO] [stdout]     |
[INFO] [stdout] 173 |     pub fn set_background(background: Color) {
[INFO] [stdout]     |                           ^^^^^^^^^^ help: if this is intentional, prefix it with an underscore: `_background`
[INFO] [stdout] 
[INFO] [stdout] 
[INFO] [stdout] warning: unused variable: `layer`
[INFO] [stdout]    --> libs/game/src/game.rs:179:22
[INFO] [stdout]     |
[INFO] [stdout] 179 |     pub fn set_layer(layer: i32) {
[INFO] [stdout]     |                      ^^^^^ help: if this is intentional, prefix it with an underscore: `_layer`
[INFO] [stdout] 
[INFO] [stdout] 
[INFO] [stdout] warning: 13 warnings emitted
[INFO] [stdout] 
[INFO] [stdout] 
[INFO] [stdout] warning: unused import: `_gt_mask_32 as gt_mask_32`
[INFO] [stdout]    --> libs/render/src/render.rs:569:13
[INFO] [stdout]     |
[INFO] [stdout] 569 |     pub use _gt_mask_32 as gt_mask_32;
[INFO] [stdout]     |             ^^^^^^^^^^^^^^^^^^^^^^^^^
[INFO] [stdout]     |
[INFO] [stdout]     = note: `#[warn(unused_imports)]` on by default
[INFO] [stdout] 
[INFO] [stdout] 
[INFO] [stdout] warning: 1 warning emitted
[INFO] [stdout] 
[INFO] [stdout] 
[INFO] [stdout] warning: unused imports: `command`, `sprite`, `unscaled`
[INFO] [stdout]  --> libs/app/src/app.rs:2:22
[INFO] [stdout]   |
[INFO] [stdout] 2 | use platform_types::{command, sprite, unscaled, Button, Input, Speaker, SFX};
[INFO] [stdout]   |                      ^^^^^^^  ^^^^^^  ^^^^^^^^
[INFO] [stdout]   |
[INFO] [stdout]   = note: `#[warn(unused_imports)]` on by default
[INFO] [stdout] 
[INFO] [stdout] 
[INFO] [stdout] warning: variable does not need to be mutable
[INFO] [stdout]   --> libs/app/src/app.rs:23:13
[INFO] [stdout]    |
[INFO] [stdout] 23 |         let mut game_state = game::State::new(seed);
[INFO] [stdout]    |             ----^^^^^^^^^^
[INFO] [stdout]    |             |
[INFO] [stdout]    |             help: remove this `mut`
[INFO] [stdout]    |
[INFO] [stdout]    = note: `#[warn(unused_mut)]` on by default
[INFO] [stdout] 
[INFO] [stdout] 
[INFO] [stdout] warning: 2 warnings emitted
[INFO] [stdout] 
[INFO] [stdout] 
[INFO] [stderr]    Compiling ice-puzzles v0.2.0 (/opt/rustwide/workdir/ice-puzzles)
[INFO] [stderr]    Compiling platform v0.1.0 (/opt/rustwide/workdir/libs/platform)
[INFO] [stderr]    Compiling app v0.1.0 (/opt/rustwide/workdir/libs/app)
[INFO] [stderr]    Compiling render v0.1.0 (/opt/rustwide/workdir/libs/render)
[INFO] [stderr]    Compiling game v0.1.0 (/opt/rustwide/workdir/libs/game)
[INFO] [stderr]    Compiling run-wasm v0.1.0 (/opt/rustwide/workdir/run-wasm)
[INFO] [stderr]    Compiling gfx v0.1.0 (/opt/rustwide/workdir/libs/gfx)
[INFO] [stderr]    Compiling state_manipulation v0.1.0 (/opt/rustwide/workdir/libs/legacy/state_manipulation)
[INFO] [stdout] warning: unused imports: `command`, `sprite`, `unscaled`
[INFO] [stdout]  --> libs/app/src/app.rs:2:22
[INFO] [stdout]   |
[INFO] [stdout] 2 | use platform_types::{command, sprite, unscaled, Button, Input, Speaker, SFX};
[INFO] [stdout]   |                      ^^^^^^^  ^^^^^^  ^^^^^^^^
[INFO] [stdout]   |
[INFO] [stdout]   = note: `#[warn(unused_imports)]` on by default
[INFO] [stdout] 
[INFO] [stdout] 
[INFO] [stdout] warning: unused imports: `Card`, `gen_card`
[INFO] [stdout]  --> libs/game/src/game.rs:3:14
[INFO] [stdout]   |
[INFO] [stdout] 3 | use models::{Card, gen_card};
[INFO] [stdout]   |              ^^^^  ^^^^^^^^
[INFO] [stdout]   |
[INFO] [stdout]   = note: `#[warn(unused_imports)]` on by default
[INFO] [stdout] 
[INFO] [stdout] 
[INFO] [stdout] warning: unused import: `SFX`
[INFO] [stdout]  --> libs/game/src/game.rs:4:65
[INFO] [stdout]   |
[INFO] [stdout] 4 | use platform_types::{command, unscaled, Button, Input, Speaker, SFX};
[INFO] [stdout]   |                                                                 ^^^
[INFO] [stdout] 
[INFO] [stdout] 
[INFO] [stdout] warning: unnecessary parentheses around type
[INFO] [stdout]    --> libs/game/src/game.rs:170:32
[INFO] [stdout]     |
[INFO] [stdout] 170 |     pub fn get_foreground() -> (Color) {
[INFO] [stdout]     |                                ^     ^
[INFO] [stdout]     |
[INFO] [stdout]     = note: `#[warn(unused_parens)]` on by default
[INFO] [stdout] help: remove these parentheses
[INFO] [stdout]     |
[INFO] [stdout] 170 -     pub fn get_foreground() -> (Color) {
[INFO] [stdout] 170 +     pub fn get_foreground() -> Color {
[INFO] [stdout]     |
[INFO] [stdout] 
[INFO] [stdout] 
[INFO] [stdout] warning: unnecessary parentheses around type
[INFO] [stdout]    --> libs/game/src/game.rs:176:32
[INFO] [stdout]     |
[INFO] [stdout] 176 |     pub fn get_background() -> (Color) {
[INFO] [stdout]     |                                ^     ^
[INFO] [stdout]     |
[INFO] [stdout] help: remove these parentheses
[INFO] [stdout]     |
[INFO] [stdout] 176 -     pub fn get_background() -> (Color) {
[INFO] [stdout] 176 +     pub fn get_background() -> Color {
[INFO] [stdout]     |
[INFO] [stdout] 
[INFO] [stdout] 
[INFO] [stdout] warning: unused import: `_gt_mask_32 as gt_mask_32`
[INFO] [stdout]    --> libs/render/src/render.rs:569:13
[INFO] [stdout]     |
[INFO] [stdout] 569 |     pub use _gt_mask_32 as gt_mask_32;
[INFO] [stdout]     |             ^^^^^^^^^^^^^^^^^^^^^^^^^
[INFO] [stdout]     |
[INFO] [stdout]     = note: `#[warn(unused_imports)]` on by default
[INFO] [stdout] 
[INFO] [stdout] 
[INFO] [stdout] warning: variable does not need to be mutable
[INFO] [stdout]   --> libs/app/src/app.rs:23:13
[INFO] [stdout]    |
[INFO] [stdout] 23 |         let mut game_state = game::State::new(seed);
[INFO] [stdout]    |             ----^^^^^^^^^^
[INFO] [stdout]    |             |
[INFO] [stdout]    |             help: remove this `mut`
[INFO] [stdout]    |
[INFO] [stdout]    = note: `#[warn(unused_mut)]` on by default
[INFO] [stdout] 
[INFO] [stdout] 
[INFO] [stdout] warning: unused variable: `speaker`
[INFO] [stdout]   --> libs/game/src/game.rs:51:9
[INFO] [stdout]    |
[INFO] [stdout] 51 |         speaker: &mut Speaker,
[INFO] [stdout]    |         ^^^^^^^ help: if this is intentional, prefix it with an underscore: `_speaker`
[INFO] [stdout]    |
[INFO] [stdout]    = note: `#[warn(unused_variables)]` on by default
[INFO] [stdout] 
[INFO] [stdout] 
[INFO] [stdout] warning: unused variable: `rect`
[INFO] [stdout]    --> libs/game/src/game.rs:140:18
[INFO] [stdout]     |
[INFO] [stdout] 140 |     pub fn clear(rect: Option<Rect>) {
[INFO] [stdout]     |                  ^^^^ help: if this is intentional, prefix it with an underscore: `_rect`
[INFO] [stdout] 
[INFO] [stdout] 
[INFO] [stdout] warning: unused variable: `point`
[INFO] [stdout]    --> libs/game/src/game.rs:146:17
[INFO] [stdout]     |
[INFO] [stdout] 146 |     pub fn pick(point: Point, _: i32) -> char {
[INFO] [stdout]     |                 ^^^^^ help: if this is intentional, prefix it with an underscore: `_point`
[INFO] [stdout] 
[INFO] [stdout] 
[INFO] [stdout] warning: unused variable: `key`
[INFO] [stdout]    --> libs/game/src/game.rs:155:24
[INFO] [stdout]     |
[INFO] [stdout] 155 |     pub fn key_pressed(key: KeyCode) -> bool {
[INFO] [stdout]     |                        ^^^ help: if this is intentional, prefix it with an underscore: `_key`
[INFO] [stdout] 
[INFO] [stdout] 
[INFO] [stdout] warning: unused variable: `foreground`
[INFO] [stdout]    --> libs/game/src/game.rs:158:23
[INFO] [stdout]     |
[INFO] [stdout] 158 |     pub fn set_colors(foreground: Color, background: Color) {
[INFO] [stdout]     |                       ^^^^^^^^^^ help: if this is intentional, prefix it with an underscore: `_foreground`
[INFO] [stdout] 
[INFO] [stdout] 
[INFO] [stdout] warning: unused variable: `background`
[INFO] [stdout]    --> libs/game/src/game.rs:158:42
[INFO] [stdout]     |
[INFO] [stdout] 158 |     pub fn set_colors(foreground: Color, background: Color) {
[INFO] [stdout]     |                                          ^^^^^^^^^^ help: if this is intentional, prefix it with an underscore: `_background`
[INFO] [stdout] 
[INFO] [stdout] 
[INFO] [stdout] warning: unused variable: `foreground`
[INFO] [stdout]    --> libs/game/src/game.rs:167:27
[INFO] [stdout]     |
[INFO] [stdout] 167 |     pub fn set_foreground(foreground: Color) {
[INFO] [stdout]     |                           ^^^^^^^^^^ help: if this is intentional, prefix it with an underscore: `_foreground`
[INFO] [stdout] 
[INFO] [stdout] 
[INFO] [stdout] warning: unused variable: `background`
[INFO] [stdout]    --> libs/game/src/game.rs:173:27
[INFO] [stdout]     |
[INFO] [stdout] 173 |     pub fn set_background(background: Color) {
[INFO] [stdout]     |                           ^^^^^^^^^^ help: if this is intentional, prefix it with an underscore: `_background`
[INFO] [stdout] 
[INFO] [stdout] 
[INFO] [stdout] warning: unused variable: `layer`
[INFO] [stdout]    --> libs/game/src/game.rs:179:22
[INFO] [stdout]     |
[INFO] [stdout] 179 |     pub fn set_layer(layer: i32) {
[INFO] [stdout]     |                      ^^^^^ help: if this is intentional, prefix it with an underscore: `_layer`
[INFO] [stdout] 
[INFO] [stdout] 
[INFO] [stdout] warning: unused variable: `size`
[INFO] [stdout]   --> libs/legacy/state_manipulation/src/lib.rs:30:18
[INFO] [stdout]    |
[INFO] [stdout] 30 | pub fn new_state(size: Size) -> State {
[INFO] [stdout]    |                  ^^^^ help: if this is intentional, prefix it with an underscore: `_size`
[INFO] [stdout]    |
[INFO] [stdout]    = note: `#[warn(unused_variables)]` on by default
[INFO] [stdout] 
[INFO] [stdout] 
[INFO] [stdout] warning: function `sub` is never used
[INFO] [stdout]    --> libs/legacy/state_manipulation/src/lib.rs:590:4
[INFO] [stdout]     |
[INFO] [stdout] 590 | fn sub<T: Sub<Output = T>>((x1, y1): (T, T), (x2, y2): (T, T)) -> (T, T) {
[INFO] [stdout]     |    ^^^
[INFO] [stdout]     |
[INFO] [stdout]     = note: `#[warn(dead_code)]` on by default
[INFO] [stdout] 
[INFO] [stdout] 
[INFO] [stdout] warning: 2 warnings emitted
[INFO] [stdout] 
[INFO] [stdout] 
[INFO] [stderr]    Compiling common v0.1.0 (/opt/rustwide/workdir/libs/legacy/common)
[INFO] [stderr]    Compiling assets v0.1.0 (/opt/rustwide/workdir/libs/assets)
[INFO] [stderr]    Compiling features v0.1.0 (/opt/rustwide/workdir/libs/features)
[INFO] [stderr]    Compiling models v0.1.0 (/opt/rustwide/workdir/libs/models)
[INFO] [stdout] warning: 13 warnings emitted
[INFO] [stdout] 
[INFO] [stdout] 
[INFO] [stdout] warning: unused imports: `Rand`, `Rng`
[INFO] [stdout]  --> libs/legacy/common/src/lib.rs:5:20
[INFO] [stdout]   |
[INFO] [stdout] 5 | use rand::{StdRng, Rand, Rng};
[INFO] [stdout]   |                    ^^^^  ^^^
[INFO] [stdout]   |
[INFO] [stdout]   = note: `#[warn(unused_imports)]` on by default
[INFO] [stdout] 
[INFO] [stdout] 
[INFO] [stdout] warning: unused import: `std::iter::Iterator`
[INFO] [stdout]  --> libs/legacy/common/src/lib.rs:7:5
[INFO] [stdout]   |
[INFO] [stdout] 7 | use std::iter::Iterator;
[INFO] [stdout]   |     ^^^^^^^^^^^^^^^^^^^
[INFO] [stdout] 
[INFO] [stdout] 
[INFO] [stdout] warning: unused import: `std::iter::Cycle`
[INFO] [stdout]  --> libs/legacy/common/src/lib.rs:8:5
[INFO] [stdout]   |
[INFO] [stdout] 8 | use std::iter::Cycle;
[INFO] [stdout]   |     ^^^^^^^^^^^^^^^^
[INFO] [stdout] 
[INFO] [stdout] 
[INFO] [stderr]    Compiling platform_types v0.1.0 (/opt/rustwide/workdir/libs/platform_types)
[INFO] [stdout] warning: unnecessary parentheses around type
[INFO] [stdout]   --> libs/legacy/common/src/lib.rs:21:33
[INFO] [stdout]    |
[INFO] [stdout] 21 |     pub get_foreground: fn() -> (Color),
[INFO] [stdout]    |                                 ^     ^
[INFO] [stdout]    |
[INFO] [stdout]    = note: `#[warn(unused_parens)]` on by default
[INFO] [stdout] help: remove these parentheses
[INFO] [stdout]    |
[INFO] [stdout] 21 -     pub get_foreground: fn() -> (Color),
[INFO] [stdout] 21 +     pub get_foreground: fn() -> Color,
[INFO] [stdout]    |
[INFO] [stdout] 
[INFO] [stdout] 
[INFO] [stdout] warning: unnecessary parentheses around type
[INFO] [stdout]   --> libs/legacy/common/src/lib.rs:23:33
[INFO] [stdout]    |
[INFO] [stdout] 23 |     pub get_background: fn() -> (Color),
[INFO] [stdout]    |                                 ^     ^
[INFO] [stdout]    |
[INFO] [stdout] help: remove these parentheses
[INFO] [stdout]    |
[INFO] [stdout] 23 -     pub get_background: fn() -> (Color),
[INFO] [stdout] 23 +     pub get_background: fn() -> Color,
[INFO] [stdout]    |
[INFO] [stdout] 
[INFO] [stdout] 
[INFO] [stderr]    Compiling xs v0.1.0 (/opt/rustwide/workdir/libs/xs)
[INFO] [stdout] warning: 1 warning emitted
[INFO] [stdout] 
[INFO] [stdout] 
[INFO] [stdout] warning: 5 warnings emitted
[INFO] [stdout] 
[INFO] [stdout] 
[INFO] [stdout] warning: 2 warnings emitted
[INFO] [stdout] 
[INFO] [stdout] 
[INFO] [stderr]     Finished test [optimized] target(s) in 0.88s
[INFO] [stderr] warning: the following packages contain code that will be rejected by a future version of Rust: wasmparser v0.59.0, wasmparser v0.77.0
[INFO] [stderr] note: to see what the problems were, use the option `--future-incompat-report`, or run `cargo report future-incompatibilities --id 2`
[INFO] running `Command { std: "docker" "inspect" "de07d373975ecc2d73ea2b0a0179e892c47f0a043736130140cca291a73fa84a", kill_on_drop: false }`
[INFO] running `Command { std: "docker" "rm" "-f" "de07d373975ecc2d73ea2b0a0179e892c47f0a043736130140cca291a73fa84a", kill_on_drop: false }`
[INFO] [stdout] de07d373975ecc2d73ea2b0a0179e892c47f0a043736130140cca291a73fa84a
[INFO] running `Command { std: "docker" "create" "-v" "/var/lib/crater-agent-workspace/builds/worker-1-tc1/target:/opt/rustwide/target:rw,Z" "-v" "/var/lib/crater-agent-workspace/builds/worker-1-tc1/source:/opt/rustwide/workdir:ro,Z" "-v" "/var/lib/crater-agent-workspace/cargo-home:/opt/rustwide/cargo-home:ro,Z" "-v" "/var/lib/crater-agent-workspace/rustup-home:/opt/rustwide/rustup-home:ro,Z" "-e" "SOURCE_DIR=/opt/rustwide/workdir" "-e" "CARGO_TARGET_DIR=/opt/rustwide/target" "-e" "CARGO_INCREMENTAL=0" "-e" "RUST_BACKTRACE=full" "-e" "RUSTFLAGS=--cap-lints=warn" "-e" "RUSTDOCFLAGS=--cap-lints=warn" "-e" "CARGO_HOME=/opt/rustwide/cargo-home" "-e" "RUSTUP_HOME=/opt/rustwide/rustup-home" "-w" "/opt/rustwide/workdir" "-m" "1610612736" "--user" "0:0" "--network" "none" "ghcr.io/rust-lang/crates-build-env/linux@sha256:2788e3201cd34a07e3172128adcd8b3090168a8e3bcc40d7c032b9dda1df7d1c" "/opt/rustwide/cargo-home/bin/cargo" "+1.75.0" "test" "--frozen", kill_on_drop: false }`
[INFO] [stdout] 842a73defabab4797bd4bffd51083cd68af3b24a713d67cb6959e8031adfdc26
[INFO] running `Command { std: "docker" "start" "-a" "842a73defabab4797bd4bffd51083cd68af3b24a713d67cb6959e8031adfdc26", kill_on_drop: false }`
[INFO] [stderr] warning: virtual workspace defaulting to `resolver = "1"` despite one or more workspace members being on edition 2021 which implies `resolver = "2"`
[INFO] [stderr] note: to keep the current resolver, specify `workspace.resolver = "1"` in the workspace root's manifest
[INFO] [stderr] note: to use the edition 2021 resolver, specify `workspace.resolver = "2"` in the workspace root's manifest
[INFO] [stderr] note: for more details see https://doc.rust-lang.org/cargo/reference/resolver.html#resolver-versions
[INFO] [stderr] warning: unused imports: `Rand`, `Rng`
[INFO] [stderr]  --> libs/legacy/common/src/lib.rs:5:20
[INFO] [stderr]   |
[INFO] [stderr] 5 | use rand::{StdRng, Rand, Rng};
[INFO] [stderr]   |                    ^^^^  ^^^
[INFO] [stderr]   |
[INFO] [stderr]   = note: `#[warn(unused_imports)]` on by default
[INFO] [stderr] 
[INFO] [stderr] warning: unused import: `std::iter::Iterator`
[INFO] [stderr]  --> libs/legacy/common/src/lib.rs:7:5
[INFO] [stderr]   |
[INFO] [stderr] 7 | use std::iter::Iterator;
[INFO] [stderr]   |     ^^^^^^^^^^^^^^^^^^^
[INFO] [stderr] 
[INFO] [stderr] warning: unused import: `std::iter::Cycle`
[INFO] [stderr]  --> libs/legacy/common/src/lib.rs:8:5
[INFO] [stderr]   |
[INFO] [stderr] 8 | use std::iter::Cycle;
[INFO] [stderr]   |     ^^^^^^^^^^^^^^^^
[INFO] [stderr] 
[INFO] [stderr] warning: unnecessary parentheses around type
[INFO] [stderr]   --> libs/legacy/common/src/lib.rs:21:33
[INFO] [stderr]    |
[INFO] [stderr] 21 |     pub get_foreground: fn() -> (Color),
[INFO] [stderr]    |                                 ^     ^
[INFO] [stderr]    |
[INFO] [stderr]    = note: `#[warn(unused_parens)]` on by default
[INFO] [stderr] help: remove these parentheses
[INFO] [stderr]    |
[INFO] [stderr] 21 -     pub get_foreground: fn() -> (Color),
[INFO] [stderr] 21 +     pub get_foreground: fn() -> Color,
[INFO] [stderr]    |
[INFO] [stderr] 
[INFO] [stderr] warning: unnecessary parentheses around type
[INFO] [stderr]   --> libs/legacy/common/src/lib.rs:23:33
[INFO] [stderr]    |
[INFO] [stderr] 23 |     pub get_background: fn() -> (Color),
[INFO] [stderr]    |                                 ^     ^
[INFO] [stderr]    |
[INFO] [stderr] help: remove these parentheses
[INFO] [stderr]    |
[INFO] [stderr] 23 -     pub get_background: fn() -> (Color),
[INFO] [stderr] 23 +     pub get_background: fn() -> Color,
[INFO] [stderr]    |
[INFO] [stderr] 
[INFO] [stderr] warning: `common` (lib) generated 5 warnings (run `cargo fix --lib -p common` to apply 5 suggestions)
[INFO] [stderr] warning: unused variable: `size`
[INFO] [stderr]   --> libs/legacy/state_manipulation/src/lib.rs:30:18
[INFO] [stderr]    |
[INFO] [stderr] 30 | pub fn new_state(size: Size) -> State {
[INFO] [stderr]    |                  ^^^^ help: if this is intentional, prefix it with an underscore: `_size`
[INFO] [stderr]    |
[INFO] [stderr]    = note: `#[warn(unused_variables)]` on by default
[INFO] [stderr] 
[INFO] [stderr] warning: function `sub` is never used
[INFO] [stderr]    --> libs/legacy/state_manipulation/src/lib.rs:590:4
[INFO] [stderr]     |
[INFO] [stderr] 590 | fn sub<T: Sub<Output = T>>((x1, y1): (T, T), (x2, y2): (T, T)) -> (T, T) {
[INFO] [stderr]     |    ^^^
[INFO] [stderr]     |
[INFO] [stderr]     = note: `#[warn(dead_code)]` on by default
[INFO] [stderr] 
[INFO] [stderr] warning: `state_manipulation` (lib) generated 2 warnings (run `cargo fix --lib -p state_manipulation` to apply 1 suggestion)
[INFO] [stderr] warning: unused import: `_gt_mask_32 as gt_mask_32`
[INFO] [stderr]    --> libs/render/src/render.rs:569:13
[INFO] [stderr]     |
[INFO] [stderr] 569 |     pub use _gt_mask_32 as gt_mask_32;
[INFO] [stderr]     |             ^^^^^^^^^^^^^^^^^^^^^^^^^
[INFO] [stderr]     |
[INFO] [stderr]     = note: `#[warn(unused_imports)]` on by default
[INFO] [stderr] 
[INFO] [stderr] warning: unused imports: `Card`, `gen_card`
[INFO] [stderr]  --> libs/game/src/game.rs:3:14
[INFO] [stderr]   |
[INFO] [stderr] 3 | use models::{Card, gen_card};
[INFO] [stderr]   |              ^^^^  ^^^^^^^^
[INFO] [stderr]   |
[INFO] [stderr]   = note: `#[warn(unused_imports)]` on by default
[INFO] [stderr] 
[INFO] [stderr] warning: unused import: `SFX`
[INFO] [stderr]  --> libs/game/src/game.rs:4:65
[INFO] [stderr]   |
[INFO] [stderr] 4 | use platform_types::{command, unscaled, Button, Input, Speaker, SFX};
[INFO] [stderr]   |                                                                 ^^^
[INFO] [stderr] 
[INFO] [stderr] warning: unnecessary parentheses around type
[INFO] [stderr]    --> libs/game/src/game.rs:170:32
[INFO] [stderr]     |
[INFO] [stderr] 170 |     pub fn get_foreground() -> (Color) {
[INFO] [stderr]     |                                ^     ^
[INFO] [stderr]     |
[INFO] [stderr]     = note: `#[warn(unused_parens)]` on by default
[INFO] [stderr] help: remove these parentheses
[INFO] [stderr]     |
[INFO] [stderr] 170 -     pub fn get_foreground() -> (Color) {
[INFO] [stderr] 170 +     pub fn get_foreground() -> Color {
[INFO] [stderr]     |
[INFO] [stderr] 
[INFO] [stderr] warning: unnecessary parentheses around type
[INFO] [stderr]    --> libs/game/src/game.rs:176:32
[INFO] [stderr]     |
[INFO] [stderr] 176 |     pub fn get_background() -> (Color) {
[INFO] [stderr]     |                                ^     ^
[INFO] [stderr]     |
[INFO] [stderr] help: remove these parentheses
[INFO] [stderr]     |
[INFO] [stderr] 176 -     pub fn get_background() -> (Color) {
[INFO] [stderr] 176 +     pub fn get_background() -> Color {
[INFO] [stderr]     |
[INFO] [stderr] 
[INFO] [stderr] warning: unused variable: `speaker`
[INFO] [stderr]   --> libs/game/src/game.rs:51:9
[INFO] [stderr]    |
[INFO] [stderr] 51 |         speaker: &mut Speaker,
[INFO] [stderr]    |         ^^^^^^^ help: if this is intentional, prefix it with an underscore: `_speaker`
[INFO] [stderr]    |
[INFO] [stderr]    = note: `#[warn(unused_variables)]` on by default
[INFO] [stderr] 
[INFO] [stderr] warning: unused variable: `rect`
[INFO] [stderr]    --> libs/game/src/game.rs:140:18
[INFO] [stderr]     |
[INFO] [stderr] 140 |     pub fn clear(rect: Option<Rect>) {
[INFO] [stderr]     |                  ^^^^ help: if this is intentional, prefix it with an underscore: `_rect`
[INFO] [stderr] 
[INFO] [stderr] warning: unused variable: `point`
[INFO] [stderr]    --> libs/game/src/game.rs:146:17
[INFO] [stderr]     |
[INFO] [stderr] 146 |     pub fn pick(point: Point, _: i32) -> char {
[INFO] [stderr]     |                 ^^^^^ help: if this is intentional, prefix it with an underscore: `_point`
[INFO] [stderr] 
[INFO] [stderr] warning: unused variable: `key`
[INFO] [stderr]    --> libs/game/src/game.rs:155:24
[INFO] [stderr]     |
[INFO] [stderr] 155 |     pub fn key_pressed(key: KeyCode) -> bool {
[INFO] [stderr]     |                        ^^^ help: if this is intentional, prefix it with an underscore: `_key`
[INFO] [stderr] 
[INFO] [stderr] warning: unused variable: `foreground`
[INFO] [stderr]    --> libs/game/src/game.rs:158:23
[INFO] [stderr]     |
[INFO] [stderr] 158 |     pub fn set_colors(foreground: Color, background: Color) {
[INFO] [stderr]     |                       ^^^^^^^^^^ help: if this is intentional, prefix it with an underscore: `_foreground`
[INFO] [stderr] 
[INFO] [stderr] warning: unused variable: `background`
[INFO] [stderr]    --> libs/game/src/game.rs:158:42
[INFO] [stderr]     |
[INFO] [stderr] 158 |     pub fn set_colors(foreground: Color, background: Color) {
[INFO] [stderr]     |                                          ^^^^^^^^^^ help: if this is intentional, prefix it with an underscore: `_background`
[INFO] [stderr] 
[INFO] [stderr] warning: unused variable: `foreground`
[INFO] [stderr]    --> libs/game/src/game.rs:167:27
[INFO] [stderr]     |
[INFO] [stderr] 167 |     pub fn set_foreground(foreground: Color) {
[INFO] [stderr]     |                           ^^^^^^^^^^ help: if this is intentional, prefix it with an underscore: `_foreground`
[INFO] [stderr] 
[INFO] [stderr] warning: unused variable: `background`
[INFO] [stderr]    --> libs/game/src/game.rs:173:27
[INFO] [stderr]     |
[INFO] [stderr] 173 |     pub fn set_background(background: Color) {
[INFO] [stderr]     |                           ^^^^^^^^^^ help: if this is intentional, prefix it with an underscore: `_background`
[INFO] [stderr] 
[INFO] [stderr] warning: unused variable: `layer`
[INFO] [stderr]    --> libs/game/src/game.rs:179:22
[INFO] [stderr]     |
[INFO] [stderr] 179 |     pub fn set_layer(layer: i32) {
[INFO] [stderr]     |                      ^^^^^ help: if this is intentional, prefix it with an underscore: `_layer`
[INFO] [stderr] 
[INFO] [stderr] warning: `render` (lib) generated 1 warning (run `cargo fix --lib -p render` to apply 1 suggestion)
[INFO] [stderr] warning: `game` (lib) generated 13 warnings (run `cargo fix --lib -p game` to apply 13 suggestions)
[INFO] [stderr] warning: unused imports: `command`, `sprite`, `unscaled`
[INFO] [stderr]  --> libs/app/src/app.rs:2:22
[INFO] [stderr]   |
[INFO] [stderr] 2 | use platform_types::{command, sprite, unscaled, Button, Input, Speaker, SFX};
[INFO] [stderr]   |                      ^^^^^^^  ^^^^^^  ^^^^^^^^
[INFO] [stderr]   |
[INFO] [stderr]   = note: `#[warn(unused_imports)]` on by default
[INFO] [stderr] 
[INFO] [stderr] warning: variable does not need to be mutable
[INFO] [stderr]   --> libs/app/src/app.rs:23:13
[INFO] [stderr]    |
[INFO] [stderr] 23 |         let mut game_state = game::State::new(seed);
[INFO] [stderr]    |             ----^^^^^^^^^^
[INFO] [stderr]    |             |
[INFO] [stderr]    |             help: remove this `mut`
[INFO] [stderr]    |
[INFO] [stderr]    = note: `#[warn(unused_mut)]` on by default
[INFO] [stderr] 
[INFO] [stderr] warning: `app` (lib) generated 2 warnings (run `cargo fix --lib -p app` to apply 2 suggestions)
[INFO] [stderr] warning: `app` (lib test) generated 2 warnings (2 duplicates)
[INFO] [stderr] warning: `render` (lib test) generated 1 warning (1 duplicate)
[INFO] [stderr] warning: `game` (lib test) generated 13 warnings (13 duplicates)
[INFO] [stderr] warning: `state_manipulation` (lib test) generated 2 warnings (2 duplicates)
[INFO] [stderr] warning: `common` (lib test) generated 5 warnings (5 duplicates)
[INFO] [stderr]     Finished test [optimized] target(s) in 0.07s
[INFO] [stderr] warning: the following packages contain code that will be rejected by a future version of Rust: wasmparser v0.59.0, wasmparser v0.77.0
[INFO] [stderr] note: to see what the problems were, use the option `--future-incompat-report`, or run `cargo report future-incompatibilities --id 2`
[INFO] [stderr]      Running unittests src/app.rs (/opt/rustwide/target/debug/deps/app-00082e445744a9a8)
[INFO] [stdout] 
[INFO] [stdout] running 0 tests
[INFO] [stdout] 
[INFO] [stdout] test result: ok. 0 passed; 0 failed; 0 ignored; 0 measured; 0 filtered out; finished in 0.00s
[INFO] [stdout] 
[INFO] [stderr]      Running unittests src/assets.rs (/opt/rustwide/target/debug/deps/assets-848f91e9e52dff38)
[INFO] [stdout] 
[INFO] [stdout] running 0 tests
[INFO] [stdout] 
[INFO] [stdout] test result: ok. 0 passed; 0 failed; 0 ignored; 0 measured; 0 filtered out; finished in 0.00s
[INFO] [stdout] 
[INFO] [stderr]      Running unittests src/lib.rs (/opt/rustwide/target/debug/deps/common-6d0997b2cd46767b)
[INFO] [stdout] 
[INFO] [stdout] running 0 tests
[INFO] [stdout] 
[INFO] [stdout] test result: ok. 0 passed; 0 failed; 0 ignored; 0 measured; 0 filtered out; finished in 0.00s
[INFO] [stdout] 
[INFO] [stderr]      Running unittests src/features.rs (/opt/rustwide/target/debug/deps/features-7cda777e6962eba5)
[INFO] [stdout] 
[INFO] [stdout] running 0 tests
[INFO] [stdout] 
[INFO] [stdout] test result: ok. 0 passed; 0 failed; 0 ignored; 0 measured; 0 filtered out; finished in 0.00s
[INFO] [stdout] 
[INFO] [stderr]      Running unittests src/game.rs (/opt/rustwide/target/debug/deps/game-8b9a9ee543f354d2)
[INFO] [stdout] 
[INFO] [stdout] running 0 tests
[INFO] [stdout] 
[INFO] [stdout] test result: ok. 0 passed; 0 failed; 0 ignored; 0 measured; 0 filtered out; finished in 0.00s
[INFO] [stdout] 
[INFO] [stderr]      Running unittests src/gfx.rs (/opt/rustwide/target/debug/deps/gfx-cb4ccc8b50717022)
[INFO] [stdout] 
[INFO] [stdout] running 0 tests
[INFO] [stdout] 
[INFO] [stdout] test result: ok. 0 passed; 0 failed; 0 ignored; 0 measured; 0 filtered out; finished in 0.00s
[INFO] [stdout] 
[INFO] [stderr]      Running unittests src/main.rs (/opt/rustwide/target/debug/deps/ice_puzzles-0864986e81165d57)
[INFO] [stdout] 
[INFO] [stdout] running 0 tests
[INFO] [stdout] 
[INFO] [stdout] test result: ok. 0 passed; 0 failed; 0 ignored; 0 measured; 0 filtered out; finished in 0.00s
[INFO] [stdout] 
[INFO] [stderr]      Running unittests src/models.rs (/opt/rustwide/target/debug/deps/models-77f8b3545b5f5a4f)
[INFO] [stdout] 
[INFO] [stdout] running 0 tests
[INFO] [stdout] 
[INFO] [stdout] test result: ok. 0 passed; 0 failed; 0 ignored; 0 measured; 0 filtered out; finished in 0.00s
[INFO] [stdout] 
[INFO] [stderr]      Running unittests src/platform.rs (/opt/rustwide/target/debug/deps/platform-577afaf635fad3c8)
[INFO] [stdout] 
[INFO] [stdout] running 0 tests
[INFO] [stdout] 
[INFO] [stdout] test result: ok. 0 passed; 0 failed; 0 ignored; 0 measured; 0 filtered out; finished in 0.00s
[INFO] [stdout] 
[INFO] [stderr]      Running unittests src/platform_types.rs (/opt/rustwide/target/debug/deps/platform_types-f3b505300889db0f)
[INFO] [stdout] 
[INFO] [stdout] running 2 tests
[INFO] [stdout] test command::from_unscaled_then_unscaled_is_identity_on_this_example ... ok
[INFO] [stdout] test command::unscaled_then_from_unscaled_is_identity_on_this_example ... ok
[INFO] [stdout] 
[INFO] [stdout] test result: ok. 2 passed; 0 failed; 0 ignored; 0 measured; 0 filtered out; finished in 0.00s
[INFO] [stdout] 
[INFO] [stderr]      Running unittests src/render.rs (/opt/rustwide/target/debug/deps/render-371dfd82e3b34a36)
[INFO] [stdout] 
[INFO] [stdout] running 3 tests
[INFO] [stdout] test reset_then_hash_commands_around_a_swap_produces_identical_current_and_prev_cells::on_the_empty_slice ... ok
[INFO] [stdout] test reset_then_hash_commands_around_a_swap_produces_identical_current_and_prev_cells::on_this_one_element_slice ... ok
[INFO] [stdout] test wide_tests::pick_via_mask_returns_the_expected_result_in_this_or_like_case ... ok
[INFO] [stdout] 
[INFO] [stdout] test result: ok. 3 passed; 0 failed; 0 ignored; 0 measured; 0 filtered out; finished in 0.00s
[INFO] [stdout] 
[INFO] [stderr]      Running unittests src/main.rs (/opt/rustwide/target/debug/deps/run_wasm-e6808edfc39433f4)
[INFO] [stdout] 
[INFO] [stdout] running 0 tests
[INFO] [stdout] 
[INFO] [stdout] test result: ok. 0 passed; 0 failed; 0 ignored; 0 measured; 0 filtered out; finished in 0.00s
[INFO] [stdout] 
[INFO] [stderr]      Running unittests src/lib.rs (/opt/rustwide/target/debug/deps/state_manipulation-369f68324d5a7167)
[INFO] [stdout] 
[INFO] [stdout] running 0 tests
[INFO] [stdout] 
[INFO] [stdout] test result: ok. 0 passed; 0 failed; 0 ignored; 0 measured; 0 filtered out; finished in 0.00s
[INFO] [stdout] 
[INFO] [stderr]      Running unittests src/xs.rs (/opt/rustwide/target/debug/deps/xs-b44bacf870fd4854)
[INFO] [stdout] 
[INFO] [stdout] running 0 tests
[INFO] [stdout] 
[INFO] [stdout] test result: ok. 0 passed; 0 failed; 0 ignored; 0 measured; 0 filtered out; finished in 0.00s
[INFO] [stdout] 
[INFO] [stderr]    Doc-tests app
[INFO] [stdout] 
[INFO] [stdout] running 0 tests
[INFO] [stdout] 
[INFO] [stdout] test result: ok. 0 passed; 0 failed; 0 ignored; 0 measured; 0 filtered out; finished in 0.00s
[INFO] [stdout] 
[INFO] [stderr]    Doc-tests assets
[INFO] [stdout] 
[INFO] [stdout] running 0 tests
[INFO] [stdout] 
[INFO] [stdout] test result: ok. 0 passed; 0 failed; 0 ignored; 0 measured; 0 filtered out; finished in 0.00s
[INFO] [stdout] 
[INFO] [stderr]    Doc-tests common
[INFO] [stderr] warning: unnecessary parentheses around type
[INFO] [stderr]   --> libs/legacy/common/src/lib.rs:21:33
[INFO] [stderr]    |
[INFO] [stderr] 21 |     pub get_foreground: fn() -> (Color),
[INFO] [stderr]    |                                 ^     ^
[INFO] [stderr]    |
[INFO] [stderr]    = note: `#[warn(unused_parens)]` on by default
[INFO] [stderr] help: remove these parentheses
[INFO] [stderr]    |
[INFO] [stderr] 21 -     pub get_foreground: fn() -> (Color),
[INFO] [stderr] 21 +     pub get_foreground: fn() -> Color,
[INFO] [stderr]    |
[INFO] [stderr] 
[INFO] [stderr] warning: unnecessary parentheses around type
[INFO] [stderr]   --> libs/legacy/common/src/lib.rs:23:33
[INFO] [stderr]    |
[INFO] [stderr] 23 |     pub get_background: fn() -> (Color),
[INFO] [stderr]    |                                 ^     ^
[INFO] [stderr]    |
[INFO] [stderr] help: remove these parentheses
[INFO] [stderr]    |
[INFO] [stderr] 23 -     pub get_background: fn() -> (Color),
[INFO] [stderr] 23 +     pub get_background: fn() -> Color,
[INFO] [stderr]    |
[INFO] [stderr] 
[INFO] [stderr] warning: 2 warnings emitted
[INFO] [stderr] 
[INFO] [stdout] 
[INFO] [stdout] running 4 tests
[INFO] [stdout] test libs/legacy/common/src/lib.rs - Rect::from_points (line 203) ... FAILED
[INFO] [stdout] test libs/legacy/common/src/lib.rs - Rect::from_values (line 224) ... FAILED
[INFO] [stdout] test libs/legacy/common/src/lib.rs - Rect::from_size (line 176) ... FAILED
[INFO] [stdout] test libs/legacy/common/src/lib.rs - Rect::from_point_values (line 240) ... FAILED
[INFO] [stdout] 
[INFO] [stdout] failures:
[INFO] [stdout] 
[INFO] [stdout] ---- libs/legacy/common/src/lib.rs - Rect::from_points (line 203) stdout ----
[INFO] [stdout] error[E0433]: failed to resolve: maybe a missing crate `bear_lib_terminal`?
[INFO] [stdout]  --> libs/legacy/common/src/lib.rs:204:5
[INFO] [stdout]   |
[INFO] [stdout] 3 | use bear_lib_terminal::geometry::{Rect, Point, Size};
[INFO] [stdout]   |     ^^^^^^^^^^^^^^^^^ maybe a missing crate `bear_lib_terminal`?
[INFO] [stdout]   |
[INFO] [stdout]   = help: consider adding `extern crate bear_lib_terminal` to use the `bear_lib_terminal` crate
[INFO] [stdout] 
[INFO] [stdout] error: aborting due to previous error
[INFO] [stdout] 
[INFO] [stdout] For more information about this error, try `rustc --explain E0433`.
[INFO] [stdout] Couldn't compile the test.
[INFO] [stdout] ---- libs/legacy/common/src/lib.rs - Rect::from_values (line 224) stdout ----
[INFO] [stdout] error[E0433]: failed to resolve: maybe a missing crate `bear_lib_terminal`?
[INFO] [stdout]  --> libs/legacy/common/src/lib.rs:225:5
[INFO] [stdout]   |
[INFO] [stdout] 3 | use bear_lib_terminal::geometry::{Rect, Point, Size};
[INFO] [stdout]   |     ^^^^^^^^^^^^^^^^^ maybe a missing crate `bear_lib_terminal`?
[INFO] [stdout]   |
[INFO] [stdout]   = help: consider adding `extern crate bear_lib_terminal` to use the `bear_lib_terminal` crate
[INFO] [stdout] 
[INFO] [stdout] error: aborting due to previous error
[INFO] [stdout] 
[INFO] [stdout] For more information about this error, try `rustc --explain E0433`.
[INFO] [stdout] Couldn't compile the test.
[INFO] [stdout] ---- libs/legacy/common/src/lib.rs - Rect::from_size (line 176) stdout ----
[INFO] [stdout] error[E0433]: failed to resolve: maybe a missing crate `bear_lib_terminal`?
[INFO] [stdout]  --> libs/legacy/common/src/lib.rs:177:5
[INFO] [stdout]   |
[INFO] [stdout] 3 | use bear_lib_terminal::geometry::{Rect, Point, Size};
[INFO] [stdout]   |     ^^^^^^^^^^^^^^^^^ maybe a missing crate `bear_lib_terminal`?
[INFO] [stdout]   |
[INFO] [stdout]   = help: consider adding `extern crate bear_lib_terminal` to use the `bear_lib_terminal` crate
[INFO] [stdout] 
[INFO] [stdout] error: aborting due to previous error
[INFO] [stdout] 
[INFO] [stdout] For more information about this error, try `rustc --explain E0433`.
[INFO] [stdout] Couldn't compile the test.
[INFO] [stdout] ---- libs/legacy/common/src/lib.rs - Rect::from_point_values (line 240) stdout ----
[INFO] [stdout] error[E0433]: failed to resolve: maybe a missing crate `bear_lib_terminal`?
[INFO] [stdout]  --> libs/legacy/common/src/lib.rs:241:5
[INFO] [stdout]   |
[INFO] [stdout] 3 | use bear_lib_terminal::geometry::{Rect, Point, Size};
[INFO] [stdout]   |     ^^^^^^^^^^^^^^^^^ maybe a missing crate `bear_lib_terminal`?
[INFO] [stdout]   |
[INFO] [stdout]   = help: consider adding `extern crate bear_lib_terminal` to use the `bear_lib_terminal` crate
[INFO] [stdout] 
[INFO] [stdout] error: aborting due to previous error
[INFO] [stdout] 
[INFO] [stdout] For more information about this error, try `rustc --explain E0433`.
[INFO] [stdout] Couldn't compile the test.
[INFO] [stdout] 
[INFO] [stdout] failures:
[INFO] [stdout]     libs/legacy/common/src/lib.rs - Rect::from_point_values (line 240)
[INFO] [stdout]     libs/legacy/common/src/lib.rs - Rect::from_points (line 203)
[INFO] [stdout]     libs/legacy/common/src/lib.rs - Rect::from_size (line 176)
[INFO] [stdout]     libs/legacy/common/src/lib.rs - Rect::from_values (line 224)
[INFO] [stdout] 
[INFO] [stdout] test result: FAILED. 0 passed; 4 failed; 0 ignored; 0 measured; 0 filtered out; finished in 0.04s
[INFO] [stdout] 
[INFO] [stderr] error: doctest failed, to rerun pass `-p common --doc`
[INFO] running `Command { std: "docker" "inspect" "842a73defabab4797bd4bffd51083cd68af3b24a713d67cb6959e8031adfdc26", kill_on_drop: false }`
[INFO] running `Command { std: "docker" "rm" "-f" "842a73defabab4797bd4bffd51083cd68af3b24a713d67cb6959e8031adfdc26", kill_on_drop: false }`
[INFO] [stdout] 842a73defabab4797bd4bffd51083cd68af3b24a713d67cb6959e8031adfdc26
