[INFO] cloning repository https://github.com/Rustixir/darkbird
[INFO] running `Command { std: "git" "-c" "credential.helper=" "-c" "credential.helper=/workspace/cargo-home/bin/git-credential-null" "clone" "--bare" "https://github.com/Rustixir/darkbird" "/workspace/cache/git-repos/https%3A%2F%2Fgithub.com%2FRustixir%2Fdarkbird", kill_on_drop: false }`
[INFO] [stderr] Cloning into bare repository '/workspace/cache/git-repos/https%3A%2F%2Fgithub.com%2FRustixir%2Fdarkbird'...
[INFO] running `Command { std: "git" "rev-parse" "HEAD", kill_on_drop: false }`
[INFO] [stdout] cd454395108525c76fbef92faa4c1b6b995301f7
[INFO] testing Rustixir/darkbird against 1.75.0 for beta-1.76-1
[INFO] running `Command { std: "git" "clone" "/workspace/cache/git-repos/https%3A%2F%2Fgithub.com%2FRustixir%2Fdarkbird" "/workspace/builds/worker-1-tc1/source", kill_on_drop: false }`
[INFO] [stderr] Cloning into '/workspace/builds/worker-1-tc1/source'...
[INFO] [stderr] done.
[INFO] validating manifest of git repo https://github.com/Rustixir/darkbird on toolchain 1.75.0
[INFO] running `Command { std: CARGO_HOME="/workspace/cargo-home" RUSTUP_HOME="/workspace/rustup-home" "/workspace/cargo-home/bin/cargo" "+1.75.0" "metadata" "--manifest-path" "Cargo.toml" "--no-deps", kill_on_drop: false }`
[INFO] started tweaking git repo https://github.com/Rustixir/darkbird
[INFO] finished tweaking git repo https://github.com/Rustixir/darkbird
[INFO] tweaked toml for git repo https://github.com/Rustixir/darkbird written to /workspace/builds/worker-1-tc1/source/Cargo.toml
[INFO] crate git repo https://github.com/Rustixir/darkbird already has a lockfile, it will not be regenerated
[INFO] running `Command { std: CARGO_HOME="/workspace/cargo-home" RUSTUP_HOME="/workspace/rustup-home" "/workspace/cargo-home/bin/cargo" "+1.75.0" "fetch" "--manifest-path" "Cargo.toml", kill_on_drop: false }`
[INFO] [stderr]     Updating crates.io index
[INFO] [stderr]  Downloading crates ...
[INFO] [stderr]   Downloaded simple_wal v0.3.0
[INFO] [stderr]   Downloaded scylla v0.4.7
[INFO] [stderr]   Downloaded scylla-macros v0.1.2
[INFO] [stderr]   Downloaded advisory-lock v0.2.0
[INFO] running `Command { std: "docker" "create" "-v" "/var/lib/crater-agent-workspace/builds/worker-1-tc1/target:/opt/rustwide/target:rw,Z" "-v" "/var/lib/crater-agent-workspace/builds/worker-1-tc1/source:/opt/rustwide/workdir:ro,Z" "-v" "/var/lib/crater-agent-workspace/cargo-home:/opt/rustwide/cargo-home:ro,Z" "-v" "/var/lib/crater-agent-workspace/rustup-home:/opt/rustwide/rustup-home:ro,Z" "-e" "SOURCE_DIR=/opt/rustwide/workdir" "-e" "CARGO_TARGET_DIR=/opt/rustwide/target" "-e" "CARGO_HOME=/opt/rustwide/cargo-home" "-e" "RUSTUP_HOME=/opt/rustwide/rustup-home" "-w" "/opt/rustwide/workdir" "-m" "1610612736" "--user" "0:0" "--network" "none" "ghcr.io/rust-lang/crates-build-env/linux@sha256:2788e3201cd34a07e3172128adcd8b3090168a8e3bcc40d7c032b9dda1df7d1c" "/opt/rustwide/cargo-home/bin/cargo" "+1.75.0" "metadata" "--no-deps" "--format-version=1", kill_on_drop: false }`
[INFO] [stdout] 6c1337166125aa15b6e53b36ed05e4561bf152edc968774f8f16a17fd1ce93ed
[INFO] running `Command { std: "docker" "start" "-a" "6c1337166125aa15b6e53b36ed05e4561bf152edc968774f8f16a17fd1ce93ed", kill_on_drop: false }`
[INFO] running `Command { std: "docker" "inspect" "6c1337166125aa15b6e53b36ed05e4561bf152edc968774f8f16a17fd1ce93ed", kill_on_drop: false }`
[INFO] running `Command { std: "docker" "rm" "-f" "6c1337166125aa15b6e53b36ed05e4561bf152edc968774f8f16a17fd1ce93ed", kill_on_drop: false }`
[INFO] [stdout] 6c1337166125aa15b6e53b36ed05e4561bf152edc968774f8f16a17fd1ce93ed
[INFO] running `Command { std: "docker" "create" "-v" "/var/lib/crater-agent-workspace/builds/worker-1-tc1/target:/opt/rustwide/target:rw,Z" "-v" "/var/lib/crater-agent-workspace/builds/worker-1-tc1/source:/opt/rustwide/workdir:ro,Z" "-v" "/var/lib/crater-agent-workspace/cargo-home:/opt/rustwide/cargo-home:ro,Z" "-v" "/var/lib/crater-agent-workspace/rustup-home:/opt/rustwide/rustup-home:ro,Z" "-e" "SOURCE_DIR=/opt/rustwide/workdir" "-e" "CARGO_TARGET_DIR=/opt/rustwide/target" "-e" "CARGO_INCREMENTAL=0" "-e" "RUST_BACKTRACE=full" "-e" "RUSTFLAGS=--cap-lints=warn" "-e" "RUSTDOCFLAGS=--cap-lints=warn" "-e" "CARGO_HOME=/opt/rustwide/cargo-home" "-e" "RUSTUP_HOME=/opt/rustwide/rustup-home" "-w" "/opt/rustwide/workdir" "-m" "1610612736" "--user" "0:0" "--network" "none" "ghcr.io/rust-lang/crates-build-env/linux@sha256:2788e3201cd34a07e3172128adcd8b3090168a8e3bcc40d7c032b9dda1df7d1c" "/opt/rustwide/cargo-home/bin/cargo" "+1.75.0" "build" "--frozen" "--message-format=json", kill_on_drop: false }`
[INFO] [stdout] 30fa338105684046a02cffe7886b722a0778919fd631919bf6a2d1cf40a0ade1
[INFO] running `Command { std: "docker" "start" "-a" "30fa338105684046a02cffe7886b722a0778919fd631919bf6a2d1cf40a0ade1", kill_on_drop: false }`
[INFO] [stderr]    Compiling proc-macro2 v1.0.69
[INFO] [stderr]    Compiling unicode-ident v1.0.12
[INFO] [stderr]    Compiling libc v0.2.149
[INFO] [stderr]    Compiling cfg-if v1.0.0
[INFO] [stderr]    Compiling typenum v1.17.0
[INFO] [stderr]    Compiling ppv-lite86 v0.2.17
[INFO] [stderr]    Compiling generic-array v0.14.7
[INFO] [stderr]    Compiling futures-core v0.3.29
[INFO] [stderr]    Compiling pin-project-lite v0.2.13
[INFO] [stderr]    Compiling slab v0.4.9
[INFO] [stderr]    Compiling num-traits v0.2.17
[INFO] [stderr]    Compiling futures-task v0.3.29
[INFO] [stderr]    Compiling subtle v2.5.0
[INFO] [stderr]    Compiling futures-sink v0.3.29
[INFO] [stderr]    Compiling futures-channel v0.3.29
[INFO] [stderr]    Compiling memchr v2.6.4
[INFO] [stderr]    Compiling syn v1.0.109
[INFO] [stderr]    Compiling lock_api v0.4.11
[INFO] [stderr]    Compiling hashbrown v0.14.2
[INFO] [stderr]    Compiling quote v1.0.33
[INFO] [stderr]    Compiling tinyvec_macros v0.1.1
[INFO] [stderr]    Compiling equivalent v1.0.1
[INFO] [stderr]    Compiling bytes v1.5.0
[INFO] [stderr]    Compiling futures-util v0.3.29
[INFO] [stderr]    Compiling syn v2.0.38
[INFO] [stderr]    Compiling getrandom v0.2.10
[INFO] [stderr]    Compiling once_cell v1.18.0
[INFO] [stderr]    Compiling rand_core v0.6.4
[INFO] [stderr]    Compiling getrandom v0.1.16
[INFO] [stderr]    Compiling parking_lot_core v0.9.9
[INFO] [stderr]    Compiling indexmap v2.0.2
[INFO] [stderr]    Compiling rand_chacha v0.3.1
[INFO] [stderr]    Compiling tinyvec v1.6.0
[INFO] [stderr]    Compiling rand v0.8.5
[INFO] [stderr]    Compiling block-buffer v0.10.4
[INFO] [stderr]    Compiling crypto-common v0.1.6
[INFO] [stderr]    Compiling digest v0.10.7
[INFO] [stderr]    Compiling num-integer v0.1.45
[INFO] [stderr]    Compiling winnow v0.5.17
[INFO] [stderr]    Compiling smallvec v1.11.1
[INFO] [stderr]    Compiling thiserror v1.0.50
[INFO] [stderr]    Compiling pin-utils v0.1.0
[INFO] [stderr]    Compiling toml_datetime v0.6.5
[INFO] [stderr]    Compiling futures-io v0.3.29
[INFO] [stderr]    Compiling scopeguard v1.2.0
[INFO] [stderr]    Compiling unicode-normalization v0.1.22
[INFO] [stderr]    Compiling tracing-core v0.1.32
[INFO] [stderr]    Compiling socket2 v0.5.5
[INFO] [stderr]    Compiling num_cpus v1.16.0
[INFO] [stderr]    Compiling mio v0.8.9
[INFO] [stderr]    Compiling num-bigint v0.3.3
[INFO] [stderr]    Compiling rustversion v1.0.14
[INFO] [stderr]    Compiling toml_edit v0.19.15
[INFO] [stderr]    Compiling unicode-bidi v0.3.13
[INFO] [stderr]    Compiling byteorder v1.5.0
[INFO] [stderr]    Compiling finl_unicode v1.2.0
[INFO] [stderr]    Compiling cpufeatures v0.2.11
[INFO] [stderr]    Compiling sha2 v0.10.8
[INFO] [stderr]    Compiling rand_core v0.5.1
[INFO] [stderr]    Compiling stringprep v0.1.4
[INFO] [stderr]    Compiling hmac v0.12.1
[INFO] [stderr]    Compiling md-5 v0.10.6
[INFO] [stderr]    Compiling serde v1.0.190
[INFO] [stderr]    Compiling proc-macro-crate v1.3.1
[INFO] [stderr]    Compiling async-trait v0.1.74
[INFO] [stderr]    Compiling fallible-iterator v0.2.0
[INFO] [stderr]    Compiling log v0.4.20
[INFO] [stderr]    Compiling siphasher v0.3.11
[INFO] [stderr]    Compiling snap v1.1.0
[INFO] [stderr]    Compiling base64 v0.21.5
[INFO] [stderr]    Compiling static_assertions v1.1.0
[INFO] [stderr]    Compiling unicode-segmentation v1.10.1
[INFO] [stderr]    Compiling twox-hash v1.6.3
[INFO] [stderr]    Compiling postgres-protocol v0.6.6
[INFO] [stderr]    Compiling heck v0.3.3
[INFO] [stderr]    Compiling phf_shared v0.11.2
[INFO] [stderr]    Compiling crc32fast v1.3.2
[INFO] [stderr]    Compiling futures-macro v0.3.29
[INFO] [stderr]    Compiling tokio-macros v2.1.0
[INFO] [stderr]    Compiling tracing-attributes v0.1.27
[INFO] [stderr]    Compiling thiserror-impl v1.0.50
[INFO] [stderr]    Compiling uuid-macro-internal v1.5.0
[INFO] [stderr]    Compiling num_enum_derive v0.5.11
[INFO] [stderr]    Compiling tokio v1.33.0
[INFO] [stderr]    Compiling serde_derive v1.0.190
[INFO] [stderr]    Compiling rand_chacha v0.2.2
[INFO] [stderr]    Compiling tracing v0.1.40
[INFO] [stderr]    Compiling either v1.9.0
[INFO] [stderr]    Compiling iana-time-zone v0.1.58
[INFO] [stderr]    Compiling dashmap v5.5.3
[INFO] [stderr]    Compiling strum_macros v0.23.1
[INFO] [stderr]    Compiling itertools v0.10.5
[INFO] [stderr]    Compiling chrono v0.4.31
[INFO] [stderr]    Compiling bigdecimal v0.2.2
[INFO] [stderr]    Compiling num_enum v0.5.11
[INFO] [stderr]    Compiling advisory-lock v0.2.0
[INFO] [stderr]    Compiling rand v0.7.3
[INFO] [stderr]    Compiling futures-executor v0.3.29
[INFO] [stderr]    Compiling futures v0.3.29
[INFO] [stderr]    Compiling tokio-util v0.7.10
[INFO] [stderr]    Compiling uuid v1.5.0
[INFO] [stderr]    Compiling postgres-types v0.2.6
[INFO] [stderr]    Compiling phf v0.11.2
[INFO] [stderr]    Compiling lz4_flex v0.9.5
[INFO] [stderr]    Compiling scylla-macros v0.1.2
[INFO] [stderr]    Compiling parking_lot v0.12.1
[INFO] [stderr]    Compiling whoami v1.4.1
[INFO] [stderr]    Compiling strum v0.23.0
[INFO] [stderr]    Compiling histogram v0.6.9
[INFO] [stderr]    Compiling arc-swap v1.6.0
[INFO] [stderr]    Compiling percent-encoding v2.3.0
[INFO] [stderr]    Compiling simple_wal v0.3.0
[INFO] [stderr]    Compiling anymap v0.12.1
[INFO] [stderr]    Compiling scylla v0.4.7
[INFO] [stderr]    Compiling tokio-postgres v0.7.10
[INFO] [stderr]    Compiling bincode v1.3.3
[INFO] [stderr]    Compiling darkbird v6.2.4 (/opt/rustwide/workdir)
[INFO] [stdout] warning: unused imports: `Schema`, `VecStorage`, `Vector`
[INFO] [stdout]   --> src/darkbird/storage_vector_test.rs:1:13
[INFO] [stdout]    |
[INFO] [stdout] 1  | use crate::{VecStorage, Options, Vector, Schema, StorageType};
[INFO] [stdout]    |             ^^^^^^^^^^           ^^^^^^  ^^^^^^
[INFO] [stdout]    |
[INFO] [stdout] help: consider adding a `#[cfg(test)]` to the containing module
[INFO] [stdout]   --> src/darkbird.rs:14:1
[INFO] [stdout]    |
[INFO] [stdout] 14 | mod storage_vector_test;
[INFO] [stdout]    | ^^^^^^^^^^^^^^^^^^^^^^^^
[INFO] [stdout]    = note: `#[warn(unused_imports)]` on by default
[INFO] [stdout] 
[INFO] [stdout] 
[INFO] [stdout] warning: unused import: `Format`
[INFO] [stdout]  --> src/darkbird/wal/helper.rs:4:29
[INFO] [stdout]   |
[INFO] [stdout] 4 | use super::page_processor::{Format, Sync, PageProcessor};
[INFO] [stdout]   |                             ^^^^^^
[INFO] [stdout] 
[INFO] [stdout] 
[INFO] [stdout] warning: use of deprecated method `chrono::DateTime::<Tz>::date`: Use `date_naive()` instead
[INFO] [stdout]   --> src/darkbird/wal/helper.rs:57:19
[INFO] [stdout]    |
[INFO] [stdout] 57 |     let date = dt.date().to_string();
[INFO] [stdout]    |                   ^^^^
[INFO] [stdout]    |
[INFO] [stdout]    = note: `#[warn(deprecated)]` on by default
[INFO] [stdout] 
[INFO] [stdout] 
[INFO] [stdout] warning: variable does not need to be mutable
[INFO] [stdout]    --> src/darkbird/storage_redis.rs:261:13
[INFO] [stdout]     |
[INFO] [stdout] 261 |         let mut state = self.shared.state.lock().unwrap();
[INFO] [stdout]     |             ----^^^^^
[INFO] [stdout]     |             |
[INFO] [stdout]     |             help: remove this `mut`
[INFO] [stdout]     |
[INFO] [stdout]     = note: `#[warn(unused_mut)]` on by default
[INFO] [stdout] 
[INFO] [stdout] 
[INFO] [stdout] warning: methods `remove_tag` and `remove_view` are never used
[INFO] [stdout]   --> src/darkbird/index/tags.rs:92:12
[INFO] [stdout]    |
[INFO] [stdout] 11 | / impl<K> TagIndex<K>
[INFO] [stdout] 12 | | where
[INFO] [stdout] 13 | |     K: Serialize
[INFO] [stdout] 14 | |         + DeserializeOwned
[INFO] [stdout] ...  |
[INFO] [stdout] 21 | |         + Send
[INFO] [stdout] 22 | |         + 'static,
[INFO] [stdout]    | |__________________- methods in this implementation
[INFO] [stdout] ...
[INFO] [stdout] 92 |       pub fn remove_tag(&self, tag: &str) {
[INFO] [stdout]    |              ^^^^^^^^^^
[INFO] [stdout] ...
[INFO] [stdout] 99 |       pub fn remove_view(&self, view_name: &str) {
[INFO] [stdout]    |              ^^^^^^^^^^^
[INFO] [stdout]    |
[INFO] [stdout]    = note: `#[warn(dead_code)]` on by default
[INFO] [stdout] 
[INFO] [stdout] 
[INFO] [stdout] warning: method `remove_tree` is never used
[INFO] [stdout]   --> src/darkbird/index/range.rs:80:12
[INFO] [stdout]    |
[INFO] [stdout] 12 | / impl<K> RangeIndex<K>
[INFO] [stdout] 13 | | where
[INFO] [stdout] 14 | |     K: Serialize
[INFO] [stdout] 15 | |         + DeserializeOwned
[INFO] [stdout] ...  |
[INFO] [stdout] 22 | |         + Send
[INFO] [stdout] 23 | |         + 'static,
[INFO] [stdout]    | |__________________- method in this implementation
[INFO] [stdout] ...
[INFO] [stdout] 80 |       pub fn remove_tree(&self, field_name: &str) {
[INFO] [stdout]    |              ^^^^^^^^^^^
[INFO] [stdout] 
[INFO] [stdout] 
[INFO] [stdout] warning: fields `c` and `router_type` are never read
[INFO] [stdout]   --> src/darkbird/router.rs:93:5
[INFO] [stdout]    |
[INFO] [stdout] 92 | pub struct Router<Msg> {
[INFO] [stdout]    |            ------ fields in this struct
[INFO] [stdout] 93 |     c: usize,
[INFO] [stdout]    |     ^
[INFO] [stdout] 94 |     channels: Vec<Sender<Msg>>,
[INFO] [stdout] 95 |     router_type: RouterType
[INFO] [stdout]    |     ^^^^^^^^^^^
[INFO] [stdout] 
[INFO] [stdout] 
[INFO] [stdout] warning: method `next_index` is never used
[INFO] [stdout]    --> src/darkbird/router.rs:190:8
[INFO] [stdout]     |
[INFO] [stdout] 98  | / impl<Msg> Router<Msg> 
[INFO] [stdout] 99  | | where
[INFO] [stdout] 100 | |     Msg: Clone + Send + 'static
[INFO] [stdout]     | |_______________________________- method in this implementation
[INFO] [stdout] ...
[INFO] [stdout] 190 |       fn next_index(&mut self) -> usize {
[INFO] [stdout]     |          ^^^^^^^^^^
[INFO] [stdout] 
[INFO] [stdout] 
[INFO] [stdout] warning: associated items `new` and `storage` are never used
[INFO] [stdout]    --> src/darkbird/storage_redis.rs:98:19
[INFO] [stdout]     |
[INFO] [stdout] 86  | / impl<K, Doc> DbDropGuard<K, Doc> 
[INFO] [stdout] 87  | | where
[INFO] [stdout] 88  | |     Doc: Clone + Send + Sync + 'static,
[INFO] [stdout] 89  | |     K:  Clone
[INFO] [stdout] ...   |
[INFO] [stdout] 95  | |         + Send
[INFO] [stdout] 96  | |         + 'static
[INFO] [stdout]     | |_________________- associated items in this implementation
[INFO] [stdout] 97  |   {
[INFO] [stdout] 98  |       pub(crate) fn new() -> DbDropGuard<K, Doc> {
[INFO] [stdout]     |                     ^^^
[INFO] [stdout] ...
[INFO] [stdout] 103 |       pub(crate) fn storage(&self) -> RedisStorage<K, Doc> {
[INFO] [stdout]     |                     ^^^^^^^
[INFO] [stdout] 
[INFO] [stdout] 
[INFO] [stdout] warning: function `factory_option` is never used
[INFO] [stdout]  --> src/darkbird/storage_vector_test.rs:3:4
[INFO] [stdout]   |
[INFO] [stdout] 3 | fn factory_option(name: &str) -> Options {
[INFO] [stdout]   |    ^^^^^^^^^^^^^^
[INFO] [stdout] 
[INFO] [stdout] 
[INFO] [stdout] warning: field `current_page_index` is never read
[INFO] [stdout]  --> src/darkbird/wal/disk_log.rs:9:5
[INFO] [stdout]   |
[INFO] [stdout] 6 | struct TmpLogStruct {
[INFO] [stdout]   |        ------------ field in this struct
[INFO] [stdout] ...
[INFO] [stdout] 9 |     current_page_index: usize
[INFO] [stdout]   |     ^^^^^^^^^^^^^^^^^^
[INFO] [stdout] 
[INFO] [stdout] 
[INFO] [stdout] warning: 11 warnings emitted
[INFO] [stdout] 
[INFO] [stdout] 
[INFO] [stderr]     Finished dev [optimized + debuginfo] target(s) in 1m 35s
[INFO] running `Command { std: "docker" "inspect" "30fa338105684046a02cffe7886b722a0778919fd631919bf6a2d1cf40a0ade1", kill_on_drop: false }`
[INFO] running `Command { std: "docker" "rm" "-f" "30fa338105684046a02cffe7886b722a0778919fd631919bf6a2d1cf40a0ade1", kill_on_drop: false }`
[INFO] [stdout] 30fa338105684046a02cffe7886b722a0778919fd631919bf6a2d1cf40a0ade1
[INFO] running `Command { std: "docker" "create" "-v" "/var/lib/crater-agent-workspace/builds/worker-1-tc1/target:/opt/rustwide/target:rw,Z" "-v" "/var/lib/crater-agent-workspace/builds/worker-1-tc1/source:/opt/rustwide/workdir:ro,Z" "-v" "/var/lib/crater-agent-workspace/cargo-home:/opt/rustwide/cargo-home:ro,Z" "-v" "/var/lib/crater-agent-workspace/rustup-home:/opt/rustwide/rustup-home:ro,Z" "-e" "SOURCE_DIR=/opt/rustwide/workdir" "-e" "CARGO_TARGET_DIR=/opt/rustwide/target" "-e" "CARGO_INCREMENTAL=0" "-e" "RUST_BACKTRACE=full" "-e" "RUSTFLAGS=--cap-lints=warn" "-e" "RUSTDOCFLAGS=--cap-lints=warn" "-e" "CARGO_HOME=/opt/rustwide/cargo-home" "-e" "RUSTUP_HOME=/opt/rustwide/rustup-home" "-w" "/opt/rustwide/workdir" "-m" "1610612736" "--user" "0:0" "--network" "none" "ghcr.io/rust-lang/crates-build-env/linux@sha256:2788e3201cd34a07e3172128adcd8b3090168a8e3bcc40d7c032b9dda1df7d1c" "/opt/rustwide/cargo-home/bin/cargo" "+1.75.0" "test" "--frozen" "--no-run" "--message-format=json", kill_on_drop: false }`
[INFO] [stdout] fcf61ddad9579d7cb5c2d723d511630de6f24d598984f485b5fbbcd47c2c7faf
[INFO] running `Command { std: "docker" "start" "-a" "fcf61ddad9579d7cb5c2d723d511630de6f24d598984f485b5fbbcd47c2c7faf", kill_on_drop: false }`
[INFO] [stdout] warning: unused imports: `Schema`, `VecStorage`, `Vector`
[INFO] [stdout]   --> src/darkbird/storage_vector_test.rs:1:13
[INFO] [stdout]    |
[INFO] [stdout] 1  | use crate::{VecStorage, Options, Vector, Schema, StorageType};
[INFO] [stdout]    |             ^^^^^^^^^^           ^^^^^^  ^^^^^^
[INFO] [stdout]    |
[INFO] [stdout] help: consider adding a `#[cfg(test)]` to the containing module
[INFO] [stdout]   --> src/darkbird.rs:14:1
[INFO] [stdout]    |
[INFO] [stdout] 14 | mod storage_vector_test;
[INFO] [stdout]    | ^^^^^^^^^^^^^^^^^^^^^^^^
[INFO] [stdout]    = note: `#[warn(unused_imports)]` on by default
[INFO] [stdout] 
[INFO] [stdout] 
[INFO] [stdout] warning: unused import: `Format`
[INFO] [stdout]  --> src/darkbird/wal/helper.rs:4:29
[INFO] [stdout]   |
[INFO] [stdout] 4 | use super::page_processor::{Format, Sync, PageProcessor};
[INFO] [stdout]   |                             ^^^^^^
[INFO] [stdout] 
[INFO] [stdout] 
[INFO] [stdout] warning: use of deprecated method `chrono::DateTime::<Tz>::date`: Use `date_naive()` instead
[INFO] [stdout]   --> src/darkbird/wal/helper.rs:57:19
[INFO] [stdout]    |
[INFO] [stdout] 57 |     let date = dt.date().to_string();
[INFO] [stdout]    |                   ^^^^
[INFO] [stdout]    |
[INFO] [stdout]    = note: `#[warn(deprecated)]` on by default
[INFO] [stdout] 
[INFO] [stdout] 
[INFO] [stdout] warning: variable does not need to be mutable
[INFO] [stdout]    --> src/darkbird/storage_redis.rs:261:13
[INFO] [stdout]     |
[INFO] [stdout] 261 |         let mut state = self.shared.state.lock().unwrap();
[INFO] [stdout]     |             ----^^^^^
[INFO] [stdout]     |             |
[INFO] [stdout]     |             help: remove this `mut`
[INFO] [stdout]     |
[INFO] [stdout]     = note: `#[warn(unused_mut)]` on by default
[INFO] [stdout] 
[INFO] [stdout] 
[INFO] [stdout] warning: methods `remove_tag` and `remove_view` are never used
[INFO] [stdout]   --> src/darkbird/index/tags.rs:92:12
[INFO] [stdout]    |
[INFO] [stdout] 11 | / impl<K> TagIndex<K>
[INFO] [stdout] 12 | | where
[INFO] [stdout] 13 | |     K: Serialize
[INFO] [stdout] 14 | |         + DeserializeOwned
[INFO] [stdout] ...  |
[INFO] [stdout] 21 | |         + Send
[INFO] [stdout] 22 | |         + 'static,
[INFO] [stdout]    | |__________________- methods in this implementation
[INFO] [stdout] ...
[INFO] [stdout] 92 |       pub fn remove_tag(&self, tag: &str) {
[INFO] [stdout]    |              ^^^^^^^^^^
[INFO] [stdout] ...
[INFO] [stdout] 99 |       pub fn remove_view(&self, view_name: &str) {
[INFO] [stdout]    |              ^^^^^^^^^^^
[INFO] [stdout]    |
[INFO] [stdout]    = note: `#[warn(dead_code)]` on by default
[INFO] [stdout] 
[INFO] [stdout] 
[INFO] [stderr]    Compiling darkbird v6.2.4 (/opt/rustwide/workdir)
[INFO] [stdout] warning: method `remove_tree` is never used
[INFO] [stdout]   --> src/darkbird/index/range.rs:80:12
[INFO] [stdout]    |
[INFO] [stdout] 12 | / impl<K> RangeIndex<K>
[INFO] [stdout] 13 | | where
[INFO] [stdout] 14 | |     K: Serialize
[INFO] [stdout] 15 | |         + DeserializeOwned
[INFO] [stdout] ...  |
[INFO] [stdout] 22 | |         + Send
[INFO] [stdout] 23 | |         + 'static,
[INFO] [stdout]    | |__________________- method in this implementation
[INFO] [stdout] ...
[INFO] [stdout] 80 |       pub fn remove_tree(&self, field_name: &str) {
[INFO] [stdout]    |              ^^^^^^^^^^^
[INFO] [stdout] 
[INFO] [stdout] 
[INFO] [stdout] warning: fields `c` and `router_type` are never read
[INFO] [stdout]   --> src/darkbird/router.rs:93:5
[INFO] [stdout]    |
[INFO] [stdout] 92 | pub struct Router<Msg> {
[INFO] [stdout]    |            ------ fields in this struct
[INFO] [stdout] 93 |     c: usize,
[INFO] [stdout]    |     ^
[INFO] [stdout] 94 |     channels: Vec<Sender<Msg>>,
[INFO] [stdout] 95 |     router_type: RouterType
[INFO] [stdout]    |     ^^^^^^^^^^^
[INFO] [stdout] 
[INFO] [stdout] 
[INFO] [stdout] warning: method `next_index` is never used
[INFO] [stdout]    --> src/darkbird/router.rs:190:8
[INFO] [stdout]     |
[INFO] [stdout] 98  | / impl<Msg> Router<Msg> 
[INFO] [stdout] 99  | | where
[INFO] [stdout] 100 | |     Msg: Clone + Send + 'static
[INFO] [stdout]     | |_______________________________- method in this implementation
[INFO] [stdout] ...
[INFO] [stdout] 190 |       fn next_index(&mut self) -> usize {
[INFO] [stdout]     |          ^^^^^^^^^^
[INFO] [stdout] 
[INFO] [stdout] 
[INFO] [stdout] warning: associated items `new` and `storage` are never used
[INFO] [stdout]    --> src/darkbird/storage_redis.rs:98:19
[INFO] [stdout]     |
[INFO] [stdout] 86  | / impl<K, Doc> DbDropGuard<K, Doc> 
[INFO] [stdout] 87  | | where
[INFO] [stdout] 88  | |     Doc: Clone + Send + Sync + 'static,
[INFO] [stdout] 89  | |     K:  Clone
[INFO] [stdout] ...   |
[INFO] [stdout] 95  | |         + Send
[INFO] [stdout] 96  | |         + 'static
[INFO] [stdout]     | |_________________- associated items in this implementation
[INFO] [stdout] 97  |   {
[INFO] [stdout] 98  |       pub(crate) fn new() -> DbDropGuard<K, Doc> {
[INFO] [stdout]     |                     ^^^
[INFO] [stdout] ...
[INFO] [stdout] 103 |       pub(crate) fn storage(&self) -> RedisStorage<K, Doc> {
[INFO] [stdout]     |                     ^^^^^^^
[INFO] [stdout] 
[INFO] [stdout] 
[INFO] [stdout] warning: function `factory_option` is never used
[INFO] [stdout]  --> src/darkbird/storage_vector_test.rs:3:4
[INFO] [stdout]   |
[INFO] [stdout] 3 | fn factory_option(name: &str) -> Options {
[INFO] [stdout]   |    ^^^^^^^^^^^^^^
[INFO] [stdout] 
[INFO] [stdout] 
[INFO] [stdout] warning: field `current_page_index` is never read
[INFO] [stdout]  --> src/darkbird/wal/disk_log.rs:9:5
[INFO] [stdout]   |
[INFO] [stdout] 6 | struct TmpLogStruct {
[INFO] [stdout]   |        ------------ field in this struct
[INFO] [stdout] ...
[INFO] [stdout] 9 |     current_page_index: usize
[INFO] [stdout]   |     ^^^^^^^^^^^^^^^^^^
[INFO] [stdout] 
[INFO] [stdout] 
[INFO] [stdout] warning: 11 warnings emitted
[INFO] [stdout] 
[INFO] [stdout] 
[INFO] [stdout] warning: unused import: `Format`
[INFO] [stdout]  --> src/darkbird/wal/helper.rs:4:29
[INFO] [stdout]   |
[INFO] [stdout] 4 | use super::page_processor::{Format, Sync, PageProcessor};
[INFO] [stdout]   |                             ^^^^^^
[INFO] [stdout]   |
[INFO] [stdout]   = note: `#[warn(unused_imports)]` on by default
[INFO] [stdout] 
[INFO] [stdout] 
[INFO] [stdout] warning: use of deprecated method `chrono::DateTime::<Tz>::date`: Use `date_naive()` instead
[INFO] [stdout]   --> src/darkbird/wal/helper.rs:57:19
[INFO] [stdout]    |
[INFO] [stdout] 57 |     let date = dt.date().to_string();
[INFO] [stdout]    |                   ^^^^
[INFO] [stdout]    |
[INFO] [stdout]    = note: `#[warn(deprecated)]` on by default
[INFO] [stdout] 
[INFO] [stdout] 
[INFO] [stdout] warning: variable does not need to be mutable
[INFO] [stdout]    --> src/darkbird/storage_redis.rs:261:13
[INFO] [stdout]     |
[INFO] [stdout] 261 |         let mut state = self.shared.state.lock().unwrap();
[INFO] [stdout]     |             ----^^^^^
[INFO] [stdout]     |             |
[INFO] [stdout]     |             help: remove this `mut`
[INFO] [stdout]     |
[INFO] [stdout]     = note: `#[warn(unused_mut)]` on by default
[INFO] [stdout] 
[INFO] [stdout] 
[INFO] [stdout] warning: methods `remove_tag` and `remove_view` are never used
[INFO] [stdout]   --> src/darkbird/index/tags.rs:92:12
[INFO] [stdout]    |
[INFO] [stdout] 11 | / impl<K> TagIndex<K>
[INFO] [stdout] 12 | | where
[INFO] [stdout] 13 | |     K: Serialize
[INFO] [stdout] 14 | |         + DeserializeOwned
[INFO] [stdout] ...  |
[INFO] [stdout] 21 | |         + Send
[INFO] [stdout] 22 | |         + 'static,
[INFO] [stdout]    | |__________________- methods in this implementation
[INFO] [stdout] ...
[INFO] [stdout] 92 |       pub fn remove_tag(&self, tag: &str) {
[INFO] [stdout]    |              ^^^^^^^^^^
[INFO] [stdout] ...
[INFO] [stdout] 99 |       pub fn remove_view(&self, view_name: &str) {
[INFO] [stdout]    |              ^^^^^^^^^^^
[INFO] [stdout]    |
[INFO] [stdout]    = note: `#[warn(dead_code)]` on by default
[INFO] [stdout] 
[INFO] [stdout] 
[INFO] [stdout] warning: method `remove_tree` is never used
[INFO] [stdout]   --> src/darkbird/index/range.rs:80:12
[INFO] [stdout]    |
[INFO] [stdout] 12 | / impl<K> RangeIndex<K>
[INFO] [stdout] 13 | | where
[INFO] [stdout] 14 | |     K: Serialize
[INFO] [stdout] 15 | |         + DeserializeOwned
[INFO] [stdout] ...  |
[INFO] [stdout] 22 | |         + Send
[INFO] [stdout] 23 | |         + 'static,
[INFO] [stdout]    | |__________________- method in this implementation
[INFO] [stdout] ...
[INFO] [stdout] 80 |       pub fn remove_tree(&self, field_name: &str) {
[INFO] [stdout]    |              ^^^^^^^^^^^
[INFO] [stdout] 
[INFO] [stdout] 
[INFO] [stdout] warning: fields `c` and `router_type` are never read
[INFO] [stdout]   --> src/darkbird/router.rs:93:5
[INFO] [stdout]    |
[INFO] [stdout] 92 | pub struct Router<Msg> {
[INFO] [stdout]    |            ------ fields in this struct
[INFO] [stdout] 93 |     c: usize,
[INFO] [stdout]    |     ^
[INFO] [stdout] 94 |     channels: Vec<Sender<Msg>>,
[INFO] [stdout] 95 |     router_type: RouterType
[INFO] [stdout]    |     ^^^^^^^^^^^
[INFO] [stdout] 
[INFO] [stdout] 
[INFO] [stdout] warning: method `next_index` is never used
[INFO] [stdout]    --> src/darkbird/router.rs:190:8
[INFO] [stdout]     |
[INFO] [stdout] 98  | / impl<Msg> Router<Msg> 
[INFO] [stdout] 99  | | where
[INFO] [stdout] 100 | |     Msg: Clone + Send + 'static
[INFO] [stdout]     | |_______________________________- method in this implementation
[INFO] [stdout] ...
[INFO] [stdout] 190 |       fn next_index(&mut self) -> usize {
[INFO] [stdout]     |          ^^^^^^^^^^
[INFO] [stdout] 
[INFO] [stdout] 
[INFO] [stdout] warning: associated items `new` and `storage` are never used
[INFO] [stdout]    --> src/darkbird/storage_redis.rs:98:19
[INFO] [stdout]     |
[INFO] [stdout] 86  | / impl<K, Doc> DbDropGuard<K, Doc> 
[INFO] [stdout] 87  | | where
[INFO] [stdout] 88  | |     Doc: Clone + Send + Sync + 'static,
[INFO] [stdout] 89  | |     K:  Clone
[INFO] [stdout] ...   |
[INFO] [stdout] 95  | |         + Send
[INFO] [stdout] 96  | |         + 'static
[INFO] [stdout]     | |_________________- associated items in this implementation
[INFO] [stdout] 97  |   {
[INFO] [stdout] 98  |       pub(crate) fn new() -> DbDropGuard<K, Doc> {
[INFO] [stdout]     |                     ^^^
[INFO] [stdout] ...
[INFO] [stdout] 103 |       pub(crate) fn storage(&self) -> RedisStorage<K, Doc> {
[INFO] [stdout]     |                     ^^^^^^^
[INFO] [stdout] 
[INFO] [stdout] 
[INFO] [stdout] warning: field `current_page_index` is never read
[INFO] [stdout]  --> src/darkbird/wal/disk_log.rs:9:5
[INFO] [stdout]   |
[INFO] [stdout] 6 | struct TmpLogStruct {
[INFO] [stdout]   |        ------------ field in this struct
[INFO] [stdout] ...
[INFO] [stdout] 9 |     current_page_index: usize
[INFO] [stdout]   |     ^^^^^^^^^^^^^^^^^^
[INFO] [stdout] 
[INFO] [stdout] 
[INFO] [stdout] warning: 9 warnings emitted
[INFO] [stdout] 
[INFO] [stdout] 
[INFO] [stderr]     Finished test [optimized + debuginfo] target(s) in 5.93s
[INFO] running `Command { std: "docker" "inspect" "fcf61ddad9579d7cb5c2d723d511630de6f24d598984f485b5fbbcd47c2c7faf", kill_on_drop: false }`
[INFO] running `Command { std: "docker" "rm" "-f" "fcf61ddad9579d7cb5c2d723d511630de6f24d598984f485b5fbbcd47c2c7faf", kill_on_drop: false }`
[INFO] [stdout] fcf61ddad9579d7cb5c2d723d511630de6f24d598984f485b5fbbcd47c2c7faf
[INFO] running `Command { std: "docker" "create" "-v" "/var/lib/crater-agent-workspace/builds/worker-1-tc1/target:/opt/rustwide/target:rw,Z" "-v" "/var/lib/crater-agent-workspace/builds/worker-1-tc1/source:/opt/rustwide/workdir:ro,Z" "-v" "/var/lib/crater-agent-workspace/cargo-home:/opt/rustwide/cargo-home:ro,Z" "-v" "/var/lib/crater-agent-workspace/rustup-home:/opt/rustwide/rustup-home:ro,Z" "-e" "SOURCE_DIR=/opt/rustwide/workdir" "-e" "CARGO_TARGET_DIR=/opt/rustwide/target" "-e" "CARGO_INCREMENTAL=0" "-e" "RUST_BACKTRACE=full" "-e" "RUSTFLAGS=--cap-lints=warn" "-e" "RUSTDOCFLAGS=--cap-lints=warn" "-e" "CARGO_HOME=/opt/rustwide/cargo-home" "-e" "RUSTUP_HOME=/opt/rustwide/rustup-home" "-w" "/opt/rustwide/workdir" "-m" "1610612736" "--user" "0:0" "--network" "none" "ghcr.io/rust-lang/crates-build-env/linux@sha256:2788e3201cd34a07e3172128adcd8b3090168a8e3bcc40d7c032b9dda1df7d1c" "/opt/rustwide/cargo-home/bin/cargo" "+1.75.0" "test" "--frozen", kill_on_drop: false }`
[INFO] [stdout] 410498b32befc43c605b6bc701430e15c835b726afbe7cca3abf95d4a4a73b07
[INFO] running `Command { std: "docker" "start" "-a" "410498b32befc43c605b6bc701430e15c835b726afbe7cca3abf95d4a4a73b07", kill_on_drop: false }`
[INFO] [stderr] warning: unused imports: `Schema`, `VecStorage`, `Vector`
[INFO] [stderr]   --> src/darkbird/storage_vector_test.rs:1:13
[INFO] [stderr]    |
[INFO] [stderr] 1  | use crate::{VecStorage, Options, Vector, Schema, StorageType};
[INFO] [stderr]    |             ^^^^^^^^^^           ^^^^^^  ^^^^^^
[INFO] [stderr]    |
[INFO] [stderr] help: consider adding a `#[cfg(test)]` to the containing module
[INFO] [stderr]   --> src/darkbird.rs:14:1
[INFO] [stderr]    |
[INFO] [stderr] 14 | mod storage_vector_test;
[INFO] [stderr]    | ^^^^^^^^^^^^^^^^^^^^^^^^
[INFO] [stderr]    = note: `#[warn(unused_imports)]` on by default
[INFO] [stderr] 
[INFO] [stderr] warning: unused import: `Format`
[INFO] [stderr]  --> src/darkbird/wal/helper.rs:4:29
[INFO] [stderr]   |
[INFO] [stderr] 4 | use super::page_processor::{Format, Sync, PageProcessor};
[INFO] [stderr]   |                             ^^^^^^
[INFO] [stderr] 
[INFO] [stderr] warning: use of deprecated method `chrono::DateTime::<Tz>::date`: Use `date_naive()` instead
[INFO] [stderr]   --> src/darkbird/wal/helper.rs:57:19
[INFO] [stderr]    |
[INFO] [stderr] 57 |     let date = dt.date().to_string();
[INFO] [stderr]    |                   ^^^^
[INFO] [stderr]    |
[INFO] [stderr]    = note: `#[warn(deprecated)]` on by default
[INFO] [stderr] 
[INFO] [stderr] warning: variable does not need to be mutable
[INFO] [stderr]    --> src/darkbird/storage_redis.rs:261:13
[INFO] [stderr]     |
[INFO] [stderr] 261 |         let mut state = self.shared.state.lock().unwrap();
[INFO] [stderr]     |             ----^^^^^
[INFO] [stderr]     |             |
[INFO] [stderr]     |             help: remove this `mut`
[INFO] [stderr]     |
[INFO] [stderr]     = note: `#[warn(unused_mut)]` on by default
[INFO] [stderr] 
[INFO] [stderr] warning: methods `remove_tag` and `remove_view` are never used
[INFO] [stderr]   --> src/darkbird/index/tags.rs:92:12
[INFO] [stderr]    |
[INFO] [stderr] 11 | / impl<K> TagIndex<K>
[INFO] [stderr] 12 | | where
[INFO] [stderr] 13 | |     K: Serialize
[INFO] [stderr] 14 | |         + DeserializeOwned
[INFO] [stderr] ...  |
[INFO] [stderr] 21 | |         + Send
[INFO] [stderr] 22 | |         + 'static,
[INFO] [stderr]    | |__________________- methods in this implementation
[INFO] [stderr] ...
[INFO] [stderr] 92 |       pub fn remove_tag(&self, tag: &str) {
[INFO] [stderr]    |              ^^^^^^^^^^
[INFO] [stderr] ...
[INFO] [stderr] 99 |       pub fn remove_view(&self, view_name: &str) {
[INFO] [stderr]    |              ^^^^^^^^^^^
[INFO] [stderr]    |
[INFO] [stderr]    = note: `#[warn(dead_code)]` on by default
[INFO] [stderr] 
[INFO] [stderr] warning: method `remove_tree` is never used
[INFO] [stderr]   --> src/darkbird/index/range.rs:80:12
[INFO] [stderr]    |
[INFO] [stderr] 12 | / impl<K> RangeIndex<K>
[INFO] [stderr] 13 | | where
[INFO] [stderr] 14 | |     K: Serialize
[INFO] [stderr] 15 | |         + DeserializeOwned
[INFO] [stderr] ...  |
[INFO] [stderr] 22 | |         + Send
[INFO] [stderr] 23 | |         + 'static,
[INFO] [stderr]    | |__________________- method in this implementation
[INFO] [stderr] ...
[INFO] [stderr] 80 |       pub fn remove_tree(&self, field_name: &str) {
[INFO] [stderr]    |              ^^^^^^^^^^^
[INFO] [stderr] 
[INFO] [stderr] warning: fields `c` and `router_type` are never read
[INFO] [stderr]   --> src/darkbird/router.rs:93:5
[INFO] [stderr]    |
[INFO] [stderr] 92 | pub struct Router<Msg> {
[INFO] [stderr]    |            ------ fields in this struct
[INFO] [stderr] 93 |     c: usize,
[INFO] [stderr]    |     ^
[INFO] [stderr] 94 |     channels: Vec<Sender<Msg>>,
[INFO] [stderr] 95 |     router_type: RouterType
[INFO] [stderr]    |     ^^^^^^^^^^^
[INFO] [stderr] 
[INFO] [stderr] warning: method `next_index` is never used
[INFO] [stderr]    --> src/darkbird/router.rs:190:8
[INFO] [stderr]     |
[INFO] [stderr] 98  | / impl<Msg> Router<Msg> 
[INFO] [stderr] 99  | | where
[INFO] [stderr] 100 | |     Msg: Clone + Send + 'static
[INFO] [stderr]     | |_______________________________- method in this implementation
[INFO] [stderr] ...
[INFO] [stderr] 190 |       fn next_index(&mut self) -> usize {
[INFO] [stderr]     |          ^^^^^^^^^^
[INFO] [stderr] 
[INFO] [stderr] warning: associated items `new` and `storage` are never used
[INFO] [stderr]    --> src/darkbird/storage_redis.rs:98:19
[INFO] [stderr]     |
[INFO] [stderr] 86  | / impl<K, Doc> DbDropGuard<K, Doc> 
[INFO] [stderr] 87  | | where
[INFO] [stderr] 88  | |     Doc: Clone + Send + Sync + 'static,
[INFO] [stderr] 89  | |     K:  Clone
[INFO] [stderr] ...   |
[INFO] [stderr] 95  | |         + Send
[INFO] [stderr] 96  | |         + 'static
[INFO] [stderr]     | |_________________- associated items in this implementation
[INFO] [stderr] 97  |   {
[INFO] [stderr] 98  |       pub(crate) fn new() -> DbDropGuard<K, Doc> {
[INFO] [stderr]     |                     ^^^
[INFO] [stderr] ...
[INFO] [stderr] 103 |       pub(crate) fn storage(&self) -> RedisStorage<K, Doc> {
[INFO] [stderr]     |                     ^^^^^^^
[INFO] [stderr] 
[INFO] [stderr] warning: function `factory_option` is never used
[INFO] [stderr]  --> src/darkbird/storage_vector_test.rs:3:4
[INFO] [stderr]   |
[INFO] [stderr] 3 | fn factory_option(name: &str) -> Options {
[INFO] [stderr]   |    ^^^^^^^^^^^^^^
[INFO] [stderr] 
[INFO] [stderr] warning: field `current_page_index` is never read
[INFO] [stderr]  --> src/darkbird/wal/disk_log.rs:9:5
[INFO] [stderr]   |
[INFO] [stderr] 6 | struct TmpLogStruct {
[INFO] [stderr]   |        ------------ field in this struct
[INFO] [stderr] ...
[INFO] [stderr] 9 |     current_page_index: usize
[INFO] [stderr]   |     ^^^^^^^^^^^^^^^^^^
[INFO] [stderr] 
[INFO] [stderr] warning: unused import: `Format`
[INFO] [stderr]  --> src/darkbird/wal/helper.rs:4:29
[INFO] [stderr]   |
[INFO] [stderr] 4 | use super::page_processor::{Format, Sync, PageProcessor};
[INFO] [stderr]   |                             ^^^^^^
[INFO] [stderr]   |
[INFO] [stderr]   = note: `#[warn(unused_imports)]` on by default
[INFO] [stderr] 
[INFO] [stderr] warning: `darkbird` (lib) generated 11 warnings (run `cargo fix --lib -p darkbird` to apply 3 suggestions)
[INFO] [stderr] warning: `darkbird` (lib test) generated 9 warnings (8 duplicates) (run `cargo fix --lib -p darkbird --tests` to apply 1 suggestion)
[INFO] [stderr]     Finished test [optimized + debuginfo] target(s) in 0.16s
[INFO] [stderr]      Running unittests src/lib.rs (/opt/rustwide/target/debug/deps/darkbird-7c17d93bddd6d913)
[INFO] [stdout] 
[INFO] [stdout] running 2 tests
[INFO] [stdout] test darkbird::storage_vector_test::vector ... FAILED
[INFO] [stdout] test darkbird::storage_vector_test::k_nearest_neighbors ... FAILED
[INFO] [stdout] 
[INFO] [stdout] failures:
[INFO] [stdout] 
[INFO] [stdout] ---- darkbird::storage_vector_test::vector stdout ----
[INFO] [stdout] thread 'darkbird::storage_vector_test::vector' panicked at src/darkbird/wal/disk_log.rs:415:31:
[INFO] [stdout] called `Result::unwrap()` on an `Err` value: Os { code: 30, kind: ReadOnlyFilesystem, message: "Read-only file system" }
[INFO] [stdout] stack backtrace:
[INFO] [stdout]    0:     0x558a69f6899c - std::backtrace_rs::backtrace::libunwind::trace::ha637c64ce894333a
[INFO] [stdout]                                at /rustc/82e1608dfa6e0b5569232559e3d385fea5a93112/library/std/src/../../backtrace/src/backtrace/libunwind.rs:104:5
[INFO] [stdout]    1:     0x558a69f6899c - std::backtrace_rs::backtrace::trace_unsynchronized::h47f62dea28e0c88d
[INFO] [stdout]                                at /rustc/82e1608dfa6e0b5569232559e3d385fea5a93112/library/std/src/../../backtrace/src/backtrace/mod.rs:66:5
[INFO] [stdout]    2:     0x558a69f6899c - std::sys_common::backtrace::_print_fmt::h9eef0abe20ede486
[INFO] [stdout]                                at /rustc/82e1608dfa6e0b5569232559e3d385fea5a93112/library/std/src/sys_common/backtrace.rs:67:5
[INFO] [stdout]    3:     0x558a69f6899c - <std::sys_common::backtrace::_print::DisplayBacktrace as core::fmt::Display>::fmt::hed7f999df88cc644
[INFO] [stdout]                                at /rustc/82e1608dfa6e0b5569232559e3d385fea5a93112/library/std/src/sys_common/backtrace.rs:44:22
[INFO] [stdout]    4:     0x558a69f93340 - core::fmt::rt::Argument::fmt::h1539a9308b8d058d
[INFO] [stdout]                                at /rustc/82e1608dfa6e0b5569232559e3d385fea5a93112/library/core/src/fmt/rt.rs:142:9
[INFO] [stdout]    5:     0x558a69f93340 - core::fmt::write::h3a39390d8560d9c9
[INFO] [stdout]                                at /rustc/82e1608dfa6e0b5569232559e3d385fea5a93112/library/core/src/fmt/mod.rs:1120:17
[INFO] [stdout]    6:     0x558a69f6607f - std::io::Write::write_fmt::h040b369f3a0f9cbc
[INFO] [stdout]                                at /rustc/82e1608dfa6e0b5569232559e3d385fea5a93112/library/std/src/io/mod.rs:1762:15
[INFO] [stdout]    7:     0x558a69f68784 - std::sys_common::backtrace::_print::h894006fb5c6f3d45
[INFO] [stdout]                                at /rustc/82e1608dfa6e0b5569232559e3d385fea5a93112/library/std/src/sys_common/backtrace.rs:47:5
[INFO] [stdout]    8:     0x558a69f68784 - std::sys_common::backtrace::print::h23a2d212c6fff936
[INFO] [stdout]                                at /rustc/82e1608dfa6e0b5569232559e3d385fea5a93112/library/std/src/sys_common/backtrace.rs:34:9
[INFO] [stdout]    9:     0x558a69f6a447 - std::panicking::default_hook::{{closure}}::h8a1d2ee00185001a
[INFO] [stdout]   10:     0x558a69f6a133 - std::panicking::default_hook::h6038f2eba384e475
[INFO] [stdout]                                at /rustc/82e1608dfa6e0b5569232559e3d385fea5a93112/library/std/src/panicking.rs:289:9
[INFO] [stdout]   11:     0x558a69f0af87 - <alloc::boxed::Box<F,A> as core::ops::function::Fn<Args>>::call::h0ad024c9bdc6d768
[INFO] [stdout]                                at /rustc/82e1608dfa6e0b5569232559e3d385fea5a93112/library/alloc/src/boxed.rs:2021:9
[INFO] [stdout]   12:     0x558a69f0af87 - test::test_main::{{closure}}::h7500b54257359db6
[INFO] [stdout]                                at /rustc/82e1608dfa6e0b5569232559e3d385fea5a93112/library/test/src/lib.rs:138:21
[INFO] [stdout]   13:     0x558a69f6aa58 - <alloc::boxed::Box<F,A> as core::ops::function::Fn<Args>>::call::h1f8f335eaa9cfaee
[INFO] [stdout]                                at /rustc/82e1608dfa6e0b5569232559e3d385fea5a93112/library/alloc/src/boxed.rs:2021:9
[INFO] [stdout]   14:     0x558a69f6aa58 - std::panicking::rust_panic_with_hook::h2b5517d590cab22e
[INFO] [stdout]                                at /rustc/82e1608dfa6e0b5569232559e3d385fea5a93112/library/std/src/panicking.rs:783:13
[INFO] [stdout]   15:     0x558a69f6a7ae - std::panicking::begin_panic_handler::{{closure}}::h233112c06e0ef43e
[INFO] [stdout]                                at /rustc/82e1608dfa6e0b5569232559e3d385fea5a93112/library/std/src/panicking.rs:657:13
[INFO] [stdout]   16:     0x558a69f68e66 - std::sys_common::backtrace::__rust_end_short_backtrace::h6e893f24d7ebbff8
[INFO] [stdout]                                at /rustc/82e1608dfa6e0b5569232559e3d385fea5a93112/library/std/src/sys_common/backtrace.rs:170:18
[INFO] [stdout]   17:     0x558a69f6a512 - rust_begin_unwind
[INFO] [stdout]                                at /rustc/82e1608dfa6e0b5569232559e3d385fea5a93112/library/std/src/panicking.rs:645:5
[INFO] [stdout]   18:     0x558a69eb8695 - core::panicking::panic_fmt::hbf0e066aabfa482c
[INFO] [stdout]                                at /rustc/82e1608dfa6e0b5569232559e3d385fea5a93112/library/core/src/panicking.rs:72:14
[INFO] [stdout]   19:     0x558a69eb8c83 - core::result::unwrap_failed::hddb4fea594200c52
[INFO] [stdout]                                at /rustc/82e1608dfa6e0b5569232559e3d385fea5a93112/library/core/src/result.rs:1653:5
[INFO] [stdout]   20:     0x558a69ec4ea7 - core::result::Result<T,E>::unwrap::hf8cb0928b8a1eddd
[INFO] [stdout]                                at /rustc/82e1608dfa6e0b5569232559e3d385fea5a93112/library/core/src/result.rs:1077:23
[INFO] [stdout]   21:     0x558a69ec4ea7 - darkbird::darkbird::wal::disk_log::open_last_page::h6c7d90674f0bb1d9
[INFO] [stdout]                                at /opt/rustwide/workdir/src/darkbird/wal/disk_log.rs:415:9
[INFO] [stdout]   22:     0x558a69ec4ea7 - darkbird::darkbird::wal::disk_log::Context::open::hf54c610ec62a932a
[INFO] [stdout]                                at /opt/rustwide/workdir/src/darkbird/wal/disk_log.rs:242:24
[INFO] [stdout]   23:     0x558a69ec4ea7 - darkbird::darkbird::wal::disk_log::DiskLog::open::h5dd405758dc618b3
[INFO] [stdout]                                at /opt/rustwide/workdir/src/darkbird/wal/disk_log.rs:34:15
[INFO] [stdout]   24:     0x558a69ebbdf6 - darkbird::darkbird::storage_vector::VecStorage::open::{{closure}}::h4e3a0f2d852aa7f4
[INFO] [stdout]                                at /opt/rustwide/workdir/src/darkbird/storage_vector.rs:36:15
[INFO] [stdout]   25:     0x558a69ebe40b - darkbird::darkbird::storage_vector_test::vector::{{closure}}::h5997ca240b059576
[INFO] [stdout]                                at /opt/rustwide/workdir/src/darkbird/storage_vector_test.rs:17:42
[INFO] [stdout]   26:     0x558a69ec9608 - <core::pin::Pin<P> as core::future::future::Future>::poll::hf11dacbb8c1c540a
[INFO] [stdout]                                at /rustc/82e1608dfa6e0b5569232559e3d385fea5a93112/library/core/src/future/future.rs:125:9
[INFO] [stdout]   27:     0x558a69ec9608 - <core::pin::Pin<P> as core::future::future::Future>::poll::h86d065d1557477e4
[INFO] [stdout]                                at /rustc/82e1608dfa6e0b5569232559e3d385fea5a93112/library/core/src/future/future.rs:125:9
[INFO] [stdout]   28:     0x558a69ec9608 - tokio::runtime::scheduler::current_thread::CoreGuard::block_on::{{closure}}::{{closure}}::{{closure}}::h7a44fe87925cabe7
[INFO] [stdout]                                at /opt/rustwide/cargo-home/registry/src/index.crates.io-6f17d22bba15001f/tokio-1.33.0/src/runtime/scheduler/current_thread/mod.rs:665:57
[INFO] [stdout]   29:     0x558a69ec9608 - tokio::runtime::coop::with_budget::h5a847807602eab70
[INFO] [stdout]                                at /opt/rustwide/cargo-home/registry/src/index.crates.io-6f17d22bba15001f/tokio-1.33.0/src/runtime/coop.rs:107:5
[INFO] [stdout]   30:     0x558a69ec9608 - tokio::runtime::coop::budget::h0a15eb7cc2ff7ffe
[INFO] [stdout]                                at /opt/rustwide/cargo-home/registry/src/index.crates.io-6f17d22bba15001f/tokio-1.33.0/src/runtime/coop.rs:73:5
[INFO] [stdout]   31:     0x558a69ec9608 - tokio::runtime::scheduler::current_thread::CoreGuard::block_on::{{closure}}::{{closure}}::h7739bde0f2d40229
[INFO] [stdout]                                at /opt/rustwide/cargo-home/registry/src/index.crates.io-6f17d22bba15001f/tokio-1.33.0/src/runtime/scheduler/current_thread/mod.rs:665:25
[INFO] [stdout]   32:     0x558a69ec9608 - tokio::runtime::scheduler::current_thread::Context::enter::h438aaa977f010120
[INFO] [stdout]                                at /opt/rustwide/cargo-home/registry/src/index.crates.io-6f17d22bba15001f/tokio-1.33.0/src/runtime/scheduler/current_thread/mod.rs:410:19
[INFO] [stdout]   33:     0x558a69ecd5be - tokio::runtime::scheduler::current_thread::CoreGuard::block_on::{{closure}}::he9a275f5b0eca724
[INFO] [stdout]                                at /opt/rustwide/cargo-home/registry/src/index.crates.io-6f17d22bba15001f/tokio-1.33.0/src/runtime/scheduler/current_thread/mod.rs:664:36
[INFO] [stdout]   34:     0x558a69ecd5be - tokio::runtime::scheduler::current_thread::CoreGuard::enter::{{closure}}::h69d34598a09b08d9
[INFO] [stdout]                                at /opt/rustwide/cargo-home/registry/src/index.crates.io-6f17d22bba15001f/tokio-1.33.0/src/runtime/scheduler/current_thread/mod.rs:743:68
[INFO] [stdout]   35:     0x558a69ecd5be - tokio::runtime::context::scoped::Scoped<T>::set::hedb87ac71dc5804c
[INFO] [stdout]                                at /opt/rustwide/cargo-home/registry/src/index.crates.io-6f17d22bba15001f/tokio-1.33.0/src/runtime/context/scoped.rs:40:9
[INFO] [stdout]   36:     0x558a69ed601f - tokio::runtime::context::set_scheduler::{{closure}}::hb04182f2dae89c9a
[INFO] [stdout]                                at /opt/rustwide/cargo-home/registry/src/index.crates.io-6f17d22bba15001f/tokio-1.33.0/src/runtime/context.rs:176:26
[INFO] [stdout]   37:     0x558a69ed601f - std::thread::local::LocalKey<T>::try_with::hfe8b245da393290a
[INFO] [stdout]                                at /rustc/82e1608dfa6e0b5569232559e3d385fea5a93112/library/std/src/thread/local.rs:270:16
[INFO] [stdout]   38:     0x558a69ed601f - std::thread::local::LocalKey<T>::with::h74f7d65f127f13a1
[INFO] [stdout]                                at /rustc/82e1608dfa6e0b5569232559e3d385fea5a93112/library/std/src/thread/local.rs:246:9
[INFO] [stdout]   39:     0x558a69ec995f - tokio::runtime::context::set_scheduler::h505756c6953c46a4
[INFO] [stdout]                                at /opt/rustwide/cargo-home/registry/src/index.crates.io-6f17d22bba15001f/tokio-1.33.0/src/runtime/context.rs:176:9
[INFO] [stdout]   40:     0x558a69ec995f - tokio::runtime::scheduler::current_thread::CoreGuard::enter::ha7162370d1847798
[INFO] [stdout]                                at /opt/rustwide/cargo-home/registry/src/index.crates.io-6f17d22bba15001f/tokio-1.33.0/src/runtime/scheduler/current_thread/mod.rs:743:27
[INFO] [stdout]   41:     0x558a69ec995f - tokio::runtime::scheduler::current_thread::CoreGuard::block_on::h07af912e4d3e989b
[INFO] [stdout]                                at /opt/rustwide/cargo-home/registry/src/index.crates.io-6f17d22bba15001f/tokio-1.33.0/src/runtime/scheduler/current_thread/mod.rs:652:19
[INFO] [stdout]   42:     0x558a69ed5b38 - tokio::runtime::scheduler::current_thread::CurrentThread::block_on::{{closure}}::h57e24e4c1e76cdc4
[INFO] [stdout]                                at /opt/rustwide/cargo-home/registry/src/index.crates.io-6f17d22bba15001f/tokio-1.33.0/src/runtime/scheduler/current_thread/mod.rs:175:28
[INFO] [stdout]   43:     0x558a69ed5b38 - tokio::runtime::context::runtime::enter_runtime::h362946f1d55c7a86
[INFO] [stdout]                                at /opt/rustwide/cargo-home/registry/src/index.crates.io-6f17d22bba15001f/tokio-1.33.0/src/runtime/context/runtime.rs:65:16
[INFO] [stdout]   44:     0x558a69ed11e3 - tokio::runtime::scheduler::current_thread::CurrentThread::block_on::h85278ada36c46601
[INFO] [stdout]                                at /opt/rustwide/cargo-home/registry/src/index.crates.io-6f17d22bba15001f/tokio-1.33.0/src/runtime/scheduler/current_thread/mod.rs:167:9
[INFO] [stdout]   45:     0x558a69ed11e3 - tokio::runtime::runtime::Runtime::block_on::hcfec076db29a2cb1
[INFO] [stdout]                                at /opt/rustwide/cargo-home/registry/src/index.crates.io-6f17d22bba15001f/tokio-1.33.0/src/runtime/runtime.rs:348:47
[INFO] [stdout]   46:     0x558a69ebe2ca - darkbird::darkbird::storage_vector_test::vector::hae374c071b20c594
[INFO] [stdout]                                at /opt/rustwide/workdir/src/darkbird/storage_vector_test.rs:31:5
[INFO] [stdout]   47:     0x558a69ecc489 - darkbird::darkbird::storage_vector_test::vector::{{closure}}::hd47de1c883447fe9
[INFO] [stdout]                                at /opt/rustwide/workdir/src/darkbird/storage_vector_test.rs:9:18
[INFO] [stdout]   48:     0x558a69ecc489 - core::ops::function::FnOnce::call_once::h796b6a409b152e96
[INFO] [stdout]                                at /rustc/82e1608dfa6e0b5569232559e3d385fea5a93112/library/core/src/ops/function.rs:250:5
[INFO] [stdout]   49:     0x558a69f105df - core::ops::function::FnOnce::call_once::h2b5d431d5046312d
[INFO] [stdout]                                at /rustc/82e1608dfa6e0b5569232559e3d385fea5a93112/library/core/src/ops/function.rs:250:5
[INFO] [stdout]   50:     0x558a69f105df - test::__rust_begin_short_backtrace::h7714669af176e207
[INFO] [stdout]                                at /rustc/82e1608dfa6e0b5569232559e3d385fea5a93112/library/test/src/lib.rs:628:18
[INFO] [stdout]   51:     0x558a69f0f5f5 - test::run_test_in_process::{{closure}}::h85218797dcbcec12
[INFO] [stdout]                                at /rustc/82e1608dfa6e0b5569232559e3d385fea5a93112/library/test/src/lib.rs:651:60
[INFO] [stdout]   52:     0x558a69f0f5f5 - <core::panic::unwind_safe::AssertUnwindSafe<F> as core::ops::function::FnOnce<()>>::call_once::h76c106ea31c14d7b
[INFO] [stdout]                                at /rustc/82e1608dfa6e0b5569232559e3d385fea5a93112/library/core/src/panic/unwind_safe.rs:272:9
[INFO] [stdout]   53:     0x558a69f0f5f5 - std::panicking::try::do_call::h3bd5d0f6620ee946
[INFO] [stdout]                                at /rustc/82e1608dfa6e0b5569232559e3d385fea5a93112/library/std/src/panicking.rs:552:40
[INFO] [stdout]   54:     0x558a69f0f5f5 - std::panicking::try::h232e535e4744fe31
[INFO] [stdout]                                at /rustc/82e1608dfa6e0b5569232559e3d385fea5a93112/library/std/src/panicking.rs:516:19
[INFO] [stdout]   55:     0x558a69f0f5f5 - std::panic::catch_unwind::h3ce3bd6ca8dbac68
[INFO] [stdout]                                at /rustc/82e1608dfa6e0b5569232559e3d385fea5a93112/library/std/src/panic.rs:142:14
[INFO] [stdout]   56:     0x558a69f0f5f5 - test::run_test_in_process::hc97b257c9621286a
[INFO] [stdout]                                at /rustc/82e1608dfa6e0b5569232559e3d385fea5a93112/library/test/src/lib.rs:651:27
[INFO] [stdout]   57:     0x558a69f0f5f5 - test::run_test::{{closure}}::h2aa798823a438d38
[INFO] [stdout]                                at /rustc/82e1608dfa6e0b5569232559e3d385fea5a93112/library/test/src/lib.rs:574:43
[INFO] [stdout]   58:     0x558a69ed78b6 - test::run_test::{{closure}}::h87d231c78fb59832
[INFO] [stdout]                                at /rustc/82e1608dfa6e0b5569232559e3d385fea5a93112/library/test/src/lib.rs:602:41
[INFO] [stdout]   59:     0x558a69ed78b6 - std::sys_common::backtrace::__rust_begin_short_backtrace::he6df152596625789
[INFO] [stdout]                                at /rustc/82e1608dfa6e0b5569232559e3d385fea5a93112/library/std/src/sys_common/backtrace.rs:154:18
[INFO] [stdout]   60:     0x558a69edc967 - std::thread::Builder::spawn_unchecked_::{{closure}}::{{closure}}::ha94be15d1e0acf36
[INFO] [stdout]                                at /rustc/82e1608dfa6e0b5569232559e3d385fea5a93112/library/std/src/thread/mod.rs:529:17
[INFO] [stdout]   61:     0x558a69edc967 - <core::panic::unwind_safe::AssertUnwindSafe<F> as core::ops::function::FnOnce<()>>::call_once::h9dc6bd6372f16606
[INFO] [stdout]                                at /rustc/82e1608dfa6e0b5569232559e3d385fea5a93112/library/core/src/panic/unwind_safe.rs:272:9
[INFO] [stdout]   62:     0x558a69edc967 - std::panicking::try::do_call::h9057517f80303cd4
[INFO] [stdout]                                at /rustc/82e1608dfa6e0b5569232559e3d385fea5a93112/library/std/src/panicking.rs:552:40
[INFO] [stdout]   63:     0x558a69edc967 - std::panicking::try::he3a30b11ee45340c
[INFO] [stdout]                                at /rustc/82e1608dfa6e0b5569232559e3d385fea5a93112/library/std/src/panicking.rs:516:19
[INFO] [stdout]   64:     0x558a69edc967 - std::panic::catch_unwind::h410458cfd3528b8b
[INFO] [stdout]                                at /rustc/82e1608dfa6e0b5569232559e3d385fea5a93112/library/std/src/panic.rs:142:14
[INFO] [stdout]   65:     0x558a69edc967 - std::thread::Builder::spawn_unchecked_::{{closure}}::h72ac3bdb567b737b
[INFO] [stdout]                                at /rustc/82e1608dfa6e0b5569232559e3d385fea5a93112/library/std/src/thread/mod.rs:528:30
[INFO] [stdout]   66:     0x558a69edc967 - core::ops::function::FnOnce::call_once{{vtable.shim}}::h38f34da3654a8344
[INFO] [stdout]                                at /rustc/82e1608dfa6e0b5569232559e3d385fea5a93112/library/core/src/ops/function.rs:250:5
[INFO] [stdout]   67:     0x558a69f6f6e5 - <alloc::boxed::Box<F,A> as core::ops::function::FnOnce<Args>>::call_once::hc7eafaff61e32df9
[INFO] [stdout]                                at /rustc/82e1608dfa6e0b5569232559e3d385fea5a93112/library/alloc/src/boxed.rs:2007:9
[INFO] [stdout]   68:     0x558a69f6f6e5 - <alloc::boxed::Box<F,A> as core::ops::function::FnOnce<Args>>::call_once::h6ba4a5de48dd2304
[INFO] [stdout]                                at /rustc/82e1608dfa6e0b5569232559e3d385fea5a93112/library/alloc/src/boxed.rs:2007:9
[INFO] [stdout]   69:     0x558a69f6f6e5 - std::sys::unix::thread::Thread::new::thread_start::he469335aef763e45
[INFO] [stdout]                                at /rustc/82e1608dfa6e0b5569232559e3d385fea5a93112/library/std/src/sys/unix/thread.rs:108:17
[INFO] [stdout]   70:     0x7f6aac37fac3 - <unknown>
[INFO] [stdout]   71:     0x7f6aac410bf4 - __clone
[INFO] [stdout]   72:                0x0 - <unknown>
[INFO] [stdout] 
[INFO] [stdout] ---- darkbird::storage_vector_test::k_nearest_neighbors stdout ----
[INFO] [stdout] thread 'darkbird::storage_vector_test::k_nearest_neighbors' panicked at src/darkbird/wal/disk_log.rs:415:31:
[INFO] [stdout] called `Result::unwrap()` on an `Err` value: Os { code: 30, kind: ReadOnlyFilesystem, message: "Read-only file system" }
[INFO] [stdout] stack backtrace:
[INFO] [stdout]    0:     0x558a69f6899c - std::backtrace_rs::backtrace::libunwind::trace::ha637c64ce894333a
[INFO] [stdout]                                at /rustc/82e1608dfa6e0b5569232559e3d385fea5a93112/library/std/src/../../backtrace/src/backtrace/libunwind.rs:104:5
[INFO] [stdout]    1:     0x558a69f6899c - std::backtrace_rs::backtrace::trace_unsynchronized::h47f62dea28e0c88d
[INFO] [stdout]                                at /rustc/82e1608dfa6e0b5569232559e3d385fea5a93112/library/std/src/../../backtrace/src/backtrace/mod.rs:66:5
[INFO] [stdout]    2:     0x558a69f6899c - std::sys_common::backtrace::_print_fmt::h9eef0abe20ede486
[INFO] [stdout]                                at /rustc/82e1608dfa6e0b5569232559e3d385fea5a93112/library/std/src/sys_common/backtrace.rs:67:5
[INFO] [stdout]    3:     0x558a69f6899c - <std::sys_common::backtrace::_print::DisplayBacktrace as core::fmt::Display>::fmt::hed7f999df88cc644
[INFO] [stdout]                                at /rustc/82e1608dfa6e0b5569232559e3d385fea5a93112/library/std/src/sys_common/backtrace.rs:44:22
[INFO] [stdout]    4:     0x558a69f93340 - core::fmt::rt::Argument::fmt::h1539a9308b8d058d
[INFO] [stdout]                                at /rustc/82e1608dfa6e0b5569232559e3d385fea5a93112/library/core/src/fmt/rt.rs:142:9
[INFO] [stdout]    5:     0x558a69f93340 - core::fmt::write::h3a39390d8560d9c9
[INFO] [stdout]                                at /rustc/82e1608dfa6e0b5569232559e3d385fea5a93112/library/core/src/fmt/mod.rs:1120:17
[INFO] [stdout]    6:     0x558a69f6607f - std::io::Write::write_fmt::h040b369f3a0f9cbc
[INFO] [stdout]                                at /rustc/82e1608dfa6e0b5569232559e3d385fea5a93112/library/std/src/io/mod.rs:1762:15
[INFO] [stdout]    7:     0x558a69f68784 - std::sys_common::backtrace::_print::h894006fb5c6f3d45
[INFO] [stdout]                                at /rustc/82e1608dfa6e0b5569232559e3d385fea5a93112/library/std/src/sys_common/backtrace.rs:47:5
[INFO] [stdout]    8:     0x558a69f68784 - std::sys_common::backtrace::print::h23a2d212c6fff936
[INFO] [stdout]                                at /rustc/82e1608dfa6e0b5569232559e3d385fea5a93112/library/std/src/sys_common/backtrace.rs:34:9
[INFO] [stdout]    9:     0x558a69f6a447 - std::panicking::default_hook::{{closure}}::h8a1d2ee00185001a
[INFO] [stdout]   10:     0x558a69f6a133 - std::panicking::default_hook::h6038f2eba384e475
[INFO] [stdout]                                at /rustc/82e1608dfa6e0b5569232559e3d385fea5a93112/library/std/src/panicking.rs:289:9
[INFO] [stdout]   11:     0x558a69f0af87 - <alloc::boxed::Box<F,A> as core::ops::function::Fn<Args>>::call::h0ad024c9bdc6d768
[INFO] [stdout]                                at /rustc/82e1608dfa6e0b5569232559e3d385fea5a93112/library/alloc/src/boxed.rs:2021:9
[INFO] [stdout]   12:     0x558a69f0af87 - test::test_main::{{closure}}::h7500b54257359db6
[INFO] [stdout]                                at /rustc/82e1608dfa6e0b5569232559e3d385fea5a93112/library/test/src/lib.rs:138:21
[INFO] [stdout]   13:     0x558a69f6aa58 - <alloc::boxed::Box<F,A> as core::ops::function::Fn<Args>>::call::h1f8f335eaa9cfaee
[INFO] [stdout]                                at /rustc/82e1608dfa6e0b5569232559e3d385fea5a93112/library/alloc/src/boxed.rs:2021:9
[INFO] [stdout]   14:     0x558a69f6aa58 - std::panicking::rust_panic_with_hook::h2b5517d590cab22e
[INFO] [stdout]                                at /rustc/82e1608dfa6e0b5569232559e3d385fea5a93112/library/std/src/panicking.rs:783:13
[INFO] [stdout]   15:     0x558a69f6a7ae - std::panicking::begin_panic_handler::{{closure}}::h233112c06e0ef43e
[INFO] [stdout]                                at /rustc/82e1608dfa6e0b5569232559e3d385fea5a93112/library/std/src/panicking.rs:657:13
[INFO] [stdout]   16:     0x558a69f68e66 - std::sys_common::backtrace::__rust_end_short_backtrace::h6e893f24d7ebbff8
[INFO] [stdout]                                at /rustc/82e1608dfa6e0b5569232559e3d385fea5a93112/library/std/src/sys_common/backtrace.rs:170:18
[INFO] [stdout]   17:     0x558a69f6a512 - rust_begin_unwind
[INFO] [stdout]                                at /rustc/82e1608dfa6e0b5569232559e3d385fea5a93112/library/std/src/panicking.rs:645:5
[INFO] [stdout]   18:     0x558a69eb8695 - core::panicking::panic_fmt::hbf0e066aabfa482c
[INFO] [stdout]                                at /rustc/82e1608dfa6e0b5569232559e3d385fea5a93112/library/core/src/panicking.rs:72:14
[INFO] [stdout]   19:     0x558a69eb8c83 - core::result::unwrap_failed::hddb4fea594200c52
[INFO] [stdout]                                at /rustc/82e1608dfa6e0b5569232559e3d385fea5a93112/library/core/src/result.rs:1653:5
[INFO] [stdout]   20:     0x558a69ec4ea7 - core::result::Result<T,E>::unwrap::hf8cb0928b8a1eddd
[INFO] [stdout]                                at /rustc/82e1608dfa6e0b5569232559e3d385fea5a93112/library/core/src/result.rs:1077:23
[INFO] [stdout]   21:     0x558a69ec4ea7 - darkbird::darkbird::wal::disk_log::open_last_page::h6c7d90674f0bb1d9
[INFO] [stdout]                                at /opt/rustwide/workdir/src/darkbird/wal/disk_log.rs:415:9
[INFO] [stdout]   22:     0x558a69ec4ea7 - darkbird::darkbird::wal::disk_log::Context::open::hf54c610ec62a932a
[INFO] [stdout]                                at /opt/rustwide/workdir/src/darkbird/wal/disk_log.rs:242:24
[INFO] [stdout]   23:     0x558a69ec4ea7 - darkbird::darkbird::wal::disk_log::DiskLog::open::h5dd405758dc618b3
[INFO] [stdout]                                at /opt/rustwide/workdir/src/darkbird/wal/disk_log.rs:34:15
[INFO] [stdout]   24:     0x558a69ebbdf6 - darkbird::darkbird::storage_vector::VecStorage::open::{{closure}}::h4e3a0f2d852aa7f4
[INFO] [stdout]                                at /opt/rustwide/workdir/src/darkbird/storage_vector.rs:36:15
[INFO] [stdout]   25:     0x558a69ebf5fc - darkbird::darkbird::schema::Schema::with_vecstore::{{closure}}::hf7a6cc3051e82036
[INFO] [stdout]                                at /opt/rustwide/workdir/src/darkbird/schema.rs:71:38
[INFO] [stdout]   26:     0x558a69ebf5fc - darkbird::darkbird::storage_vector_test::k_nearest_neighbors::{{closure}}::ha2127d689bdf7207
[INFO] [stdout]                                at /opt/rustwide/workdir/src/darkbird/storage_vector_test.rs:41:10
[INFO] [stdout]   27:     0x558a69ec9608 - <core::pin::Pin<P> as core::future::future::Future>::poll::hf11dacbb8c1c540a
[INFO] [stdout]                                at /rustc/82e1608dfa6e0b5569232559e3d385fea5a93112/library/core/src/future/future.rs:125:9
[INFO] [stdout]   28:     0x558a69ec9608 - <core::pin::Pin<P> as core::future::future::Future>::poll::h86d065d1557477e4
[INFO] [stdout]                                at /rustc/82e1608dfa6e0b5569232559e3d385fea5a93112/library/core/src/future/future.rs:125:9
[INFO] [stdout]   29:     0x558a69ec9608 - tokio::runtime::scheduler::current_thread::CoreGuard::block_on::{{closure}}::{{closure}}::{{closure}}::h7a44fe87925cabe7
[INFO] [stdout]                                at /opt/rustwide/cargo-home/registry/src/index.crates.io-6f17d22bba15001f/tokio-1.33.0/src/runtime/scheduler/current_thread/mod.rs:665:57
[INFO] [stdout]   30:     0x558a69ec9608 - tokio::runtime::coop::with_budget::h5a847807602eab70
[INFO] [stdout]                                at /opt/rustwide/cargo-home/registry/src/index.crates.io-6f17d22bba15001f/tokio-1.33.0/src/runtime/coop.rs:107:5
[INFO] [stdout]   31:     0x558a69ec9608 - tokio::runtime::coop::budget::h0a15eb7cc2ff7ffe
[INFO] [stdout]                                at /opt/rustwide/cargo-home/registry/src/index.crates.io-6f17d22bba15001f/tokio-1.33.0/src/runtime/coop.rs:73:5
[INFO] [stdout]   32:     0x558a69ec9608 - tokio::runtime::scheduler::current_thread::CoreGuard::block_on::{{closure}}::{{closure}}::h7739bde0f2d40229
[INFO] [stdout]                                at /opt/rustwide/cargo-home/registry/src/index.crates.io-6f17d22bba15001f/tokio-1.33.0/src/runtime/scheduler/current_thread/mod.rs:665:25
[INFO] [stdout]   33:     0x558a69ec9608 - tokio::runtime::scheduler::current_thread::Context::enter::h438aaa977f010120
[INFO] [stdout]                                at /opt/rustwide/cargo-home/registry/src/index.crates.io-6f17d22bba15001f/tokio-1.33.0/src/runtime/scheduler/current_thread/mod.rs:410:19
[INFO] [stdout]   34:     0x558a69ecd5be - tokio::runtime::scheduler::current_thread::CoreGuard::block_on::{{closure}}::he9a275f5b0eca724
[INFO] [stdout]                                at /opt/rustwide/cargo-home/registry/src/index.crates.io-6f17d22bba15001f/tokio-1.33.0/src/runtime/scheduler/current_thread/mod.rs:664:36
[INFO] [stdout]   35:     0x558a69ecd5be - tokio::runtime::scheduler::current_thread::CoreGuard::enter::{{closure}}::h69d34598a09b08d9
[INFO] [stdout]                                at /opt/rustwide/cargo-home/registry/src/index.crates.io-6f17d22bba15001f/tokio-1.33.0/src/runtime/scheduler/current_thread/mod.rs:743:68
[INFO] [stdout]   36:     0x558a69ecd5be - tokio::runtime::context::scoped::Scoped<T>::set::hedb87ac71dc5804c
[INFO] [stdout]                                at /opt/rustwide/cargo-home/registry/src/index.crates.io-6f17d22bba15001f/tokio-1.33.0/src/runtime/context/scoped.rs:40:9
[INFO] [stdout]   37:     0x558a69ed601f - tokio::runtime::context::set_scheduler::{{closure}}::hb04182f2dae89c9a
[INFO] [stdout]                                at /opt/rustwide/cargo-home/registry/src/index.crates.io-6f17d22bba15001f/tokio-1.33.0/src/runtime/context.rs:176:26
[INFO] [stdout]   38:     0x558a69ed601f - std::thread::local::LocalKey<T>::try_with::hfe8b245da393290a
[INFO] [stdout]                                at /rustc/82e1608dfa6e0b5569232559e3d385fea5a93112/library/std/src/thread/local.rs:270:16
[INFO] [stdout]   39:     0x558a69ed601f - std::thread::local::LocalKey<T>::with::h74f7d65f127f13a1
[INFO] [stdout]                                at /rustc/82e1608dfa6e0b5569232559e3d385fea5a93112/library/std/src/thread/local.rs:246:9
[INFO] [stdout]   40:     0x558a69ec995f - tokio::runtime::context::set_scheduler::h505756c6953c46a4
[INFO] [stdout]                                at /opt/rustwide/cargo-home/registry/src/index.crates.io-6f17d22bba15001f/tokio-1.33.0/src/runtime/context.rs:176:9
[INFO] [stdout]   41:     0x558a69ec995f - tokio::runtime::scheduler::current_thread::CoreGuard::enter::ha7162370d1847798
[INFO] [stdout]                                at /opt/rustwide/cargo-home/registry/src/index.crates.io-6f17d22bba15001f/tokio-1.33.0/src/runtime/scheduler/current_thread/mod.rs:743:27
[INFO] [stdout]   42:     0x558a69ec995f - tokio::runtime::scheduler::current_thread::CoreGuard::block_on::h07af912e4d3e989b
[INFO] [stdout]                                at /opt/rustwide/cargo-home/registry/src/index.crates.io-6f17d22bba15001f/tokio-1.33.0/src/runtime/scheduler/current_thread/mod.rs:652:19
[INFO] [stdout]   43:     0x558a69ed5b38 - tokio::runtime::scheduler::current_thread::CurrentThread::block_on::{{closure}}::h57e24e4c1e76cdc4
[INFO] [stdout]                                at /opt/rustwide/cargo-home/registry/src/index.crates.io-6f17d22bba15001f/tokio-1.33.0/src/runtime/scheduler/current_thread/mod.rs:175:28
[INFO] [stdout]   44:     0x558a69ed5b38 - tokio::runtime::context::runtime::enter_runtime::h362946f1d55c7a86
[INFO] [stdout]                                at /opt/rustwide/cargo-home/registry/src/index.crates.io-6f17d22bba15001f/tokio-1.33.0/src/runtime/context/runtime.rs:65:16
[INFO] [stdout]   45:     0x558a69ed11e3 - tokio::runtime::scheduler::current_thread::CurrentThread::block_on::h85278ada36c46601
[INFO] [stdout]                                at /opt/rustwide/cargo-home/registry/src/index.crates.io-6f17d22bba15001f/tokio-1.33.0/src/runtime/scheduler/current_thread/mod.rs:167:9
[INFO] [stdout]   46:     0x558a69ed11e3 - tokio::runtime::runtime::Runtime::block_on::hcfec076db29a2cb1
[INFO] [stdout]                                at /opt/rustwide/cargo-home/registry/src/index.crates.io-6f17d22bba15001f/tokio-1.33.0/src/runtime/runtime.rs:348:47
[INFO] [stdout]   47:     0x558a69ebefda - darkbird::darkbird::storage_vector_test::k_nearest_neighbors::h59c86583a616281c
[INFO] [stdout]                                at /opt/rustwide/workdir/src/darkbird/storage_vector_test.rs:62:5
[INFO] [stdout]   48:     0x558a69ecc469 - darkbird::darkbird::storage_vector_test::k_nearest_neighbors::{{closure}}::hbf86c2a2e7a0cb18
[INFO] [stdout]                                at /opt/rustwide/workdir/src/darkbird/storage_vector_test.rs:38:31
[INFO] [stdout]   49:     0x558a69ecc469 - core::ops::function::FnOnce::call_once::h0350eec601913fa0
[INFO] [stdout]                                at /rustc/82e1608dfa6e0b5569232559e3d385fea5a93112/library/core/src/ops/function.rs:250:5
[INFO] [stdout]   50:     0x558a69f105df - core::ops::function::FnOnce::call_once::h2b5d431d5046312d
[INFO] [stdout]                                at /rustc/82e1608dfa6e0b5569232559e3d385fea5a93112/library/core/src/ops/function.rs:250:5
[INFO] [stdout]   51:     0x558a69f105df - test::__rust_begin_short_backtrace::h7714669af176e207
[INFO] [stdout]                                at /rustc/82e1608dfa6e0b5569232559e3d385fea5a93112/library/test/src/lib.rs:628:18
[INFO] [stdout]   52:     0x558a69f0f5f5 - test::run_test_in_process::{{closure}}::h85218797dcbcec12
[INFO] [stdout]                                at /rustc/82e1608dfa6e0b5569232559e3d385fea5a93112/library/test/src/lib.rs:651:60
[INFO] [stdout]   53:     0x558a69f0f5f5 - <core::panic::unwind_safe::AssertUnwindSafe<F> as core::ops::function::FnOnce<()>>::call_once::h76c106ea31c14d7b
[INFO] [stdout]                                at /rustc/82e1608dfa6e0b5569232559e3d385fea5a93112/library/core/src/panic/unwind_safe.rs:272:9
[INFO] [stdout]   54:     0x558a69f0f5f5 - std::panicking::try::do_call::h3bd5d0f6620ee946
[INFO] [stdout]                                at /rustc/82e1608dfa6e0b5569232559e3d385fea5a93112/library/std/src/panicking.rs:552:40
[INFO] [stdout]   55:     0x558a69f0f5f5 - std::panicking::try::h232e535e4744fe31
[INFO] [stdout]                                at /rustc/82e1608dfa6e0b5569232559e3d385fea5a93112/library/std/src/panicking.rs:516:19
[INFO] [stdout]   56:     0x558a69f0f5f5 - std::panic::catch_unwind::h3ce3bd6ca8dbac68
[INFO] [stdout]                                at /rustc/82e1608dfa6e0b5569232559e3d385fea5a93112/library/std/src/panic.rs:142:14
[INFO] [stdout]   57:     0x558a69f0f5f5 - test::run_test_in_process::hc97b257c9621286a
[INFO] [stdout]                                at /rustc/82e1608dfa6e0b5569232559e3d385fea5a93112/library/test/src/lib.rs:651:27
[INFO] [stdout]   58:     0x558a69f0f5f5 - test::run_test::{{closure}}::h2aa798823a438d38
[INFO] [stdout]                                at /rustc/82e1608dfa6e0b5569232559e3d385fea5a93112/library/test/src/lib.rs:574:43
[INFO] [stdout]   59:     0x558a69ed78b6 - test::run_test::{{closure}}::h87d231c78fb59832
[INFO] [stdout]                                at /rustc/82e1608dfa6e0b5569232559e3d385fea5a93112/library/test/src/lib.rs:602:41
[INFO] [stdout]   60:     0x558a69ed78b6 - std::sys_common::backtrace::__rust_begin_short_backtrace::he6df152596625789
[INFO] [stdout]                                at /rustc/82e1608dfa6e0b5569232559e3d385fea5a93112/library/std/src/sys_common/backtrace.rs:154:18
[INFO] [stdout]   61:     0x558a69edc967 - std::thread::Builder::spawn_unchecked_::{{closure}}::{{closure}}::ha94be15d1e0acf36
[INFO] [stdout]                                at /rustc/82e1608dfa6e0b5569232559e3d385fea5a93112/library/std/src/thread/mod.rs:529:17
[INFO] [stdout]   62:     0x558a69edc967 - <core::panic::unwind_safe::AssertUnwindSafe<F> as core::ops::function::FnOnce<()>>::call_once::h9dc6bd6372f16606
[INFO] [stdout]                                at /rustc/82e1608dfa6e0b5569232559e3d385fea5a93112/library/core/src/panic/unwind_safe.rs:272:9
[INFO] [stdout]   63:     0x558a69edc967 - std::panicking::try::do_call::h9057517f80303cd4
[INFO] [stdout]                                at /rustc/82e1608dfa6e0b5569232559e3d385fea5a93112/library/std/src/panicking.rs:552:40
[INFO] [stdout]   64:     0x558a69edc967 - std::panicking::try::he3a30b11ee45340c
[INFO] [stdout]                                at /rustc/82e1608dfa6e0b5569232559e3d385fea5a93112/library/std/src/panicking.rs:516:19
[INFO] [stdout]   65:     0x558a69edc967 - std::panic::catch_unwind::h410458cfd3528b8b
[INFO] [stdout]                                at /rustc/82e1608dfa6e0b5569232559e3d385fea5a93112/library/std/src/panic.rs:142:14
[INFO] [stdout]   66:     0x558a69edc967 - std::thread::Builder::spawn_unchecked_::{{closure}}::h72ac3bdb567b737b
[INFO] [stdout]                                at /rustc/82e1608dfa6e0b5569232559e3d385fea5a93112/library/std/src/thread/mod.rs:528:30
[INFO] [stdout]   67:     0x558a69edc967 - core::ops::function::FnOnce::call_once{{vtable.shim}}::h38f34da3654a8344
[INFO] [stdout]                                at /rustc/82e1608dfa6e0b5569232559e3d385fea5a93112/library/core/src/ops/function.rs:250:5
[INFO] [stdout]   68:     0x558a69f6f6e5 - <alloc::boxed::Box<F,A> as core::ops::function::FnOnce<Args>>::call_once::hc7eafaff61e32df9
[INFO] [stdout]                                at /rustc/82e1608dfa6e0b5569232559e3d385fea5a93112/library/alloc/src/boxed.rs:2007:9
[INFO] [stdout]   69:     0x558a69f6f6e5 - <alloc::boxed::Box<F,A> as core::ops::function::FnOnce<Args>>::call_once::h6ba4a5de48dd2304
[INFO] [stdout]                                at /rustc/82e1608dfa6e0b5569232559e3d385fea5a93112/library/alloc/src/boxed.rs:2007:9
[INFO] [stdout]   70:     0x558a69f6f6e5 - std::sys::unix::thread::Thread::new::thread_start::he469335aef763e45
[INFO] [stdout]                                at /rustc/82e1608dfa6e0b5569232559e3d385fea5a93112/library/std/src/sys/unix/thread.rs:108:17
[INFO] [stdout]   71:     0x7f6aac37fac3 - <unknown>
[INFO] [stdout]   72:     0x7f6aac410bf4 - __clone
[INFO] [stdout]   73:                0x0 - <unknown>
[INFO] [stdout] 
[INFO] [stdout] 
[INFO] [stdout] failures:
[INFO] [stdout]     darkbird::storage_vector_test::k_nearest_neighbors
[INFO] [stdout]     darkbird::storage_vector_test::vector
[INFO] [stdout] 
[INFO] [stdout] test result: FAILED. 0 passed; 2 failed; 0 ignored; 0 measured; 0 filtered out; finished in 0.09s
[INFO] [stdout] 
[INFO] [stderr] error: test failed, to rerun pass `--lib`
[INFO] running `Command { std: "docker" "inspect" "410498b32befc43c605b6bc701430e15c835b726afbe7cca3abf95d4a4a73b07", kill_on_drop: false }`
[INFO] running `Command { std: "docker" "rm" "-f" "410498b32befc43c605b6bc701430e15c835b726afbe7cca3abf95d4a4a73b07", kill_on_drop: false }`
[INFO] [stdout] 410498b32befc43c605b6bc701430e15c835b726afbe7cca3abf95d4a4a73b07
