[INFO] cloning repository https://github.com/RussTheAerialist/potinv
[INFO] running `Command { std: "git" "-c" "credential.helper=" "-c" "credential.helper=/workspace/cargo-home/bin/git-credential-null" "clone" "--bare" "https://github.com/RussTheAerialist/potinv" "/workspace/cache/git-repos/https%3A%2F%2Fgithub.com%2FRussTheAerialist%2Fpotinv", kill_on_drop: false }`
[INFO] [stderr] Cloning into bare repository '/workspace/cache/git-repos/https%3A%2F%2Fgithub.com%2FRussTheAerialist%2Fpotinv'...
[INFO] running `Command { std: "git" "rev-parse" "HEAD", kill_on_drop: false }`
[INFO] [stdout] 8fd06664d473b4b06db022d365f6b4c07d25679f
[INFO] testing RussTheAerialist/potinv against 1.75.0 for beta-1.76-1
[INFO] running `Command { std: "git" "clone" "/workspace/cache/git-repos/https%3A%2F%2Fgithub.com%2FRussTheAerialist%2Fpotinv" "/workspace/builds/worker-4-tc1/source", kill_on_drop: false }`
[INFO] [stderr] Cloning into '/workspace/builds/worker-4-tc1/source'...
[INFO] [stderr] done.
[INFO] validating manifest of git repo https://github.com/RussTheAerialist/potinv on toolchain 1.75.0
[INFO] running `Command { std: CARGO_HOME="/workspace/cargo-home" RUSTUP_HOME="/workspace/rustup-home" "/workspace/cargo-home/bin/cargo" "+1.75.0" "metadata" "--manifest-path" "Cargo.toml" "--no-deps", kill_on_drop: false }`
[INFO] started tweaking git repo https://github.com/RussTheAerialist/potinv
[INFO] finished tweaking git repo https://github.com/RussTheAerialist/potinv
[INFO] tweaked toml for git repo https://github.com/RussTheAerialist/potinv written to /workspace/builds/worker-4-tc1/source/Cargo.toml
[INFO] crate git repo https://github.com/RussTheAerialist/potinv already has a lockfile, it will not be regenerated
[INFO] running `Command { std: CARGO_HOME="/workspace/cargo-home" RUSTUP_HOME="/workspace/rustup-home" "/workspace/cargo-home/bin/cargo" "+1.75.0" "fetch" "--manifest-path" "Cargo.toml", kill_on_drop: false }`
[INFO] [stderr]     Updating crates.io index
[INFO] [stderr]  Downloading crates ...
[INFO] [stderr]   Downloaded warp v0.1.20
[INFO] [stderr]   Downloaded juniper_codegen v0.14.2
[INFO] [stderr]   Downloaded juniper v0.14.2
[INFO] [stderr]   Downloaded juniper_warp v0.5.2
[INFO] [stderr]   Downloaded minimal-id v0.8.0
[INFO] running `Command { std: "docker" "create" "-v" "/var/lib/crater-agent-workspace/builds/worker-4-tc1/target:/opt/rustwide/target:rw,Z" "-v" "/var/lib/crater-agent-workspace/builds/worker-4-tc1/source:/opt/rustwide/workdir:ro,Z" "-v" "/var/lib/crater-agent-workspace/cargo-home:/opt/rustwide/cargo-home:ro,Z" "-v" "/var/lib/crater-agent-workspace/rustup-home:/opt/rustwide/rustup-home:ro,Z" "-e" "SOURCE_DIR=/opt/rustwide/workdir" "-e" "CARGO_TARGET_DIR=/opt/rustwide/target" "-e" "CARGO_HOME=/opt/rustwide/cargo-home" "-e" "RUSTUP_HOME=/opt/rustwide/rustup-home" "-w" "/opt/rustwide/workdir" "-m" "1610612736" "--user" "0:0" "--network" "none" "ghcr.io/rust-lang/crates-build-env/linux@sha256:2788e3201cd34a07e3172128adcd8b3090168a8e3bcc40d7c032b9dda1df7d1c" "/opt/rustwide/cargo-home/bin/cargo" "+1.75.0" "metadata" "--no-deps" "--format-version=1", kill_on_drop: false }`
[INFO] [stdout] a65da54d7f9d0bec0016fe1c436605a518aaecefa5c81de820f60b4f4632c16a
[INFO] running `Command { std: "docker" "start" "-a" "a65da54d7f9d0bec0016fe1c436605a518aaecefa5c81de820f60b4f4632c16a", kill_on_drop: false }`
[INFO] running `Command { std: "docker" "inspect" "a65da54d7f9d0bec0016fe1c436605a518aaecefa5c81de820f60b4f4632c16a", kill_on_drop: false }`
[INFO] running `Command { std: "docker" "rm" "-f" "a65da54d7f9d0bec0016fe1c436605a518aaecefa5c81de820f60b4f4632c16a", kill_on_drop: false }`
[INFO] [stdout] a65da54d7f9d0bec0016fe1c436605a518aaecefa5c81de820f60b4f4632c16a
[INFO] running `Command { std: "docker" "create" "-v" "/var/lib/crater-agent-workspace/builds/worker-4-tc1/target:/opt/rustwide/target:rw,Z" "-v" "/var/lib/crater-agent-workspace/builds/worker-4-tc1/source:/opt/rustwide/workdir:ro,Z" "-v" "/var/lib/crater-agent-workspace/cargo-home:/opt/rustwide/cargo-home:ro,Z" "-v" "/var/lib/crater-agent-workspace/rustup-home:/opt/rustwide/rustup-home:ro,Z" "-e" "SOURCE_DIR=/opt/rustwide/workdir" "-e" "CARGO_TARGET_DIR=/opt/rustwide/target" "-e" "CARGO_INCREMENTAL=0" "-e" "RUST_BACKTRACE=full" "-e" "RUSTFLAGS=--cap-lints=warn" "-e" "RUSTDOCFLAGS=--cap-lints=warn" "-e" "CARGO_HOME=/opt/rustwide/cargo-home" "-e" "RUSTUP_HOME=/opt/rustwide/rustup-home" "-w" "/opt/rustwide/workdir" "-m" "1610612736" "--user" "0:0" "--network" "none" "ghcr.io/rust-lang/crates-build-env/linux@sha256:2788e3201cd34a07e3172128adcd8b3090168a8e3bcc40d7c032b9dda1df7d1c" "/opt/rustwide/cargo-home/bin/cargo" "+1.75.0" "build" "--frozen" "--message-format=json", kill_on_drop: false }`
[INFO] [stdout] afbeed82533d711f6907fd05b6eafe4f0ccc5d236c7b39675f48017846e84bbe
[INFO] running `Command { std: "docker" "start" "-a" "afbeed82533d711f6907fd05b6eafe4f0ccc5d236c7b39675f48017846e84bbe", kill_on_drop: false }`
[INFO] [stderr]    Compiling libc v0.2.66
[INFO] [stderr]    Compiling cfg-if v0.1.10
[INFO] [stderr]    Compiling byteorder v1.3.2
[INFO] [stderr]    Compiling autocfg v0.1.7
[INFO] [stderr]    Compiling semver-parser v0.7.0
[INFO] [stderr]    Compiling fnv v1.0.6
[INFO] [stderr]    Compiling log v0.4.8
[INFO] [stderr]    Compiling either v1.5.3
[INFO] [stderr]    Compiling futures v0.1.29
[INFO] [stderr]    Compiling proc-macro2 v1.0.8
[INFO] [stderr]    Compiling unicode-xid v0.2.0
[INFO] [stderr]    Compiling autocfg v1.0.0
[INFO] [stderr]    Compiling syn v1.0.14
[INFO] [stderr]    Compiling scopeguard v1.0.0
[INFO] [stderr]    Compiling slab v0.4.2
[INFO] [stderr]    Compiling rand_core v0.3.1
[INFO] [stderr]    Compiling crossbeam-utils v0.6.6
[INFO] [stderr]    Compiling version_check v0.1.5
[INFO] [stderr]    Compiling smallvec v1.2.0
[INFO] [stderr]    Compiling maybe-uninit v2.0.0
[INFO] [stderr]    Compiling matches v0.1.8
[INFO] [stderr]    Compiling semver v0.9.0
[INFO] [stderr]    Compiling serde v1.0.104
[INFO] [stderr]    Compiling memchr v2.3.0
[INFO] [stderr]    Compiling unicode-normalization v0.1.12
[INFO] [stderr]    Compiling unicode-bidi v0.3.4
[INFO] [stderr]    Compiling getrandom v0.1.14
[INFO] [stderr]    Compiling rand_pcg v0.1.2
[INFO] [stderr]    Compiling unicase v1.4.2
[INFO] [stderr]    Compiling rustc_version v0.2.3
[INFO] [stderr]    Compiling rand_chacha v0.1.1
[INFO] [stderr]    Compiling itoa v0.4.5
[INFO] [stderr]    Compiling parking_lot_core v0.6.2
[INFO] [stderr]    Compiling memoffset v0.5.3
[INFO] [stderr]    Compiling smallvec v0.6.13
[INFO] [stderr]    Compiling parking_lot v0.9.0
[INFO] [stderr]    Compiling indexmap v1.3.1
[INFO] [stderr]    Compiling crossbeam-utils v0.7.0
[INFO] [stderr]    Compiling rand v0.6.5
[INFO] [stderr]    Compiling siphasher v0.2.3
[INFO] [stderr]    Compiling quote v1.0.2
[INFO] [stderr]    Compiling ppv-lite86 v0.2.6
[INFO] [stderr]    Compiling typenum v1.11.2
[INFO] [stderr]    Compiling phf_shared v0.7.24
[INFO] [stderr]    Compiling iovec v0.1.4
[INFO] [stderr]    Compiling num_cpus v1.12.0
[INFO] [stderr]    Compiling net2 v0.2.33
[INFO] [stderr]    Compiling bytes v0.4.12
[INFO] [stderr]    Compiling rand_os v0.1.3
[INFO] [stderr]    Compiling time v0.1.42
[INFO] [stderr]    Compiling num-traits v0.2.11
[INFO] [stderr]    Compiling crossbeam-epoch v0.8.0
[INFO] [stderr]    Compiling rand_core v0.5.1
[INFO] [stderr]    Compiling lock_api v0.3.3
[INFO] [stderr]    Compiling mio v0.6.21
[INFO] [stderr]    Compiling rand_xorshift v0.1.1
[INFO] [stderr]    Compiling rand_hc v0.1.0
[INFO] [stderr]    Compiling tokio-executor v0.1.9
[INFO] [stderr]    Compiling tokio-io v0.1.12
[INFO] [stderr]    Compiling rand_isaac v0.1.1
[INFO] [stderr]    Compiling rand_jitter v0.1.4
[INFO] [stderr]    Compiling c2-chacha v0.2.3
[INFO] [stderr]    Compiling http v0.1.21
[INFO] [stderr]    Compiling tokio-sync v0.1.7
[INFO] [stderr]    Compiling num-integer v0.1.42
[INFO] [stderr]    Compiling proc-macro2 v0.4.30
[INFO] [stderr]    Compiling rand_chacha v0.2.1
[INFO] [stderr]    Compiling version_check v0.9.1
[INFO] [stderr]    Compiling rand v0.7.3
[INFO] [stderr]    Compiling byte-tools v0.3.1
[INFO] [stderr]    Compiling tokio-reactor v0.1.11
[INFO] [stderr]    Compiling unicase v2.6.0
[INFO] [stderr]    Compiling unicode-xid v0.1.0
[INFO] [stderr]    Compiling httparse v1.3.4
[INFO] [stderr]    Compiling generic-array v0.12.3
[INFO] [stderr]    Compiling tokio-codec v0.1.1
[INFO] [stderr]    Compiling block-padding v0.1.5
[INFO] [stderr]    Compiling idna v0.2.0
[INFO] [stderr]    Compiling crossbeam-deque v0.7.2
[INFO] [stderr]    Compiling crossbeam-queue v0.1.2
[INFO] [stderr]    Compiling syn v0.15.44
[INFO] [stderr]    Compiling percent-encoding v2.1.0
[INFO] [stderr]    Compiling cc v1.0.50
[INFO] [stderr]    Compiling ident_case v1.0.1
[INFO] [stderr]    Compiling strsim v0.9.3
[INFO] [stderr]    Compiling phf_generator v0.7.24
[INFO] [stderr]    Compiling tokio-threadpool v0.1.17
[INFO] [stderr]    Compiling block-buffer v0.7.3
[INFO] [stderr]    Compiling phf_codegen v0.7.24
[INFO] [stderr]    Compiling digest v0.8.1
[INFO] [stderr]    Compiling chrono v0.4.10
[INFO] [stderr]    Compiling mio-uds v0.6.7
[INFO] [stderr]    Compiling url v2.1.1
[INFO] [stderr]    Compiling quote v0.6.13
[INFO] [stderr]    Compiling mime_guess v1.8.7
[INFO] [stderr]    Compiling aho-corasick v0.7.7
[INFO] [stderr]    Compiling log v0.3.9
[INFO] [stderr]    Compiling thread_local v1.0.1
[INFO] [stderr]    Compiling regex-syntax v0.6.14
[INFO] [stderr]    Compiling uuid v0.7.4
[INFO] [stderr]    Compiling fake-simd v0.1.2
[INFO] [stderr]    Compiling ryu v1.0.2
[INFO] [stderr]    Compiling opaque-debug v0.2.3
[INFO] [stderr]    Compiling mime v0.2.6
[INFO] [stderr]    Compiling sha-1 v0.8.2
[INFO] [stderr]    Compiling tokio-fs v0.1.6
[INFO] [stderr]    Compiling tokio-uds v0.2.5
[INFO] [stderr]    Compiling mime_guess v2.0.1
[INFO] [stderr]    Compiling tokio-udp v0.1.5
[INFO] [stderr]    Compiling tokio-tcp v0.1.3
[INFO] [stderr]    Compiling backtrace-sys v0.1.32
[INFO] [stderr]    Compiling tokio-current-thread v0.1.6
[INFO] [stderr]    Compiling tokio-timer v0.2.12
[INFO] [stderr]    Compiling string v0.2.1
[INFO] [stderr]    Compiling tokio-buf v0.1.1
[INFO] [stderr]    Compiling phf v0.7.24
[INFO] [stderr]    Compiling idna v0.1.5
[INFO] [stderr]    Compiling hyper v0.12.35
[INFO] [stderr]    Compiling remove_dir_all v0.5.2
[INFO] [stderr]    Compiling mime v0.3.16
[INFO] [stderr]    Compiling failure_derive v0.1.6
[INFO] [stderr]    Compiling safemem v0.3.3
[INFO] [stderr]    Compiling percent-encoding v1.0.1
[INFO] [stderr]    Compiling try-lock v0.2.2
[INFO] [stderr]    Compiling tokio v0.1.22
[INFO] [stderr]    Compiling tempfile v3.1.0
[INFO] [stderr]    Compiling buf_redux v0.8.4
[INFO] [stderr]    Compiling want v0.2.0
[INFO] [stderr]    Compiling http-body v0.1.0
[INFO] [stderr]    Compiling headers-core v0.1.1
[INFO] [stderr]    Compiling input_buffer v0.2.0
[INFO] [stderr]    Compiling futures-cpupool v0.1.8
[INFO] [stderr]    Compiling twoway v0.1.8
[INFO] [stderr]    Compiling base64 v0.10.1
[INFO] [stderr]    Compiling rustc-demangle v0.1.16
[INFO] [stderr]    Compiling quick-error v1.2.3
[INFO] [stderr]    Compiling utf-8 v0.7.5
[INFO] [stderr]    Compiling base64 v0.11.0
[INFO] [stderr]    Compiling dtoa v0.4.5
[INFO] [stderr]    Compiling url v1.7.2
[INFO] [stderr]    Compiling derive_builder v0.9.0
[INFO] [stderr]    Compiling regex v1.3.4
[INFO] [stderr]    Compiling tungstenite v0.9.2
[INFO] [stderr]    Compiling multipart v0.16.1
[INFO] [stderr]    Compiling headers v0.2.3
[INFO] [stderr]    Compiling scoped-tls v1.0.0
[INFO] [stderr]    Compiling data-encoding v2.1.2
[INFO] [stderr]    Compiling urlencoding v1.0.0
[INFO] [stderr]    Compiling backtrace v0.3.43
[INFO] [stderr]    Compiling serde_json v1.0.45
[INFO] [stderr]    Compiling serde_urlencoded v0.6.1
[INFO] [stderr]    Compiling darling_core v0.10.2
[INFO] [stderr]    Compiling synstructure v0.12.3
[INFO] [stderr]    Compiling h2 v0.1.26
[INFO] [stderr]    Compiling serde_derive v1.0.104
[INFO] [stderr]    Compiling juniper_codegen v0.14.2
[INFO] [stderr]    Compiling failure v0.1.6
[INFO] [stderr]    Compiling darling_macro v0.10.2
[INFO] [stderr]    Compiling juniper_codegen v0.12.0
[INFO] [stderr]    Compiling darling v0.10.2
[INFO] [stderr]    Compiling derive_builder_core v0.9.0
[INFO] [stderr]    Compiling warp v0.1.20
[INFO] [stderr]    Compiling juniper v0.12.0
[INFO] [stderr]    Compiling juniper v0.14.2
[INFO] [stderr]    Compiling juniper_warp v0.5.2
[INFO] [stderr]    Compiling minimal-id v0.8.0
[INFO] [stderr]    Compiling potinv_domain v0.1.0 (/opt/rustwide/workdir/potinv_domain)
[INFO] [stdout] warning: fields `manufacturer`, `item_number`, and `cost_by_pound` are never read
[INFO] [stdout]   --> potinv_domain/src/lib.rs:19:5
[INFO] [stdout]    |
[INFO] [stdout] 18 | pub struct Clay {
[INFO] [stdout]    |            ---- fields in this struct
[INFO] [stdout] 19 |     manufacturer: Manufacturer,
[INFO] [stdout]    |     ^^^^^^^^^^^^
[INFO] [stdout] 20 |     item_number: String,
[INFO] [stdout]    |     ^^^^^^^^^^^
[INFO] [stdout] 21 |     cost_by_pound: Cost,
[INFO] [stdout]    |     ^^^^^^^^^^^^^
[INFO] [stdout]    |
[INFO] [stdout]    = note: `Clay` has derived impls for the traits `Clone` and `Debug`, but these are intentionally ignored during dead code analysis
[INFO] [stdout]    = note: `#[warn(dead_code)]` on by default
[INFO] [stdout] 
[INFO] [stdout] 
[INFO] [stdout] warning: fields `manufacturer`, `item_number`, and `cost_by_liter` are never read
[INFO] [stdout]   --> potinv_domain/src/lib.rs:26:5
[INFO] [stdout]    |
[INFO] [stdout] 25 | pub struct Glaze {
[INFO] [stdout]    |            ----- fields in this struct
[INFO] [stdout] 26 |     manufacturer: Manufacturer,
[INFO] [stdout]    |     ^^^^^^^^^^^^
[INFO] [stdout] 27 |     item_number: String,
[INFO] [stdout]    |     ^^^^^^^^^^^
[INFO] [stdout] 28 |     cost_by_liter: Cost,
[INFO] [stdout]    |     ^^^^^^^^^^^^^
[INFO] [stdout]    |
[INFO] [stdout]    = note: `Glaze` has derived impls for the traits `Clone` and `Debug`, but these are intentionally ignored during dead code analysis
[INFO] [stdout] 
[INFO] [stdout] 
[INFO] [stdout] warning: 2 warnings emitted
[INFO] [stdout] 
[INFO] [stdout] 
[INFO] [stderr]    Compiling potinv_api v0.1.0 (/opt/rustwide/workdir/potinv_api)
[INFO] [stdout] warning: unused import: `GraphQLObject`
[INFO] [stdout]  --> potinv_api/src/dto/mod.rs:4:49
[INFO] [stdout]   |
[INFO] [stdout] 4 | use juniper::{EmptyMutation, RootNode, Context, GraphQLObject};
[INFO] [stdout]   |                                                 ^^^^^^^^^^^^^
[INFO] [stdout]   |
[INFO] [stdout]   = note: `#[warn(unused_imports)]` on by default
[INFO] [stdout] 
[INFO] [stdout] 
[INFO] [stdout] warning: type alias `Schema` is never used
[INFO] [stdout]   --> potinv_api/src/dto/mod.rs:16:17
[INFO] [stdout]    |
[INFO] [stdout] 16 | pub(crate) type Schema = RootNode<'static, Query, EmptyMutation<Datastore>>;
[INFO] [stdout]    |                 ^^^^^^
[INFO] [stdout]    |
[INFO] [stdout]    = note: `#[warn(dead_code)]` on by default
[INFO] [stdout] 
[INFO] [stdout] 
[INFO] [stdout] warning: function `schema` is never used
[INFO] [stdout]   --> potinv_api/src/dto/mod.rs:18:15
[INFO] [stdout]    |
[INFO] [stdout] 18 | pub(crate) fn schema() -> Schema {
[INFO] [stdout]    |               ^^^^^^
[INFO] [stdout] 
[INFO] [stdout] 
[INFO] [stdout] warning: 3 warnings emitted
[INFO] [stdout] 
[INFO] [stdout] 
[INFO] [stderr]     Finished dev [unoptimized + debuginfo] target(s) in 26.06s
[INFO] [stderr] warning: the following packages contain code that will be rejected by a future version of Rust: buf_redux v0.8.4, multipart v0.16.1
[INFO] [stderr] note: to see what the problems were, use the option `--future-incompat-report`, or run `cargo report future-incompatibilities --id 1`
[INFO] running `Command { std: "docker" "inspect" "afbeed82533d711f6907fd05b6eafe4f0ccc5d236c7b39675f48017846e84bbe", kill_on_drop: false }`
[INFO] running `Command { std: "docker" "rm" "-f" "afbeed82533d711f6907fd05b6eafe4f0ccc5d236c7b39675f48017846e84bbe", kill_on_drop: false }`
[INFO] [stdout] afbeed82533d711f6907fd05b6eafe4f0ccc5d236c7b39675f48017846e84bbe
[INFO] running `Command { std: "docker" "create" "-v" "/var/lib/crater-agent-workspace/builds/worker-4-tc1/target:/opt/rustwide/target:rw,Z" "-v" "/var/lib/crater-agent-workspace/builds/worker-4-tc1/source:/opt/rustwide/workdir:ro,Z" "-v" "/var/lib/crater-agent-workspace/cargo-home:/opt/rustwide/cargo-home:ro,Z" "-v" "/var/lib/crater-agent-workspace/rustup-home:/opt/rustwide/rustup-home:ro,Z" "-e" "SOURCE_DIR=/opt/rustwide/workdir" "-e" "CARGO_TARGET_DIR=/opt/rustwide/target" "-e" "CARGO_INCREMENTAL=0" "-e" "RUST_BACKTRACE=full" "-e" "RUSTFLAGS=--cap-lints=warn" "-e" "RUSTDOCFLAGS=--cap-lints=warn" "-e" "CARGO_HOME=/opt/rustwide/cargo-home" "-e" "RUSTUP_HOME=/opt/rustwide/rustup-home" "-w" "/opt/rustwide/workdir" "-m" "1610612736" "--user" "0:0" "--network" "none" "ghcr.io/rust-lang/crates-build-env/linux@sha256:2788e3201cd34a07e3172128adcd8b3090168a8e3bcc40d7c032b9dda1df7d1c" "/opt/rustwide/cargo-home/bin/cargo" "+1.75.0" "test" "--frozen" "--no-run" "--message-format=json", kill_on_drop: false }`
[INFO] [stdout] 812da9e108f33ca868c7237b22b53bdef36df923ca8f82ed0e520ce765ceb62f
[INFO] running `Command { std: "docker" "start" "-a" "812da9e108f33ca868c7237b22b53bdef36df923ca8f82ed0e520ce765ceb62f", kill_on_drop: false }`
[INFO] [stdout] warning: fields `manufacturer`, `item_number`, and `cost_by_pound` are never read
[INFO] [stdout]   --> potinv_domain/src/lib.rs:19:5
[INFO] [stdout]    |
[INFO] [stdout] 18 | pub struct Clay {
[INFO] [stdout]    |            ---- fields in this struct
[INFO] [stdout] 19 |     manufacturer: Manufacturer,
[INFO] [stdout]    |     ^^^^^^^^^^^^
[INFO] [stdout] 20 |     item_number: String,
[INFO] [stdout]    |     ^^^^^^^^^^^
[INFO] [stdout] 21 |     cost_by_pound: Cost,
[INFO] [stdout]    |     ^^^^^^^^^^^^^
[INFO] [stdout]    |
[INFO] [stdout]    = note: `Clay` has derived impls for the traits `Clone` and `Debug`, but these are intentionally ignored during dead code analysis
[INFO] [stdout]    = note: `#[warn(dead_code)]` on by default
[INFO] [stdout] 
[INFO] [stdout] 
[INFO] [stdout] warning: fields `manufacturer`, `item_number`, and `cost_by_liter` are never read
[INFO] [stdout]   --> potinv_domain/src/lib.rs:26:5
[INFO] [stdout]    |
[INFO] [stdout] 25 | pub struct Glaze {
[INFO] [stdout]    |            ----- fields in this struct
[INFO] [stdout] 26 |     manufacturer: Manufacturer,
[INFO] [stdout]    |     ^^^^^^^^^^^^
[INFO] [stdout] 27 |     item_number: String,
[INFO] [stdout]    |     ^^^^^^^^^^^
[INFO] [stdout] 28 |     cost_by_liter: Cost,
[INFO] [stdout]    |     ^^^^^^^^^^^^^
[INFO] [stdout]    |
[INFO] [stdout]    = note: `Glaze` has derived impls for the traits `Clone` and `Debug`, but these are intentionally ignored during dead code analysis
[INFO] [stdout] 
[INFO] [stdout] 
[INFO] [stderr]    Compiling potinv_domain v0.1.0 (/opt/rustwide/workdir/potinv_domain)
[INFO] [stdout] warning: 2 warnings emitted
[INFO] [stdout] 
[INFO] [stdout] 
[INFO] [stderr]    Compiling potinv_api v0.1.0 (/opt/rustwide/workdir/potinv_api)
[INFO] [stdout] warning: unused import: `super::*`
[INFO] [stdout]   --> potinv_domain/src/lib.rs:44:9
[INFO] [stdout]    |
[INFO] [stdout] 44 |     use super::*;
[INFO] [stdout]    |         ^^^^^^^^
[INFO] [stdout]    |
[INFO] [stdout]    = note: `#[warn(unused_imports)]` on by default
[INFO] [stdout] 
[INFO] [stdout] 
[INFO] [stdout] warning: unused import: `GraphQLObject`
[INFO] [stdout]  --> potinv_api/src/dto/mod.rs:4:49
[INFO] [stdout]   |
[INFO] [stdout] 4 | use juniper::{EmptyMutation, RootNode, Context, GraphQLObject};
[INFO] [stdout]   |                                                 ^^^^^^^^^^^^^
[INFO] [stdout]   |
[INFO] [stdout]   = note: `#[warn(unused_imports)]` on by default
[INFO] [stdout] 
[INFO] [stdout] 
[INFO] [stdout] warning: use of deprecated method `minimal_id::Generator::generate`: Use Generator::new_id or MinimalId::generate
[INFO] [stdout]   --> potinv_domain/src/piece.rs:49:28
[INFO] [stdout]    |
[INFO] [stdout] 49 |         let id = generator.generate();
[INFO] [stdout]    |                            ^^^^^^^^
[INFO] [stdout]    |
[INFO] [stdout]    = note: `#[warn(deprecated)]` on by default
[INFO] [stdout] 
[INFO] [stdout] 
[INFO] [stdout] warning: use of deprecated method `minimal_id::Generator::generate`: Use Generator::new_id or MinimalId::generate
[INFO] [stdout]   --> potinv_domain/src/piece.rs:73:28
[INFO] [stdout]    |
[INFO] [stdout] 73 |         let id = generator.generate();
[INFO] [stdout]    |                            ^^^^^^^^
[INFO] [stdout] 
[INFO] [stdout] 
[INFO] [stdout] warning: use of deprecated method `minimal_id::Generator::generate`: Use Generator::new_id or MinimalId::generate
[INFO] [stdout]   --> potinv_domain/src/piece.rs:79:31
[INFO] [stdout]    |
[INFO] [stdout] 79 |         piece1.id = generator.generate();
[INFO] [stdout]    |                               ^^^^^^^^
[INFO] [stdout] 
[INFO] [stdout] 
[INFO] [stdout] warning: fields `manufacturer`, `item_number`, and `cost_by_pound` are never read
[INFO] [stdout]   --> potinv_domain/src/lib.rs:19:5
[INFO] [stdout]    |
[INFO] [stdout] 18 | pub struct Clay {
[INFO] [stdout]    |            ---- fields in this struct
[INFO] [stdout] 19 |     manufacturer: Manufacturer,
[INFO] [stdout]    |     ^^^^^^^^^^^^
[INFO] [stdout] 20 |     item_number: String,
[INFO] [stdout]    |     ^^^^^^^^^^^
[INFO] [stdout] 21 |     cost_by_pound: Cost,
[INFO] [stdout]    |     ^^^^^^^^^^^^^
[INFO] [stdout]    |
[INFO] [stdout]    = note: `Clay` has derived impls for the traits `Clone` and `Debug`, but these are intentionally ignored during dead code analysis
[INFO] [stdout]    = note: `#[warn(dead_code)]` on by default
[INFO] [stdout] 
[INFO] [stdout] 
[INFO] [stdout] warning: fields `manufacturer`, `item_number`, and `cost_by_liter` are never read
[INFO] [stdout]   --> potinv_domain/src/lib.rs:26:5
[INFO] [stdout]    |
[INFO] [stdout] 25 | pub struct Glaze {
[INFO] [stdout]    |            ----- fields in this struct
[INFO] [stdout] 26 |     manufacturer: Manufacturer,
[INFO] [stdout]    |     ^^^^^^^^^^^^
[INFO] [stdout] 27 |     item_number: String,
[INFO] [stdout]    |     ^^^^^^^^^^^
[INFO] [stdout] 28 |     cost_by_liter: Cost,
[INFO] [stdout]    |     ^^^^^^^^^^^^^
[INFO] [stdout]    |
[INFO] [stdout]    = note: `Glaze` has derived impls for the traits `Clone` and `Debug`, but these are intentionally ignored during dead code analysis
[INFO] [stdout] 
[INFO] [stdout] 
[INFO] [stdout] warning: 6 warnings emitted
[INFO] [stdout] 
[INFO] [stdout] 
[INFO] [stdout] warning: 1 warning emitted
[INFO] [stdout] 
[INFO] [stdout] 
[INFO] [stderr]     Finished test [unoptimized + debuginfo] target(s) in 2.21s
[INFO] [stderr] warning: the following packages contain code that will be rejected by a future version of Rust: buf_redux v0.8.4, multipart v0.16.1
[INFO] [stderr] note: to see what the problems were, use the option `--future-incompat-report`, or run `cargo report future-incompatibilities --id 1`
[INFO] running `Command { std: "docker" "inspect" "812da9e108f33ca868c7237b22b53bdef36df923ca8f82ed0e520ce765ceb62f", kill_on_drop: false }`
[INFO] running `Command { std: "docker" "rm" "-f" "812da9e108f33ca868c7237b22b53bdef36df923ca8f82ed0e520ce765ceb62f", kill_on_drop: false }`
[INFO] [stdout] 812da9e108f33ca868c7237b22b53bdef36df923ca8f82ed0e520ce765ceb62f
[INFO] running `Command { std: "docker" "create" "-v" "/var/lib/crater-agent-workspace/builds/worker-4-tc1/target:/opt/rustwide/target:rw,Z" "-v" "/var/lib/crater-agent-workspace/builds/worker-4-tc1/source:/opt/rustwide/workdir:ro,Z" "-v" "/var/lib/crater-agent-workspace/cargo-home:/opt/rustwide/cargo-home:ro,Z" "-v" "/var/lib/crater-agent-workspace/rustup-home:/opt/rustwide/rustup-home:ro,Z" "-e" "SOURCE_DIR=/opt/rustwide/workdir" "-e" "CARGO_TARGET_DIR=/opt/rustwide/target" "-e" "CARGO_INCREMENTAL=0" "-e" "RUST_BACKTRACE=full" "-e" "RUSTFLAGS=--cap-lints=warn" "-e" "RUSTDOCFLAGS=--cap-lints=warn" "-e" "CARGO_HOME=/opt/rustwide/cargo-home" "-e" "RUSTUP_HOME=/opt/rustwide/rustup-home" "-w" "/opt/rustwide/workdir" "-m" "1610612736" "--user" "0:0" "--network" "none" "ghcr.io/rust-lang/crates-build-env/linux@sha256:2788e3201cd34a07e3172128adcd8b3090168a8e3bcc40d7c032b9dda1df7d1c" "/opt/rustwide/cargo-home/bin/cargo" "+1.75.0" "test" "--frozen", kill_on_drop: false }`
[INFO] [stdout] cf51de80d4f063c1db3cc54597a251426dc455c6f5a9612523d247425a7b2d85
[INFO] running `Command { std: "docker" "start" "-a" "cf51de80d4f063c1db3cc54597a251426dc455c6f5a9612523d247425a7b2d85", kill_on_drop: false }`
[INFO] [stderr] warning: fields `manufacturer`, `item_number`, and `cost_by_pound` are never read
[INFO] [stderr]   --> potinv_domain/src/lib.rs:19:5
[INFO] [stderr]    |
[INFO] [stderr] 18 | pub struct Clay {
[INFO] [stderr]    |            ---- fields in this struct
[INFO] [stderr] 19 |     manufacturer: Manufacturer,
[INFO] [stderr]    |     ^^^^^^^^^^^^
[INFO] [stderr] 20 |     item_number: String,
[INFO] [stderr]    |     ^^^^^^^^^^^
[INFO] [stderr] 21 |     cost_by_pound: Cost,
[INFO] [stderr]    |     ^^^^^^^^^^^^^
[INFO] [stderr]    |
[INFO] [stderr]    = note: `Clay` has derived impls for the traits `Clone` and `Debug`, but these are intentionally ignored during dead code analysis
[INFO] [stderr]    = note: `#[warn(dead_code)]` on by default
[INFO] [stderr] 
[INFO] [stderr] warning: fields `manufacturer`, `item_number`, and `cost_by_liter` are never read
[INFO] [stderr]   --> potinv_domain/src/lib.rs:26:5
[INFO] [stderr]    |
[INFO] [stderr] 25 | pub struct Glaze {
[INFO] [stderr]    |            ----- fields in this struct
[INFO] [stderr] 26 |     manufacturer: Manufacturer,
[INFO] [stderr]    |     ^^^^^^^^^^^^
[INFO] [stderr] 27 |     item_number: String,
[INFO] [stderr]    |     ^^^^^^^^^^^
[INFO] [stderr] 28 |     cost_by_liter: Cost,
[INFO] [stderr]    |     ^^^^^^^^^^^^^
[INFO] [stderr]    |
[INFO] [stderr]    = note: `Glaze` has derived impls for the traits `Clone` and `Debug`, but these are intentionally ignored during dead code analysis
[INFO] [stderr] 
[INFO] [stderr] warning: unused import: `super::*`
[INFO] [stderr]   --> potinv_domain/src/lib.rs:44:9
[INFO] [stderr]    |
[INFO] [stderr] 44 |     use super::*;
[INFO] [stderr]    |         ^^^^^^^^
[INFO] [stderr]    |
[INFO] [stderr]    = note: `#[warn(unused_imports)]` on by default
[INFO] [stderr] 
[INFO] [stderr] warning: use of deprecated method `minimal_id::Generator::generate`: Use Generator::new_id or MinimalId::generate
[INFO] [stderr]   --> potinv_domain/src/piece.rs:49:28
[INFO] [stderr]    |
[INFO] [stderr] 49 |         let id = generator.generate();
[INFO] [stderr]    |                            ^^^^^^^^
[INFO] [stderr]    |
[INFO] [stderr]    = note: `#[warn(deprecated)]` on by default
[INFO] [stderr] 
[INFO] [stderr] warning: use of deprecated method `minimal_id::Generator::generate`: Use Generator::new_id or MinimalId::generate
[INFO] [stderr]   --> potinv_domain/src/piece.rs:73:28
[INFO] [stderr]    |
[INFO] [stderr] 73 |         let id = generator.generate();
[INFO] [stderr]    |                            ^^^^^^^^
[INFO] [stderr] 
[INFO] [stderr] warning: use of deprecated method `minimal_id::Generator::generate`: Use Generator::new_id or MinimalId::generate
[INFO] [stderr]   --> potinv_domain/src/piece.rs:79:31
[INFO] [stderr]    |
[INFO] [stderr] 79 |         piece1.id = generator.generate();
[INFO] [stderr]    |                               ^^^^^^^^
[INFO] [stderr] 
[INFO] [stderr] warning: `potinv_domain` (lib) generated 2 warnings
[INFO] [stderr] warning: `potinv_domain` (lib test) generated 6 warnings (2 duplicates) (run `cargo fix --lib -p potinv_domain --tests` to apply 1 suggestion)
[INFO] [stderr] warning: unused import: `GraphQLObject`
[INFO] [stderr]  --> potinv_api/src/dto/mod.rs:4:49
[INFO] [stderr]   |
[INFO] [stderr] 4 | use juniper::{EmptyMutation, RootNode, Context, GraphQLObject};
[INFO] [stderr]   |                                                 ^^^^^^^^^^^^^
[INFO] [stderr]   |
[INFO] [stderr]   = note: `#[warn(unused_imports)]` on by default
[INFO] [stderr] 
[INFO] [stderr] warning: `potinv_api` (bin "potinv_api" test) generated 1 warning (run `cargo fix --bin "potinv_api" --tests` to apply 1 suggestion)
[INFO] [stderr]     Finished test [unoptimized + debuginfo] target(s) in 0.09s
[INFO] [stderr] warning: the following packages contain code that will be rejected by a future version of Rust: buf_redux v0.8.4, multipart v0.16.1
[INFO] [stderr] note: to see what the problems were, use the option `--future-incompat-report`, or run `cargo report future-incompatibilities --id 1`
[INFO] [stderr]      Running unittests src/main.rs (/opt/rustwide/target/debug/deps/potinv_api-fd8fd7d6bd59a7a1)
[INFO] [stdout] 
[INFO] [stdout] running 1 test
[INFO] [stdout] test dto::tests::can_query ... FAILED
[INFO] [stdout] 
[INFO] [stdout] failures:
[INFO] [stdout] 
[INFO] [stdout] ---- dto::tests::can_query stdout ----
[INFO] [stdout] "name"=Scalar(String("Boolean"))
[INFO] [stdout] "name"=Scalar(String("__Schema"))
[INFO] [stdout] "name"=Scalar(String("__InputValue"))
[INFO] [stdout] "name"=Scalar(String("Query"))
[INFO] [stdout] "name"=Scalar(String("String"))
[INFO] [stdout] "name"=Scalar(String("__Field"))
[INFO] [stdout] "name"=Scalar(String("__EnumValue"))
[INFO] [stdout] "name"=Scalar(String("__DirectiveLocation"))
[INFO] [stdout] "name"=Scalar(String("__TypeKind"))
[INFO] [stdout] "name"=Scalar(String("__Type"))
[INFO] [stdout] "name"=Scalar(String("__Directive"))
[INFO] [stdout] errors=[]
[INFO] [stdout] thread 'dto::tests::can_query' panicked at potinv_api/src/dto/mod.rs:40:9:
[INFO] [stdout] assertion failed: false
[INFO] [stdout] stack backtrace:
[INFO] [stdout]    0:     0x55b97645702c - std::backtrace_rs::backtrace::libunwind::trace::ha637c64ce894333a
[INFO] [stdout]                                at /rustc/82e1608dfa6e0b5569232559e3d385fea5a93112/library/std/src/../../backtrace/src/backtrace/libunwind.rs:104:5
[INFO] [stdout]    1:     0x55b97645702c - std::backtrace_rs::backtrace::trace_unsynchronized::h47f62dea28e0c88d
[INFO] [stdout]                                at /rustc/82e1608dfa6e0b5569232559e3d385fea5a93112/library/std/src/../../backtrace/src/backtrace/mod.rs:66:5
[INFO] [stdout]    2:     0x55b97645702c - std::sys_common::backtrace::_print_fmt::h9eef0abe20ede486
[INFO] [stdout]                                at /rustc/82e1608dfa6e0b5569232559e3d385fea5a93112/library/std/src/sys_common/backtrace.rs:67:5
[INFO] [stdout]    3:     0x55b97645702c - <std::sys_common::backtrace::_print::DisplayBacktrace as core::fmt::Display>::fmt::hed7f999df88cc644
[INFO] [stdout]                                at /rustc/82e1608dfa6e0b5569232559e3d385fea5a93112/library/std/src/sys_common/backtrace.rs:44:22
[INFO] [stdout]    4:     0x55b976480fa0 - core::fmt::rt::Argument::fmt::h1539a9308b8d058d
[INFO] [stdout]                                at /rustc/82e1608dfa6e0b5569232559e3d385fea5a93112/library/core/src/fmt/rt.rs:142:9
[INFO] [stdout]    5:     0x55b976480fa0 - core::fmt::write::h3a39390d8560d9c9
[INFO] [stdout]                                at /rustc/82e1608dfa6e0b5569232559e3d385fea5a93112/library/core/src/fmt/mod.rs:1120:17
[INFO] [stdout]    6:     0x55b9764549df - std::io::Write::write_fmt::h040b369f3a0f9cbc
[INFO] [stdout]                                at /rustc/82e1608dfa6e0b5569232559e3d385fea5a93112/library/std/src/io/mod.rs:1762:15
[INFO] [stdout]    7:     0x55b976456e14 - std::sys_common::backtrace::_print::h894006fb5c6f3d45
[INFO] [stdout]                                at /rustc/82e1608dfa6e0b5569232559e3d385fea5a93112/library/std/src/sys_common/backtrace.rs:47:5
[INFO] [stdout]    8:     0x55b976456e14 - std::sys_common::backtrace::print::h23a2d212c6fff936
[INFO] [stdout]                                at /rustc/82e1608dfa6e0b5569232559e3d385fea5a93112/library/std/src/sys_common/backtrace.rs:34:9
[INFO] [stdout]    9:     0x55b976458ad7 - std::panicking::default_hook::{{closure}}::h8a1d2ee00185001a
[INFO] [stdout]   10:     0x55b9764587c3 - std::panicking::default_hook::h6038f2eba384e475
[INFO] [stdout]                                at /rustc/82e1608dfa6e0b5569232559e3d385fea5a93112/library/std/src/panicking.rs:289:9
[INFO] [stdout]   11:     0x55b9763e42b7 - <alloc::boxed::Box<F,A> as core::ops::function::Fn<Args>>::call::h0ad024c9bdc6d768
[INFO] [stdout]                                at /rustc/82e1608dfa6e0b5569232559e3d385fea5a93112/library/alloc/src/boxed.rs:2021:9
[INFO] [stdout]   12:     0x55b9763e42b7 - test::test_main::{{closure}}::h7500b54257359db6
[INFO] [stdout]                                at /rustc/82e1608dfa6e0b5569232559e3d385fea5a93112/library/test/src/lib.rs:138:21
[INFO] [stdout]   13:     0x55b9764590e8 - <alloc::boxed::Box<F,A> as core::ops::function::Fn<Args>>::call::h1f8f335eaa9cfaee
[INFO] [stdout]                                at /rustc/82e1608dfa6e0b5569232559e3d385fea5a93112/library/alloc/src/boxed.rs:2021:9
[INFO] [stdout]   14:     0x55b9764590e8 - std::panicking::rust_panic_with_hook::h2b5517d590cab22e
[INFO] [stdout]                                at /rustc/82e1608dfa6e0b5569232559e3d385fea5a93112/library/std/src/panicking.rs:783:13
[INFO] [stdout]   15:     0x55b976458e09 - std::panicking::begin_panic_handler::{{closure}}::h233112c06e0ef43e
[INFO] [stdout]                                at /rustc/82e1608dfa6e0b5569232559e3d385fea5a93112/library/std/src/panicking.rs:649:13
[INFO] [stdout]   16:     0x55b9764574f6 - std::sys_common::backtrace::__rust_end_short_backtrace::h6e893f24d7ebbff8
[INFO] [stdout]                                at /rustc/82e1608dfa6e0b5569232559e3d385fea5a93112/library/std/src/sys_common/backtrace.rs:170:18
[INFO] [stdout]   17:     0x55b976458ba2 - rust_begin_unwind
[INFO] [stdout]                                at /rustc/82e1608dfa6e0b5569232559e3d385fea5a93112/library/std/src/panicking.rs:645:5
[INFO] [stdout]   18:     0x55b976291d55 - core::panicking::panic_fmt::hbf0e066aabfa482c
[INFO] [stdout]                                at /rustc/82e1608dfa6e0b5569232559e3d385fea5a93112/library/core/src/panicking.rs:72:14
[INFO] [stdout]   19:     0x55b976291df3 - core::panicking::panic::h195fc2a96298d4c3
[INFO] [stdout]                                at /rustc/82e1608dfa6e0b5569232559e3d385fea5a93112/library/core/src/panicking.rs:127:5
[INFO] [stdout]   20:     0x55b9763b0757 - potinv_api::dto::tests::can_query::h830afae6c79466e4
[INFO] [stdout]                                at /opt/rustwide/workdir/potinv_api/src/dto/mod.rs:40:9
[INFO] [stdout]   21:     0x55b9763b0347 - potinv_api::dto::tests::can_query::{{closure}}::h40416c7df3246277
[INFO] [stdout]                                at /opt/rustwide/workdir/potinv_api/src/dto/mod.rs:28:19
[INFO] [stdout]   22:     0x55b97638b066 - core::ops::function::FnOnce::call_once::h18b4286c4b41780f
[INFO] [stdout]                                at /rustc/82e1608dfa6e0b5569232559e3d385fea5a93112/library/core/src/ops/function.rs:250:5
[INFO] [stdout]   23:     0x55b9763e990f - core::ops::function::FnOnce::call_once::h2b5d431d5046312d
[INFO] [stdout]                                at /rustc/82e1608dfa6e0b5569232559e3d385fea5a93112/library/core/src/ops/function.rs:250:5
[INFO] [stdout]   24:     0x55b9763e990f - test::__rust_begin_short_backtrace::h7714669af176e207
[INFO] [stdout]                                at /rustc/82e1608dfa6e0b5569232559e3d385fea5a93112/library/test/src/lib.rs:628:18
[INFO] [stdout]   25:     0x55b9763e8925 - test::run_test_in_process::{{closure}}::h85218797dcbcec12
[INFO] [stdout]                                at /rustc/82e1608dfa6e0b5569232559e3d385fea5a93112/library/test/src/lib.rs:651:60
[INFO] [stdout]   26:     0x55b9763e8925 - <core::panic::unwind_safe::AssertUnwindSafe<F> as core::ops::function::FnOnce<()>>::call_once::h76c106ea31c14d7b
[INFO] [stdout]                                at /rustc/82e1608dfa6e0b5569232559e3d385fea5a93112/library/core/src/panic/unwind_safe.rs:272:9
[INFO] [stdout]   27:     0x55b9763e8925 - std::panicking::try::do_call::h3bd5d0f6620ee946
[INFO] [stdout]                                at /rustc/82e1608dfa6e0b5569232559e3d385fea5a93112/library/std/src/panicking.rs:552:40
[INFO] [stdout]   28:     0x55b9763e8925 - std::panicking::try::h232e535e4744fe31
[INFO] [stdout]                                at /rustc/82e1608dfa6e0b5569232559e3d385fea5a93112/library/std/src/panicking.rs:516:19
[INFO] [stdout]   29:     0x55b9763e8925 - std::panic::catch_unwind::h3ce3bd6ca8dbac68
[INFO] [stdout]                                at /rustc/82e1608dfa6e0b5569232559e3d385fea5a93112/library/std/src/panic.rs:142:14
[INFO] [stdout]   30:     0x55b9763e8925 - test::run_test_in_process::hc97b257c9621286a
[INFO] [stdout]                                at /rustc/82e1608dfa6e0b5569232559e3d385fea5a93112/library/test/src/lib.rs:651:27
[INFO] [stdout]   31:     0x55b9763e8925 - test::run_test::{{closure}}::h2aa798823a438d38
[INFO] [stdout]                                at /rustc/82e1608dfa6e0b5569232559e3d385fea5a93112/library/test/src/lib.rs:574:43
[INFO] [stdout]   32:     0x55b9763b0be6 - test::run_test::{{closure}}::h87d231c78fb59832
[INFO] [stdout]                                at /rustc/82e1608dfa6e0b5569232559e3d385fea5a93112/library/test/src/lib.rs:602:41
[INFO] [stdout]   33:     0x55b9763b0be6 - std::sys_common::backtrace::__rust_begin_short_backtrace::he6df152596625789
[INFO] [stdout]                                at /rustc/82e1608dfa6e0b5569232559e3d385fea5a93112/library/std/src/sys_common/backtrace.rs:154:18
[INFO] [stdout]   34:     0x55b9763b5c97 - std::thread::Builder::spawn_unchecked_::{{closure}}::{{closure}}::ha94be15d1e0acf36
[INFO] [stdout]                                at /rustc/82e1608dfa6e0b5569232559e3d385fea5a93112/library/std/src/thread/mod.rs:529:17
[INFO] [stdout]   35:     0x55b9763b5c97 - <core::panic::unwind_safe::AssertUnwindSafe<F> as core::ops::function::FnOnce<()>>::call_once::h9dc6bd6372f16606
[INFO] [stdout]                                at /rustc/82e1608dfa6e0b5569232559e3d385fea5a93112/library/core/src/panic/unwind_safe.rs:272:9
[INFO] [stdout]   36:     0x55b9763b5c97 - std::panicking::try::do_call::h9057517f80303cd4
[INFO] [stdout]                                at /rustc/82e1608dfa6e0b5569232559e3d385fea5a93112/library/std/src/panicking.rs:552:40
[INFO] [stdout]   37:     0x55b9763b5c97 - std::panicking::try::he3a30b11ee45340c
[INFO] [stdout]                                at /rustc/82e1608dfa6e0b5569232559e3d385fea5a93112/library/std/src/panicking.rs:516:19
[INFO] [stdout]   38:     0x55b9763b5c97 - std::panic::catch_unwind::h410458cfd3528b8b
[INFO] [stdout]                                at /rustc/82e1608dfa6e0b5569232559e3d385fea5a93112/library/std/src/panic.rs:142:14
[INFO] [stdout]   39:     0x55b9763b5c97 - std::thread::Builder::spawn_unchecked_::{{closure}}::h72ac3bdb567b737b
[INFO] [stdout]                                at /rustc/82e1608dfa6e0b5569232559e3d385fea5a93112/library/std/src/thread/mod.rs:528:30
[INFO] [stdout]   40:     0x55b9763b5c97 - core::ops::function::FnOnce::call_once{{vtable.shim}}::h38f34da3654a8344
[INFO] [stdout]                                at /rustc/82e1608dfa6e0b5569232559e3d385fea5a93112/library/core/src/ops/function.rs:250:5
[INFO] [stdout]   41:     0x55b97645db75 - <alloc::boxed::Box<F,A> as core::ops::function::FnOnce<Args>>::call_once::hc7eafaff61e32df9
[INFO] [stdout]                                at /rustc/82e1608dfa6e0b5569232559e3d385fea5a93112/library/alloc/src/boxed.rs:2007:9
[INFO] [stdout]   42:     0x55b97645db75 - <alloc::boxed::Box<F,A> as core::ops::function::FnOnce<Args>>::call_once::h6ba4a5de48dd2304
[INFO] [stdout]                                at /rustc/82e1608dfa6e0b5569232559e3d385fea5a93112/library/alloc/src/boxed.rs:2007:9
[INFO] [stdout]   43:     0x55b97645db75 - std::sys::unix::thread::Thread::new::thread_start::he469335aef763e45
[INFO] [stdout]                                at /rustc/82e1608dfa6e0b5569232559e3d385fea5a93112/library/std/src/sys/unix/thread.rs:108:17
[INFO] [stdout]   44:     0x7ff3b23deac3 - <unknown>
[INFO] [stdout]   45:     0x7ff3b246fbf4 - __clone
[INFO] [stdout]   46:                0x0 - <unknown>
[INFO] [stdout] 
[INFO] [stdout] 
[INFO] [stdout] failures:
[INFO] [stdout]     dto::tests::can_query
[INFO] [stdout] 
[INFO] [stdout] test result: FAILED. 0 passed; 1 failed; 0 ignored; 0 measured; 0 filtered out; finished in 0.02s
[INFO] [stdout] 
[INFO] [stderr] error: test failed, to rerun pass `-p potinv_api --bin potinv_api`
[INFO] running `Command { std: "docker" "inspect" "cf51de80d4f063c1db3cc54597a251426dc455c6f5a9612523d247425a7b2d85", kill_on_drop: false }`
[INFO] running `Command { std: "docker" "rm" "-f" "cf51de80d4f063c1db3cc54597a251426dc455c6f5a9612523d247425a7b2d85", kill_on_drop: false }`
[INFO] [stdout] cf51de80d4f063c1db3cc54597a251426dc455c6f5a9612523d247425a7b2d85
