[INFO] cloning repository https://github.com/RobJenks/google-code-jam
[INFO] running `Command { std: "git" "-c" "credential.helper=" "-c" "credential.helper=/workspace/cargo-home/bin/git-credential-null" "clone" "--bare" "https://github.com/RobJenks/google-code-jam" "/workspace/cache/git-repos/https%3A%2F%2Fgithub.com%2FRobJenks%2Fgoogle-code-jam", kill_on_drop: false }`
[INFO] [stderr] Cloning into bare repository '/workspace/cache/git-repos/https%3A%2F%2Fgithub.com%2FRobJenks%2Fgoogle-code-jam'...
[INFO] running `Command { std: "git" "rev-parse" "HEAD", kill_on_drop: false }`
[INFO] [stdout] 53f48f7e42d0a913e0b67328936085f018ebbba7
[INFO] testing RobJenks/google-code-jam against 1.75.0 for beta-1.76-1
[INFO] running `Command { std: "git" "clone" "/workspace/cache/git-repos/https%3A%2F%2Fgithub.com%2FRobJenks%2Fgoogle-code-jam" "/workspace/builds/worker-7-tc1/source", kill_on_drop: false }`
[INFO] [stderr] Cloning into '/workspace/builds/worker-7-tc1/source'...
[INFO] [stderr] done.
[INFO] validating manifest of git repo https://github.com/RobJenks/google-code-jam on toolchain 1.75.0
[INFO] running `Command { std: CARGO_HOME="/workspace/cargo-home" RUSTUP_HOME="/workspace/rustup-home" "/workspace/cargo-home/bin/cargo" "+1.75.0" "metadata" "--manifest-path" "Cargo.toml" "--no-deps", kill_on_drop: false }`
[INFO] started tweaking git repo https://github.com/RobJenks/google-code-jam
[INFO] finished tweaking git repo https://github.com/RobJenks/google-code-jam
[INFO] tweaked toml for git repo https://github.com/RobJenks/google-code-jam written to /workspace/builds/worker-7-tc1/source/Cargo.toml
[INFO] crate git repo https://github.com/RobJenks/google-code-jam already has a lockfile, it will not be regenerated
[INFO] running `Command { std: CARGO_HOME="/workspace/cargo-home" RUSTUP_HOME="/workspace/rustup-home" "/workspace/cargo-home/bin/cargo" "+1.75.0" "fetch" "--manifest-path" "Cargo.toml", kill_on_drop: false }`
[INFO] running `Command { std: "docker" "create" "-v" "/var/lib/crater-agent-workspace/builds/worker-7-tc1/target:/opt/rustwide/target:rw,Z" "-v" "/var/lib/crater-agent-workspace/builds/worker-7-tc1/source:/opt/rustwide/workdir:ro,Z" "-v" "/var/lib/crater-agent-workspace/cargo-home:/opt/rustwide/cargo-home:ro,Z" "-v" "/var/lib/crater-agent-workspace/rustup-home:/opt/rustwide/rustup-home:ro,Z" "-e" "SOURCE_DIR=/opt/rustwide/workdir" "-e" "CARGO_TARGET_DIR=/opt/rustwide/target" "-e" "CARGO_HOME=/opt/rustwide/cargo-home" "-e" "RUSTUP_HOME=/opt/rustwide/rustup-home" "-w" "/opt/rustwide/workdir" "-m" "1610612736" "--user" "0:0" "--network" "none" "ghcr.io/rust-lang/crates-build-env/linux@sha256:2788e3201cd34a07e3172128adcd8b3090168a8e3bcc40d7c032b9dda1df7d1c" "/opt/rustwide/cargo-home/bin/cargo" "+1.75.0" "metadata" "--no-deps" "--format-version=1", kill_on_drop: false }`
[INFO] [stdout] 680ce130255630ca202bda7519b370bd6aac4325132727a44ba2df43ca17e1a0
[INFO] running `Command { std: "docker" "start" "-a" "680ce130255630ca202bda7519b370bd6aac4325132727a44ba2df43ca17e1a0", kill_on_drop: false }`
[INFO] running `Command { std: "docker" "inspect" "680ce130255630ca202bda7519b370bd6aac4325132727a44ba2df43ca17e1a0", kill_on_drop: false }`
[INFO] running `Command { std: "docker" "rm" "-f" "680ce130255630ca202bda7519b370bd6aac4325132727a44ba2df43ca17e1a0", kill_on_drop: false }`
[INFO] [stdout] 680ce130255630ca202bda7519b370bd6aac4325132727a44ba2df43ca17e1a0
[INFO] running `Command { std: "docker" "create" "-v" "/var/lib/crater-agent-workspace/builds/worker-7-tc1/target:/opt/rustwide/target:rw,Z" "-v" "/var/lib/crater-agent-workspace/builds/worker-7-tc1/source:/opt/rustwide/workdir:ro,Z" "-v" "/var/lib/crater-agent-workspace/cargo-home:/opt/rustwide/cargo-home:ro,Z" "-v" "/var/lib/crater-agent-workspace/rustup-home:/opt/rustwide/rustup-home:ro,Z" "-e" "SOURCE_DIR=/opt/rustwide/workdir" "-e" "CARGO_TARGET_DIR=/opt/rustwide/target" "-e" "CARGO_INCREMENTAL=0" "-e" "RUST_BACKTRACE=full" "-e" "RUSTFLAGS=--cap-lints=warn" "-e" "RUSTDOCFLAGS=--cap-lints=warn" "-e" "CARGO_HOME=/opt/rustwide/cargo-home" "-e" "RUSTUP_HOME=/opt/rustwide/rustup-home" "-w" "/opt/rustwide/workdir" "-m" "1610612736" "--user" "0:0" "--network" "none" "ghcr.io/rust-lang/crates-build-env/linux@sha256:2788e3201cd34a07e3172128adcd8b3090168a8e3bcc40d7c032b9dda1df7d1c" "/opt/rustwide/cargo-home/bin/cargo" "+1.75.0" "build" "--frozen" "--message-format=json", kill_on_drop: false }`
[INFO] [stdout] 8b0bf6c9e054ad8349ee440f315e8353ef7c05687f572635520785586ebb527d
[INFO] running `Command { std: "docker" "start" "-a" "8b0bf6c9e054ad8349ee440f315e8353ef7c05687f572635520785586ebb527d", kill_on_drop: false }`
[INFO] [stderr]    Compiling google-code-jam v0.1.0 (/opt/rustwide/workdir)
[INFO] [stdout] warning: unused import: `FromStr`
[INFO] [stdout]  --> src/codejam_2018/../util/mod.rs:2:16
[INFO] [stdout]   |
[INFO] [stdout] 2 | use std::str::{FromStr};
[INFO] [stdout]   |                ^^^^^^^
[INFO] [stdout]   |
[INFO] [stdout]   = note: `#[warn(unused_imports)]` on by default
[INFO] [stdout] 
[INFO] [stdout] 
[INFO] [stdout] warning: unused import: `std`
[INFO] [stdout]  --> src/codejam_2018/round_1a_1.rs:3:5
[INFO] [stdout]   |
[INFO] [stdout] 3 | use std;
[INFO] [stdout]   |     ^^^
[INFO] [stdout] 
[INFO] [stdout] 
[INFO] [stdout] warning: irrefutable `while let` pattern
[INFO] [stdout]   --> src/codejam_2018/qualifier_3.rs:18:11
[INFO] [stdout]    |
[INFO] [stdout] 18 |     while let next = best_cell(&grid, &size) {
[INFO] [stdout]    |           ^^^^^^^^^^^^^^^^^^^^^^^^^^^^^^^^^^
[INFO] [stdout]    |
[INFO] [stdout]    = note: this pattern will always match, so the loop will never exit
[INFO] [stdout]    = help: consider instead using a `loop { ... }` with a `let` inside it
[INFO] [stdout]    = note: `#[warn(irrefutable_let_patterns)]` on by default
[INFO] [stdout] 
[INFO] [stdout] 
[INFO] [stdout] warning: function `get_lines` is never used
[INFO] [stdout]   --> src/codejam_2018/../util/mod.rs:21:8
[INFO] [stdout]    |
[INFO] [stdout] 21 | pub fn get_lines(input: String) -> Vec<String> {
[INFO] [stdout]    |        ^^^^^^^^^
[INFO] [stdout]    |
[INFO] [stdout]    = note: `#[warn(dead_code)]` on by default
[INFO] [stdout] 
[INFO] [stdout] 
[INFO] [stdout] warning: function `read_file` is never used
[INFO] [stdout]   --> src/codejam_2018/../util/mod.rs:25:8
[INFO] [stdout]    |
[INFO] [stdout] 25 | pub fn read_file(path : &str) -> String {
[INFO] [stdout]    |        ^^^^^^^^^
[INFO] [stdout] 
[INFO] [stdout] 
[INFO] [stdout] warning: function `read_file_lines` is never used
[INFO] [stdout]   --> src/codejam_2018/../util/mod.rs:39:8
[INFO] [stdout]    |
[INFO] [stdout] 39 | pub fn read_file_lines(path: &str) -> Vec<String> {
[INFO] [stdout]    |        ^^^^^^^^^^^^^^^
[INFO] [stdout] 
[INFO] [stdout] 
[INFO] [stdout] warning: associated items `create`, `get_line`, `get_line_as`, `get_line_components`, `get_line_components_as`, and `create_for_string` are never used
[INFO] [stdout]   --> src/codejam_2018/../util/mod.rs:51:12
[INFO] [stdout]    |
[INFO] [stdout] 50 | impl Input {
[INFO] [stdout]    | ---------- associated items in this implementation
[INFO] [stdout] 51 |     pub fn create(pre_load: bool, data_path: &str) -> Input {
[INFO] [stdout]    |            ^^^^^^
[INFO] [stdout] ...
[INFO] [stdout] 56 |     pub fn get_line(&mut self) -> String {
[INFO] [stdout]    |            ^^^^^^^^
[INFO] [stdout] ...
[INFO] [stdout] 60 |     pub fn get_line_as<T>(&mut self) -> T
[INFO] [stdout]    |            ^^^^^^^^^^^
[INFO] [stdout] ...
[INFO] [stdout] 66 |     pub fn get_line_components(&mut self) -> Vec<String> {
[INFO] [stdout]    |            ^^^^^^^^^^^^^^^^^^^
[INFO] [stdout] ...
[INFO] [stdout] 70 |     pub fn get_line_components_as<T>(&mut self) -> Vec<T>
[INFO] [stdout]    |            ^^^^^^^^^^^^^^^^^^^^^^
[INFO] [stdout] ...
[INFO] [stdout] 79 |     pub fn create_for_string(data: &str) -> Input {
[INFO] [stdout]    |            ^^^^^^^^^^^^^^^^^
[INFO] [stdout] 
[INFO] [stdout] 
[INFO] [stdout] warning: function `stdin_all` is never used
[INFO] [stdout]   --> src/codejam_2018/../util/mod.rs:12:8
[INFO] [stdout]    |
[INFO] [stdout] 12 | pub fn stdin_all() -> Vec<String> {
[INFO] [stdout]    |        ^^^^^^^^^
[INFO] [stdout] 
[INFO] [stdout] 
[INFO] [stdout] warning: associated items `get_line_components` and `create_for_string` are never used
[INFO] [stdout]   --> src/codejam_2018/../util/mod.rs:66:12
[INFO] [stdout]    |
[INFO] [stdout] 50 | impl Input {
[INFO] [stdout]    | ---------- associated items in this implementation
[INFO] [stdout] ...
[INFO] [stdout] 66 |     pub fn get_line_components(&mut self) -> Vec<String> {
[INFO] [stdout]    |            ^^^^^^^^^^^^^^^^^^^
[INFO] [stdout] ...
[INFO] [stdout] 79 |     pub fn create_for_string(data: &str) -> Input {
[INFO] [stdout]    |            ^^^^^^^^^^^^^^^^^
[INFO] [stdout] 
[INFO] [stdout] 
[INFO] [stdout] warning: 9 warnings emitted
[INFO] [stdout] 
[INFO] [stdout] 
[INFO] [stderr]     Finished dev [unoptimized + debuginfo] target(s) in 0.75s
[INFO] running `Command { std: "docker" "inspect" "8b0bf6c9e054ad8349ee440f315e8353ef7c05687f572635520785586ebb527d", kill_on_drop: false }`
[INFO] running `Command { std: "docker" "rm" "-f" "8b0bf6c9e054ad8349ee440f315e8353ef7c05687f572635520785586ebb527d", kill_on_drop: false }`
[INFO] [stdout] 8b0bf6c9e054ad8349ee440f315e8353ef7c05687f572635520785586ebb527d
[INFO] running `Command { std: "docker" "create" "-v" "/var/lib/crater-agent-workspace/builds/worker-7-tc1/target:/opt/rustwide/target:rw,Z" "-v" "/var/lib/crater-agent-workspace/builds/worker-7-tc1/source:/opt/rustwide/workdir:ro,Z" "-v" "/var/lib/crater-agent-workspace/cargo-home:/opt/rustwide/cargo-home:ro,Z" "-v" "/var/lib/crater-agent-workspace/rustup-home:/opt/rustwide/rustup-home:ro,Z" "-e" "SOURCE_DIR=/opt/rustwide/workdir" "-e" "CARGO_TARGET_DIR=/opt/rustwide/target" "-e" "CARGO_INCREMENTAL=0" "-e" "RUST_BACKTRACE=full" "-e" "RUSTFLAGS=--cap-lints=warn" "-e" "RUSTDOCFLAGS=--cap-lints=warn" "-e" "CARGO_HOME=/opt/rustwide/cargo-home" "-e" "RUSTUP_HOME=/opt/rustwide/rustup-home" "-w" "/opt/rustwide/workdir" "-m" "1610612736" "--user" "0:0" "--network" "none" "ghcr.io/rust-lang/crates-build-env/linux@sha256:2788e3201cd34a07e3172128adcd8b3090168a8e3bcc40d7c032b9dda1df7d1c" "/opt/rustwide/cargo-home/bin/cargo" "+1.75.0" "test" "--frozen" "--no-run" "--message-format=json", kill_on_drop: false }`
[INFO] [stdout] 42cf6a5bc3428bc187c4374f6f4ce60ad6752d1ba003956732963b40bbceabf9
[INFO] running `Command { std: "docker" "start" "-a" "42cf6a5bc3428bc187c4374f6f4ce60ad6752d1ba003956732963b40bbceabf9", kill_on_drop: false }`
[INFO] [stderr]    Compiling google-code-jam v0.1.0 (/opt/rustwide/workdir)
[INFO] [stdout] warning: unused import: `FromStr`
[INFO] [stdout]  --> src/codejam_2018/../util/mod.rs:2:16
[INFO] [stdout]   |
[INFO] [stdout] 2 | use std::str::{FromStr};
[INFO] [stdout]   |                ^^^^^^^
[INFO] [stdout]   |
[INFO] [stdout]   = note: `#[warn(unused_imports)]` on by default
[INFO] [stdout] 
[INFO] [stdout] 
[INFO] [stdout] warning: unused import: `Grid`
[INFO] [stdout]   --> src/codejam_2018/qualifier_3.rs:87:17
[INFO] [stdout]    |
[INFO] [stdout] 87 |     use super::{Grid, determine_best_size, build_grid};
[INFO] [stdout]    |                 ^^^^
[INFO] [stdout] 
[INFO] [stdout] 
[INFO] [stdout] warning: unused import: `std`
[INFO] [stdout]  --> src/codejam_2018/round_1a_1.rs:3:5
[INFO] [stdout]   |
[INFO] [stdout] 3 | use std;
[INFO] [stdout]   |     ^^^
[INFO] [stdout] 
[INFO] [stdout] 
[INFO] [stdout] warning: unused import: `Grid`
[INFO] [stdout]    --> src/codejam_2018/round_1a_1.rs:129:30
[INFO] [stdout]     |
[INFO] [stdout] 129 |     use super::{util::Input, Grid, load_grid, get_distribution };
[INFO] [stdout]     |                              ^^^^
[INFO] [stdout] 
[INFO] [stdout] 
[INFO] [stdout] warning: irrefutable `while let` pattern
[INFO] [stdout]   --> src/codejam_2018/qualifier_3.rs:18:11
[INFO] [stdout]    |
[INFO] [stdout] 18 |     while let next = best_cell(&grid, &size) {
[INFO] [stdout]    |           ^^^^^^^^^^^^^^^^^^^^^^^^^^^^^^^^^^
[INFO] [stdout]    |
[INFO] [stdout]    = note: this pattern will always match, so the loop will never exit
[INFO] [stdout]    = help: consider instead using a `loop { ... }` with a `let` inside it
[INFO] [stdout]    = note: `#[warn(irrefutable_let_patterns)]` on by default
[INFO] [stdout] 
[INFO] [stdout] 
[INFO] [stdout] warning: function `get_lines` is never used
[INFO] [stdout]   --> src/codejam_2018/../util/mod.rs:21:8
[INFO] [stdout]    |
[INFO] [stdout] 21 | pub fn get_lines(input: String) -> Vec<String> {
[INFO] [stdout]    |        ^^^^^^^^^
[INFO] [stdout]    |
[INFO] [stdout]    = note: `#[warn(dead_code)]` on by default
[INFO] [stdout] 
[INFO] [stdout] 
[INFO] [stdout] warning: function `read_file` is never used
[INFO] [stdout]   --> src/codejam_2018/../util/mod.rs:25:8
[INFO] [stdout]    |
[INFO] [stdout] 25 | pub fn read_file(path : &str) -> String {
[INFO] [stdout]    |        ^^^^^^^^^
[INFO] [stdout] 
[INFO] [stdout] 
[INFO] [stdout] warning: function `read_file_lines` is never used
[INFO] [stdout]   --> src/codejam_2018/../util/mod.rs:39:8
[INFO] [stdout]    |
[INFO] [stdout] 39 | pub fn read_file_lines(path: &str) -> Vec<String> {
[INFO] [stdout]    |        ^^^^^^^^^^^^^^^
[INFO] [stdout] 
[INFO] [stdout] 
[INFO] [stdout] warning: associated items `create`, `get_line`, `get_line_as`, `get_line_components`, `get_line_components_as`, and `create_for_string` are never used
[INFO] [stdout]   --> src/codejam_2018/../util/mod.rs:51:12
[INFO] [stdout]    |
[INFO] [stdout] 50 | impl Input {
[INFO] [stdout]    | ---------- associated items in this implementation
[INFO] [stdout] 51 |     pub fn create(pre_load: bool, data_path: &str) -> Input {
[INFO] [stdout]    |            ^^^^^^
[INFO] [stdout] ...
[INFO] [stdout] 56 |     pub fn get_line(&mut self) -> String {
[INFO] [stdout]    |            ^^^^^^^^
[INFO] [stdout] ...
[INFO] [stdout] 60 |     pub fn get_line_as<T>(&mut self) -> T
[INFO] [stdout]    |            ^^^^^^^^^^^
[INFO] [stdout] ...
[INFO] [stdout] 66 |     pub fn get_line_components(&mut self) -> Vec<String> {
[INFO] [stdout]    |            ^^^^^^^^^^^^^^^^^^^
[INFO] [stdout] ...
[INFO] [stdout] 70 |     pub fn get_line_components_as<T>(&mut self) -> Vec<T>
[INFO] [stdout]    |            ^^^^^^^^^^^^^^^^^^^^^^
[INFO] [stdout] ...
[INFO] [stdout] 79 |     pub fn create_for_string(data: &str) -> Input {
[INFO] [stdout]    |            ^^^^^^^^^^^^^^^^^
[INFO] [stdout] 
[INFO] [stdout] 
[INFO] [stdout] warning: function `stdin_all` is never used
[INFO] [stdout]   --> src/codejam_2018/../util/mod.rs:12:8
[INFO] [stdout]    |
[INFO] [stdout] 12 | pub fn stdin_all() -> Vec<String> {
[INFO] [stdout]    |        ^^^^^^^^^
[INFO] [stdout] 
[INFO] [stdout] 
[INFO] [stdout] warning: method `get_line_components` is never used
[INFO] [stdout]   --> src/codejam_2018/../util/mod.rs:66:12
[INFO] [stdout]    |
[INFO] [stdout] 50 | impl Input {
[INFO] [stdout]    | ---------- method in this implementation
[INFO] [stdout] ...
[INFO] [stdout] 66 |     pub fn get_line_components(&mut self) -> Vec<String> {
[INFO] [stdout]    |            ^^^^^^^^^^^^^^^^^^^
[INFO] [stdout] 
[INFO] [stdout] 
[INFO] [stdout] warning: 11 warnings emitted
[INFO] [stdout] 
[INFO] [stdout] 
[INFO] [stderr]     Finished test [unoptimized + debuginfo] target(s) in 0.62s
[INFO] running `Command { std: "docker" "inspect" "42cf6a5bc3428bc187c4374f6f4ce60ad6752d1ba003956732963b40bbceabf9", kill_on_drop: false }`
[INFO] running `Command { std: "docker" "rm" "-f" "42cf6a5bc3428bc187c4374f6f4ce60ad6752d1ba003956732963b40bbceabf9", kill_on_drop: false }`
[INFO] [stdout] 42cf6a5bc3428bc187c4374f6f4ce60ad6752d1ba003956732963b40bbceabf9
[INFO] running `Command { std: "docker" "create" "-v" "/var/lib/crater-agent-workspace/builds/worker-7-tc1/target:/opt/rustwide/target:rw,Z" "-v" "/var/lib/crater-agent-workspace/builds/worker-7-tc1/source:/opt/rustwide/workdir:ro,Z" "-v" "/var/lib/crater-agent-workspace/cargo-home:/opt/rustwide/cargo-home:ro,Z" "-v" "/var/lib/crater-agent-workspace/rustup-home:/opt/rustwide/rustup-home:ro,Z" "-e" "SOURCE_DIR=/opt/rustwide/workdir" "-e" "CARGO_TARGET_DIR=/opt/rustwide/target" "-e" "CARGO_INCREMENTAL=0" "-e" "RUST_BACKTRACE=full" "-e" "RUSTFLAGS=--cap-lints=warn" "-e" "RUSTDOCFLAGS=--cap-lints=warn" "-e" "CARGO_HOME=/opt/rustwide/cargo-home" "-e" "RUSTUP_HOME=/opt/rustwide/rustup-home" "-w" "/opt/rustwide/workdir" "-m" "1610612736" "--user" "0:0" "--network" "none" "ghcr.io/rust-lang/crates-build-env/linux@sha256:2788e3201cd34a07e3172128adcd8b3090168a8e3bcc40d7c032b9dda1df7d1c" "/opt/rustwide/cargo-home/bin/cargo" "+1.75.0" "test" "--frozen", kill_on_drop: false }`
[INFO] [stdout] 13d263d3beb32d34b5cf56d1df2ea372744accadb552b36034bfd9987ce845f8
[INFO] running `Command { std: "docker" "start" "-a" "13d263d3beb32d34b5cf56d1df2ea372744accadb552b36034bfd9987ce845f8", kill_on_drop: false }`
[INFO] [stderr] warning: unused import: `FromStr`
[INFO] [stderr]  --> src/codejam_2018/../util/mod.rs:2:16
[INFO] [stderr]   |
[INFO] [stderr] 2 | use std::str::{FromStr};
[INFO] [stderr]   |                ^^^^^^^
[INFO] [stderr]   |
[INFO] [stderr]   = note: `#[warn(unused_imports)]` on by default
[INFO] [stderr] 
[INFO] [stderr] warning: unused import: `Grid`
[INFO] [stderr]   --> src/codejam_2018/qualifier_3.rs:87:17
[INFO] [stderr]    |
[INFO] [stderr] 87 |     use super::{Grid, determine_best_size, build_grid};
[INFO] [stderr]    |                 ^^^^
[INFO] [stderr] 
[INFO] [stderr] warning: unused import: `std`
[INFO] [stderr]  --> src/codejam_2018/round_1a_1.rs:3:5
[INFO] [stderr]   |
[INFO] [stderr] 3 | use std;
[INFO] [stderr]   |     ^^^
[INFO] [stderr] 
[INFO] [stderr] warning: unused import: `Grid`
[INFO] [stderr]    --> src/codejam_2018/round_1a_1.rs:129:30
[INFO] [stderr]     |
[INFO] [stderr] 129 |     use super::{util::Input, Grid, load_grid, get_distribution };
[INFO] [stderr]     |                              ^^^^
[INFO] [stderr] 
[INFO] [stderr] warning: irrefutable `while let` pattern
[INFO] [stderr]   --> src/codejam_2018/qualifier_3.rs:18:11
[INFO] [stderr]    |
[INFO] [stderr] 18 |     while let next = best_cell(&grid, &size) {
[INFO] [stderr]    |           ^^^^^^^^^^^^^^^^^^^^^^^^^^^^^^^^^^
[INFO] [stderr]    |
[INFO] [stderr]    = note: this pattern will always match, so the loop will never exit
[INFO] [stderr]    = help: consider instead using a `loop { ... }` with a `let` inside it
[INFO] [stderr]    = note: `#[warn(irrefutable_let_patterns)]` on by default
[INFO] [stderr] 
[INFO] [stderr] warning: function `get_lines` is never used
[INFO] [stderr]   --> src/codejam_2018/../util/mod.rs:21:8
[INFO] [stderr]    |
[INFO] [stderr] 21 | pub fn get_lines(input: String) -> Vec<String> {
[INFO] [stderr]    |        ^^^^^^^^^
[INFO] [stderr]    |
[INFO] [stderr]    = note: `#[warn(dead_code)]` on by default
[INFO] [stderr] 
[INFO] [stderr] warning: function `read_file` is never used
[INFO] [stderr]   --> src/codejam_2018/../util/mod.rs:25:8
[INFO] [stderr]    |
[INFO] [stderr] 25 | pub fn read_file(path : &str) -> String {
[INFO] [stderr]    |        ^^^^^^^^^
[INFO] [stderr] 
[INFO] [stderr] warning: function `read_file_lines` is never used
[INFO] [stderr]   --> src/codejam_2018/../util/mod.rs:39:8
[INFO] [stderr]    |
[INFO] [stderr] 39 | pub fn read_file_lines(path: &str) -> Vec<String> {
[INFO] [stderr]    |        ^^^^^^^^^^^^^^^
[INFO] [stderr] 
[INFO] [stderr] warning: associated items `create`, `get_line`, `get_line_as`, `get_line_components`, `get_line_components_as`, and `create_for_string` are never used
[INFO] [stdout] 
[INFO] [stderr]   --> src/codejam_2018/../util/mod.rs:51:12
[INFO] [stdout] running 3 tests
[INFO] [stderr]    |
[INFO] [stderr] 50 | impl Input {
[INFO] [stderr]    | ---------- associated items in this implementation
[INFO] [stderr] 51 |     pub fn create(pre_load: bool, data_path: &str) -> Input {
[INFO] [stderr]    |            ^^^^^^
[INFO] [stderr] ...
[INFO] [stderr] 56 |     pub fn get_line(&mut self) -> String {
[INFO] [stderr]    |            ^^^^^^^^
[INFO] [stderr] ...
[INFO] [stderr] 60 |     pub fn get_line_as<T>(&mut self) -> T
[INFO] [stderr]    |            ^^^^^^^^^^^
[INFO] [stderr] ...
[INFO] [stderr] 66 |     pub fn get_line_components(&mut self) -> Vec<String> {
[INFO] [stderr]    |            ^^^^^^^^^^^^^^^^^^^
[INFO] [stderr] ...
[INFO] [stderr] 70 |     pub fn get_line_components_as<T>(&mut self) -> Vec<T>
[INFO] [stderr]    |            ^^^^^^^^^^^^^^^^^^^^^^
[INFO] [stderr] ...
[INFO] [stderr] 79 |     pub fn create_for_string(data: &str) -> Input {
[INFO] [stderr]    |            ^^^^^^^^^^^^^^^^^
[INFO] [stderr] 
[INFO] [stderr] warning: function `stdin_all` is never used
[INFO] [stderr]   --> src/codejam_2018/../util/mod.rs:12:8
[INFO] [stderr]    |
[INFO] [stderr] 12 | pub fn stdin_all() -> Vec<String> {
[INFO] [stderr]    |        ^^^^^^^^^
[INFO] [stderr] 
[INFO] [stderr] warning: method `get_line_components` is never used
[INFO] [stderr]   --> src/codejam_2018/../util/mod.rs:66:12
[INFO] [stderr]    |
[INFO] [stderr] 50 | impl Input {
[INFO] [stderr]    | ---------- method in this implementation
[INFO] [stderr] ...
[INFO] [stderr] 66 |     pub fn get_line_components(&mut self) -> Vec<String> {
[INFO] [stderr]    |            ^^^^^^^^^^^^^^^^^^^
[INFO] [stderr] 
[INFO] [stderr] warning: `google-code-jam` (bin "google-code-jam" test) generated 11 warnings (run `cargo fix --bin "google-code-jam" --tests` to apply 4 suggestions)
[INFO] [stderr]     Finished test [unoptimized + debuginfo] target(s) in 0.01s
[INFO] [stderr]      Running unittests src/main.rs (/opt/rustwide/target/debug/deps/google_code_jam-c2401515b469a3bd)
[INFO] [stdout] test codejam_2018::round_1a_1::tests::test_dist ... ok
[INFO] [stdout] test codejam_2018::qualifier_3::tests::test_size ... ok
[INFO] [stdout] test codejam_2018::qualifier_3::tests::test_best_cell ... FAILED
[INFO] [stdout] 
[INFO] [stdout] failures:
[INFO] [stdout] 
[INFO] [stdout] ---- codejam_2018::qualifier_3::tests::test_best_cell stdout ----
[INFO] [stdout] thread 'codejam_2018::qualifier_3::tests::test_best_cell' panicked at src/codejam_2018/qualifier_3.rs:99:9:
[INFO] [stdout] assertion `left == right` failed
[INFO] [stdout]   left: (2, 2)
[INFO] [stdout]  right: (1, 1)
[INFO] [stdout] stack backtrace:
[INFO] [stdout]    0:     0x563fae29150c - std::backtrace_rs::backtrace::libunwind::trace::ha637c64ce894333a
[INFO] [stdout]                                at /rustc/82e1608dfa6e0b5569232559e3d385fea5a93112/library/std/src/../../backtrace/src/backtrace/libunwind.rs:104:5
[INFO] [stdout]    1:     0x563fae29150c - std::backtrace_rs::backtrace::trace_unsynchronized::h47f62dea28e0c88d
[INFO] [stdout]                                at /rustc/82e1608dfa6e0b5569232559e3d385fea5a93112/library/std/src/../../backtrace/src/backtrace/mod.rs:66:5
[INFO] [stdout]    2:     0x563fae29150c - std::sys_common::backtrace::_print_fmt::h9eef0abe20ede486
[INFO] [stdout]                                at /rustc/82e1608dfa6e0b5569232559e3d385fea5a93112/library/std/src/sys_common/backtrace.rs:67:5
[INFO] [stdout]    3:     0x563fae29150c - <std::sys_common::backtrace::_print::DisplayBacktrace as core::fmt::Display>::fmt::hed7f999df88cc644
[INFO] [stdout]                                at /rustc/82e1608dfa6e0b5569232559e3d385fea5a93112/library/std/src/sys_common/backtrace.rs:44:22
[INFO] [stdout]    4:     0x563fae2bb050 - core::fmt::rt::Argument::fmt::h1539a9308b8d058d
[INFO] [stdout]                                at /rustc/82e1608dfa6e0b5569232559e3d385fea5a93112/library/core/src/fmt/rt.rs:142:9
[INFO] [stdout]    5:     0x563fae2bb050 - core::fmt::write::h3a39390d8560d9c9
[INFO] [stdout]                                at /rustc/82e1608dfa6e0b5569232559e3d385fea5a93112/library/core/src/fmt/mod.rs:1120:17
[INFO] [stdout]    6:     0x563fae28ebbf - std::io::Write::write_fmt::h040b369f3a0f9cbc
[INFO] [stdout]                                at /rustc/82e1608dfa6e0b5569232559e3d385fea5a93112/library/std/src/io/mod.rs:1762:15
[INFO] [stdout]    7:     0x563fae2912f4 - std::sys_common::backtrace::_print::h894006fb5c6f3d45
[INFO] [stdout]                                at /rustc/82e1608dfa6e0b5569232559e3d385fea5a93112/library/std/src/sys_common/backtrace.rs:47:5
[INFO] [stdout]    8:     0x563fae2912f4 - std::sys_common::backtrace::print::h23a2d212c6fff936
[INFO] [stdout]                                at /rustc/82e1608dfa6e0b5569232559e3d385fea5a93112/library/std/src/sys_common/backtrace.rs:34:9
[INFO] [stdout]    9:     0x563fae292fb7 - std::panicking::default_hook::{{closure}}::h8a1d2ee00185001a
[INFO] [stdout]   10:     0x563fae292ca3 - std::panicking::default_hook::h6038f2eba384e475
[INFO] [stdout]                                at /rustc/82e1608dfa6e0b5569232559e3d385fea5a93112/library/std/src/panicking.rs:289:9
[INFO] [stdout]   11:     0x563fae263247 - <alloc::boxed::Box<F,A> as core::ops::function::Fn<Args>>::call::h0ad024c9bdc6d768
[INFO] [stdout]                                at /rustc/82e1608dfa6e0b5569232559e3d385fea5a93112/library/alloc/src/boxed.rs:2021:9
[INFO] [stdout]   12:     0x563fae263247 - test::test_main::{{closure}}::h7500b54257359db6
[INFO] [stdout]                                at /rustc/82e1608dfa6e0b5569232559e3d385fea5a93112/library/test/src/lib.rs:138:21
[INFO] [stdout]   13:     0x563fae2935c8 - <alloc::boxed::Box<F,A> as core::ops::function::Fn<Args>>::call::h1f8f335eaa9cfaee
[INFO] [stdout]                                at /rustc/82e1608dfa6e0b5569232559e3d385fea5a93112/library/alloc/src/boxed.rs:2021:9
[INFO] [stdout]   14:     0x563fae2935c8 - std::panicking::rust_panic_with_hook::h2b5517d590cab22e
[INFO] [stdout]                                at /rustc/82e1608dfa6e0b5569232559e3d385fea5a93112/library/std/src/panicking.rs:783:13
[INFO] [stdout]   15:     0x563fae29331e - std::panicking::begin_panic_handler::{{closure}}::h233112c06e0ef43e
[INFO] [stdout]                                at /rustc/82e1608dfa6e0b5569232559e3d385fea5a93112/library/std/src/panicking.rs:657:13
[INFO] [stdout]   16:     0x563fae2919d6 - std::sys_common::backtrace::__rust_end_short_backtrace::h6e893f24d7ebbff8
[INFO] [stdout]                                at /rustc/82e1608dfa6e0b5569232559e3d385fea5a93112/library/std/src/sys_common/backtrace.rs:170:18
[INFO] [stdout]   17:     0x563fae293082 - rust_begin_unwind
[INFO] [stdout]                                at /rustc/82e1608dfa6e0b5569232559e3d385fea5a93112/library/std/src/panicking.rs:645:5
[INFO] [stdout]   18:     0x563fae218f65 - core::panicking::panic_fmt::hbf0e066aabfa482c
[INFO] [stdout]                                at /rustc/82e1608dfa6e0b5569232559e3d385fea5a93112/library/core/src/panicking.rs:72:14
[INFO] [stdout]   19:     0x563fae21937b - core::panicking::assert_failed_inner::h0bba8b7c26ee4492
[INFO] [stdout]   20:     0x563fae22038e - core::panicking::assert_failed::hdcbbbae6106dc35c
[INFO] [stdout]                                at /rustc/82e1608dfa6e0b5569232559e3d385fea5a93112/library/core/src/panicking.rs:279:5
[INFO] [stdout]   21:     0x563fae22c4e8 - google_code_jam::codejam_2018::qualifier_3::tests::test_best_cell::h535d3405e222ae38
[INFO] [stdout]                                at /opt/rustwide/workdir/src/codejam_2018/qualifier_3.rs:99:9
[INFO] [stdout]   22:     0x563fae22c397 - google_code_jam::codejam_2018::qualifier_3::tests::test_best_cell::{{closure}}::hc44debb793087ce4
[INFO] [stdout]                                at /opt/rustwide/workdir/src/codejam_2018/qualifier_3.rs:97:24
[INFO] [stdout]   23:     0x563fae221bd6 - core::ops::function::FnOnce::call_once::hf6c71e645cbdd9a6
[INFO] [stdout]                                at /rustc/82e1608dfa6e0b5569232559e3d385fea5a93112/library/core/src/ops/function.rs:250:5
[INFO] [stdout]   24:     0x563fae26889f - core::ops::function::FnOnce::call_once::h2b5d431d5046312d
[INFO] [stdout]                                at /rustc/82e1608dfa6e0b5569232559e3d385fea5a93112/library/core/src/ops/function.rs:250:5
[INFO] [stdout]   25:     0x563fae26889f - test::__rust_begin_short_backtrace::h7714669af176e207
[INFO] [stdout]                                at /rustc/82e1608dfa6e0b5569232559e3d385fea5a93112/library/test/src/lib.rs:628:18
[INFO] [stdout]   26:     0x563fae2678b5 - test::run_test_in_process::{{closure}}::h85218797dcbcec12
[INFO] [stdout]                                at /rustc/82e1608dfa6e0b5569232559e3d385fea5a93112/library/test/src/lib.rs:651:60
[INFO] [stdout]   27:     0x563fae2678b5 - <core::panic::unwind_safe::AssertUnwindSafe<F> as core::ops::function::FnOnce<()>>::call_once::h76c106ea31c14d7b
[INFO] [stdout]                                at /rustc/82e1608dfa6e0b5569232559e3d385fea5a93112/library/core/src/panic/unwind_safe.rs:272:9
[INFO] [stdout]   28:     0x563fae2678b5 - std::panicking::try::do_call::h3bd5d0f6620ee946
[INFO] [stdout]                                at /rustc/82e1608dfa6e0b5569232559e3d385fea5a93112/library/std/src/panicking.rs:552:40
[INFO] [stdout]   29:     0x563fae2678b5 - std::panicking::try::h232e535e4744fe31
[INFO] [stdout]                                at /rustc/82e1608dfa6e0b5569232559e3d385fea5a93112/library/std/src/panicking.rs:516:19
[INFO] [stdout]   30:     0x563fae2678b5 - std::panic::catch_unwind::h3ce3bd6ca8dbac68
[INFO] [stdout]                                at /rustc/82e1608dfa6e0b5569232559e3d385fea5a93112/library/std/src/panic.rs:142:14
[INFO] [stdout]   31:     0x563fae2678b5 - test::run_test_in_process::hc97b257c9621286a
[INFO] [stdout]                                at /rustc/82e1608dfa6e0b5569232559e3d385fea5a93112/library/test/src/lib.rs:651:27
[INFO] [stdout]   32:     0x563fae2678b5 - test::run_test::{{closure}}::h2aa798823a438d38
[INFO] [stdout]                                at /rustc/82e1608dfa6e0b5569232559e3d385fea5a93112/library/test/src/lib.rs:574:43
[INFO] [stdout]   33:     0x563fae22fb76 - test::run_test::{{closure}}::h87d231c78fb59832
[INFO] [stdout]                                at /rustc/82e1608dfa6e0b5569232559e3d385fea5a93112/library/test/src/lib.rs:602:41
[INFO] [stdout]   34:     0x563fae22fb76 - std::sys_common::backtrace::__rust_begin_short_backtrace::he6df152596625789
[INFO] [stdout]                                at /rustc/82e1608dfa6e0b5569232559e3d385fea5a93112/library/std/src/sys_common/backtrace.rs:154:18
[INFO] [stdout]   35:     0x563fae234c27 - std::thread::Builder::spawn_unchecked_::{{closure}}::{{closure}}::ha94be15d1e0acf36
[INFO] [stdout]                                at /rustc/82e1608dfa6e0b5569232559e3d385fea5a93112/library/std/src/thread/mod.rs:529:17
[INFO] [stdout]   36:     0x563fae234c27 - <core::panic::unwind_safe::AssertUnwindSafe<F> as core::ops::function::FnOnce<()>>::call_once::h9dc6bd6372f16606
[INFO] [stdout]                                at /rustc/82e1608dfa6e0b5569232559e3d385fea5a93112/library/core/src/panic/unwind_safe.rs:272:9
[INFO] [stdout]   37:     0x563fae234c27 - std::panicking::try::do_call::h9057517f80303cd4
[INFO] [stdout]                                at /rustc/82e1608dfa6e0b5569232559e3d385fea5a93112/library/std/src/panicking.rs:552:40
[INFO] [stdout]   38:     0x563fae234c27 - std::panicking::try::he3a30b11ee45340c
[INFO] [stdout]                                at /rustc/82e1608dfa6e0b5569232559e3d385fea5a93112/library/std/src/panicking.rs:516:19
[INFO] [stdout]   39:     0x563fae234c27 - std::panic::catch_unwind::h410458cfd3528b8b
[INFO] [stdout]                                at /rustc/82e1608dfa6e0b5569232559e3d385fea5a93112/library/std/src/panic.rs:142:14
[INFO] [stdout]   40:     0x563fae234c27 - std::thread::Builder::spawn_unchecked_::{{closure}}::h72ac3bdb567b737b
[INFO] [stdout]                                at /rustc/82e1608dfa6e0b5569232559e3d385fea5a93112/library/std/src/thread/mod.rs:528:30
[INFO] [stdout]   41:     0x563fae234c27 - core::ops::function::FnOnce::call_once{{vtable.shim}}::h38f34da3654a8344
[INFO] [stdout]                                at /rustc/82e1608dfa6e0b5569232559e3d385fea5a93112/library/core/src/ops/function.rs:250:5
[INFO] [stdout]   42:     0x563fae298055 - <alloc::boxed::Box<F,A> as core::ops::function::FnOnce<Args>>::call_once::hc7eafaff61e32df9
[INFO] [stdout]                                at /rustc/82e1608dfa6e0b5569232559e3d385fea5a93112/library/alloc/src/boxed.rs:2007:9
[INFO] [stdout]   43:     0x563fae298055 - <alloc::boxed::Box<F,A> as core::ops::function::FnOnce<Args>>::call_once::h6ba4a5de48dd2304
[INFO] [stdout]                                at /rustc/82e1608dfa6e0b5569232559e3d385fea5a93112/library/alloc/src/boxed.rs:2007:9
[INFO] [stdout]   44:     0x563fae298055 - std::sys::unix::thread::Thread::new::thread_start::he469335aef763e45
[INFO] [stdout]                                at /rustc/82e1608dfa6e0b5569232559e3d385fea5a93112/library/std/src/sys/unix/thread.rs:108:17
[INFO] [stdout]   45:     0x7f838dbf8ac3 - <unknown>
[INFO] [stdout]   46:     0x7f838dc89bf4 - __clone
[INFO] [stdout]   47:                0x0 - <unknown>
[INFO] [stdout] 
[INFO] [stdout] 
[INFO] [stdout] failures:
[INFO] [stdout]     codejam_2018::qualifier_3::tests::test_best_cell
[INFO] [stdout] 
[INFO] [stdout] test result: FAILED. 2 passed; 1 failed; 0 ignored; 0 measured; 0 filtered out; finished in 0.02s
[INFO] [stdout] 
[INFO] [stderr] error: test failed, to rerun pass `--bin google-code-jam`
[INFO] running `Command { std: "docker" "inspect" "13d263d3beb32d34b5cf56d1df2ea372744accadb552b36034bfd9987ce845f8", kill_on_drop: false }`
[INFO] running `Command { std: "docker" "rm" "-f" "13d263d3beb32d34b5cf56d1df2ea372744accadb552b36034bfd9987ce845f8", kill_on_drop: false }`
[INFO] [stdout] 13d263d3beb32d34b5cf56d1df2ea372744accadb552b36034bfd9987ce845f8
