[INFO] cloning repository https://github.com/RiwEZ/FuzzyLogicOnRust
[INFO] running `Command { std: "git" "-c" "credential.helper=" "-c" "credential.helper=/workspace/cargo-home/bin/git-credential-null" "clone" "--bare" "https://github.com/RiwEZ/FuzzyLogicOnRust" "/workspace/cache/git-repos/https%3A%2F%2Fgithub.com%2FRiwEZ%2FFuzzyLogicOnRust", kill_on_drop: false }`
[INFO] [stderr] Cloning into bare repository '/workspace/cache/git-repos/https%3A%2F%2Fgithub.com%2FRiwEZ%2FFuzzyLogicOnRust'...
[INFO] running `Command { std: "git" "rev-parse" "HEAD", kill_on_drop: false }`
[INFO] [stdout] 44498373d54c347577196a88d52ddeb20c631d4e
[INFO] testing RiwEZ/FuzzyLogicOnRust against 1.75.0 for beta-1.76-1
[INFO] running `Command { std: "git" "clone" "/workspace/cache/git-repos/https%3A%2F%2Fgithub.com%2FRiwEZ%2FFuzzyLogicOnRust" "/workspace/builds/worker-7-tc1/source", kill_on_drop: false }`
[INFO] [stderr] Cloning into '/workspace/builds/worker-7-tc1/source'...
[INFO] [stderr] done.
[INFO] validating manifest of git repo https://github.com/RiwEZ/FuzzyLogicOnRust on toolchain 1.75.0
[INFO] running `Command { std: CARGO_HOME="/workspace/cargo-home" RUSTUP_HOME="/workspace/rustup-home" "/workspace/cargo-home/bin/cargo" "+1.75.0" "metadata" "--manifest-path" "Cargo.toml" "--no-deps", kill_on_drop: false }`
[INFO] started tweaking git repo https://github.com/RiwEZ/FuzzyLogicOnRust
[INFO] finished tweaking git repo https://github.com/RiwEZ/FuzzyLogicOnRust
[INFO] tweaked toml for git repo https://github.com/RiwEZ/FuzzyLogicOnRust written to /workspace/builds/worker-7-tc1/source/Cargo.toml
[INFO] crate git repo https://github.com/RiwEZ/FuzzyLogicOnRust already has a lockfile, it will not be regenerated
[INFO] running `Command { std: CARGO_HOME="/workspace/cargo-home" RUSTUP_HOME="/workspace/rustup-home" "/workspace/cargo-home/bin/cargo" "+1.75.0" "fetch" "--manifest-path" "Cargo.toml", kill_on_drop: false }`
[INFO] running `Command { std: "docker" "create" "-v" "/var/lib/crater-agent-workspace/builds/worker-7-tc1/target:/opt/rustwide/target:rw,Z" "-v" "/var/lib/crater-agent-workspace/builds/worker-7-tc1/source:/opt/rustwide/workdir:ro,Z" "-v" "/var/lib/crater-agent-workspace/cargo-home:/opt/rustwide/cargo-home:ro,Z" "-v" "/var/lib/crater-agent-workspace/rustup-home:/opt/rustwide/rustup-home:ro,Z" "-e" "SOURCE_DIR=/opt/rustwide/workdir" "-e" "CARGO_TARGET_DIR=/opt/rustwide/target" "-e" "CARGO_HOME=/opt/rustwide/cargo-home" "-e" "RUSTUP_HOME=/opt/rustwide/rustup-home" "-w" "/opt/rustwide/workdir" "-m" "1610612736" "--user" "0:0" "--network" "none" "ghcr.io/rust-lang/crates-build-env/linux@sha256:2788e3201cd34a07e3172128adcd8b3090168a8e3bcc40d7c032b9dda1df7d1c" "/opt/rustwide/cargo-home/bin/cargo" "+1.75.0" "metadata" "--no-deps" "--format-version=1", kill_on_drop: false }`
[INFO] [stdout] 3fa289a1f751470198565959f3853c63989e43e4655d3d54b57efe1682198609
[INFO] running `Command { std: "docker" "start" "-a" "3fa289a1f751470198565959f3853c63989e43e4655d3d54b57efe1682198609", kill_on_drop: false }`
[INFO] running `Command { std: "docker" "inspect" "3fa289a1f751470198565959f3853c63989e43e4655d3d54b57efe1682198609", kill_on_drop: false }`
[INFO] running `Command { std: "docker" "rm" "-f" "3fa289a1f751470198565959f3853c63989e43e4655d3d54b57efe1682198609", kill_on_drop: false }`
[INFO] [stdout] 3fa289a1f751470198565959f3853c63989e43e4655d3d54b57efe1682198609
[INFO] running `Command { std: "docker" "create" "-v" "/var/lib/crater-agent-workspace/builds/worker-7-tc1/target:/opt/rustwide/target:rw,Z" "-v" "/var/lib/crater-agent-workspace/builds/worker-7-tc1/source:/opt/rustwide/workdir:ro,Z" "-v" "/var/lib/crater-agent-workspace/cargo-home:/opt/rustwide/cargo-home:ro,Z" "-v" "/var/lib/crater-agent-workspace/rustup-home:/opt/rustwide/rustup-home:ro,Z" "-e" "SOURCE_DIR=/opt/rustwide/workdir" "-e" "CARGO_TARGET_DIR=/opt/rustwide/target" "-e" "CARGO_INCREMENTAL=0" "-e" "RUST_BACKTRACE=full" "-e" "RUSTFLAGS=--cap-lints=warn" "-e" "RUSTDOCFLAGS=--cap-lints=warn" "-e" "CARGO_HOME=/opt/rustwide/cargo-home" "-e" "RUSTUP_HOME=/opt/rustwide/rustup-home" "-w" "/opt/rustwide/workdir" "-m" "1610612736" "--user" "0:0" "--network" "none" "ghcr.io/rust-lang/crates-build-env/linux@sha256:2788e3201cd34a07e3172128adcd8b3090168a8e3bcc40d7c032b9dda1df7d1c" "/opt/rustwide/cargo-home/bin/cargo" "+1.75.0" "build" "--frozen" "--message-format=json", kill_on_drop: false }`
[INFO] [stdout] a126f15925c8f69f657ba24fb62fcb9d65fcd8f72ae9713178e17df87531e044
[INFO] running `Command { std: "docker" "start" "-a" "a126f15925c8f69f657ba24fb62fcb9d65fcd8f72ae9713178e17df87531e044", kill_on_drop: false }`
[INFO] [stderr]    Compiling proc-macro2 v1.0.43
[INFO] [stderr]    Compiling quote v1.0.21
[INFO] [stderr]    Compiling unicode-ident v1.0.3
[INFO] [stderr]    Compiling syn v1.0.99
[INFO] [stderr]    Compiling libc v0.2.132
[INFO] [stderr]    Compiling ucd-trie v0.1.5
[INFO] [stderr]    Compiling num-traits v0.2.15
[INFO] [stderr]    Compiling num-integer v0.1.45
[INFO] [stderr]    Compiling cc v1.0.73
[INFO] [stderr]    Compiling crc32fast v1.3.2
[INFO] [stderr]    Compiling adler v1.0.2
[INFO] [stderr]    Compiling yeslogic-fontconfig-sys v3.2.0
[INFO] [stderr]    Compiling num-rational v0.4.1
[INFO] [stderr]    Compiling miniz_oxide v0.5.4
[INFO] [stderr]    Compiling serde_derive v1.0.145
[INFO] [stderr]    Compiling cmake v0.1.48
[INFO] [stderr]    Compiling flate2 v1.0.24
[INFO] [stderr]    Compiling color_quant v1.1.0
[INFO] [stderr]    Compiling serde v1.0.145
[INFO] [stderr]    Compiling byteorder v1.4.3
[INFO] [stderr]    Compiling dirs-sys-next v0.1.2
[INFO] [stderr]    Compiling png v0.17.6
[INFO] [stderr]    Compiling freetype-sys v0.13.1
[INFO] [stderr]    Compiling getrandom v0.2.7
[INFO] [stderr]    Compiling plotters-backend v0.3.4
[INFO] [stderr]    Compiling weezl v0.1.7
[INFO] [stderr]    Compiling once_cell v1.14.0
[INFO] [stderr]    Compiling const-cstr v0.3.0
[INFO] [stderr]    Compiling jpeg-decoder v0.2.6
[INFO] [stderr]    Compiling font-kit v0.11.0
[INFO] [stderr]    Compiling same-file v1.0.6
[INFO] [stderr]    Compiling bytemuck v1.12.1
[INFO] [stderr]    Compiling walkdir v2.3.2
[INFO] [stderr]    Compiling freetype v0.7.0
[INFO] [stderr]    Compiling gif v0.11.4
[INFO] [stderr]    Compiling rand_core v0.6.3
[INFO] [stderr]    Compiling dirs-next v2.0.0
[INFO] [stderr]    Compiling time v0.1.44
[INFO] [stderr]    Compiling image v0.24.3
[INFO] [stderr]    Compiling regex-automata v0.1.10
[INFO] [stderr]    Compiling iana-time-zone v0.1.47
[INFO] [stderr]    Compiling ppv-lite86 v0.2.16
[INFO] [stderr]    Compiling float-ord v0.2.0
[INFO] [stderr]    Compiling chrono v0.4.22
[INFO] [stderr]    Compiling plotters-svg v0.3.3
[INFO] [stderr]    Compiling csv-core v0.1.10
[INFO] [stderr]    Compiling itoa v0.4.8
[INFO] [stderr]    Compiling ryu v1.0.11
[INFO] [stderr]    Compiling rand_chacha v0.3.1
[INFO] [stderr]    Compiling ttf-parser v0.15.2
[INFO] [stderr]    Compiling rand v0.8.5
[INFO] [stderr]    Compiling thiserror-impl v1.0.34
[INFO] [stderr]    Compiling plotters-bitmap v0.3.2
[INFO] [stderr]    Compiling thiserror v1.0.34
[INFO] [stderr]    Compiling pest v2.3.0
[INFO] [stderr]    Compiling semver-parser v0.10.2
[INFO] [stderr]    Compiling semver v0.11.0
[INFO] [stderr]    Compiling rustc_version v0.3.3
[INFO] [stderr]    Compiling pathfinder_simd v0.5.1
[INFO] [stderr]    Compiling pathfinder_geometry v0.5.1
[INFO] [stderr]    Compiling plotters v0.3.4
[INFO] [stderr]    Compiling bstr v0.2.17
[INFO] [stderr]    Compiling csv v1.1.6
[INFO] [stderr]    Compiling fuzzy v0.1.0 (/opt/rustwide/workdir)
[INFO] [stdout] warning: unused variable: `capital`
[INFO] [stdout]   --> src/backtest.rs:26:18
[INFO] [stdout]    |
[INFO] [stdout] 26 | fn realizing_pos(capital: f64, price: &Vec<f64>, pos_list: &mut Vec<Position>, pos_type: bool) {
[INFO] [stdout]    |                  ^^^^^^^ help: if this is intentional, prefix it with an underscore: `_capital`
[INFO] [stdout]    |
[INFO] [stdout]    = note: `#[warn(unused_variables)]` on by default
[INFO] [stdout] 
[INFO] [stdout] 
[INFO] [stdout] warning: unused variable: `date`
[INFO] [stdout]    --> src/main.rs:131:9
[INFO] [stdout]     |
[INFO] [stdout] 131 |     let date: Vec<Date<Local>> = data[2256..]
[INFO] [stdout]     |         ^^^^ help: if this is intentional, prefix it with an underscore: `_date`
[INFO] [stdout] 
[INFO] [stdout] 
[INFO] [stdout] warning: function `max_of_vec` is never used
[INFO] [stdout]   --> src/main.rs:23:4
[INFO] [stdout]    |
[INFO] [stdout] 23 | fn max_of_vec(vec: &Vec<f64>) -> f64 {
[INFO] [stdout]    |    ^^^^^^^^^^
[INFO] [stdout]    |
[INFO] [stdout]    = note: `#[warn(dead_code)]` on by default
[INFO] [stdout] 
[INFO] [stdout] 
[INFO] [stdout] warning: function `min_of_vec` is never used
[INFO] [stdout]   --> src/main.rs:27:4
[INFO] [stdout]    |
[INFO] [stdout] 27 | fn min_of_vec(vec: &Vec<f64>) -> f64 {
[INFO] [stdout]    |    ^^^^^^^^^^
[INFO] [stdout] 
[INFO] [stdout] 
[INFO] [stdout] warning: function `plot` is never used
[INFO] [stdout]   --> src/main.rs:31:4
[INFO] [stdout]    |
[INFO] [stdout] 31 | fn plot(date: &Vec<Date<Local>>, data: [&Vec<f64>; 3], path: &str) -> Result<(), Box<dyn Error>> {
[INFO] [stdout]    |    ^^^^
[INFO] [stdout] 
[INFO] [stdout] 
[INFO] [stdout] warning: 5 warnings emitted
[INFO] [stdout] 
[INFO] [stdout] 
[INFO] [stderr]     Finished dev [unoptimized + debuginfo] target(s) in 9.52s
[INFO] running `Command { std: "docker" "inspect" "a126f15925c8f69f657ba24fb62fcb9d65fcd8f72ae9713178e17df87531e044", kill_on_drop: false }`
[INFO] running `Command { std: "docker" "rm" "-f" "a126f15925c8f69f657ba24fb62fcb9d65fcd8f72ae9713178e17df87531e044", kill_on_drop: false }`
[INFO] [stdout] a126f15925c8f69f657ba24fb62fcb9d65fcd8f72ae9713178e17df87531e044
[INFO] running `Command { std: "docker" "create" "-v" "/var/lib/crater-agent-workspace/builds/worker-7-tc1/target:/opt/rustwide/target:rw,Z" "-v" "/var/lib/crater-agent-workspace/builds/worker-7-tc1/source:/opt/rustwide/workdir:ro,Z" "-v" "/var/lib/crater-agent-workspace/cargo-home:/opt/rustwide/cargo-home:ro,Z" "-v" "/var/lib/crater-agent-workspace/rustup-home:/opt/rustwide/rustup-home:ro,Z" "-e" "SOURCE_DIR=/opt/rustwide/workdir" "-e" "CARGO_TARGET_DIR=/opt/rustwide/target" "-e" "CARGO_INCREMENTAL=0" "-e" "RUST_BACKTRACE=full" "-e" "RUSTFLAGS=--cap-lints=warn" "-e" "RUSTDOCFLAGS=--cap-lints=warn" "-e" "CARGO_HOME=/opt/rustwide/cargo-home" "-e" "RUSTUP_HOME=/opt/rustwide/rustup-home" "-w" "/opt/rustwide/workdir" "-m" "1610612736" "--user" "0:0" "--network" "none" "ghcr.io/rust-lang/crates-build-env/linux@sha256:2788e3201cd34a07e3172128adcd8b3090168a8e3bcc40d7c032b9dda1df7d1c" "/opt/rustwide/cargo-home/bin/cargo" "+1.75.0" "test" "--frozen" "--no-run" "--message-format=json", kill_on_drop: false }`
[INFO] [stdout] 765c1c98b345b7b3573a4b979e597859aa44b027f5bccc497ac2feae0b11397d
[INFO] running `Command { std: "docker" "start" "-a" "765c1c98b345b7b3573a4b979e597859aa44b027f5bccc497ac2feae0b11397d", kill_on_drop: false }`
[INFO] [stderr]    Compiling fuzzy v0.1.0 (/opt/rustwide/workdir)
[INFO] [stdout] warning: unused variable: `capital`
[INFO] [stdout]   --> src/backtest.rs:26:18
[INFO] [stdout]    |
[INFO] [stdout] 26 | fn realizing_pos(capital: f64, price: &Vec<f64>, pos_list: &mut Vec<Position>, pos_type: bool) {
[INFO] [stdout]    |                  ^^^^^^^ help: if this is intentional, prefix it with an underscore: `_capital`
[INFO] [stdout]    |
[INFO] [stdout]    = note: `#[warn(unused_variables)]` on by default
[INFO] [stdout] 
[INFO] [stdout] 
[INFO] [stdout] warning: unused variable: `date`
[INFO] [stdout]    --> src/main.rs:131:9
[INFO] [stdout]     |
[INFO] [stdout] 131 |     let date: Vec<Date<Local>> = data[2256..]
[INFO] [stdout]     |         ^^^^ help: if this is intentional, prefix it with an underscore: `_date`
[INFO] [stdout] 
[INFO] [stdout] 
[INFO] [stdout] warning: function `max_of_vec` is never used
[INFO] [stdout]   --> src/main.rs:23:4
[INFO] [stdout]    |
[INFO] [stdout] 23 | fn max_of_vec(vec: &Vec<f64>) -> f64 {
[INFO] [stdout]    |    ^^^^^^^^^^
[INFO] [stdout]    |
[INFO] [stdout]    = note: `#[warn(dead_code)]` on by default
[INFO] [stdout] 
[INFO] [stdout] 
[INFO] [stdout] warning: function `min_of_vec` is never used
[INFO] [stdout]   --> src/main.rs:27:4
[INFO] [stdout]    |
[INFO] [stdout] 27 | fn min_of_vec(vec: &Vec<f64>) -> f64 {
[INFO] [stdout]    |    ^^^^^^^^^^
[INFO] [stdout] 
[INFO] [stdout] 
[INFO] [stdout] warning: function `plot` is never used
[INFO] [stdout]   --> src/main.rs:31:4
[INFO] [stdout]    |
[INFO] [stdout] 31 | fn plot(date: &Vec<Date<Local>>, data: [&Vec<f64>; 3], path: &str) -> Result<(), Box<dyn Error>> {
[INFO] [stdout]    |    ^^^^
[INFO] [stdout] 
[INFO] [stdout] 
[INFO] [stdout] warning: 5 warnings emitted
[INFO] [stdout] 
[INFO] [stdout] 
[INFO] [stderr]     Finished test [unoptimized + debuginfo] target(s) in 1.75s
[INFO] running `Command { std: "docker" "inspect" "765c1c98b345b7b3573a4b979e597859aa44b027f5bccc497ac2feae0b11397d", kill_on_drop: false }`
[INFO] running `Command { std: "docker" "rm" "-f" "765c1c98b345b7b3573a4b979e597859aa44b027f5bccc497ac2feae0b11397d", kill_on_drop: false }`
[INFO] [stdout] 765c1c98b345b7b3573a4b979e597859aa44b027f5bccc497ac2feae0b11397d
[INFO] running `Command { std: "docker" "create" "-v" "/var/lib/crater-agent-workspace/builds/worker-7-tc1/target:/opt/rustwide/target:rw,Z" "-v" "/var/lib/crater-agent-workspace/builds/worker-7-tc1/source:/opt/rustwide/workdir:ro,Z" "-v" "/var/lib/crater-agent-workspace/cargo-home:/opt/rustwide/cargo-home:ro,Z" "-v" "/var/lib/crater-agent-workspace/rustup-home:/opt/rustwide/rustup-home:ro,Z" "-e" "SOURCE_DIR=/opt/rustwide/workdir" "-e" "CARGO_TARGET_DIR=/opt/rustwide/target" "-e" "CARGO_INCREMENTAL=0" "-e" "RUST_BACKTRACE=full" "-e" "RUSTFLAGS=--cap-lints=warn" "-e" "RUSTDOCFLAGS=--cap-lints=warn" "-e" "CARGO_HOME=/opt/rustwide/cargo-home" "-e" "RUSTUP_HOME=/opt/rustwide/rustup-home" "-w" "/opt/rustwide/workdir" "-m" "1610612736" "--user" "0:0" "--network" "none" "ghcr.io/rust-lang/crates-build-env/linux@sha256:2788e3201cd34a07e3172128adcd8b3090168a8e3bcc40d7c032b9dda1df7d1c" "/opt/rustwide/cargo-home/bin/cargo" "+1.75.0" "test" "--frozen", kill_on_drop: false }`
[INFO] [stdout] 9b269fb8d4a7fd070071bb3e5efa2da14749d0e95dba7501e1241e97c6dfad0f
[INFO] running `Command { std: "docker" "start" "-a" "9b269fb8d4a7fd070071bb3e5efa2da14749d0e95dba7501e1241e97c6dfad0f", kill_on_drop: false }`
[INFO] [stderr] warning: unused variable: `capital`
[INFO] [stderr]   --> src/backtest.rs:26:18
[INFO] [stderr]    |
[INFO] [stderr] 26 | fn realizing_pos(capital: f64, price: &Vec<f64>, pos_list: &mut Vec<Position>, pos_type: bool) {
[INFO] [stderr]    |                  ^^^^^^^ help: if this is intentional, prefix it with an underscore: `_capital`
[INFO] [stderr]    |
[INFO] [stderr]    = note: `#[warn(unused_variables)]` on by default
[INFO] [stderr] 
[INFO] [stderr] warning: unused variable: `date`
[INFO] [stderr]    --> src/main.rs:131:9
[INFO] [stderr]     |
[INFO] [stderr] 131 |     let date: Vec<Date<Local>> = data[2256..]
[INFO] [stderr]     |         ^^^^ help: if this is intentional, prefix it with an underscore: `_date`
[INFO] [stderr] 
[INFO] [stderr] warning: function `max_of_vec` is never used
[INFO] [stderr]   --> src/main.rs:23:4
[INFO] [stderr]    |
[INFO] [stderr] 23 | fn max_of_vec(vec: &Vec<f64>) -> f64 {
[INFO] [stderr]    |    ^^^^^^^^^^
[INFO] [stderr]    |
[INFO] [stderr]    = note: `#[warn(dead_code)]` on by default
[INFO] [stderr] 
[INFO] [stderr] warning: function `min_of_vec` is never used
[INFO] [stderr]   --> src/main.rs:27:4
[INFO] [stderr]    |
[INFO] [stderr] 27 | fn min_of_vec(vec: &Vec<f64>) -> f64 {
[INFO] [stderr]    |    ^^^^^^^^^^
[INFO] [stderr] 
[INFO] [stderr] warning: function `plot` is never used
[INFO] [stderr]   --> src/main.rs:31:4
[INFO] [stderr]    |
[INFO] [stderr] 31 | fn plot(date: &Vec<Date<Local>>, data: [&Vec<f64>; 3], path: &str) -> Result<(), Box<dyn Error>> {
[INFO] [stderr]    |    ^^^^
[INFO] [stderr] 
[INFO] [stderr] warning: `fuzzy` (bin "fuzzy" test) generated 5 warnings (run `cargo fix --bin "fuzzy" --tests` to apply 2 suggestions)
[INFO] [stderr]     Finished test [unoptimized + debuginfo] target(s) in 0.07s
[INFO] [stderr]      Running unittests src/main.rs (/opt/rustwide/target/debug/deps/fuzzy-1b9dc5d5346ded2d)
[INFO] [stdout] 
[INFO] [stdout] running 5 tests
[INFO] [stdout] test set::tests::test_arange ... ok
[INFO] [stdout] test set::tests::test_degree ... ok
[INFO] [stdout] test rule::tests::test_adding_rule - should panic ... ok
[INFO] [stdout] test set::tests::linguistic ... FAILED
[INFO] [stderr] error: test failed, to rerun pass `--bin fuzzy`
[INFO] [stdout] test rule::tests::basic_test ... FAILED
[INFO] [stdout] 
[INFO] [stdout] failures:
[INFO] [stdout] 
[INFO] [stdout] ---- set::tests::linguistic stdout ----
[INFO] [stdout] thread 'set::tests::linguistic' panicked at src/set.rs:289:54:
[INFO] [stdout] called `Result::unwrap()` on an `Err` value: BackendError(DrawingError(Os { code: 2, kind: NotFound, message: "No such file or directory" }))
[INFO] [stdout] stack backtrace:
[INFO] [stdout]    0:     0x563227fbc7ac - std::backtrace_rs::backtrace::libunwind::trace::ha637c64ce894333a
[INFO] [stdout]                                at /rustc/82e1608dfa6e0b5569232559e3d385fea5a93112/library/std/src/../../backtrace/src/backtrace/libunwind.rs:104:5
[INFO] [stdout]    1:     0x563227fbc7ac - std::backtrace_rs::backtrace::trace_unsynchronized::h47f62dea28e0c88d
[INFO] [stdout]                                at /rustc/82e1608dfa6e0b5569232559e3d385fea5a93112/library/std/src/../../backtrace/src/backtrace/mod.rs:66:5
[INFO] [stdout]    2:     0x563227fbc7ac - std::sys_common::backtrace::_print_fmt::h9eef0abe20ede486
[INFO] [stdout]                                at /rustc/82e1608dfa6e0b5569232559e3d385fea5a93112/library/std/src/sys_common/backtrace.rs:67:5
[INFO] [stdout]    3:     0x563227fbc7ac - <std::sys_common::backtrace::_print::DisplayBacktrace as core::fmt::Display>::fmt::hed7f999df88cc644
[INFO] [stdout]                                at /rustc/82e1608dfa6e0b5569232559e3d385fea5a93112/library/std/src/sys_common/backtrace.rs:44:22
[INFO] [stdout]    4:     0x563227fe6f10 - core::fmt::rt::Argument::fmt::h1539a9308b8d058d
[INFO] [stdout]                                at /rustc/82e1608dfa6e0b5569232559e3d385fea5a93112/library/core/src/fmt/rt.rs:142:9
[INFO] [stdout]    5:     0x563227fe6f10 - core::fmt::write::h3a39390d8560d9c9
[INFO] [stdout]                                at /rustc/82e1608dfa6e0b5569232559e3d385fea5a93112/library/core/src/fmt/mod.rs:1120:17
[INFO] [stdout]    6:     0x563227fba15f - std::io::Write::write_fmt::h040b369f3a0f9cbc
[INFO] [stdout]                                at /rustc/82e1608dfa6e0b5569232559e3d385fea5a93112/library/std/src/io/mod.rs:1762:15
[INFO] [stdout]    7:     0x563227fbc594 - std::sys_common::backtrace::_print::h894006fb5c6f3d45
[INFO] [stdout]                                at /rustc/82e1608dfa6e0b5569232559e3d385fea5a93112/library/std/src/sys_common/backtrace.rs:47:5
[INFO] [stdout]    8:     0x563227fbc594 - std::sys_common::backtrace::print::h23a2d212c6fff936
[INFO] [stdout]                                at /rustc/82e1608dfa6e0b5569232559e3d385fea5a93112/library/std/src/sys_common/backtrace.rs:34:9
[INFO] [stdout]    9:     0x563227fbe257 - std::panicking::default_hook::{{closure}}::h8a1d2ee00185001a
[INFO] [stdout]   10:     0x563227fbdf43 - std::panicking::default_hook::h6038f2eba384e475
[INFO] [stdout]                                at /rustc/82e1608dfa6e0b5569232559e3d385fea5a93112/library/std/src/panicking.rs:289:9
[INFO] [stdout]   11:     0x563227f24877 - <alloc::boxed::Box<F,A> as core::ops::function::Fn<Args>>::call::h0ad024c9bdc6d768
[INFO] [stdout]                                at /rustc/82e1608dfa6e0b5569232559e3d385fea5a93112/library/alloc/src/boxed.rs:2021:9
[INFO] [stdout]   12:     0x563227f24877 - test::test_main::{{closure}}::h7500b54257359db6
[INFO] [stdout]                                at /rustc/82e1608dfa6e0b5569232559e3d385fea5a93112/library/test/src/lib.rs:138:21
[INFO] [stdout]   13:     0x563227fbe868 - <alloc::boxed::Box<F,A> as core::ops::function::Fn<Args>>::call::h1f8f335eaa9cfaee
[INFO] [stdout]                                at /rustc/82e1608dfa6e0b5569232559e3d385fea5a93112/library/alloc/src/boxed.rs:2021:9
[INFO] [stdout]   14:     0x563227fbe868 - std::panicking::rust_panic_with_hook::h2b5517d590cab22e
[INFO] [stdout]                                at /rustc/82e1608dfa6e0b5569232559e3d385fea5a93112/library/std/src/panicking.rs:783:13
[INFO] [stdout]   15:     0x563227fbe5be - std::panicking::begin_panic_handler::{{closure}}::h233112c06e0ef43e
[INFO] [stdout]                                at /rustc/82e1608dfa6e0b5569232559e3d385fea5a93112/library/std/src/panicking.rs:657:13
[INFO] [stdout]   16:     0x563227fbcc76 - std::sys_common::backtrace::__rust_end_short_backtrace::h6e893f24d7ebbff8
[INFO] [stdout]                                at /rustc/82e1608dfa6e0b5569232559e3d385fea5a93112/library/std/src/sys_common/backtrace.rs:170:18
[INFO] [stdout]   17:     0x563227fbe322 - rust_begin_unwind
[INFO] [stdout]                                at /rustc/82e1608dfa6e0b5569232559e3d385fea5a93112/library/std/src/panicking.rs:645:5
[INFO] [stdout]   18:     0x563227ea1d55 - core::panicking::panic_fmt::hbf0e066aabfa482c
[INFO] [stdout]                                at /rustc/82e1608dfa6e0b5569232559e3d385fea5a93112/library/core/src/panicking.rs:72:14
[INFO] [stdout]   19:     0x563227ea22e3 - core::result::unwrap_failed::hddb4fea594200c52
[INFO] [stdout]                                at /rustc/82e1608dfa6e0b5569232559e3d385fea5a93112/library/core/src/result.rs:1653:5
[INFO] [stdout]   20:     0x563227ec16ac - core::result::Result<T,E>::unwrap::hbd5f38432f49fb5b
[INFO] [stdout]                                at /rustc/82e1608dfa6e0b5569232559e3d385fea5a93112/library/core/src/result.rs:1077:23
[INFO] [stdout]   21:     0x563227edbd78 - fuzzy::set::tests::linguistic::h790d3f0ac6c658a4
[INFO] [stdout]                                at /opt/rustwide/workdir/src/set.rs:289:9
[INFO] [stdout]   22:     0x563227edb8b7 - fuzzy::set::tests::linguistic::{{closure}}::h5201826afe385b20
[INFO] [stdout]                                at /opt/rustwide/workdir/src/set.rs:277:20
[INFO] [stdout]   23:     0x563227ecd216 - core::ops::function::FnOnce::call_once::h7094c6e1f445d222
[INFO] [stdout]                                at /rustc/82e1608dfa6e0b5569232559e3d385fea5a93112/library/core/src/ops/function.rs:250:5
[INFO] [stdout]   24:     0x563227f29ecf - core::ops::function::FnOnce::call_once::h2b5d431d5046312d
[INFO] [stdout]                                at /rustc/82e1608dfa6e0b5569232559e3d385fea5a93112/library/core/src/ops/function.rs:250:5
[INFO] [stdout]   25:     0x563227f29ecf - test::__rust_begin_short_backtrace::h7714669af176e207
[INFO] [stdout]                                at /rustc/82e1608dfa6e0b5569232559e3d385fea5a93112/library/test/src/lib.rs:628:18
[INFO] [stdout]   26:     0x563227f28ee5 - test::run_test_in_process::{{closure}}::h85218797dcbcec12
[INFO] [stdout]                                at /rustc/82e1608dfa6e0b5569232559e3d385fea5a93112/library/test/src/lib.rs:651:60
[INFO] [stdout]   27:     0x563227f28ee5 - <core::panic::unwind_safe::AssertUnwindSafe<F> as core::ops::function::FnOnce<()>>::call_once::h76c106ea31c14d7b
[INFO] [stdout]                                at /rustc/82e1608dfa6e0b5569232559e3d385fea5a93112/library/core/src/panic/unwind_safe.rs:272:9
[INFO] [stdout]   28:     0x563227f28ee5 - std::panicking::try::do_call::h3bd5d0f6620ee946
[INFO] [stdout]                                at /rustc/82e1608dfa6e0b5569232559e3d385fea5a93112/library/std/src/panicking.rs:552:40
[INFO] [stdout]   29:     0x563227f28ee5 - std::panicking::try::h232e535e4744fe31
[INFO] [stdout]                                at /rustc/82e1608dfa6e0b5569232559e3d385fea5a93112/library/std/src/panicking.rs:516:19
[INFO] [stdout]   30:     0x563227f28ee5 - std::panic::catch_unwind::h3ce3bd6ca8dbac68
[INFO] [stdout]                                at /rustc/82e1608dfa6e0b5569232559e3d385fea5a93112/library/std/src/panic.rs:142:14
[INFO] [stdout]   31:     0x563227f28ee5 - test::run_test_in_process::hc97b257c9621286a
[INFO] [stdout]                                at /rustc/82e1608dfa6e0b5569232559e3d385fea5a93112/library/test/src/lib.rs:651:27
[INFO] [stdout]   32:     0x563227f28ee5 - test::run_test::{{closure}}::h2aa798823a438d38
[INFO] [stdout]                                at /rustc/82e1608dfa6e0b5569232559e3d385fea5a93112/library/test/src/lib.rs:574:43
[INFO] [stdout]   33:     0x563227ef11a6 - test::run_test::{{closure}}::h87d231c78fb59832
[INFO] [stdout]                                at /rustc/82e1608dfa6e0b5569232559e3d385fea5a93112/library/test/src/lib.rs:602:41
[INFO] [stdout]   34:     0x563227ef11a6 - std::sys_common::backtrace::__rust_begin_short_backtrace::he6df152596625789
[INFO] [stdout]                                at /rustc/82e1608dfa6e0b5569232559e3d385fea5a93112/library/std/src/sys_common/backtrace.rs:154:18
[INFO] [stdout]   35:     0x563227ef6257 - std::thread::Builder::spawn_unchecked_::{{closure}}::{{closure}}::ha94be15d1e0acf36
[INFO] [stdout]                                at /rustc/82e1608dfa6e0b5569232559e3d385fea5a93112/library/std/src/thread/mod.rs:529:17
[INFO] [stdout]   36:     0x563227ef6257 - <core::panic::unwind_safe::AssertUnwindSafe<F> as core::ops::function::FnOnce<()>>::call_once::h9dc6bd6372f16606
[INFO] [stdout]                                at /rustc/82e1608dfa6e0b5569232559e3d385fea5a93112/library/core/src/panic/unwind_safe.rs:272:9
[INFO] [stdout]   37:     0x563227ef6257 - std::panicking::try::do_call::h9057517f80303cd4
[INFO] [stdout]                                at /rustc/82e1608dfa6e0b5569232559e3d385fea5a93112/library/std/src/panicking.rs:552:40
[INFO] [stdout]   38:     0x563227ef6257 - std::panicking::try::he3a30b11ee45340c
[INFO] [stdout]                                at /rustc/82e1608dfa6e0b5569232559e3d385fea5a93112/library/std/src/panicking.rs:516:19
[INFO] [stdout]   39:     0x563227ef6257 - std::panic::catch_unwind::h410458cfd3528b8b
[INFO] [stdout]                                at /rustc/82e1608dfa6e0b5569232559e3d385fea5a93112/library/std/src/panic.rs:142:14
[INFO] [stdout]   40:     0x563227ef6257 - std::thread::Builder::spawn_unchecked_::{{closure}}::h72ac3bdb567b737b
[INFO] [stdout]                                at /rustc/82e1608dfa6e0b5569232559e3d385fea5a93112/library/std/src/thread/mod.rs:528:30
[INFO] [stdout]   41:     0x563227ef6257 - core::ops::function::FnOnce::call_once{{vtable.shim}}::h38f34da3654a8344
[INFO] [stdout]                                at /rustc/82e1608dfa6e0b5569232559e3d385fea5a93112/library/core/src/ops/function.rs:250:5
[INFO] [stdout]   42:     0x563227fc32f5 - <alloc::boxed::Box<F,A> as core::ops::function::FnOnce<Args>>::call_once::hc7eafaff61e32df9
[INFO] [stdout]                                at /rustc/82e1608dfa6e0b5569232559e3d385fea5a93112/library/alloc/src/boxed.rs:2007:9
[INFO] [stdout]   43:     0x563227fc32f5 - <alloc::boxed::Box<F,A> as core::ops::function::FnOnce<Args>>::call_once::h6ba4a5de48dd2304
[INFO] [stdout]                                at /rustc/82e1608dfa6e0b5569232559e3d385fea5a93112/library/alloc/src/boxed.rs:2007:9
[INFO] [stdout]   44:     0x563227fc32f5 - std::sys::unix::thread::Thread::new::thread_start::he469335aef763e45
[INFO] [stdout]                                at /rustc/82e1608dfa6e0b5569232559e3d385fea5a93112/library/std/src/sys/unix/thread.rs:108:17
[INFO] [stdout]   45:     0x7faae6f47ac3 - <unknown>
[INFO] [stdout]   46:     0x7faae6fd8bf4 - __clone
[INFO] [stdout]   47:                0x0 - <unknown>
[INFO] [stdout] 
[INFO] [stdout] ---- rule::tests::basic_test stdout ----
[INFO] [stdout] Error: BackendError(DrawingError(Os { code: 2, kind: NotFound, message: "No such file or directory" }))
[INFO] [stdout] 
[INFO] [stdout] 
[INFO] [stdout] failures:
[INFO] [stdout]     rule::tests::basic_test
[INFO] [stdout]     set::tests::linguistic
[INFO] [stdout] 
[INFO] [stdout] test result: FAILED. 3 passed; 2 failed; 0 ignored; 0 measured; 0 filtered out; finished in 0.13s
[INFO] [stdout] 
[INFO] running `Command { std: "docker" "inspect" "9b269fb8d4a7fd070071bb3e5efa2da14749d0e95dba7501e1241e97c6dfad0f", kill_on_drop: false }`
[INFO] running `Command { std: "docker" "rm" "-f" "9b269fb8d4a7fd070071bb3e5efa2da14749d0e95dba7501e1241e97c6dfad0f", kill_on_drop: false }`
[INFO] [stdout] 9b269fb8d4a7fd070071bb3e5efa2da14749d0e95dba7501e1241e97c6dfad0f
