[INFO] cloning repository https://github.com/RinLovesYou/unity-rs
[INFO] running `Command { std: "git" "-c" "credential.helper=" "-c" "credential.helper=/workspace/cargo-home/bin/git-credential-null" "clone" "--bare" "https://github.com/RinLovesYou/unity-rs" "/workspace/cache/git-repos/https%3A%2F%2Fgithub.com%2FRinLovesYou%2Funity-rs", kill_on_drop: false }`
[INFO] [stderr] Cloning into bare repository '/workspace/cache/git-repos/https%3A%2F%2Fgithub.com%2FRinLovesYou%2Funity-rs'...
[INFO] running `Command { std: "git" "rev-parse" "HEAD", kill_on_drop: false }`
[INFO] [stdout] 4ae03c880c3381cf587751cb45311333744323ef
[INFO] testing RinLovesYou/unity-rs against 1.75.0 for beta-1.76-1
[INFO] running `Command { std: "git" "clone" "/workspace/cache/git-repos/https%3A%2F%2Fgithub.com%2FRinLovesYou%2Funity-rs" "/workspace/builds/worker-7-tc1/source", kill_on_drop: false }`
[INFO] [stderr] Cloning into '/workspace/builds/worker-7-tc1/source'...
[INFO] [stderr] done.
[INFO] validating manifest of git repo https://github.com/RinLovesYou/unity-rs on toolchain 1.75.0
[INFO] running `Command { std: CARGO_HOME="/workspace/cargo-home" RUSTUP_HOME="/workspace/rustup-home" "/workspace/cargo-home/bin/cargo" "+1.75.0" "metadata" "--manifest-path" "Cargo.toml" "--no-deps", kill_on_drop: false }`
[INFO] started tweaking git repo https://github.com/RinLovesYou/unity-rs
[INFO] finished tweaking git repo https://github.com/RinLovesYou/unity-rs
[INFO] tweaked toml for git repo https://github.com/RinLovesYou/unity-rs written to /workspace/builds/worker-7-tc1/source/Cargo.toml
[INFO] crate git repo https://github.com/RinLovesYou/unity-rs already has a lockfile, it will not be regenerated
[INFO] running `Command { std: CARGO_HOME="/workspace/cargo-home" RUSTUP_HOME="/workspace/rustup-home" "/workspace/cargo-home/bin/cargo" "+1.75.0" "fetch" "--manifest-path" "Cargo.toml", kill_on_drop: false }`
[INFO] [stderr] warning: virtual workspace defaulting to `resolver = "1"` despite one or more workspace members being on edition 2021 which implies `resolver = "2"`
[INFO] [stderr] note: to keep the current resolver, specify `workspace.resolver = "1"` in the workspace root's manifest
[INFO] [stderr] note: to use the edition 2021 resolver, specify `workspace.resolver = "2"` in the workspace root's manifest
[INFO] [stderr] note: for more details see https://doc.rust-lang.org/cargo/reference/resolver.html#resolver-versions
[INFO] running `Command { std: "docker" "create" "-v" "/var/lib/crater-agent-workspace/builds/worker-7-tc1/target:/opt/rustwide/target:rw,Z" "-v" "/var/lib/crater-agent-workspace/builds/worker-7-tc1/source:/opt/rustwide/workdir:ro,Z" "-v" "/var/lib/crater-agent-workspace/cargo-home:/opt/rustwide/cargo-home:ro,Z" "-v" "/var/lib/crater-agent-workspace/rustup-home:/opt/rustwide/rustup-home:ro,Z" "-e" "SOURCE_DIR=/opt/rustwide/workdir" "-e" "CARGO_TARGET_DIR=/opt/rustwide/target" "-e" "CARGO_HOME=/opt/rustwide/cargo-home" "-e" "RUSTUP_HOME=/opt/rustwide/rustup-home" "-w" "/opt/rustwide/workdir" "-m" "1610612736" "--user" "0:0" "--network" "none" "ghcr.io/rust-lang/crates-build-env/linux@sha256:2788e3201cd34a07e3172128adcd8b3090168a8e3bcc40d7c032b9dda1df7d1c" "/opt/rustwide/cargo-home/bin/cargo" "+1.75.0" "metadata" "--no-deps" "--format-version=1", kill_on_drop: false }`
[INFO] [stdout] 9424316243bb847d01e1dbab8fb8b8952d39dbc081bda95120dbdeaef2dcbb3d
[INFO] running `Command { std: "docker" "start" "-a" "9424316243bb847d01e1dbab8fb8b8952d39dbc081bda95120dbdeaef2dcbb3d", kill_on_drop: false }`
[INFO] running `Command { std: "docker" "inspect" "9424316243bb847d01e1dbab8fb8b8952d39dbc081bda95120dbdeaef2dcbb3d", kill_on_drop: false }`
[INFO] running `Command { std: "docker" "rm" "-f" "9424316243bb847d01e1dbab8fb8b8952d39dbc081bda95120dbdeaef2dcbb3d", kill_on_drop: false }`
[INFO] [stdout] 9424316243bb847d01e1dbab8fb8b8952d39dbc081bda95120dbdeaef2dcbb3d
[INFO] running `Command { std: "docker" "create" "-v" "/var/lib/crater-agent-workspace/builds/worker-7-tc1/target:/opt/rustwide/target:rw,Z" "-v" "/var/lib/crater-agent-workspace/builds/worker-7-tc1/source:/opt/rustwide/workdir:ro,Z" "-v" "/var/lib/crater-agent-workspace/cargo-home:/opt/rustwide/cargo-home:ro,Z" "-v" "/var/lib/crater-agent-workspace/rustup-home:/opt/rustwide/rustup-home:ro,Z" "-e" "SOURCE_DIR=/opt/rustwide/workdir" "-e" "CARGO_TARGET_DIR=/opt/rustwide/target" "-e" "CARGO_INCREMENTAL=0" "-e" "RUST_BACKTRACE=full" "-e" "RUSTFLAGS=--cap-lints=warn" "-e" "RUSTDOCFLAGS=--cap-lints=warn" "-e" "CARGO_HOME=/opt/rustwide/cargo-home" "-e" "RUSTUP_HOME=/opt/rustwide/rustup-home" "-w" "/opt/rustwide/workdir" "-m" "1610612736" "--user" "0:0" "--network" "none" "ghcr.io/rust-lang/crates-build-env/linux@sha256:2788e3201cd34a07e3172128adcd8b3090168a8e3bcc40d7c032b9dda1df7d1c" "/opt/rustwide/cargo-home/bin/cargo" "+1.75.0" "build" "--frozen" "--message-format=json", kill_on_drop: false }`
[INFO] [stdout] d3a41f4240beeaf7bc3f1ae412d0d90f90c6d3f2c79e98f6ab782934b856a1b7
[INFO] running `Command { std: "docker" "start" "-a" "d3a41f4240beeaf7bc3f1ae412d0d90f90c6d3f2c79e98f6ab782934b856a1b7", kill_on_drop: false }`
[INFO] [stderr] warning: virtual workspace defaulting to `resolver = "1"` despite one or more workspace members being on edition 2021 which implies `resolver = "2"`
[INFO] [stderr] note: to keep the current resolver, specify `workspace.resolver = "1"` in the workspace root's manifest
[INFO] [stderr] note: to use the edition 2021 resolver, specify `workspace.resolver = "2"` in the workspace root's manifest
[INFO] [stderr] note: for more details see https://doc.rust-lang.org/cargo/reference/resolver.html#resolver-versions
[INFO] [stderr]    Compiling proc-macro2 v1.0.47
[INFO] [stderr]    Compiling quote v1.0.21
[INFO] [stderr]    Compiling unicode-ident v1.0.5
[INFO] [stderr]    Compiling syn v1.0.103
[INFO] [stderr]    Compiling thiserror v1.0.37
[INFO] [stderr]    Compiling libc v0.2.138
[INFO] [stderr]    Compiling libloading v0.7.4
[INFO] [stderr]    Compiling thiserror-impl v1.0.37
[INFO] [stderr]    Compiling unity-rs v0.1.0 (/opt/rustwide/workdir/unity)
[INFO] [stdout] warning: unused import: `NativeMethod`
[INFO] [stdout]   --> unity/src/runtime.rs:11:25
[INFO] [stdout]    |
[INFO] [stdout] 11 |     utils, libs::{self, NativeMethod},
[INFO] [stdout]    |                         ^^^^^^^^^^^^
[INFO] [stdout]    |
[INFO] [stdout]    = note: `#[warn(unused_imports)]` on by default
[INFO] [stdout] 
[INFO] [stdout] 
[INFO] [stdout] warning: unused import: `error`
[INFO] [stdout]  --> unity/src/il2cpp/mod.rs:3:11
[INFO] [stdout]   |
[INFO] [stdout] 3 | use std::{error, path::PathBuf, ffi::CString};
[INFO] [stdout]   |           ^^^^^
[INFO] [stdout] 
[INFO] [stdout] 
[INFO] [stdout] warning: unused import: `thiserror::Error`
[INFO] [stdout]  --> unity/src/il2cpp/mod.rs:5:5
[INFO] [stdout]   |
[INFO] [stdout] 5 | use thiserror::Error;
[INFO] [stdout]   |     ^^^^^^^^^^^^^^^^
[INFO] [stdout] 
[INFO] [stdout] 
[INFO] [stdout] warning: unused import: `types::Il2CppThread`
[INFO] [stdout]   --> unity/src/il2cpp/mod.rs:12:36
[INFO] [stdout]    |
[INFO] [stdout] 12 | use self::{exports::Il2CppExports, types::Il2CppThread};
[INFO] [stdout]    |                                    ^^^^^^^^^^^^^^^^^^^
[INFO] [stdout] 
[INFO] [stdout] 
[INFO] [stdout] warning: unused import: `ptr::addr_of`
[INFO] [stdout]  --> unity/src/mono/mod.rs:3:33
[INFO] [stdout]   |
[INFO] [stdout] 3 | use std::{error, path::PathBuf, ptr::addr_of, fmt::{Display, self}, ffi::CString};
[INFO] [stdout]   |                                 ^^^^^^^^^^^^
[INFO] [stdout] 
[INFO] [stdout] 
[INFO] [stdout] warning: unused import: `thiserror::Error`
[INFO] [stdout]  --> unity/src/mono/mod.rs:5:5
[INFO] [stdout]   |
[INFO] [stdout] 5 | use thiserror::Error;
[INFO] [stdout]   |     ^^^^^^^^^^^^^^^^
[INFO] [stdout] 
[INFO] [stdout] 
[INFO] [stdout] warning: unused imports: `MonoDomain`, `MonoThread`
[INFO] [stdout]   --> unity/src/mono/mod.rs:12:42
[INFO] [stdout]    |
[INFO] [stdout] 12 | use self::{exports::MonoExports, types::{MonoThread, MonoDomain}};
[INFO] [stdout]    |                                          ^^^^^^^^^^  ^^^^^^^^^^
[INFO] [stdout] 
[INFO] [stdout] 
[INFO] [stdout] warning: unused imports: `addr_of_mut`, `addr_of`, `error`
[INFO] [stdout]  --> unity/src/mono/types.rs:3:25
[INFO] [stdout]   |
[INFO] [stdout] 3 | use std::{ffi::*, ptr::{addr_of_mut, addr_of}, error};
[INFO] [stdout]   |                         ^^^^^^^^^^^  ^^^^^^^   ^^^^^
[INFO] [stdout] 
[INFO] [stdout] 
[INFO] [stdout] warning: unused variable: `hook_type`
[INFO] [stdout]    --> unity/src/il2cpp/mod.rs:120:37
[INFO] [stdout]     |
[INFO] [stdout] 120 |     fn install_assembly_hook(&self, hook_type: AssemblyHookType, func: MethodPointer) -> Result<(), RuntimeError> {
[INFO] [stdout]     |                                     ^^^^^^^^^ help: if this is intentional, prefix it with an underscore: `_hook_type`
[INFO] [stdout]     |
[INFO] [stdout]     = note: `#[warn(unused_variables)]` on by default
[INFO] [stdout] 
[INFO] [stdout] 
[INFO] [stdout] warning: unused variable: `func`
[INFO] [stdout]    --> unity/src/il2cpp/mod.rs:120:66
[INFO] [stdout]     |
[INFO] [stdout] 120 |     fn install_assembly_hook(&self, hook_type: AssemblyHookType, func: MethodPointer) -> Result<(), RuntimeError> {
[INFO] [stdout]     |                                                                  ^^^^ help: if this is intentional, prefix it with an underscore: `_func`
[INFO] [stdout] 
[INFO] [stdout] 
[INFO] [stdout] warning: 10 warnings emitted
[INFO] [stdout] 
[INFO] [stdout] 
[INFO] [stderr]     Finished dev [unoptimized + debuginfo] target(s) in 2.92s
[INFO] running `Command { std: "docker" "inspect" "d3a41f4240beeaf7bc3f1ae412d0d90f90c6d3f2c79e98f6ab782934b856a1b7", kill_on_drop: false }`
[INFO] running `Command { std: "docker" "rm" "-f" "d3a41f4240beeaf7bc3f1ae412d0d90f90c6d3f2c79e98f6ab782934b856a1b7", kill_on_drop: false }`
[INFO] [stdout] d3a41f4240beeaf7bc3f1ae412d0d90f90c6d3f2c79e98f6ab782934b856a1b7
[INFO] running `Command { std: "docker" "create" "-v" "/var/lib/crater-agent-workspace/builds/worker-7-tc1/target:/opt/rustwide/target:rw,Z" "-v" "/var/lib/crater-agent-workspace/builds/worker-7-tc1/source:/opt/rustwide/workdir:ro,Z" "-v" "/var/lib/crater-agent-workspace/cargo-home:/opt/rustwide/cargo-home:ro,Z" "-v" "/var/lib/crater-agent-workspace/rustup-home:/opt/rustwide/rustup-home:ro,Z" "-e" "SOURCE_DIR=/opt/rustwide/workdir" "-e" "CARGO_TARGET_DIR=/opt/rustwide/target" "-e" "CARGO_INCREMENTAL=0" "-e" "RUST_BACKTRACE=full" "-e" "RUSTFLAGS=--cap-lints=warn" "-e" "RUSTDOCFLAGS=--cap-lints=warn" "-e" "CARGO_HOME=/opt/rustwide/cargo-home" "-e" "RUSTUP_HOME=/opt/rustwide/rustup-home" "-w" "/opt/rustwide/workdir" "-m" "1610612736" "--user" "0:0" "--network" "none" "ghcr.io/rust-lang/crates-build-env/linux@sha256:2788e3201cd34a07e3172128adcd8b3090168a8e3bcc40d7c032b9dda1df7d1c" "/opt/rustwide/cargo-home/bin/cargo" "+1.75.0" "test" "--frozen" "--no-run" "--message-format=json", kill_on_drop: false }`
[INFO] [stdout] 74397e1820ebcbb320b2dd909e495ea10f51f4c813d0ebbb2de41aad4a6efed6
[INFO] running `Command { std: "docker" "start" "-a" "74397e1820ebcbb320b2dd909e495ea10f51f4c813d0ebbb2de41aad4a6efed6", kill_on_drop: false }`
[INFO] [stderr] warning: virtual workspace defaulting to `resolver = "1"` despite one or more workspace members being on edition 2021 which implies `resolver = "2"`
[INFO] [stderr] note: to keep the current resolver, specify `workspace.resolver = "1"` in the workspace root's manifest
[INFO] [stderr] note: to use the edition 2021 resolver, specify `workspace.resolver = "2"` in the workspace root's manifest
[INFO] [stderr] note: for more details see https://doc.rust-lang.org/cargo/reference/resolver.html#resolver-versions
[INFO] [stdout] warning: unused import: `NativeMethod`
[INFO] [stdout]   --> unity/src/runtime.rs:11:25
[INFO] [stdout]    |
[INFO] [stdout] 11 |     utils, libs::{self, NativeMethod},
[INFO] [stdout]    |                         ^^^^^^^^^^^^
[INFO] [stdout]    |
[INFO] [stdout]    = note: `#[warn(unused_imports)]` on by default
[INFO] [stdout] 
[INFO] [stdout] 
[INFO] [stdout] warning: unused import: `error`
[INFO] [stdout]  --> unity/src/il2cpp/mod.rs:3:11
[INFO] [stdout]   |
[INFO] [stdout] 3 | use std::{error, path::PathBuf, ffi::CString};
[INFO] [stdout]   |           ^^^^^
[INFO] [stdout] 
[INFO] [stdout] 
[INFO] [stdout] warning: unused import: `thiserror::Error`
[INFO] [stdout]  --> unity/src/il2cpp/mod.rs:5:5
[INFO] [stdout]   |
[INFO] [stdout] 5 | use thiserror::Error;
[INFO] [stdout]   |     ^^^^^^^^^^^^^^^^
[INFO] [stdout] 
[INFO] [stdout] 
[INFO] [stdout] warning: unused import: `types::Il2CppThread`
[INFO] [stdout]   --> unity/src/il2cpp/mod.rs:12:36
[INFO] [stdout]    |
[INFO] [stdout] 12 | use self::{exports::Il2CppExports, types::Il2CppThread};
[INFO] [stdout]    |                                    ^^^^^^^^^^^^^^^^^^^
[INFO] [stdout] 
[INFO] [stdout] 
[INFO] [stdout] warning: unused import: `ptr::addr_of`
[INFO] [stdout]  --> unity/src/mono/mod.rs:3:33
[INFO] [stdout]   |
[INFO] [stdout] 3 | use std::{error, path::PathBuf, ptr::addr_of, fmt::{Display, self}, ffi::CString};
[INFO] [stdout]   |                                 ^^^^^^^^^^^^
[INFO] [stdout] 
[INFO] [stdout] 
[INFO] [stdout] warning: unused import: `thiserror::Error`
[INFO] [stdout]  --> unity/src/mono/mod.rs:5:5
[INFO] [stdout]   |
[INFO] [stdout] 5 | use thiserror::Error;
[INFO] [stdout]   |     ^^^^^^^^^^^^^^^^
[INFO] [stdout] 
[INFO] [stdout] 
[INFO] [stdout] warning: unused imports: `MonoDomain`, `MonoThread`
[INFO] [stdout]   --> unity/src/mono/mod.rs:12:42
[INFO] [stdout]    |
[INFO] [stdout] 12 | use self::{exports::MonoExports, types::{MonoThread, MonoDomain}};
[INFO] [stdout]    |                                          ^^^^^^^^^^  ^^^^^^^^^^
[INFO] [stdout] 
[INFO] [stdout] 
[INFO] [stdout] warning: unused imports: `addr_of_mut`, `addr_of`, `error`
[INFO] [stdout]  --> unity/src/mono/types.rs:3:25
[INFO] [stdout]   |
[INFO] [stdout] 3 | use std::{ffi::*, ptr::{addr_of_mut, addr_of}, error};
[INFO] [stdout]   |                         ^^^^^^^^^^^  ^^^^^^^   ^^^^^
[INFO] [stdout] 
[INFO] [stdout] 
[INFO] [stdout] warning: unused variable: `hook_type`
[INFO] [stdout]    --> unity/src/il2cpp/mod.rs:120:37
[INFO] [stdout]     |
[INFO] [stdout] 120 |     fn install_assembly_hook(&self, hook_type: AssemblyHookType, func: MethodPointer) -> Result<(), RuntimeError> {
[INFO] [stdout]     |                                     ^^^^^^^^^ help: if this is intentional, prefix it with an underscore: `_hook_type`
[INFO] [stdout]     |
[INFO] [stdout]     = note: `#[warn(unused_variables)]` on by default
[INFO] [stdout] 
[INFO] [stdout] 
[INFO] [stdout] warning: unused variable: `func`
[INFO] [stdout]    --> unity/src/il2cpp/mod.rs:120:66
[INFO] [stdout]     |
[INFO] [stdout] 120 |     fn install_assembly_hook(&self, hook_type: AssemblyHookType, func: MethodPointer) -> Result<(), RuntimeError> {
[INFO] [stdout]     |                                                                  ^^^^ help: if this is intentional, prefix it with an underscore: `_func`
[INFO] [stdout] 
[INFO] [stdout] 
[INFO] [stdout] warning: 10 warnings emitted
[INFO] [stdout] 
[INFO] [stdout] 
[INFO] [stderr]    Compiling unity-rs v0.1.0 (/opt/rustwide/workdir/unity)
[INFO] [stdout] warning: unused import: `NativeMethod`
[INFO] [stdout]   --> unity/src/runtime.rs:11:25
[INFO] [stdout]    |
[INFO] [stdout] 11 |     utils, libs::{self, NativeMethod},
[INFO] [stdout]    |                         ^^^^^^^^^^^^
[INFO] [stdout]    |
[INFO] [stdout]    = note: `#[warn(unused_imports)]` on by default
[INFO] [stdout] 
[INFO] [stdout] 
[INFO] [stdout] warning: unused import: `error`
[INFO] [stdout]  --> unity/src/il2cpp/mod.rs:3:11
[INFO] [stdout]   |
[INFO] [stdout] 3 | use std::{error, path::PathBuf, ffi::CString};
[INFO] [stdout]   |           ^^^^^
[INFO] [stdout] 
[INFO] [stdout] 
[INFO] [stdout] warning: unused import: `thiserror::Error`
[INFO] [stdout]  --> unity/src/il2cpp/mod.rs:5:5
[INFO] [stdout]   |
[INFO] [stdout] 5 | use thiserror::Error;
[INFO] [stdout]   |     ^^^^^^^^^^^^^^^^
[INFO] [stdout] 
[INFO] [stdout] 
[INFO] [stdout] warning: unused import: `types::Il2CppThread`
[INFO] [stdout]   --> unity/src/il2cpp/mod.rs:12:36
[INFO] [stdout]    |
[INFO] [stdout] 12 | use self::{exports::Il2CppExports, types::Il2CppThread};
[INFO] [stdout]    |                                    ^^^^^^^^^^^^^^^^^^^
[INFO] [stdout] 
[INFO] [stdout] 
[INFO] [stdout] warning: unused import: `ptr::addr_of`
[INFO] [stdout]  --> unity/src/mono/mod.rs:3:33
[INFO] [stdout]   |
[INFO] [stdout] 3 | use std::{error, path::PathBuf, ptr::addr_of, fmt::{Display, self}, ffi::CString};
[INFO] [stdout]   |                                 ^^^^^^^^^^^^
[INFO] [stdout] 
[INFO] [stdout] 
[INFO] [stdout] warning: unused import: `thiserror::Error`
[INFO] [stdout]  --> unity/src/mono/mod.rs:5:5
[INFO] [stdout]   |
[INFO] [stdout] 5 | use thiserror::Error;
[INFO] [stdout]   |     ^^^^^^^^^^^^^^^^
[INFO] [stdout] 
[INFO] [stdout] 
[INFO] [stdout] warning: unused imports: `MonoDomain`, `MonoThread`
[INFO] [stdout]   --> unity/src/mono/mod.rs:12:42
[INFO] [stdout]    |
[INFO] [stdout] 12 | use self::{exports::MonoExports, types::{MonoThread, MonoDomain}};
[INFO] [stdout]    |                                          ^^^^^^^^^^  ^^^^^^^^^^
[INFO] [stdout] 
[INFO] [stdout] 
[INFO] [stdout] warning: unused imports: `addr_of_mut`, `addr_of`, `error`
[INFO] [stdout]  --> unity/src/mono/types.rs:3:25
[INFO] [stdout]   |
[INFO] [stdout] 3 | use std::{ffi::*, ptr::{addr_of_mut, addr_of}, error};
[INFO] [stdout]   |                         ^^^^^^^^^^^  ^^^^^^^   ^^^^^
[INFO] [stdout] 
[INFO] [stdout] 
[INFO] [stdout] warning: unused variable: `hook_type`
[INFO] [stdout]    --> unity/src/il2cpp/mod.rs:120:37
[INFO] [stdout]     |
[INFO] [stdout] 120 |     fn install_assembly_hook(&self, hook_type: AssemblyHookType, func: MethodPointer) -> Result<(), RuntimeError> {
[INFO] [stdout]     |                                     ^^^^^^^^^ help: if this is intentional, prefix it with an underscore: `_hook_type`
[INFO] [stdout]     |
[INFO] [stdout]     = note: `#[warn(unused_variables)]` on by default
[INFO] [stdout] 
[INFO] [stdout] 
[INFO] [stdout] warning: unused variable: `func`
[INFO] [stdout]    --> unity/src/il2cpp/mod.rs:120:66
[INFO] [stdout]     |
[INFO] [stdout] 120 |     fn install_assembly_hook(&self, hook_type: AssemblyHookType, func: MethodPointer) -> Result<(), RuntimeError> {
[INFO] [stdout]     |                                                                  ^^^^ help: if this is intentional, prefix it with an underscore: `_func`
[INFO] [stdout] 
[INFO] [stdout] 
[INFO] [stdout] warning: 10 warnings emitted
[INFO] [stdout] 
[INFO] [stdout] 
[INFO] [stderr]     Finished test [unoptimized + debuginfo] target(s) in 0.32s
[INFO] running `Command { std: "docker" "inspect" "74397e1820ebcbb320b2dd909e495ea10f51f4c813d0ebbb2de41aad4a6efed6", kill_on_drop: false }`
[INFO] running `Command { std: "docker" "rm" "-f" "74397e1820ebcbb320b2dd909e495ea10f51f4c813d0ebbb2de41aad4a6efed6", kill_on_drop: false }`
[INFO] [stdout] 74397e1820ebcbb320b2dd909e495ea10f51f4c813d0ebbb2de41aad4a6efed6
[INFO] running `Command { std: "docker" "create" "-v" "/var/lib/crater-agent-workspace/builds/worker-7-tc1/target:/opt/rustwide/target:rw,Z" "-v" "/var/lib/crater-agent-workspace/builds/worker-7-tc1/source:/opt/rustwide/workdir:ro,Z" "-v" "/var/lib/crater-agent-workspace/cargo-home:/opt/rustwide/cargo-home:ro,Z" "-v" "/var/lib/crater-agent-workspace/rustup-home:/opt/rustwide/rustup-home:ro,Z" "-e" "SOURCE_DIR=/opt/rustwide/workdir" "-e" "CARGO_TARGET_DIR=/opt/rustwide/target" "-e" "CARGO_INCREMENTAL=0" "-e" "RUST_BACKTRACE=full" "-e" "RUSTFLAGS=--cap-lints=warn" "-e" "RUSTDOCFLAGS=--cap-lints=warn" "-e" "CARGO_HOME=/opt/rustwide/cargo-home" "-e" "RUSTUP_HOME=/opt/rustwide/rustup-home" "-w" "/opt/rustwide/workdir" "-m" "1610612736" "--user" "0:0" "--network" "none" "ghcr.io/rust-lang/crates-build-env/linux@sha256:2788e3201cd34a07e3172128adcd8b3090168a8e3bcc40d7c032b9dda1df7d1c" "/opt/rustwide/cargo-home/bin/cargo" "+1.75.0" "test" "--frozen", kill_on_drop: false }`
[INFO] [stdout] de15a716e855253655b1ee066c358d8cf38bf07886ebdaa3d8adefcdd7885b91
[INFO] running `Command { std: "docker" "start" "-a" "de15a716e855253655b1ee066c358d8cf38bf07886ebdaa3d8adefcdd7885b91", kill_on_drop: false }`
[INFO] [stderr] warning: virtual workspace defaulting to `resolver = "1"` despite one or more workspace members being on edition 2021 which implies `resolver = "2"`
[INFO] [stderr] note: to keep the current resolver, specify `workspace.resolver = "1"` in the workspace root's manifest
[INFO] [stderr] note: to use the edition 2021 resolver, specify `workspace.resolver = "2"` in the workspace root's manifest
[INFO] [stderr] note: for more details see https://doc.rust-lang.org/cargo/reference/resolver.html#resolver-versions
[INFO] [stderr] warning: unused import: `NativeMethod`
[INFO] [stderr]   --> unity/src/runtime.rs:11:25
[INFO] [stderr]    |
[INFO] [stderr] 11 |     utils, libs::{self, NativeMethod},
[INFO] [stderr]    |                         ^^^^^^^^^^^^
[INFO] [stderr]    |
[INFO] [stderr]    = note: `#[warn(unused_imports)]` on by default
[INFO] [stderr] 
[INFO] [stderr] warning: unused import: `error`
[INFO] [stderr]  --> unity/src/il2cpp/mod.rs:3:11
[INFO] [stderr]   |
[INFO] [stderr] 3 | use std::{error, path::PathBuf, ffi::CString};
[INFO] [stderr]   |           ^^^^^
[INFO] [stderr] 
[INFO] [stderr] warning: unused import: `thiserror::Error`
[INFO] [stderr]  --> unity/src/il2cpp/mod.rs:5:5
[INFO] [stderr]   |
[INFO] [stderr] 5 | use thiserror::Error;
[INFO] [stderr]   |     ^^^^^^^^^^^^^^^^
[INFO] [stderr] 
[INFO] [stderr] warning: unused import: `types::Il2CppThread`
[INFO] [stderr]   --> unity/src/il2cpp/mod.rs:12:36
[INFO] [stderr]    |
[INFO] [stderr] 12 | use self::{exports::Il2CppExports, types::Il2CppThread};
[INFO] [stderr]    |                                    ^^^^^^^^^^^^^^^^^^^
[INFO] [stderr] 
[INFO] [stderr] warning: unused import: `ptr::addr_of`
[INFO] [stderr]  --> unity/src/mono/mod.rs:3:33
[INFO] [stderr]   |
[INFO] [stderr] 3 | use std::{error, path::PathBuf, ptr::addr_of, fmt::{Display, self}, ffi::CString};
[INFO] [stderr]   |                                 ^^^^^^^^^^^^
[INFO] [stderr] 
[INFO] [stderr] warning: unused import: `thiserror::Error`
[INFO] [stderr]  --> unity/src/mono/mod.rs:5:5
[INFO] [stderr]   |
[INFO] [stderr] 5 | use thiserror::Error;
[INFO] [stderr]   |     ^^^^^^^^^^^^^^^^
[INFO] [stderr] 
[INFO] [stderr] warning: unused imports: `MonoDomain`, `MonoThread`
[INFO] [stderr]   --> unity/src/mono/mod.rs:12:42
[INFO] [stderr]    |
[INFO] [stderr] 12 | use self::{exports::MonoExports, types::{MonoThread, MonoDomain}};
[INFO] [stderr]    |                                          ^^^^^^^^^^  ^^^^^^^^^^
[INFO] [stderr] 
[INFO] [stderr] warning: unused imports: `addr_of_mut`, `addr_of`, `error`
[INFO] [stderr]  --> unity/src/mono/types.rs:3:25
[INFO] [stderr]   |
[INFO] [stderr] 3 | use std::{ffi::*, ptr::{addr_of_mut, addr_of}, error};
[INFO] [stderr]   |                         ^^^^^^^^^^^  ^^^^^^^   ^^^^^
[INFO] [stderr] 
[INFO] [stderr] warning: unused variable: `hook_type`
[INFO] [stderr]    --> unity/src/il2cpp/mod.rs:120:37
[INFO] [stderr]     |
[INFO] [stderr] 120 |     fn install_assembly_hook(&self, hook_type: AssemblyHookType, func: MethodPointer) -> Result<(), RuntimeError> {
[INFO] [stderr]     |                                     ^^^^^^^^^ help: if this is intentional, prefix it with an underscore: `_hook_type`
[INFO] [stderr]     |
[INFO] [stderr]     = note: `#[warn(unused_variables)]` on by default
[INFO] [stderr] 
[INFO] [stderr] warning: unused variable: `func`
[INFO] [stderr]    --> unity/src/il2cpp/mod.rs:120:66
[INFO] [stderr]     |
[INFO] [stderr] 120 |     fn install_assembly_hook(&self, hook_type: AssemblyHookType, func: MethodPointer) -> Result<(), RuntimeError> {
[INFO] [stderr]     |                                                                  ^^^^ help: if this is intentional, prefix it with an underscore: `_func`
[INFO] [stderr] 
[INFO] [stderr] warning: `unity-rs` (lib) generated 10 warnings (run `cargo fix --lib -p unity-rs` to apply 10 suggestions)
[INFO] [stderr] warning: `unity-rs` (lib test) generated 10 warnings (10 duplicates)
[INFO] [stderr]     Finished test [unoptimized + debuginfo] target(s) in 0.02s
[INFO] [stderr]      Running unittests src/lib.rs (/opt/rustwide/target/debug/deps/unity_rs-ab1877ccad50081f)
[INFO] [stdout] 
[INFO] [stdout] running 0 tests
[INFO] [stdout] 
[INFO] [stdout] test result: ok. 0 passed; 0 failed; 0 ignored; 0 measured; 0 filtered out; finished in 0.00s
[INFO] [stdout] 
[INFO] [stderr]    Doc-tests unity-rs
[INFO] [stdout] 
[INFO] [stdout] running 3 tests
[INFO] [stdout] test unity/src/utils/path.rs - utils::path::join_dll_path (line 22) ... FAILED
[INFO] [stdout] test unity/src/libs.rs - libs (line 11) ... FAILED
[INFO] [stdout] test unity/src/libs.rs - libs::load_lib (line 123) ... FAILED
[INFO] [stderr] error: doctest failed, to rerun pass `--doc`
[INFO] [stdout] 
[INFO] [stdout] failures:
[INFO] [stdout] 
[INFO] [stdout] ---- unity/src/utils/path.rs - utils::path::join_dll_path (line 22) stdout ----
[INFO] [stdout] error[E0433]: failed to resolve: unresolved import
[INFO] [stdout]  --> unity/src/utils/path.rs:25:12
[INFO] [stdout]   |
[INFO] [stdout] 5 | use crate::utils::path::join_path;
[INFO] [stdout]   |            ^^^^^
[INFO] [stdout]   |            |
[INFO] [stdout]   |            unresolved import
[INFO] [stdout]   |            help: a similar path exists: `unity_rs::utils`
[INFO] [stdout] 
[INFO] [stdout] error[E0425]: cannot find function `join_dll_path` in this scope
[INFO] [stdout]   --> unity/src/utils/path.rs:30:19
[INFO] [stdout]    |
[INFO] [stdout] 10 | let joined_path = join_dll_path(&path, file_name);
[INFO] [stdout]    |                   ^^^^^^^^^^^^^ not found in this scope
[INFO] [stdout] 
[INFO] [stdout] error: aborting due to 2 previous errors
[INFO] [stdout] 
[INFO] [stdout] Some errors have detailed explanations: E0425, E0433.
[INFO] [stdout] For more information about an error, try `rustc --explain E0425`.
[INFO] [stdout] Couldn't compile the test.
[INFO] [stdout] ---- unity/src/libs.rs - libs (line 11) stdout ----
[INFO] [stdout] error[E0277]: the `?` operator can only be used in a function that returns `Result` or `Option` (or another type that implements `FromResidual`)
[INFO] [stdout]   --> unity/src/libs.rs:19:26
[INFO] [stdout]    |
[INFO] [stdout] 4  | fn main() { #[allow(non_snake_case)] fn _doctest_main_unity_src_libs_rs_11_0() {
[INFO] [stdout]    |                                      ----------------------------------------- this function should return `Result` or `Option` to accept `?`
[INFO] [stdout] ...
[INFO] [stdout] 11 | let lib = load_lib(&path)?;
[INFO] [stdout]    |                          ^ cannot use the `?` operator in a function that returns `()`
[INFO] [stdout]    |
[INFO] [stdout]    = help: the trait `FromResidual<Result<Infallible, LibError>>` is not implemented for `()`
[INFO] [stdout] 
[INFO] [stdout] error[E0599]: no method named `get_fn_ptr` found for struct `NativeLibrary` in the current scope
[INFO] [stdout]   --> unity/src/libs.rs:21:53
[INFO] [stdout]    |
[INFO] [stdout] 13 | let func: extern fn() = unsafe { mem::transmute(lib.get_fn_ptr("func_name")?) };
[INFO] [stdout]    |                                                     ^^^^^^^^^^ method not found in `NativeLibrary`
[INFO] [stdout] 
[INFO] [stdout] error: aborting due to 2 previous errors
[INFO] [stdout] 
[INFO] [stdout] Some errors have detailed explanations: E0277, E0599.
[INFO] [stdout] For more information about an error, try `rustc --explain E0277`.
[INFO] [stdout] Couldn't compile the test.
[INFO] [stdout] ---- unity/src/libs.rs - libs::load_lib (line 123) stdout ----
[INFO] [stdout] Test executable failed (exit status: 101).
[INFO] [stdout] 
[INFO] [stdout] stderr:
[INFO] [stdout] thread 'main' panicked at unity/src/libs.rs:12:1:
[INFO] [stdout] assertion failed: lib.is_ok()
[INFO] [stdout] stack backtrace:
[INFO] [stdout]    0:     0x55559609dc0c - std::backtrace_rs::backtrace::libunwind::trace::ha637c64ce894333a
[INFO] [stdout]                                at /rustc/82e1608dfa6e0b5569232559e3d385fea5a93112/library/std/src/../../backtrace/src/backtrace/libunwind.rs:104:5
[INFO] [stdout]    1:     0x55559609dc0c - std::backtrace_rs::backtrace::trace_unsynchronized::h47f62dea28e0c88d
[INFO] [stdout]                                at /rustc/82e1608dfa6e0b5569232559e3d385fea5a93112/library/std/src/../../backtrace/src/backtrace/mod.rs:66:5
[INFO] [stdout]    2:     0x55559609dc0c - std::sys_common::backtrace::_print_fmt::h9eef0abe20ede486
[INFO] [stdout]                                at /rustc/82e1608dfa6e0b5569232559e3d385fea5a93112/library/std/src/sys_common/backtrace.rs:67:5
[INFO] [stdout]    3:     0x55559609dc0c - <std::sys_common::backtrace::_print::DisplayBacktrace as core::fmt::Display>::fmt::hed7f999df88cc644
[INFO] [stdout]                                at /rustc/82e1608dfa6e0b5569232559e3d385fea5a93112/library/std/src/sys_common/backtrace.rs:44:22
[INFO] [stdout]    4:     0x5555960bd5f0 - core::fmt::rt::Argument::fmt::h1539a9308b8d058d
[INFO] [stdout]                                at /rustc/82e1608dfa6e0b5569232559e3d385fea5a93112/library/core/src/fmt/rt.rs:142:9
[INFO] [stdout]    5:     0x5555960bd5f0 - core::fmt::write::h3a39390d8560d9c9
[INFO] [stdout]                                at /rustc/82e1608dfa6e0b5569232559e3d385fea5a93112/library/core/src/fmt/mod.rs:1120:17
[INFO] [stdout]    6:     0x55559609c05f - std::io::Write::write_fmt::h5fc9997dfe05f882
[INFO] [stdout]                                at /rustc/82e1608dfa6e0b5569232559e3d385fea5a93112/library/std/src/io/mod.rs:1762:15
[INFO] [stdout]    7:     0x55559609d9f4 - std::sys_common::backtrace::_print::h894006fb5c6f3d45
[INFO] [stdout]                                at /rustc/82e1608dfa6e0b5569232559e3d385fea5a93112/library/std/src/sys_common/backtrace.rs:47:5
[INFO] [stdout]    8:     0x55559609d9f4 - std::sys_common::backtrace::print::h23a2d212c6fff936
[INFO] [stdout]                                at /rustc/82e1608dfa6e0b5569232559e3d385fea5a93112/library/std/src/sys_common/backtrace.rs:34:9
[INFO] [stdout]    9:     0x55559609ef07 - std::panicking::default_hook::{{closure}}::h8a1d2ee00185001a
[INFO] [stdout]   10:     0x55559609ec6f - std::panicking::default_hook::h6038f2eba384e475
[INFO] [stdout]                                at /rustc/82e1608dfa6e0b5569232559e3d385fea5a93112/library/std/src/panicking.rs:292:9
[INFO] [stdout]   11:     0x55559609f388 - std::panicking::rust_panic_with_hook::h2b5517d590cab22e
[INFO] [stdout]                                at /rustc/82e1608dfa6e0b5569232559e3d385fea5a93112/library/std/src/panicking.rs:779:13
[INFO] [stdout]   12:     0x55559609f239 - std::panicking::begin_panic_handler::{{closure}}::h233112c06e0ef43e
[INFO] [stdout]                                at /rustc/82e1608dfa6e0b5569232559e3d385fea5a93112/library/std/src/panicking.rs:649:13
[INFO] [stdout]   13:     0x55559609e0d6 - std::sys_common::backtrace::__rust_end_short_backtrace::h6e893f24d7ebbff8
[INFO] [stdout]                                at /rustc/82e1608dfa6e0b5569232559e3d385fea5a93112/library/std/src/sys_common/backtrace.rs:170:18
[INFO] [stdout]   14:     0x55559609efd2 - rust_begin_unwind
[INFO] [stdout]                                at /rustc/82e1608dfa6e0b5569232559e3d385fea5a93112/library/std/src/panicking.rs:645:5
[INFO] [stdout]   15:     0x555596080df5 - core::panicking::panic_fmt::hbf0e066aabfa482c
[INFO] [stdout]                                at /rustc/82e1608dfa6e0b5569232559e3d385fea5a93112/library/core/src/panicking.rs:72:14
[INFO] [stdout]   16:     0x555596080e93 - core::panicking::panic::h195fc2a96298d4c3
[INFO] [stdout]                                at /rustc/82e1608dfa6e0b5569232559e3d385fea5a93112/library/core/src/panicking.rs:127:5
[INFO] [stdout]   17:     0x555596081889 - rust_out::main::_doctest_main_unity_src_libs_rs_123_0::h11da09da9569bed7
[INFO] [stdout]   18:     0x5555960817d6 - rust_out::main::hc20c0d07e2402830
[INFO] [stdout]   19:     0x555596081673 - core::ops::function::FnOnce::call_once::hbc459743598298c4
[INFO] [stdout]   20:     0x5555960815e6 - std::sys_common::backtrace::__rust_begin_short_backtrace::h62debe7d3058b76a
[INFO] [stdout]   21:     0x555596081639 - std::rt::lang_start::{{closure}}::h8f486f3e1e6418b2
[INFO] [stdout]   22:     0x55559609a097 - core::ops::function::impls::<impl core::ops::function::FnOnce<A> for &F>::call_once::hd95060ecd5e1ca24
[INFO] [stdout]                                at /rustc/82e1608dfa6e0b5569232559e3d385fea5a93112/library/core/src/ops/function.rs:284:13
[INFO] [stdout]   23:     0x55559609a097 - std::panicking::try::do_call::h6e8cf51db32a6e4b
[INFO] [stdout]                                at /rustc/82e1608dfa6e0b5569232559e3d385fea5a93112/library/std/src/panicking.rs:552:40
[INFO] [stdout]   24:     0x55559609a097 - std::panicking::try::h3a52eefe24fe3c29
[INFO] [stdout]                                at /rustc/82e1608dfa6e0b5569232559e3d385fea5a93112/library/std/src/panicking.rs:516:19
[INFO] [stdout]   25:     0x55559609a097 - std::panic::catch_unwind::h24c28c23c02c3841
[INFO] [stdout]                                at /rustc/82e1608dfa6e0b5569232559e3d385fea5a93112/library/std/src/panic.rs:142:14
[INFO] [stdout]   26:     0x55559609a097 - std::rt::lang_start_internal::{{closure}}::h705d3c9cbc06ef47
[INFO] [stdout]                                at /rustc/82e1608dfa6e0b5569232559e3d385fea5a93112/library/std/src/rt.rs:148:48
[INFO] [stdout]   27:     0x55559609a097 - std::panicking::try::do_call::ha21f52ba13158470
[INFO] [stdout]                                at /rustc/82e1608dfa6e0b5569232559e3d385fea5a93112/library/std/src/panicking.rs:552:40
[INFO] [stdout]   28:     0x55559609a097 - std::panicking::try::h5581346bf6aeb1f8
[INFO] [stdout]                                at /rustc/82e1608dfa6e0b5569232559e3d385fea5a93112/library/std/src/panicking.rs:516:19
[INFO] [stdout]   29:     0x55559609a097 - std::panic::catch_unwind::h7919645a6b72e25b
[INFO] [stdout]                                at /rustc/82e1608dfa6e0b5569232559e3d385fea5a93112/library/std/src/panic.rs:142:14
[INFO] [stdout]   30:     0x55559609a097 - std::rt::lang_start_internal::h12de51168669836e
[INFO] [stdout]                                at /rustc/82e1608dfa6e0b5569232559e3d385fea5a93112/library/std/src/rt.rs:148:20
[INFO] [stdout]   31:     0x555596081617 - std::rt::lang_start::h2c48f91a7bf85629
[INFO] [stdout]   32:     0x5555960818d5 - main
[INFO] [stdout]   33:     0x7f0633950d90 - <unknown>
[INFO] [stdout]   34:     0x7f0633950e40 - __libc_start_main
[INFO] [stdout]   35:     0x555596081515 - _start
[INFO] [stdout]   36:                0x0 - <unknown>
[INFO] [stdout] 
[INFO] [stdout] 
[INFO] [stdout] 
[INFO] [stdout] failures:
[INFO] [stdout]     unity/src/libs.rs - libs (line 11)
[INFO] [stdout]     unity/src/libs.rs - libs::load_lib (line 123)
[INFO] [stdout]     unity/src/utils/path.rs - utils::path::join_dll_path (line 22)
[INFO] [stdout] 
[INFO] [stdout] test result: FAILED. 0 passed; 3 failed; 0 ignored; 0 measured; 0 filtered out; finished in 0.29s
[INFO] [stdout] 
[INFO] running `Command { std: "docker" "inspect" "de15a716e855253655b1ee066c358d8cf38bf07886ebdaa3d8adefcdd7885b91", kill_on_drop: false }`
[INFO] running `Command { std: "docker" "rm" "-f" "de15a716e855253655b1ee066c358d8cf38bf07886ebdaa3d8adefcdd7885b91", kill_on_drop: false }`
[INFO] [stdout] de15a716e855253655b1ee066c358d8cf38bf07886ebdaa3d8adefcdd7885b91
[INFO] testing RinLovesYou/unity-rs against beta-2023-12-22 for beta-1.76-1
[INFO] running `Command { std: "git" "clone" "/workspace/cache/git-repos/https%3A%2F%2Fgithub.com%2FRinLovesYou%2Funity-rs" "/workspace/builds/worker-7-tc2/source", kill_on_drop: false }`
[INFO] [stderr] Cloning into '/workspace/builds/worker-7-tc2/source'...
[INFO] [stderr] done.
[INFO] validating manifest of git repo https://github.com/RinLovesYou/unity-rs on toolchain beta-2023-12-22
[INFO] running `Command { std: CARGO_HOME="/workspace/cargo-home" RUSTUP_HOME="/workspace/rustup-home" "/workspace/cargo-home/bin/cargo" "+beta-2023-12-22" "metadata" "--manifest-path" "Cargo.toml" "--no-deps", kill_on_drop: false }`
[INFO] started tweaking git repo https://github.com/RinLovesYou/unity-rs
[INFO] finished tweaking git repo https://github.com/RinLovesYou/unity-rs
[INFO] tweaked toml for git repo https://github.com/RinLovesYou/unity-rs written to /workspace/builds/worker-7-tc2/source/Cargo.toml
[INFO] crate git repo https://github.com/RinLovesYou/unity-rs already has a lockfile, it will not be regenerated
[INFO] running `Command { std: CARGO_HOME="/workspace/cargo-home" RUSTUP_HOME="/workspace/rustup-home" "/workspace/cargo-home/bin/cargo" "+beta-2023-12-22" "fetch" "--manifest-path" "Cargo.toml", kill_on_drop: false }`
[INFO] [stderr] warning: virtual workspace defaulting to `resolver = "1"` despite one or more workspace members being on edition 2021 which implies `resolver = "2"`
[INFO] [stderr] note: to keep the current resolver, specify `workspace.resolver = "1"` in the workspace root's manifest
[INFO] [stderr] note: to use the edition 2021 resolver, specify `workspace.resolver = "2"` in the workspace root's manifest
[INFO] [stderr] note: for more details see https://doc.rust-lang.org/cargo/reference/resolver.html#resolver-versions
[INFO] running `Command { std: "docker" "create" "-v" "/var/lib/crater-agent-workspace/builds/worker-7-tc2/target:/opt/rustwide/target:rw,Z" "-v" "/var/lib/crater-agent-workspace/builds/worker-7-tc2/source:/opt/rustwide/workdir:ro,Z" "-v" "/var/lib/crater-agent-workspace/cargo-home:/opt/rustwide/cargo-home:ro,Z" "-v" "/var/lib/crater-agent-workspace/rustup-home:/opt/rustwide/rustup-home:ro,Z" "-e" "SOURCE_DIR=/opt/rustwide/workdir" "-e" "CARGO_TARGET_DIR=/opt/rustwide/target" "-e" "CARGO_HOME=/opt/rustwide/cargo-home" "-e" "RUSTUP_HOME=/opt/rustwide/rustup-home" "-w" "/opt/rustwide/workdir" "-m" "1610612736" "--user" "0:0" "--network" "none" "ghcr.io/rust-lang/crates-build-env/linux@sha256:2788e3201cd34a07e3172128adcd8b3090168a8e3bcc40d7c032b9dda1df7d1c" "/opt/rustwide/cargo-home/bin/cargo" "+beta-2023-12-22" "metadata" "--no-deps" "--format-version=1", kill_on_drop: false }`
[INFO] [stdout] 69082eafd7c3b997121e36821644bf86997d212885bd3df648caf8a52843efa2
[INFO] running `Command { std: "docker" "start" "-a" "69082eafd7c3b997121e36821644bf86997d212885bd3df648caf8a52843efa2", kill_on_drop: false }`
[INFO] running `Command { std: "docker" "inspect" "69082eafd7c3b997121e36821644bf86997d212885bd3df648caf8a52843efa2", kill_on_drop: false }`
[INFO] running `Command { std: "docker" "rm" "-f" "69082eafd7c3b997121e36821644bf86997d212885bd3df648caf8a52843efa2", kill_on_drop: false }`
[INFO] [stdout] 69082eafd7c3b997121e36821644bf86997d212885bd3df648caf8a52843efa2
[INFO] running `Command { std: "docker" "create" "-v" "/var/lib/crater-agent-workspace/builds/worker-7-tc2/target:/opt/rustwide/target:rw,Z" "-v" "/var/lib/crater-agent-workspace/builds/worker-7-tc2/source:/opt/rustwide/workdir:ro,Z" "-v" "/var/lib/crater-agent-workspace/cargo-home:/opt/rustwide/cargo-home:ro,Z" "-v" "/var/lib/crater-agent-workspace/rustup-home:/opt/rustwide/rustup-home:ro,Z" "-e" "SOURCE_DIR=/opt/rustwide/workdir" "-e" "CARGO_TARGET_DIR=/opt/rustwide/target" "-e" "CARGO_INCREMENTAL=0" "-e" "RUST_BACKTRACE=full" "-e" "RUSTFLAGS=--cap-lints=warn" "-e" "RUSTDOCFLAGS=--cap-lints=warn" "-e" "CARGO_HOME=/opt/rustwide/cargo-home" "-e" "RUSTUP_HOME=/opt/rustwide/rustup-home" "-w" "/opt/rustwide/workdir" "-m" "1610612736" "--user" "0:0" "--network" "none" "ghcr.io/rust-lang/crates-build-env/linux@sha256:2788e3201cd34a07e3172128adcd8b3090168a8e3bcc40d7c032b9dda1df7d1c" "/opt/rustwide/cargo-home/bin/cargo" "+beta-2023-12-22" "build" "--frozen" "--message-format=json", kill_on_drop: false }`
[INFO] [stdout] cdef3ddc5a37d12c4f3026c0a8b382831e29086b7a09715dda5fd17cf6ba019e
[INFO] running `Command { std: "docker" "start" "-a" "cdef3ddc5a37d12c4f3026c0a8b382831e29086b7a09715dda5fd17cf6ba019e", kill_on_drop: false }`
[INFO] [stderr] warning: virtual workspace defaulting to `resolver = "1"` despite one or more workspace members being on edition 2021 which implies `resolver = "2"`
[INFO] [stderr] note: to keep the current resolver, specify `workspace.resolver = "1"` in the workspace root's manifest
[INFO] [stderr] note: to use the edition 2021 resolver, specify `workspace.resolver = "2"` in the workspace root's manifest
[INFO] [stderr] note: for more details see https://doc.rust-lang.org/cargo/reference/resolver.html#resolver-versions
[INFO] [stderr]    Compiling proc-macro2 v1.0.47
[INFO] [stderr]    Compiling unicode-ident v1.0.5
[INFO] [stderr]    Compiling quote v1.0.21
[INFO] [stderr]    Compiling syn v1.0.103
[INFO] [stderr]    Compiling libc v0.2.138
[INFO] [stderr]    Compiling thiserror v1.0.37
[INFO] [stderr]    Compiling libloading v0.7.4
[INFO] [stderr]    Compiling thiserror-impl v1.0.37
[INFO] [stderr]    Compiling unity-rs v0.1.0 (/opt/rustwide/workdir/unity)
[INFO] [stdout] warning: unused import: `NativeMethod`
[INFO] [stdout]   --> unity/src/runtime.rs:11:25
[INFO] [stdout]    |
[INFO] [stdout] 11 |     utils, libs::{self, NativeMethod},
[INFO] [stdout]    |                         ^^^^^^^^^^^^
[INFO] [stdout]    |
[INFO] [stdout]    = note: `#[warn(unused_imports)]` on by default
[INFO] [stdout] 
[INFO] [stdout] 
[INFO] [stdout] warning: unused import: `error`
[INFO] [stdout]  --> unity/src/il2cpp/mod.rs:3:11
[INFO] [stdout]   |
[INFO] [stdout] 3 | use std::{error, path::PathBuf, ffi::CString};
[INFO] [stdout]   |           ^^^^^
[INFO] [stdout] 
[INFO] [stdout] 
[INFO] [stdout] warning: unused import: `thiserror::Error`
[INFO] [stdout]  --> unity/src/il2cpp/mod.rs:5:5
[INFO] [stdout]   |
[INFO] [stdout] 5 | use thiserror::Error;
[INFO] [stdout]   |     ^^^^^^^^^^^^^^^^
[INFO] [stdout] 
[INFO] [stdout] 
[INFO] [stdout] warning: unused import: `types::Il2CppThread`
[INFO] [stdout]   --> unity/src/il2cpp/mod.rs:12:36
[INFO] [stdout]    |
[INFO] [stdout] 12 | use self::{exports::Il2CppExports, types::Il2CppThread};
[INFO] [stdout]    |                                    ^^^^^^^^^^^^^^^^^^^
[INFO] [stdout] 
[INFO] [stdout] 
[INFO] [stdout] warning: unused import: `ptr::addr_of`
[INFO] [stdout]  --> unity/src/mono/mod.rs:3:33
[INFO] [stdout]   |
[INFO] [stdout] 3 | use std::{error, path::PathBuf, ptr::addr_of, fmt::{Display, self}, ffi::CString};
[INFO] [stdout]   |                                 ^^^^^^^^^^^^
[INFO] [stdout] 
[INFO] [stdout] 
[INFO] [stdout] warning: unused import: `thiserror::Error`
[INFO] [stdout]  --> unity/src/mono/mod.rs:5:5
[INFO] [stdout]   |
[INFO] [stdout] 5 | use thiserror::Error;
[INFO] [stdout]   |     ^^^^^^^^^^^^^^^^
[INFO] [stdout] 
[INFO] [stdout] 
[INFO] [stdout] warning: unused imports: `MonoDomain`, `MonoThread`
[INFO] [stdout]   --> unity/src/mono/mod.rs:12:42
[INFO] [stdout]    |
[INFO] [stdout] 12 | use self::{exports::MonoExports, types::{MonoThread, MonoDomain}};
[INFO] [stdout]    |                                          ^^^^^^^^^^  ^^^^^^^^^^
[INFO] [stdout] 
[INFO] [stdout] 
[INFO] [stdout] warning: unused imports: `addr_of_mut`, `addr_of`, `error`
[INFO] [stdout]  --> unity/src/mono/types.rs:3:25
[INFO] [stdout]   |
[INFO] [stdout] 3 | use std::{ffi::*, ptr::{addr_of_mut, addr_of}, error};
[INFO] [stdout]   |                         ^^^^^^^^^^^  ^^^^^^^   ^^^^^
[INFO] [stdout] 
[INFO] [stdout] 
[INFO] [stdout] warning: unused variable: `hook_type`
[INFO] [stdout]    --> unity/src/il2cpp/mod.rs:120:37
[INFO] [stdout]     |
[INFO] [stdout] 120 |     fn install_assembly_hook(&self, hook_type: AssemblyHookType, func: MethodPointer) -> Result<(), RuntimeError> {
[INFO] [stdout]     |                                     ^^^^^^^^^ help: if this is intentional, prefix it with an underscore: `_hook_type`
[INFO] [stdout]     |
[INFO] [stdout]     = note: `#[warn(unused_variables)]` on by default
[INFO] [stdout] 
[INFO] [stdout] 
[INFO] [stdout] warning: unused variable: `func`
[INFO] [stdout]    --> unity/src/il2cpp/mod.rs:120:66
[INFO] [stdout]     |
[INFO] [stdout] 120 |     fn install_assembly_hook(&self, hook_type: AssemblyHookType, func: MethodPointer) -> Result<(), RuntimeError> {
[INFO] [stdout]     |                                                                  ^^^^ help: if this is intentional, prefix it with an underscore: `_func`
[INFO] [stdout] 
[INFO] [stdout] 
[INFO] [stdout] warning: 10 warnings emitted
[INFO] [stdout] 
[INFO] [stdout] 
[INFO] [stderr]     Finished dev [unoptimized + debuginfo] target(s) in 5.28s
[INFO] running `Command { std: "docker" "inspect" "cdef3ddc5a37d12c4f3026c0a8b382831e29086b7a09715dda5fd17cf6ba019e", kill_on_drop: false }`
[INFO] running `Command { std: "docker" "rm" "-f" "cdef3ddc5a37d12c4f3026c0a8b382831e29086b7a09715dda5fd17cf6ba019e", kill_on_drop: false }`
[INFO] [stdout] cdef3ddc5a37d12c4f3026c0a8b382831e29086b7a09715dda5fd17cf6ba019e
[INFO] running `Command { std: "docker" "create" "-v" "/var/lib/crater-agent-workspace/builds/worker-7-tc2/target:/opt/rustwide/target:rw,Z" "-v" "/var/lib/crater-agent-workspace/builds/worker-7-tc2/source:/opt/rustwide/workdir:ro,Z" "-v" "/var/lib/crater-agent-workspace/cargo-home:/opt/rustwide/cargo-home:ro,Z" "-v" "/var/lib/crater-agent-workspace/rustup-home:/opt/rustwide/rustup-home:ro,Z" "-e" "SOURCE_DIR=/opt/rustwide/workdir" "-e" "CARGO_TARGET_DIR=/opt/rustwide/target" "-e" "CARGO_INCREMENTAL=0" "-e" "RUST_BACKTRACE=full" "-e" "RUSTFLAGS=--cap-lints=warn" "-e" "RUSTDOCFLAGS=--cap-lints=warn" "-e" "CARGO_HOME=/opt/rustwide/cargo-home" "-e" "RUSTUP_HOME=/opt/rustwide/rustup-home" "-w" "/opt/rustwide/workdir" "-m" "1610612736" "--user" "0:0" "--network" "none" "ghcr.io/rust-lang/crates-build-env/linux@sha256:2788e3201cd34a07e3172128adcd8b3090168a8e3bcc40d7c032b9dda1df7d1c" "/opt/rustwide/cargo-home/bin/cargo" "+beta-2023-12-22" "test" "--frozen" "--no-run" "--message-format=json", kill_on_drop: false }`
[INFO] [stdout] b78b05325aa043cab942b3aa065fe544c08f73d7c807ff9d7d7667fef800930c
[INFO] running `Command { std: "docker" "start" "-a" "b78b05325aa043cab942b3aa065fe544c08f73d7c807ff9d7d7667fef800930c", kill_on_drop: false }`
[INFO] [stderr] warning: virtual workspace defaulting to `resolver = "1"` despite one or more workspace members being on edition 2021 which implies `resolver = "2"`
[INFO] [stderr] note: to keep the current resolver, specify `workspace.resolver = "1"` in the workspace root's manifest
[INFO] [stderr] note: to use the edition 2021 resolver, specify `workspace.resolver = "2"` in the workspace root's manifest
[INFO] [stderr] note: for more details see https://doc.rust-lang.org/cargo/reference/resolver.html#resolver-versions
[INFO] [stdout] warning: unused import: `NativeMethod`
[INFO] [stdout]   --> unity/src/runtime.rs:11:25
[INFO] [stdout]    |
[INFO] [stdout] 11 |     utils, libs::{self, NativeMethod},
[INFO] [stdout]    |                         ^^^^^^^^^^^^
[INFO] [stdout]    |
[INFO] [stdout]    = note: `#[warn(unused_imports)]` on by default
[INFO] [stdout] 
[INFO] [stdout] 
[INFO] [stdout] warning: unused import: `error`
[INFO] [stdout]  --> unity/src/il2cpp/mod.rs:3:11
[INFO] [stdout]   |
[INFO] [stdout] 3 | use std::{error, path::PathBuf, ffi::CString};
[INFO] [stdout]   |           ^^^^^
[INFO] [stdout] 
[INFO] [stdout] 
[INFO] [stdout] warning: unused import: `thiserror::Error`
[INFO] [stdout]  --> unity/src/il2cpp/mod.rs:5:5
[INFO] [stdout]   |
[INFO] [stdout] 5 | use thiserror::Error;
[INFO] [stdout]   |     ^^^^^^^^^^^^^^^^
[INFO] [stdout] 
[INFO] [stdout] 
[INFO] [stdout] warning: unused import: `types::Il2CppThread`
[INFO] [stdout]   --> unity/src/il2cpp/mod.rs:12:36
[INFO] [stdout]    |
[INFO] [stdout] 12 | use self::{exports::Il2CppExports, types::Il2CppThread};
[INFO] [stdout]    |                                    ^^^^^^^^^^^^^^^^^^^
[INFO] [stdout] 
[INFO] [stdout] 
[INFO] [stdout] warning: unused import: `ptr::addr_of`
[INFO] [stdout]  --> unity/src/mono/mod.rs:3:33
[INFO] [stdout]   |
[INFO] [stdout] 3 | use std::{error, path::PathBuf, ptr::addr_of, fmt::{Display, self}, ffi::CString};
[INFO] [stdout]   |                                 ^^^^^^^^^^^^
[INFO] [stdout] 
[INFO] [stdout] 
[INFO] [stdout] warning: unused import: `thiserror::Error`
[INFO] [stdout]  --> unity/src/mono/mod.rs:5:5
[INFO] [stdout]   |
[INFO] [stdout] 5 | use thiserror::Error;
[INFO] [stdout]   |     ^^^^^^^^^^^^^^^^
[INFO] [stdout] 
[INFO] [stdout] 
[INFO] [stdout] warning: unused imports: `MonoDomain`, `MonoThread`
[INFO] [stdout]   --> unity/src/mono/mod.rs:12:42
[INFO] [stdout]    |
[INFO] [stdout] 12 | use self::{exports::MonoExports, types::{MonoThread, MonoDomain}};
[INFO] [stdout]    |                                          ^^^^^^^^^^  ^^^^^^^^^^
[INFO] [stdout] 
[INFO] [stdout] 
[INFO] [stdout] warning: unused imports: `addr_of_mut`, `addr_of`, `error`
[INFO] [stdout]  --> unity/src/mono/types.rs:3:25
[INFO] [stdout]   |
[INFO] [stdout] 3 | use std::{ffi::*, ptr::{addr_of_mut, addr_of}, error};
[INFO] [stdout]   |                         ^^^^^^^^^^^  ^^^^^^^   ^^^^^
[INFO] [stdout] 
[INFO] [stdout] 
[INFO] [stdout] warning: unused variable: `hook_type`
[INFO] [stdout]    --> unity/src/il2cpp/mod.rs:120:37
[INFO] [stdout]     |
[INFO] [stdout] 120 |     fn install_assembly_hook(&self, hook_type: AssemblyHookType, func: MethodPointer) -> Result<(), RuntimeError> {
[INFO] [stdout]     |                                     ^^^^^^^^^ help: if this is intentional, prefix it with an underscore: `_hook_type`
[INFO] [stdout]     |
[INFO] [stdout]     = note: `#[warn(unused_variables)]` on by default
[INFO] [stdout] 
[INFO] [stdout] 
[INFO] [stdout] warning: unused variable: `func`
[INFO] [stdout]    --> unity/src/il2cpp/mod.rs:120:66
[INFO] [stdout]     |
[INFO] [stdout] 120 |     fn install_assembly_hook(&self, hook_type: AssemblyHookType, func: MethodPointer) -> Result<(), RuntimeError> {
[INFO] [stdout]     |                                                                  ^^^^ help: if this is intentional, prefix it with an underscore: `_func`
[INFO] [stdout] 
[INFO] [stdout] 
[INFO] [stdout] warning: 10 warnings emitted
[INFO] [stdout] 
[INFO] [stdout] 
[INFO] [stderr]    Compiling unity-rs v0.1.0 (/opt/rustwide/workdir/unity)
[INFO] [stdout] warning: unused import: `NativeMethod`
[INFO] [stdout]   --> unity/src/runtime.rs:11:25
[INFO] [stdout]    |
[INFO] [stdout] 11 |     utils, libs::{self, NativeMethod},
[INFO] [stdout]    |                         ^^^^^^^^^^^^
[INFO] [stdout]    |
[INFO] [stdout]    = note: `#[warn(unused_imports)]` on by default
[INFO] [stdout] 
[INFO] [stdout] 
[INFO] [stdout] warning: unused import: `error`
[INFO] [stdout]  --> unity/src/il2cpp/mod.rs:3:11
[INFO] [stdout]   |
[INFO] [stdout] 3 | use std::{error, path::PathBuf, ffi::CString};
[INFO] [stdout]   |           ^^^^^
[INFO] [stdout] 
[INFO] [stdout] 
[INFO] [stdout] warning: unused import: `thiserror::Error`
[INFO] [stdout]  --> unity/src/il2cpp/mod.rs:5:5
[INFO] [stdout]   |
[INFO] [stdout] 5 | use thiserror::Error;
[INFO] [stdout]   |     ^^^^^^^^^^^^^^^^
[INFO] [stdout] 
[INFO] [stdout] 
[INFO] [stdout] warning: unused import: `types::Il2CppThread`
[INFO] [stdout]   --> unity/src/il2cpp/mod.rs:12:36
[INFO] [stdout]    |
[INFO] [stdout] 12 | use self::{exports::Il2CppExports, types::Il2CppThread};
[INFO] [stdout]    |                                    ^^^^^^^^^^^^^^^^^^^
[INFO] [stdout] 
[INFO] [stdout] 
[INFO] [stdout] warning: unused import: `ptr::addr_of`
[INFO] [stdout]  --> unity/src/mono/mod.rs:3:33
[INFO] [stdout]   |
[INFO] [stdout] 3 | use std::{error, path::PathBuf, ptr::addr_of, fmt::{Display, self}, ffi::CString};
[INFO] [stdout]   |                                 ^^^^^^^^^^^^
[INFO] [stdout] 
[INFO] [stdout] 
[INFO] [stdout] warning: unused import: `thiserror::Error`
[INFO] [stdout]  --> unity/src/mono/mod.rs:5:5
[INFO] [stdout]   |
[INFO] [stdout] 5 | use thiserror::Error;
[INFO] [stdout]   |     ^^^^^^^^^^^^^^^^
[INFO] [stdout] 
[INFO] [stdout] 
[INFO] [stdout] warning: unused imports: `MonoDomain`, `MonoThread`
[INFO] [stdout]   --> unity/src/mono/mod.rs:12:42
[INFO] [stdout]    |
[INFO] [stdout] 12 | use self::{exports::MonoExports, types::{MonoThread, MonoDomain}};
[INFO] [stdout]    |                                          ^^^^^^^^^^  ^^^^^^^^^^
[INFO] [stdout] 
[INFO] [stdout] 
[INFO] [stdout] warning: unused imports: `addr_of_mut`, `addr_of`, `error`
[INFO] [stdout]  --> unity/src/mono/types.rs:3:25
[INFO] [stdout]   |
[INFO] [stdout] 3 | use std::{ffi::*, ptr::{addr_of_mut, addr_of}, error};
[INFO] [stdout]   |                         ^^^^^^^^^^^  ^^^^^^^   ^^^^^
[INFO] [stdout] 
[INFO] [stdout] 
[INFO] [stdout] warning: unused variable: `hook_type`
[INFO] [stdout]    --> unity/src/il2cpp/mod.rs:120:37
[INFO] [stdout]     |
[INFO] [stdout] 120 |     fn install_assembly_hook(&self, hook_type: AssemblyHookType, func: MethodPointer) -> Result<(), RuntimeError> {
[INFO] [stdout]     |                                     ^^^^^^^^^ help: if this is intentional, prefix it with an underscore: `_hook_type`
[INFO] [stdout]     |
[INFO] [stdout]     = note: `#[warn(unused_variables)]` on by default
[INFO] [stdout] 
[INFO] [stdout] 
[INFO] [stdout] warning: unused variable: `func`
[INFO] [stdout]    --> unity/src/il2cpp/mod.rs:120:66
[INFO] [stdout]     |
[INFO] [stdout] 120 |     fn install_assembly_hook(&self, hook_type: AssemblyHookType, func: MethodPointer) -> Result<(), RuntimeError> {
[INFO] [stdout]     |                                                                  ^^^^ help: if this is intentional, prefix it with an underscore: `_func`
[INFO] [stdout] 
[INFO] [stdout] 
[INFO] [stdout] warning: 10 warnings emitted
[INFO] [stdout] 
[INFO] [stdout] 
[INFO] [stderr]     Finished test [unoptimized + debuginfo] target(s) in 0.43s
[INFO] running `Command { std: "docker" "inspect" "b78b05325aa043cab942b3aa065fe544c08f73d7c807ff9d7d7667fef800930c", kill_on_drop: false }`
[INFO] running `Command { std: "docker" "rm" "-f" "b78b05325aa043cab942b3aa065fe544c08f73d7c807ff9d7d7667fef800930c", kill_on_drop: false }`
[INFO] [stdout] b78b05325aa043cab942b3aa065fe544c08f73d7c807ff9d7d7667fef800930c
[INFO] running `Command { std: "docker" "create" "-v" "/var/lib/crater-agent-workspace/builds/worker-7-tc2/target:/opt/rustwide/target:rw,Z" "-v" "/var/lib/crater-agent-workspace/builds/worker-7-tc2/source:/opt/rustwide/workdir:ro,Z" "-v" "/var/lib/crater-agent-workspace/cargo-home:/opt/rustwide/cargo-home:ro,Z" "-v" "/var/lib/crater-agent-workspace/rustup-home:/opt/rustwide/rustup-home:ro,Z" "-e" "SOURCE_DIR=/opt/rustwide/workdir" "-e" "CARGO_TARGET_DIR=/opt/rustwide/target" "-e" "CARGO_INCREMENTAL=0" "-e" "RUST_BACKTRACE=full" "-e" "RUSTFLAGS=--cap-lints=warn" "-e" "RUSTDOCFLAGS=--cap-lints=warn" "-e" "CARGO_HOME=/opt/rustwide/cargo-home" "-e" "RUSTUP_HOME=/opt/rustwide/rustup-home" "-w" "/opt/rustwide/workdir" "-m" "1610612736" "--user" "0:0" "--network" "none" "ghcr.io/rust-lang/crates-build-env/linux@sha256:2788e3201cd34a07e3172128adcd8b3090168a8e3bcc40d7c032b9dda1df7d1c" "/opt/rustwide/cargo-home/bin/cargo" "+beta-2023-12-22" "test" "--frozen", kill_on_drop: false }`
[INFO] [stdout] 37c669eb9eb56fabb27eababe6d16d1b9cf5abcb6f1909dffd5be39dc3da53ff
[INFO] running `Command { std: "docker" "start" "-a" "37c669eb9eb56fabb27eababe6d16d1b9cf5abcb6f1909dffd5be39dc3da53ff", kill_on_drop: false }`
[INFO] [stderr] warning: virtual workspace defaulting to `resolver = "1"` despite one or more workspace members being on edition 2021 which implies `resolver = "2"`
[INFO] [stderr] note: to keep the current resolver, specify `workspace.resolver = "1"` in the workspace root's manifest
[INFO] [stderr] note: to use the edition 2021 resolver, specify `workspace.resolver = "2"` in the workspace root's manifest
[INFO] [stderr] note: for more details see https://doc.rust-lang.org/cargo/reference/resolver.html#resolver-versions
[INFO] [stderr] warning: unused import: `NativeMethod`
[INFO] [stderr]   --> unity/src/runtime.rs:11:25
[INFO] [stderr]    |
[INFO] [stderr] 11 |     utils, libs::{self, NativeMethod},
[INFO] [stderr]    |                         ^^^^^^^^^^^^
[INFO] [stderr]    |
[INFO] [stderr]    = note: `#[warn(unused_imports)]` on by default
[INFO] [stderr] 
[INFO] [stderr] warning: unused import: `error`
[INFO] [stderr]  --> unity/src/il2cpp/mod.rs:3:11
[INFO] [stderr]   |
[INFO] [stderr] 3 | use std::{error, path::PathBuf, ffi::CString};
[INFO] [stderr]   |           ^^^^^
[INFO] [stderr] 
[INFO] [stderr] warning: unused import: `thiserror::Error`
[INFO] [stderr]  --> unity/src/il2cpp/mod.rs:5:5
[INFO] [stderr]   |
[INFO] [stderr] 5 | use thiserror::Error;
[INFO] [stderr]   |     ^^^^^^^^^^^^^^^^
[INFO] [stderr] 
[INFO] [stderr] warning: unused import: `types::Il2CppThread`
[INFO] [stderr]   --> unity/src/il2cpp/mod.rs:12:36
[INFO] [stderr]    |
[INFO] [stderr] 12 | use self::{exports::Il2CppExports, types::Il2CppThread};
[INFO] [stderr]    |                                    ^^^^^^^^^^^^^^^^^^^
[INFO] [stderr] 
[INFO] [stderr] warning: unused import: `ptr::addr_of`
[INFO] [stderr]  --> unity/src/mono/mod.rs:3:33
[INFO] [stderr]   |
[INFO] [stderr] 3 | use std::{error, path::PathBuf, ptr::addr_of, fmt::{Display, self}, ffi::CString};
[INFO] [stderr]   |                                 ^^^^^^^^^^^^
[INFO] [stderr] 
[INFO] [stderr] warning: unused import: `thiserror::Error`
[INFO] [stderr]  --> unity/src/mono/mod.rs:5:5
[INFO] [stderr]   |
[INFO] [stderr] 5 | use thiserror::Error;
[INFO] [stderr]   |     ^^^^^^^^^^^^^^^^
[INFO] [stderr] 
[INFO] [stderr] warning: unused imports: `MonoDomain`, `MonoThread`
[INFO] [stderr]   --> unity/src/mono/mod.rs:12:42
[INFO] [stderr]    |
[INFO] [stderr] 12 | use self::{exports::MonoExports, types::{MonoThread, MonoDomain}};
[INFO] [stderr]    |                                          ^^^^^^^^^^  ^^^^^^^^^^
[INFO] [stderr] 
[INFO] [stderr] warning: unused imports: `addr_of_mut`, `addr_of`, `error`
[INFO] [stderr]  --> unity/src/mono/types.rs:3:25
[INFO] [stderr]   |
[INFO] [stderr] 3 | use std::{ffi::*, ptr::{addr_of_mut, addr_of}, error};
[INFO] [stderr]   |                         ^^^^^^^^^^^  ^^^^^^^   ^^^^^
[INFO] [stderr] 
[INFO] [stderr] warning: unused variable: `hook_type`
[INFO] [stderr]    --> unity/src/il2cpp/mod.rs:120:37
[INFO] [stderr]     |
[INFO] [stderr] 120 |     fn install_assembly_hook(&self, hook_type: AssemblyHookType, func: MethodPointer) -> Result<(), RuntimeError> {
[INFO] [stderr]     |                                     ^^^^^^^^^ help: if this is intentional, prefix it with an underscore: `_hook_type`
[INFO] [stderr]     |
[INFO] [stderr]     = note: `#[warn(unused_variables)]` on by default
[INFO] [stderr] 
[INFO] [stderr] warning: unused variable: `func`
[INFO] [stderr]    --> unity/src/il2cpp/mod.rs:120:66
[INFO] [stderr]     |
[INFO] [stderr] 120 |     fn install_assembly_hook(&self, hook_type: AssemblyHookType, func: MethodPointer) -> Result<(), RuntimeError> {
[INFO] [stderr]     |                                                                  ^^^^ help: if this is intentional, prefix it with an underscore: `_func`
[INFO] [stderr] 
[INFO] [stderr] warning: `unity-rs` (lib) generated 10 warnings (run `cargo fix --lib -p unity-rs` to apply 10 suggestions)
[INFO] [stderr] warning: `unity-rs` (lib test) generated 10 warnings (10 duplicates)
[INFO] [stderr]     Finished test [unoptimized + debuginfo] target(s) in 0.02s
[INFO] [stderr]      Running unittests src/lib.rs (/opt/rustwide/target/debug/deps/unity_rs-5f651069bf7a0bd8)
[INFO] [stdout] 
[INFO] [stdout] running 0 tests
[INFO] [stdout] 
[INFO] [stdout] test result: ok. 0 passed; 0 failed; 0 ignored; 0 measured; 0 filtered out; finished in 0.00s
[INFO] [stdout] 
[INFO] [stderr]    Doc-tests unity-rs
[INFO] [stdout] 
[INFO] [stdout] running 3 tests
[INFO] [stdout] test unity/src/utils/path.rs - utils::path::join_dll_path (line 22) ... FAILED
[INFO] [stdout] test unity/src/libs.rs - libs (line 11) ... FAILED
[INFO] [stdout] test unity/src/libs.rs - libs::load_lib (line 123) ... FAILED
[INFO] [stderr] error: doctest failed, to rerun pass `--doc`
[INFO] [stdout] 
[INFO] [stdout] failures:
[INFO] [stdout] 
[INFO] [stdout] ---- unity/src/utils/path.rs - utils::path::join_dll_path (line 22) stdout ----
[INFO] [stdout] error[E0433]: failed to resolve: unresolved import
[INFO] [stdout]  --> unity/src/utils/path.rs:25:12
[INFO] [stdout]   |
[INFO] [stdout] 5 | use crate::utils::path::join_path;
[INFO] [stdout]   |            ^^^^^
[INFO] [stdout]   |            |
[INFO] [stdout]   |            unresolved import
[INFO] [stdout]   |            help: a similar path exists: `unity_rs::utils`
[INFO] [stdout] 
[INFO] [stdout] error[E0425]: cannot find function `join_dll_path` in this scope
[INFO] [stdout]   --> unity/src/utils/path.rs:30:19
[INFO] [stdout]    |
[INFO] [stdout] 10 | let joined_path = join_dll_path(&path, file_name);
[INFO] [stdout]    |                   ^^^^^^^^^^^^^ not found in this scope
[INFO] [stdout] 
[INFO] [stdout] error: aborting due to 2 previous errors
[INFO] [stdout] 
[INFO] [stdout] Some errors have detailed explanations: E0425, E0433.
[INFO] [stdout] For more information about an error, try `rustc --explain E0425`.
[INFO] [stdout] Couldn't compile the test.
[INFO] [stdout] ---- unity/src/libs.rs - libs (line 11) stdout ----
[INFO] [stdout] error[E0277]: the `?` operator can only be used in a function that returns `Result` or `Option` (or another type that implements `FromResidual`)
[INFO] [stdout]   --> unity/src/libs.rs:19:26
[INFO] [stdout]    |
[INFO] [stdout] 4  | fn main() { #[allow(non_snake_case)] fn _doctest_main_unity_src_libs_rs_11_0() {
[INFO] [stdout]    |                                      ----------------------------------------- this function should return `Result` or `Option` to accept `?`
[INFO] [stdout] ...
[INFO] [stdout] 11 | let lib = load_lib(&path)?;
[INFO] [stdout]    |                          ^ cannot use the `?` operator in a function that returns `()`
[INFO] [stdout]    |
[INFO] [stdout]    = help: the trait `FromResidual<Result<Infallible, LibError>>` is not implemented for `()`
[INFO] [stdout] 
[INFO] [stdout] error[E0599]: no method named `get_fn_ptr` found for struct `NativeLibrary` in the current scope
[INFO] [stdout]   --> unity/src/libs.rs:21:53
[INFO] [stdout]    |
[INFO] [stdout] 13 | let func: extern fn() = unsafe { mem::transmute(lib.get_fn_ptr("func_name")?) };
[INFO] [stdout]    |                                                     ^^^^^^^^^^ method not found in `NativeLibrary`
[INFO] [stdout] 
[INFO] [stdout] error: aborting due to 2 previous errors
[INFO] [stdout] 
[INFO] [stdout] Some errors have detailed explanations: E0277, E0599.
[INFO] [stdout] For more information about an error, try `rustc --explain E0277`.
[INFO] [stdout] Couldn't compile the test.
[INFO] [stdout] ---- unity/src/libs.rs - libs::load_lib (line 123) stdout ----
[INFO] [stdout] Test executable failed (exit status: 101).
[INFO] [stdout] 
[INFO] [stdout] stderr:
[INFO] [stdout] thread 'main' panicked at unity/src/libs.rs:12:1:
[INFO] [stdout] assertion failed: lib.is_ok()
[INFO] [stdout] stack backtrace:
[INFO] [stdout]    0:     0x55ab4a51ecf6 - std::backtrace_rs::backtrace::libunwind::trace::h261606ad26a499c1
[INFO] [stdout]                                at /rustc/0e09125c6c3c2fd70d7de961bcf0e51575235fad/library/std/src/../../backtrace/src/backtrace/libunwind.rs:104:5
[INFO] [stdout]    1:     0x55ab4a51ecf6 - std::backtrace_rs::backtrace::trace_unsynchronized::hd183f0625477fb28
[INFO] [stdout]                                at /rustc/0e09125c6c3c2fd70d7de961bcf0e51575235fad/library/std/src/../../backtrace/src/backtrace/mod.rs:66:5
[INFO] [stdout]    2:     0x55ab4a51ecf6 - std::sys_common::backtrace::_print_fmt::hd7f8fef21b4eda67
[INFO] [stdout]                                at /rustc/0e09125c6c3c2fd70d7de961bcf0e51575235fad/library/std/src/sys_common/backtrace.rs:68:5
[INFO] [stdout]    3:     0x55ab4a51ecf6 - <std::sys_common::backtrace::_print::DisplayBacktrace as core::fmt::Display>::fmt::h623d9b51f2f453f1
[INFO] [stdout]                                at /rustc/0e09125c6c3c2fd70d7de961bcf0e51575235fad/library/std/src/sys_common/backtrace.rs:44:22
[INFO] [stdout]    4:     0x55ab4a53d820 - core::fmt::rt::Argument::fmt::h9f417ac76a86f368
[INFO] [stdout]                                at /rustc/0e09125c6c3c2fd70d7de961bcf0e51575235fad/library/core/src/fmt/rt.rs:142:9
[INFO] [stdout]    5:     0x55ab4a53d820 - core::fmt::write::hc9b6faf4ac2aeff7
[INFO] [stdout]                                at /rustc/0e09125c6c3c2fd70d7de961bcf0e51575235fad/library/core/src/fmt/mod.rs:1120:17
[INFO] [stdout]    6:     0x55ab4a51d14f - std::io::Write::write_fmt::hfead1eee52c2e65e
[INFO] [stdout]                                at /rustc/0e09125c6c3c2fd70d7de961bcf0e51575235fad/library/std/src/io/mod.rs:1810:15
[INFO] [stdout]    7:     0x55ab4a51ead4 - std::sys_common::backtrace::_print::hd5d66399c7df88a2
[INFO] [stdout]                                at /rustc/0e09125c6c3c2fd70d7de961bcf0e51575235fad/library/std/src/sys_common/backtrace.rs:47:5
[INFO] [stdout]    8:     0x55ab4a51ead4 - std::sys_common::backtrace::print::he81ed2da642d37e5
[INFO] [stdout]                                at /rustc/0e09125c6c3c2fd70d7de961bcf0e51575235fad/library/std/src/sys_common/backtrace.rs:34:9
[INFO] [stdout]    9:     0x55ab4a520037 - std::panicking::default_hook::{{closure}}::h85773f4fa117163d
[INFO] [stdout]   10:     0x55ab4a51fd99 - std::panicking::default_hook::h6a1694a91d09b278
[INFO] [stdout]                                at /rustc/0e09125c6c3c2fd70d7de961bcf0e51575235fad/library/std/src/panicking.rs:292:9
[INFO] [stdout]   11:     0x55ab4a5204c8 - std::panicking::rust_panic_with_hook::h0a7ad96e90f7145b
[INFO] [stdout]                                at /rustc/0e09125c6c3c2fd70d7de961bcf0e51575235fad/library/std/src/panicking.rs:779:13
[INFO] [stdout]   12:     0x55ab4a520369 - std::panicking::begin_panic_handler::{{closure}}::h7919090525c6485e
[INFO] [stdout]                                at /rustc/0e09125c6c3c2fd70d7de961bcf0e51575235fad/library/std/src/panicking.rs:649:13
[INFO] [stdout]   13:     0x55ab4a51f1f6 - std::sys_common::backtrace::__rust_end_short_backtrace::hf3289479464f7dfe
[INFO] [stdout]                                at /rustc/0e09125c6c3c2fd70d7de961bcf0e51575235fad/library/std/src/sys_common/backtrace.rs:171:18
[INFO] [stdout]   14:     0x55ab4a520100 - rust_begin_unwind
[INFO] [stdout]                                at /rustc/0e09125c6c3c2fd70d7de961bcf0e51575235fad/library/std/src/panicking.rs:645:5
[INFO] [stdout]   15:     0x55ab4a501df5 - core::panicking::panic_fmt::hcc9f77c5c132af55
[INFO] [stdout]                                at /rustc/0e09125c6c3c2fd70d7de961bcf0e51575235fad/library/core/src/panicking.rs:72:14
[INFO] [stdout]   16:     0x55ab4a501eb3 - core::panicking::panic::h5a1259c1164bd480
[INFO] [stdout]                                at /rustc/0e09125c6c3c2fd70d7de961bcf0e51575235fad/library/core/src/panicking.rs:144:5
[INFO] [stdout]   17:     0x55ab4a5028a9 - rust_out::main::_doctest_main_unity_src_libs_rs_123_0::h7abbd07e796c7be6
[INFO] [stdout]   18:     0x55ab4a5027f6 - rust_out::main::h71185a25be64b52e
[INFO] [stdout]   19:     0x55ab4a502683 - core::ops::function::FnOnce::call_once::h0a5e8bc522cf7e26
[INFO] [stdout]   20:     0x55ab4a5025f6 - std::sys_common::backtrace::__rust_begin_short_backtrace::h904992c6a2208b49
[INFO] [stdout]   21:     0x55ab4a502649 - std::rt::lang_start::{{closure}}::h95a4dad7805b7c7c
[INFO] [stdout]   22:     0x55ab4a51b081 - core::ops::function::impls::<impl core::ops::function::FnOnce<A> for &F>::call_once::h4eb4c5e1620f29b0
[INFO] [stdout]                                at /rustc/0e09125c6c3c2fd70d7de961bcf0e51575235fad/library/core/src/ops/function.rs:284:13
[INFO] [stdout]   23:     0x55ab4a51b081 - std::panicking::try::do_call::h73fd26535faffcdf
[INFO] [stdout]                                at /rustc/0e09125c6c3c2fd70d7de961bcf0e51575235fad/library/std/src/panicking.rs:552:40
[INFO] [stdout]   24:     0x55ab4a51b081 - std::panicking::try::h77ff1d98f0fb9f39
[INFO] [stdout]                                at /rustc/0e09125c6c3c2fd70d7de961bcf0e51575235fad/library/std/src/panicking.rs:516:19
[INFO] [stdout]   25:     0x55ab4a51b081 - std::panic::catch_unwind::hab3caf2448b95e37
[INFO] [stdout]                                at /rustc/0e09125c6c3c2fd70d7de961bcf0e51575235fad/library/std/src/panic.rs:142:14
[INFO] [stdout]   26:     0x55ab4a51b081 - std::rt::lang_start_internal::{{closure}}::h8086711f9c783f78
[INFO] [stdout]                                at /rustc/0e09125c6c3c2fd70d7de961bcf0e51575235fad/library/std/src/rt.rs:148:48
[INFO] [stdout]   27:     0x55ab4a51b081 - std::panicking::try::do_call::hf920d4dc291cd6ca
[INFO] [stdout]                                at /rustc/0e09125c6c3c2fd70d7de961bcf0e51575235fad/library/std/src/panicking.rs:552:40
[INFO] [stdout]   28:     0x55ab4a51b081 - std::panicking::try::h2b806ccc0a85db74
[INFO] [stdout]                                at /rustc/0e09125c6c3c2fd70d7de961bcf0e51575235fad/library/std/src/panicking.rs:516:19
[INFO] [stdout]   29:     0x55ab4a51b081 - std::panic::catch_unwind::h038489539c507df2
[INFO] [stdout]                                at /rustc/0e09125c6c3c2fd70d7de961bcf0e51575235fad/library/std/src/panic.rs:142:14
[INFO] [stdout]   30:     0x55ab4a51b081 - std::rt::lang_start_internal::h28503b88912e8a5c
[INFO] [stdout]                                at /rustc/0e09125c6c3c2fd70d7de961bcf0e51575235fad/library/std/src/rt.rs:148:20
[INFO] [stdout]   31:     0x55ab4a502627 - std::rt::lang_start::h9942cc54b4d5350a
[INFO] [stdout]   32:     0x55ab4a5028f5 - main
[INFO] [stdout]   33:     0x7febe3c85d90 - <unknown>
[INFO] [stdout]   34:     0x7febe3c85e40 - __libc_start_main
[INFO] [stdout]   35:     0x55ab4a502525 - _start
[INFO] [stdout]   36:                0x0 - <unknown>
[INFO] [stdout] 
[INFO] [stdout] 
[INFO] [stdout] 
[INFO] [stdout] failures:
[INFO] [stdout]     unity/src/libs.rs - libs (line 11)
[INFO] [stdout]     unity/src/libs.rs - libs::load_lib (line 123)
[INFO] [stdout]     unity/src/utils/path.rs - utils::path::join_dll_path (line 22)
[INFO] [stdout] 
[INFO] [stdout] test result: FAILED. 0 passed; 3 failed; 0 ignored; 0 measured; 0 filtered out; finished in 0.18s
[INFO] [stdout] 
[INFO] running `Command { std: "docker" "inspect" "37c669eb9eb56fabb27eababe6d16d1b9cf5abcb6f1909dffd5be39dc3da53ff", kill_on_drop: false }`
[INFO] running `Command { std: "docker" "rm" "-f" "37c669eb9eb56fabb27eababe6d16d1b9cf5abcb6f1909dffd5be39dc3da53ff", kill_on_drop: false }`
[INFO] [stdout] 37c669eb9eb56fabb27eababe6d16d1b9cf5abcb6f1909dffd5be39dc3da53ff
