[INFO] cloning repository https://github.com/RenoirTan/Stopwatchd
[INFO] running `Command { std: "git" "-c" "credential.helper=" "-c" "credential.helper=/workspace/cargo-home/bin/git-credential-null" "clone" "--bare" "https://github.com/RenoirTan/Stopwatchd" "/workspace/cache/git-repos/https%3A%2F%2Fgithub.com%2FRenoirTan%2FStopwatchd", kill_on_drop: false }`
[INFO] [stderr] Cloning into bare repository '/workspace/cache/git-repos/https%3A%2F%2Fgithub.com%2FRenoirTan%2FStopwatchd'...
[INFO] running `Command { std: "git" "rev-parse" "HEAD", kill_on_drop: false }`
[INFO] [stdout] 3200d90b50f9ccad9084e94ed1465100e9c46a08
[INFO] testing RenoirTan/Stopwatchd against 1.75.0 for beta-1.76-1
[INFO] running `Command { std: "git" "clone" "/workspace/cache/git-repos/https%3A%2F%2Fgithub.com%2FRenoirTan%2FStopwatchd" "/workspace/builds/worker-1-tc1/source", kill_on_drop: false }`
[INFO] [stderr] Cloning into '/workspace/builds/worker-1-tc1/source'...
[INFO] [stderr] done.
[INFO] validating manifest of git repo https://github.com/RenoirTan/Stopwatchd on toolchain 1.75.0
[INFO] running `Command { std: CARGO_HOME="/workspace/cargo-home" RUSTUP_HOME="/workspace/rustup-home" "/workspace/cargo-home/bin/cargo" "+1.75.0" "metadata" "--manifest-path" "Cargo.toml" "--no-deps", kill_on_drop: false }`
[INFO] started tweaking git repo https://github.com/RenoirTan/Stopwatchd
[INFO] finished tweaking git repo https://github.com/RenoirTan/Stopwatchd
[INFO] tweaked toml for git repo https://github.com/RenoirTan/Stopwatchd written to /workspace/builds/worker-1-tc1/source/Cargo.toml
[INFO] crate git repo https://github.com/RenoirTan/Stopwatchd already has a lockfile, it will not be regenerated
[INFO] running `Command { std: CARGO_HOME="/workspace/cargo-home" RUSTUP_HOME="/workspace/rustup-home" "/workspace/cargo-home/bin/cargo" "+1.75.0" "fetch" "--manifest-path" "Cargo.toml", kill_on_drop: false }`
[INFO] [stderr]  Downloading crates ...
[INFO] [stderr]   Downloaded papergrid v0.9.1
[INFO] [stderr]   Downloaded tabled v0.12.2
[INFO] running `Command { std: "docker" "create" "-v" "/var/lib/crater-agent-workspace/builds/worker-1-tc1/target:/opt/rustwide/target:rw,Z" "-v" "/var/lib/crater-agent-workspace/builds/worker-1-tc1/source:/opt/rustwide/workdir:ro,Z" "-v" "/var/lib/crater-agent-workspace/cargo-home:/opt/rustwide/cargo-home:ro,Z" "-v" "/var/lib/crater-agent-workspace/rustup-home:/opt/rustwide/rustup-home:ro,Z" "-e" "SOURCE_DIR=/opt/rustwide/workdir" "-e" "CARGO_TARGET_DIR=/opt/rustwide/target" "-e" "CARGO_HOME=/opt/rustwide/cargo-home" "-e" "RUSTUP_HOME=/opt/rustwide/rustup-home" "-w" "/opt/rustwide/workdir" "-m" "1610612736" "--user" "0:0" "--network" "none" "ghcr.io/rust-lang/crates-build-env/linux@sha256:2788e3201cd34a07e3172128adcd8b3090168a8e3bcc40d7c032b9dda1df7d1c" "/opt/rustwide/cargo-home/bin/cargo" "+1.75.0" "metadata" "--no-deps" "--format-version=1", kill_on_drop: false }`
[INFO] [stdout] c7fcc021d6442c6d024dce85d65c041d69f0a05f5fb7a6de3accc5d49b2ad1e2
[INFO] running `Command { std: "docker" "start" "-a" "c7fcc021d6442c6d024dce85d65c041d69f0a05f5fb7a6de3accc5d49b2ad1e2", kill_on_drop: false }`
[INFO] running `Command { std: "docker" "inspect" "c7fcc021d6442c6d024dce85d65c041d69f0a05f5fb7a6de3accc5d49b2ad1e2", kill_on_drop: false }`
[INFO] running `Command { std: "docker" "rm" "-f" "c7fcc021d6442c6d024dce85d65c041d69f0a05f5fb7a6de3accc5d49b2ad1e2", kill_on_drop: false }`
[INFO] [stdout] c7fcc021d6442c6d024dce85d65c041d69f0a05f5fb7a6de3accc5d49b2ad1e2
[INFO] running `Command { std: "docker" "create" "-v" "/var/lib/crater-agent-workspace/builds/worker-1-tc1/target:/opt/rustwide/target:rw,Z" "-v" "/var/lib/crater-agent-workspace/builds/worker-1-tc1/source:/opt/rustwide/workdir:ro,Z" "-v" "/var/lib/crater-agent-workspace/cargo-home:/opt/rustwide/cargo-home:ro,Z" "-v" "/var/lib/crater-agent-workspace/rustup-home:/opt/rustwide/rustup-home:ro,Z" "-e" "SOURCE_DIR=/opt/rustwide/workdir" "-e" "CARGO_TARGET_DIR=/opt/rustwide/target" "-e" "CARGO_INCREMENTAL=0" "-e" "RUST_BACKTRACE=full" "-e" "RUSTFLAGS=--cap-lints=warn" "-e" "RUSTDOCFLAGS=--cap-lints=warn" "-e" "CARGO_HOME=/opt/rustwide/cargo-home" "-e" "RUSTUP_HOME=/opt/rustwide/rustup-home" "-w" "/opt/rustwide/workdir" "-m" "1610612736" "--user" "0:0" "--network" "none" "ghcr.io/rust-lang/crates-build-env/linux@sha256:2788e3201cd34a07e3172128adcd8b3090168a8e3bcc40d7c032b9dda1df7d1c" "/opt/rustwide/cargo-home/bin/cargo" "+1.75.0" "build" "--frozen" "--message-format=json", kill_on_drop: false }`
[INFO] [stdout] d8bc9a019ba4830fcbf12eb1a1769f02cf0d857650c15262865d449f170e9c51
[INFO] running `Command { std: "docker" "start" "-a" "d8bc9a019ba4830fcbf12eb1a1769f02cf0d857650c15262865d449f170e9c51", kill_on_drop: false }`
[INFO] [stderr]    Compiling proc-macro2 v1.0.63
[INFO] [stderr]    Compiling unicode-ident v1.0.10
[INFO] [stderr]    Compiling quote v1.0.29
[INFO] [stderr]    Compiling libc v0.2.147
[INFO] [stderr]    Compiling autocfg v1.1.0
[INFO] [stderr]    Compiling version_check v0.9.4
[INFO] [stderr]    Compiling memchr v2.5.0
[INFO] [stderr]    Compiling utf8parse v0.2.1
[INFO] [stderr]    Compiling serde v1.0.167
[INFO] [stderr]    Compiling futures-core v0.3.28
[INFO] [stderr]    Compiling rustix v0.38.3
[INFO] [stderr]    Compiling futures-channel v0.3.28
[INFO] [stderr]    Compiling futures-task v0.3.28
[INFO] [stderr]    Compiling bitflags v2.3.3
[INFO] [stderr]    Compiling minimal-lexical v0.2.1
[INFO] [stderr]    Compiling arrayvec v0.5.2
[INFO] [stderr]    Compiling pin-project-lite v0.2.10
[INFO] [stderr]    Compiling linux-raw-sys v0.4.3
[INFO] [stderr]    Compiling syn v1.0.109
[INFO] [stderr]    Compiling futures-util v0.3.28
[INFO] [stderr]    Compiling futures-sink v0.3.28
[INFO] [stderr]    Compiling heck v0.4.1
[INFO] [stderr]    Compiling proc-macro-error-attr v1.0.4
[INFO] [stderr]    Compiling proc-macro-error v1.0.4
[INFO] [stderr]    Compiling error-chain v0.12.4
[INFO] [stderr]    Compiling anstyle-parse v0.2.1
[INFO] [stderr]    Compiling slab v0.4.8
[INFO] [stderr]    Compiling tokio v1.29.1
[INFO] [stderr]    Compiling num-traits v0.2.15
[INFO] [stderr]    Compiling equivalent v1.0.0
[INFO] [stderr]    Compiling anstyle v1.0.1
[INFO] [stderr]    Compiling colorchoice v1.0.0
[INFO] [stderr]    Compiling futures-io v0.3.28
[INFO] [stderr]    Compiling hashbrown v0.14.0
[INFO] [stderr]    Compiling pin-utils v0.1.0
[INFO] [stderr]    Compiling anstyle-query v1.0.0
[INFO] [stderr]    Compiling signal-hook v0.3.15
[INFO] [stderr]    Compiling fnv v1.0.7
[INFO] [stderr]    Compiling num_threads v0.1.6
[INFO] [stderr]    Compiling time-core v0.1.1
[INFO] [stderr]    Compiling unicode-width v0.1.10
[INFO] [stderr]    Compiling winnow v0.4.9
[INFO] [stderr]    Compiling itoa v1.0.8
[INFO] [stderr]    Compiling log v0.4.19
[INFO] [stderr]    Compiling ciborium-io v0.2.1
[INFO] [stderr]    Compiling nom v7.1.3
[INFO] [stderr]    Compiling strsim v0.10.0
[INFO] [stderr]    Compiling match_cfg v0.1.0
[INFO] [stderr]    Compiling bytes v1.4.0
[INFO] [stderr]    Compiling half v1.8.2
[INFO] [stderr]    Compiling bytecount v0.6.3
[INFO] [stderr]    Compiling clap_lex v0.5.0
[INFO] [stderr]    Compiling once_cell v1.18.0
[INFO] [stderr]    Compiling iana-time-zone v0.1.57
[INFO] [stderr]    Compiling syn v2.0.23
[INFO] [stderr]    Compiling mio v0.8.8
[INFO] [stderr]    Compiling indexmap v2.0.0
[INFO] [stderr]    Compiling socket2 v0.4.9
[INFO] [stderr]    Compiling num_cpus v1.16.0
[INFO] [stderr]    Compiling signal-hook-registry v1.4.1
[INFO] [stderr]    Compiling time v0.1.45
[INFO] [stderr]    Compiling vte_generate_state_changes v0.1.1
[INFO] [stderr]    Compiling is-terminal v0.4.9
[INFO] [stderr]    Compiling anstream v0.3.2
[INFO] [stderr]    Compiling time v0.3.22
[INFO] [stderr]    Compiling hostname v0.3.1
[INFO] [stderr]    Compiling vte v0.10.1
[INFO] [stderr]    Compiling clap_builder v4.3.11
[INFO] [stderr]    Compiling getrandom v0.2.10
[INFO] [stderr]    Compiling ciborium-ll v0.2.1
[INFO] [stderr]    Compiling users v0.11.0
[INFO] [stderr]    Compiling hex v0.4.3
[INFO] [stderr]    Compiling chrono v0.4.26
[INFO] [stderr]    Compiling ansitok v0.2.0
[INFO] [stderr]    Compiling syslog v6.1.0
[INFO] [stderr]    Compiling ansi-str v0.8.0
[INFO] [stderr]    Compiling tabled_derive v0.6.0
[INFO] [stderr]    Compiling papergrid v0.9.1
[INFO] [stderr]    Compiling tabled v0.12.2
[INFO] [stderr]    Compiling serde_derive v1.0.167
[INFO] [stderr]    Compiling futures-macro v0.3.28
[INFO] [stderr]    Compiling tokio-macros v2.1.0
[INFO] [stderr]    Compiling clap_derive v4.3.2
[INFO] [stderr]    Compiling clap v4.3.11
[INFO] [stderr]    Compiling futures-executor v0.3.28
[INFO] [stderr]    Compiling futures v0.3.28
[INFO] [stderr]    Compiling signal-hook-tokio v0.3.1
[INFO] [stderr]    Compiling serde_spanned v0.6.3
[INFO] [stderr]    Compiling toml_datetime v0.6.3
[INFO] [stderr]    Compiling uuid v1.4.0
[INFO] [stderr]    Compiling ciborium v0.2.1
[INFO] [stderr]    Compiling toml_edit v0.19.12
[INFO] [stderr]    Compiling toml v0.7.6
[INFO] [stderr]    Compiling stopwatchd v0.4.1 (/opt/rustwide/workdir)
[INFO] [stderr]     Finished dev [unoptimized + debuginfo] target(s) in 17.91s
[INFO] running `Command { std: "docker" "inspect" "d8bc9a019ba4830fcbf12eb1a1769f02cf0d857650c15262865d449f170e9c51", kill_on_drop: false }`
[INFO] running `Command { std: "docker" "rm" "-f" "d8bc9a019ba4830fcbf12eb1a1769f02cf0d857650c15262865d449f170e9c51", kill_on_drop: false }`
[INFO] [stdout] d8bc9a019ba4830fcbf12eb1a1769f02cf0d857650c15262865d449f170e9c51
[INFO] running `Command { std: "docker" "create" "-v" "/var/lib/crater-agent-workspace/builds/worker-1-tc1/target:/opt/rustwide/target:rw,Z" "-v" "/var/lib/crater-agent-workspace/builds/worker-1-tc1/source:/opt/rustwide/workdir:ro,Z" "-v" "/var/lib/crater-agent-workspace/cargo-home:/opt/rustwide/cargo-home:ro,Z" "-v" "/var/lib/crater-agent-workspace/rustup-home:/opt/rustwide/rustup-home:ro,Z" "-e" "SOURCE_DIR=/opt/rustwide/workdir" "-e" "CARGO_TARGET_DIR=/opt/rustwide/target" "-e" "CARGO_INCREMENTAL=0" "-e" "RUST_BACKTRACE=full" "-e" "RUSTFLAGS=--cap-lints=warn" "-e" "RUSTDOCFLAGS=--cap-lints=warn" "-e" "CARGO_HOME=/opt/rustwide/cargo-home" "-e" "RUSTUP_HOME=/opt/rustwide/rustup-home" "-w" "/opt/rustwide/workdir" "-m" "1610612736" "--user" "0:0" "--network" "none" "ghcr.io/rust-lang/crates-build-env/linux@sha256:2788e3201cd34a07e3172128adcd8b3090168a8e3bcc40d7c032b9dda1df7d1c" "/opt/rustwide/cargo-home/bin/cargo" "+1.75.0" "test" "--frozen" "--no-run" "--message-format=json", kill_on_drop: false }`
[INFO] [stdout] 8341cb445c777b5e9498da3874337a3f9af61d85813721c02cc9f01d823548a5
[INFO] running `Command { std: "docker" "start" "-a" "8341cb445c777b5e9498da3874337a3f9af61d85813721c02cc9f01d823548a5", kill_on_drop: false }`
[INFO] [stderr]    Compiling stopwatchd v0.4.1 (/opt/rustwide/workdir)
[INFO] [stderr]     Finished test [unoptimized + debuginfo] target(s) in 1.32s
[INFO] running `Command { std: "docker" "inspect" "8341cb445c777b5e9498da3874337a3f9af61d85813721c02cc9f01d823548a5", kill_on_drop: false }`
[INFO] running `Command { std: "docker" "rm" "-f" "8341cb445c777b5e9498da3874337a3f9af61d85813721c02cc9f01d823548a5", kill_on_drop: false }`
[INFO] [stdout] 8341cb445c777b5e9498da3874337a3f9af61d85813721c02cc9f01d823548a5
[INFO] running `Command { std: "docker" "create" "-v" "/var/lib/crater-agent-workspace/builds/worker-1-tc1/target:/opt/rustwide/target:rw,Z" "-v" "/var/lib/crater-agent-workspace/builds/worker-1-tc1/source:/opt/rustwide/workdir:ro,Z" "-v" "/var/lib/crater-agent-workspace/cargo-home:/opt/rustwide/cargo-home:ro,Z" "-v" "/var/lib/crater-agent-workspace/rustup-home:/opt/rustwide/rustup-home:ro,Z" "-e" "SOURCE_DIR=/opt/rustwide/workdir" "-e" "CARGO_TARGET_DIR=/opt/rustwide/target" "-e" "CARGO_INCREMENTAL=0" "-e" "RUST_BACKTRACE=full" "-e" "RUSTFLAGS=--cap-lints=warn" "-e" "RUSTDOCFLAGS=--cap-lints=warn" "-e" "CARGO_HOME=/opt/rustwide/cargo-home" "-e" "RUSTUP_HOME=/opt/rustwide/rustup-home" "-w" "/opt/rustwide/workdir" "-m" "1610612736" "--user" "0:0" "--network" "none" "ghcr.io/rust-lang/crates-build-env/linux@sha256:2788e3201cd34a07e3172128adcd8b3090168a8e3bcc40d7c032b9dda1df7d1c" "/opt/rustwide/cargo-home/bin/cargo" "+1.75.0" "test" "--frozen", kill_on_drop: false }`
[INFO] [stdout] 274e3ac65ebdf01b9e790d79b881e4c9ac25f5ec3fda6d3d5b54755bb7ef97c6
[INFO] running `Command { std: "docker" "start" "-a" "274e3ac65ebdf01b9e790d79b881e4c9ac25f5ec3fda6d3d5b54755bb7ef97c6", kill_on_drop: false }`
[INFO] [stderr]     Finished test [unoptimized + debuginfo] target(s) in 0.07s
[INFO] [stderr]      Running unittests src/lib/mod.rs (/opt/rustwide/target/debug/deps/stopwatchd-d8380d7380452278)
[INFO] [stdout] 
[INFO] [stdout] running 4 tests
[INFO] [stdout] test communication::details::test::test_from_stopwatch ... ok
[INFO] [stdout] test communication::client::test::test_cycle_1 ... ok
[INFO] [stdout] test communication::client::test::test_cycle_0 ... ok
[INFO] [stdout] test communication::details::test::test_from_stopwatch_verbose ... ok
[INFO] [stdout] 
[INFO] [stdout] test result: ok. 4 passed; 0 failed; 0 ignored; 0 measured; 0 filtered out; finished in 0.00s
[INFO] [stdout] 
[INFO] [stderr]      Running unittests src/bin/swctl/mod.rs (/opt/rustwide/target/debug/deps/swctl-887f5334eb7997cc)
[INFO] [stdout] 
[INFO] [stdout] running 0 tests
[INFO] [stdout] 
[INFO] [stdout] test result: ok. 0 passed; 0 failed; 0 ignored; 0 measured; 0 filtered out; finished in 0.00s
[INFO] [stdout] 
[INFO] [stderr]      Running unittests src/bin/swd/mod.rs (/opt/rustwide/target/debug/deps/swd-df6ad4beaebe68e4)
[INFO] [stdout] 
[INFO] [stdout] running 0 tests
[INFO] [stdout] 
[INFO] [stdout] test result: ok. 0 passed; 0 failed; 0 ignored; 0 measured; 0 filtered out; finished in 0.00s
[INFO] [stdout] 
[INFO] [stderr]    Doc-tests stopwatchd
[INFO] [stdout] 
[INFO] [stdout] running 2 tests
[INFO] [stdout] test src/lib/communication/client.rs - communication::client::CommonArgs::from_iter (line 29) ... FAILED
[INFO] [stdout] test src/lib/util.rs - util::impl_into_enum_variant (line 94) ... FAILED
[INFO] [stdout] 
[INFO] [stdout] failures:
[INFO] [stdout] 
[INFO] [stdout] ---- src/lib/communication/client.rs - communication::client::CommonArgs::from_iter (line 29) stdout ----
[INFO] [stdout] error[E0433]: failed to resolve: use of undeclared type `CommonArgs`
[INFO] [stdout]  --> src/lib/communication/client.rs:33:14
[INFO] [stdout]   |
[INFO] [stdout] 6 | let common = CommonArgs::from_iter(identifiers, verbose);
[INFO] [stdout]   |              ^^^^^^^^^^ use of undeclared type `CommonArgs`
[INFO] [stdout]   |
[INFO] [stdout] help: consider importing this struct
[INFO] [stdout]   |
[INFO] [stdout] 3 + use stopwatchd::communication::client::CommonArgs;
[INFO] [stdout]   |
[INFO] [stdout] 
[INFO] [stdout] error: aborting due to previous error
[INFO] [stdout] 
[INFO] [stdout] For more information about this error, try `rustc --explain E0433`.
[INFO] [stdout] Couldn't compile the test.
[INFO] [stdout] ---- src/lib/util.rs - util::impl_into_enum_variant (line 94) stdout ----
[INFO] [stdout] error: cannot find macro `impl_into_enum_variant` in this scope
[INFO] [stdout]   --> src/lib/util.rs:103:1
[INFO] [stdout]    |
[INFO] [stdout] 11 | impl_into_enum_variant!(Variants {
[INFO] [stdout]    | ^^^^^^^^^^^^^^^^^^^^^^
[INFO] [stdout]    |
[INFO] [stdout] help: consider importing this macro
[INFO] [stdout]    |
[INFO] [stdout] 2  + use stopwatchd::impl_into_enum_variant;
[INFO] [stdout]    |
[INFO] [stdout] 
[INFO] [stdout] error: aborting due to previous error
[INFO] [stdout] 
[INFO] [stdout] Couldn't compile the test.
[INFO] [stdout] 
[INFO] [stdout] failures:
[INFO] [stdout]     src/lib/communication/client.rs - communication::client::CommonArgs::from_iter (line 29)
[INFO] [stdout]     src/lib/util.rs - util::impl_into_enum_variant (line 94)
[INFO] [stdout] 
[INFO] [stdout] test result: FAILED. 0 passed; 2 failed; 0 ignored; 0 measured; 0 filtered out; finished in 0.08s
[INFO] [stdout] 
[INFO] [stderr] error: doctest failed, to rerun pass `--doc`
[INFO] running `Command { std: "docker" "inspect" "274e3ac65ebdf01b9e790d79b881e4c9ac25f5ec3fda6d3d5b54755bb7ef97c6", kill_on_drop: false }`
[INFO] running `Command { std: "docker" "rm" "-f" "274e3ac65ebdf01b9e790d79b881e4c9ac25f5ec3fda6d3d5b54755bb7ef97c6", kill_on_drop: false }`
[INFO] [stdout] 274e3ac65ebdf01b9e790d79b881e4c9ac25f5ec3fda6d3d5b54755bb7ef97c6
[INFO] testing RenoirTan/Stopwatchd against beta-2023-12-22 for beta-1.76-1
[INFO] running `Command { std: "git" "clone" "/workspace/cache/git-repos/https%3A%2F%2Fgithub.com%2FRenoirTan%2FStopwatchd" "/workspace/builds/worker-1-tc2/source", kill_on_drop: false }`
[INFO] [stderr] Cloning into '/workspace/builds/worker-1-tc2/source'...
[INFO] [stderr] done.
[INFO] validating manifest of git repo https://github.com/RenoirTan/Stopwatchd on toolchain beta-2023-12-22
[INFO] running `Command { std: CARGO_HOME="/workspace/cargo-home" RUSTUP_HOME="/workspace/rustup-home" "/workspace/cargo-home/bin/cargo" "+beta-2023-12-22" "metadata" "--manifest-path" "Cargo.toml" "--no-deps", kill_on_drop: false }`
[INFO] started tweaking git repo https://github.com/RenoirTan/Stopwatchd
[INFO] finished tweaking git repo https://github.com/RenoirTan/Stopwatchd
[INFO] tweaked toml for git repo https://github.com/RenoirTan/Stopwatchd written to /workspace/builds/worker-1-tc2/source/Cargo.toml
[INFO] crate git repo https://github.com/RenoirTan/Stopwatchd already has a lockfile, it will not be regenerated
[INFO] running `Command { std: CARGO_HOME="/workspace/cargo-home" RUSTUP_HOME="/workspace/rustup-home" "/workspace/cargo-home/bin/cargo" "+beta-2023-12-22" "fetch" "--manifest-path" "Cargo.toml", kill_on_drop: false }`
[INFO] running `Command { std: "docker" "create" "-v" "/var/lib/crater-agent-workspace/builds/worker-1-tc2/target:/opt/rustwide/target:rw,Z" "-v" "/var/lib/crater-agent-workspace/builds/worker-1-tc2/source:/opt/rustwide/workdir:ro,Z" "-v" "/var/lib/crater-agent-workspace/cargo-home:/opt/rustwide/cargo-home:ro,Z" "-v" "/var/lib/crater-agent-workspace/rustup-home:/opt/rustwide/rustup-home:ro,Z" "-e" "SOURCE_DIR=/opt/rustwide/workdir" "-e" "CARGO_TARGET_DIR=/opt/rustwide/target" "-e" "CARGO_HOME=/opt/rustwide/cargo-home" "-e" "RUSTUP_HOME=/opt/rustwide/rustup-home" "-w" "/opt/rustwide/workdir" "-m" "1610612736" "--user" "0:0" "--network" "none" "ghcr.io/rust-lang/crates-build-env/linux@sha256:2788e3201cd34a07e3172128adcd8b3090168a8e3bcc40d7c032b9dda1df7d1c" "/opt/rustwide/cargo-home/bin/cargo" "+beta-2023-12-22" "metadata" "--no-deps" "--format-version=1", kill_on_drop: false }`
[INFO] [stdout] e3fd1f2ccb2cd155a3bedfaaa0847a2d491b59b88164c90a44826cc7246b38de
[INFO] running `Command { std: "docker" "start" "-a" "e3fd1f2ccb2cd155a3bedfaaa0847a2d491b59b88164c90a44826cc7246b38de", kill_on_drop: false }`
[INFO] running `Command { std: "docker" "inspect" "e3fd1f2ccb2cd155a3bedfaaa0847a2d491b59b88164c90a44826cc7246b38de", kill_on_drop: false }`
[INFO] running `Command { std: "docker" "rm" "-f" "e3fd1f2ccb2cd155a3bedfaaa0847a2d491b59b88164c90a44826cc7246b38de", kill_on_drop: false }`
[INFO] [stdout] e3fd1f2ccb2cd155a3bedfaaa0847a2d491b59b88164c90a44826cc7246b38de
[INFO] running `Command { std: "docker" "create" "-v" "/var/lib/crater-agent-workspace/builds/worker-1-tc2/target:/opt/rustwide/target:rw,Z" "-v" "/var/lib/crater-agent-workspace/builds/worker-1-tc2/source:/opt/rustwide/workdir:ro,Z" "-v" "/var/lib/crater-agent-workspace/cargo-home:/opt/rustwide/cargo-home:ro,Z" "-v" "/var/lib/crater-agent-workspace/rustup-home:/opt/rustwide/rustup-home:ro,Z" "-e" "SOURCE_DIR=/opt/rustwide/workdir" "-e" "CARGO_TARGET_DIR=/opt/rustwide/target" "-e" "CARGO_INCREMENTAL=0" "-e" "RUST_BACKTRACE=full" "-e" "RUSTFLAGS=--cap-lints=warn" "-e" "RUSTDOCFLAGS=--cap-lints=warn" "-e" "CARGO_HOME=/opt/rustwide/cargo-home" "-e" "RUSTUP_HOME=/opt/rustwide/rustup-home" "-w" "/opt/rustwide/workdir" "-m" "1610612736" "--user" "0:0" "--network" "none" "ghcr.io/rust-lang/crates-build-env/linux@sha256:2788e3201cd34a07e3172128adcd8b3090168a8e3bcc40d7c032b9dda1df7d1c" "/opt/rustwide/cargo-home/bin/cargo" "+beta-2023-12-22" "build" "--frozen" "--message-format=json", kill_on_drop: false }`
[INFO] [stdout] 2a7913d593a9a3aeb21f637072e795f614d155c4cbe59bc50720846b986f64bd
[INFO] running `Command { std: "docker" "start" "-a" "2a7913d593a9a3aeb21f637072e795f614d155c4cbe59bc50720846b986f64bd", kill_on_drop: false }`
[INFO] [stderr]    Compiling proc-macro2 v1.0.63
[INFO] [stderr]    Compiling quote v1.0.29
[INFO] [stderr]    Compiling unicode-ident v1.0.10
[INFO] [stderr]    Compiling libc v0.2.147
[INFO] [stderr]    Compiling autocfg v1.1.0
[INFO] [stderr]    Compiling version_check v0.9.4
[INFO] [stderr]    Compiling memchr v2.5.0
[INFO] [stderr]    Compiling utf8parse v0.2.1
[INFO] [stderr]    Compiling serde v1.0.167
[INFO] [stderr]    Compiling futures-core v0.3.28
[INFO] [stderr]    Compiling rustix v0.38.3
[INFO] [stderr]    Compiling linux-raw-sys v0.4.3
[INFO] [stderr]    Compiling syn v1.0.109
[INFO] [stderr]    Compiling bitflags v2.3.3
[INFO] [stderr]    Compiling arrayvec v0.5.2
[INFO] [stderr]    Compiling pin-project-lite v0.2.10
[INFO] [stderr]    Compiling minimal-lexical v0.2.1
[INFO] [stderr]    Compiling futures-task v0.3.28
[INFO] [stderr]    Compiling futures-channel v0.3.28
[INFO] [stderr]    Compiling heck v0.4.1
[INFO] [stderr]    Compiling futures-util v0.3.28
[INFO] [stderr]    Compiling futures-sink v0.3.28
[INFO] [stderr]    Compiling proc-macro-error-attr v1.0.4
[INFO] [stderr]    Compiling proc-macro-error v1.0.4
[INFO] [stderr]    Compiling error-chain v0.12.4
[INFO] [stderr]    Compiling anstyle-parse v0.2.1
[INFO] [stderr]    Compiling slab v0.4.8
[INFO] [stderr]    Compiling num-traits v0.2.15
[INFO] [stderr]    Compiling tokio v1.29.1
[INFO] [stderr]    Compiling futures-io v0.3.28
[INFO] [stderr]    Compiling pin-utils v0.1.0
[INFO] [stderr]    Compiling signal-hook v0.3.15
[INFO] [stderr]    Compiling equivalent v1.0.0
[INFO] [stderr]    Compiling hashbrown v0.14.0
[INFO] [stderr]    Compiling colorchoice v1.0.0
[INFO] [stderr]    Compiling anstyle-query v1.0.0
[INFO] [stderr]    Compiling anstyle v1.0.1
[INFO] [stderr]    Compiling ciborium-io v0.2.1
[INFO] [stderr]    Compiling clap_lex v0.5.0
[INFO] [stderr]    Compiling match_cfg v0.1.0
[INFO] [stderr]    Compiling itoa v1.0.8
[INFO] [stderr]    Compiling bytes v1.4.0
[INFO] [stderr]    Compiling half v1.8.2
[INFO] [stderr]    Compiling log v0.4.19
[INFO] [stderr]    Compiling unicode-width v0.1.10
[INFO] [stderr]    Compiling num_threads v0.1.6
[INFO] [stderr]    Compiling strsim v0.10.0
[INFO] [stderr]    Compiling bytecount v0.6.3
[INFO] [stderr]    Compiling winnow v0.4.9
[INFO] [stderr]    Compiling fnv v1.0.7
[INFO] [stderr]    Compiling nom v7.1.3
[INFO] [stderr]    Compiling time-core v0.1.1
[INFO] [stderr]    Compiling ciborium-ll v0.2.1
[INFO] [stderr]    Compiling once_cell v1.18.0
[INFO] [stderr]    Compiling iana-time-zone v0.1.57
[INFO] [stderr]    Compiling syn v2.0.23
[INFO] [stderr]    Compiling hex v0.4.3
[INFO] [stderr]    Compiling mio v0.8.8
[INFO] [stderr]    Compiling indexmap v2.0.0
[INFO] [stderr]    Compiling vte_generate_state_changes v0.1.1
[INFO] [stderr]    Compiling signal-hook-registry v1.4.1
[INFO] [stderr]    Compiling socket2 v0.4.9
[INFO] [stderr]    Compiling is-terminal v0.4.9
[INFO] [stderr]    Compiling anstream v0.3.2
[INFO] [stderr]    Compiling num_cpus v1.16.0
[INFO] [stderr]    Compiling time v0.3.22
[INFO] [stderr]    Compiling hostname v0.3.1
[INFO] [stderr]    Compiling clap_builder v4.3.11
[INFO] [stderr]    Compiling time v0.1.45
[INFO] [stderr]    Compiling vte v0.10.1
[INFO] [stderr]    Compiling getrandom v0.2.10
[INFO] [stderr]    Compiling users v0.11.0
[INFO] [stderr]    Compiling chrono v0.4.26
[INFO] [stderr]    Compiling syslog v6.1.0
[INFO] [stderr]    Compiling ansitok v0.2.0
[INFO] [stderr]    Compiling tabled_derive v0.6.0
[INFO] [stderr]    Compiling ansi-str v0.8.0
[INFO] [stderr]    Compiling papergrid v0.9.1
[INFO] [stderr]    Compiling serde_derive v1.0.167
[INFO] [stderr]    Compiling futures-macro v0.3.28
[INFO] [stderr]    Compiling tokio-macros v2.1.0
[INFO] [stderr]    Compiling clap_derive v4.3.2
[INFO] [stderr]    Compiling tabled v0.12.2
[INFO] [stderr]    Compiling clap v4.3.11
[INFO] [stderr]    Compiling futures-executor v0.3.28
[INFO] [stderr]    Compiling futures v0.3.28
[INFO] [stderr]    Compiling signal-hook-tokio v0.3.1
[INFO] [stderr]    Compiling toml_datetime v0.6.3
[INFO] [stderr]    Compiling serde_spanned v0.6.3
[INFO] [stderr]    Compiling uuid v1.4.0
[INFO] [stderr]    Compiling ciborium v0.2.1
[INFO] [stderr]    Compiling toml_edit v0.19.12
[INFO] [stderr]    Compiling toml v0.7.6
[INFO] [stderr]    Compiling stopwatchd v0.4.1 (/opt/rustwide/workdir)
[INFO] [stderr]     Finished dev [unoptimized + debuginfo] target(s) in 16.03s
[INFO] running `Command { std: "docker" "inspect" "2a7913d593a9a3aeb21f637072e795f614d155c4cbe59bc50720846b986f64bd", kill_on_drop: false }`
[INFO] running `Command { std: "docker" "rm" "-f" "2a7913d593a9a3aeb21f637072e795f614d155c4cbe59bc50720846b986f64bd", kill_on_drop: false }`
[INFO] [stdout] 2a7913d593a9a3aeb21f637072e795f614d155c4cbe59bc50720846b986f64bd
[INFO] running `Command { std: "docker" "create" "-v" "/var/lib/crater-agent-workspace/builds/worker-1-tc2/target:/opt/rustwide/target:rw,Z" "-v" "/var/lib/crater-agent-workspace/builds/worker-1-tc2/source:/opt/rustwide/workdir:ro,Z" "-v" "/var/lib/crater-agent-workspace/cargo-home:/opt/rustwide/cargo-home:ro,Z" "-v" "/var/lib/crater-agent-workspace/rustup-home:/opt/rustwide/rustup-home:ro,Z" "-e" "SOURCE_DIR=/opt/rustwide/workdir" "-e" "CARGO_TARGET_DIR=/opt/rustwide/target" "-e" "CARGO_INCREMENTAL=0" "-e" "RUST_BACKTRACE=full" "-e" "RUSTFLAGS=--cap-lints=warn" "-e" "RUSTDOCFLAGS=--cap-lints=warn" "-e" "CARGO_HOME=/opt/rustwide/cargo-home" "-e" "RUSTUP_HOME=/opt/rustwide/rustup-home" "-w" "/opt/rustwide/workdir" "-m" "1610612736" "--user" "0:0" "--network" "none" "ghcr.io/rust-lang/crates-build-env/linux@sha256:2788e3201cd34a07e3172128adcd8b3090168a8e3bcc40d7c032b9dda1df7d1c" "/opt/rustwide/cargo-home/bin/cargo" "+beta-2023-12-22" "test" "--frozen" "--no-run" "--message-format=json", kill_on_drop: false }`
[INFO] [stdout] afebbe70034e1c8ffeb0093e1d23888198e99168661bb222de9986ee4d93f713
[INFO] running `Command { std: "docker" "start" "-a" "afebbe70034e1c8ffeb0093e1d23888198e99168661bb222de9986ee4d93f713", kill_on_drop: false }`
[INFO] [stderr]    Compiling stopwatchd v0.4.1 (/opt/rustwide/workdir)
[INFO] [stderr]     Finished test [unoptimized + debuginfo] target(s) in 2.64s
[INFO] running `Command { std: "docker" "inspect" "afebbe70034e1c8ffeb0093e1d23888198e99168661bb222de9986ee4d93f713", kill_on_drop: false }`
[INFO] running `Command { std: "docker" "rm" "-f" "afebbe70034e1c8ffeb0093e1d23888198e99168661bb222de9986ee4d93f713", kill_on_drop: false }`
[INFO] [stdout] afebbe70034e1c8ffeb0093e1d23888198e99168661bb222de9986ee4d93f713
[INFO] running `Command { std: "docker" "create" "-v" "/var/lib/crater-agent-workspace/builds/worker-1-tc2/target:/opt/rustwide/target:rw,Z" "-v" "/var/lib/crater-agent-workspace/builds/worker-1-tc2/source:/opt/rustwide/workdir:ro,Z" "-v" "/var/lib/crater-agent-workspace/cargo-home:/opt/rustwide/cargo-home:ro,Z" "-v" "/var/lib/crater-agent-workspace/rustup-home:/opt/rustwide/rustup-home:ro,Z" "-e" "SOURCE_DIR=/opt/rustwide/workdir" "-e" "CARGO_TARGET_DIR=/opt/rustwide/target" "-e" "CARGO_INCREMENTAL=0" "-e" "RUST_BACKTRACE=full" "-e" "RUSTFLAGS=--cap-lints=warn" "-e" "RUSTDOCFLAGS=--cap-lints=warn" "-e" "CARGO_HOME=/opt/rustwide/cargo-home" "-e" "RUSTUP_HOME=/opt/rustwide/rustup-home" "-w" "/opt/rustwide/workdir" "-m" "1610612736" "--user" "0:0" "--network" "none" "ghcr.io/rust-lang/crates-build-env/linux@sha256:2788e3201cd34a07e3172128adcd8b3090168a8e3bcc40d7c032b9dda1df7d1c" "/opt/rustwide/cargo-home/bin/cargo" "+beta-2023-12-22" "test" "--frozen", kill_on_drop: false }`
[INFO] [stdout] 35e295824ec7dddc68aa66bd5740c09f164aa05965923a5c7bd764d228b79eb5
[INFO] running `Command { std: "docker" "start" "-a" "35e295824ec7dddc68aa66bd5740c09f164aa05965923a5c7bd764d228b79eb5", kill_on_drop: false }`
[INFO] [stderr]     Finished test [unoptimized + debuginfo] target(s) in 0.15s
[INFO] [stderr]      Running unittests src/lib/mod.rs (/opt/rustwide/target/debug/deps/stopwatchd-489292b81359e02f)
[INFO] [stdout] 
[INFO] [stdout] running 4 tests
[INFO] [stdout] test communication::details::test::test_from_stopwatch_verbose ... ok
[INFO] [stdout] test communication::client::test::test_cycle_1 ... ok
[INFO] [stdout] test communication::details::test::test_from_stopwatch ... ok
[INFO] [stdout] test communication::client::test::test_cycle_0 ... ok
[INFO] [stderr]      Running unittests src/bin/swctl/mod.rs (/opt/rustwide/target/debug/deps/swctl-0f9902a908bcc388)
[INFO] [stdout] 
[INFO] [stdout] test result: ok. 4 passed; 0 failed; 0 ignored; 0 measured; 0 filtered out; finished in 0.01s
[INFO] [stdout] 
[INFO] [stdout] 
[INFO] [stdout] running 0 tests
[INFO] [stdout] 
[INFO] [stdout] test result: ok. 0 passed; 0 failed; 0 ignored; 0 measured; 0 filtered out; finished in 0.00s
[INFO] [stdout] 
[INFO] [stderr]      Running unittests src/bin/swd/mod.rs (/opt/rustwide/target/debug/deps/swd-d46c61e9a8606bbf)
[INFO] [stdout] 
[INFO] [stdout] running 0 tests
[INFO] [stdout] 
[INFO] [stdout] test result: ok. 0 passed; 0 failed; 0 ignored; 0 measured; 0 filtered out; finished in 0.00s
[INFO] [stdout] 
[INFO] [stderr]    Doc-tests stopwatchd
[INFO] [stdout] 
[INFO] [stdout] running 2 tests
[INFO] [stdout] test src/lib/util.rs - util::impl_into_enum_variant (line 94) ... FAILED
[INFO] [stdout] test src/lib/communication/client.rs - communication::client::CommonArgs::from_iter (line 29) ... FAILED
[INFO] [stdout] 
[INFO] [stdout] failures:
[INFO] [stdout] 
[INFO] [stdout] ---- src/lib/util.rs - util::impl_into_enum_variant (line 94) stdout ----
[INFO] [stdout] error: cannot find macro `impl_into_enum_variant` in this scope
[INFO] [stdout]   --> src/lib/util.rs:103:1
[INFO] [stdout]    |
[INFO] [stdout] 11 | impl_into_enum_variant!(Variants {
[INFO] [stdout]    | ^^^^^^^^^^^^^^^^^^^^^^
[INFO] [stdout]    |
[INFO] [stdout] help: consider importing this macro
[INFO] [stdout]    |
[INFO] [stdout] 2  + use stopwatchd::impl_into_enum_variant;
[INFO] [stdout]    |
[INFO] [stdout] 
[INFO] [stdout] error: aborting due to 1 previous error
[INFO] [stdout] 
[INFO] [stdout] Couldn't compile the test.
[INFO] [stdout] ---- src/lib/communication/client.rs - communication::client::CommonArgs::from_iter (line 29) stdout ----
[INFO] [stdout] error[E0433]: failed to resolve: use of undeclared type `CommonArgs`
[INFO] [stdout]  --> src/lib/communication/client.rs:33:14
[INFO] [stdout]   |
[INFO] [stdout] 6 | let common = CommonArgs::from_iter(identifiers, verbose);
[INFO] [stdout]   |              ^^^^^^^^^^ use of undeclared type `CommonArgs`
[INFO] [stdout]   |
[INFO] [stdout] help: consider importing this struct
[INFO] [stdout]   |
[INFO] [stdout] 3 + use stopwatchd::communication::client::CommonArgs;
[INFO] [stdout]   |
[INFO] [stdout] 
[INFO] [stdout] error: aborting due to 1 previous error
[INFO] [stdout] 
[INFO] [stdout] For more information about this error, try `rustc --explain E0433`.
[INFO] [stdout] Couldn't compile the test.
[INFO] [stdout] 
[INFO] [stdout] failures:
[INFO] [stdout]     src/lib/communication/client.rs - communication::client::CommonArgs::from_iter (line 29)
[INFO] [stdout]     src/lib/util.rs - util::impl_into_enum_variant (line 94)
[INFO] [stdout] 
[INFO] [stdout] test result: FAILED. 0 passed; 2 failed; 0 ignored; 0 measured; 0 filtered out; finished in 0.15s
[INFO] [stdout] 
[INFO] [stderr] error: doctest failed, to rerun pass `--doc`
[INFO] running `Command { std: "docker" "inspect" "35e295824ec7dddc68aa66bd5740c09f164aa05965923a5c7bd764d228b79eb5", kill_on_drop: false }`
[INFO] running `Command { std: "docker" "rm" "-f" "35e295824ec7dddc68aa66bd5740c09f164aa05965923a5c7bd764d228b79eb5", kill_on_drop: false }`
[INFO] [stdout] 35e295824ec7dddc68aa66bd5740c09f164aa05965923a5c7bd764d228b79eb5
