[INFO] cloning repository https://github.com/RedRam567/interp-test
[INFO] running `Command { std: "git" "-c" "credential.helper=" "-c" "credential.helper=/workspace/cargo-home/bin/git-credential-null" "clone" "--bare" "https://github.com/RedRam567/interp-test" "/workspace/cache/git-repos/https%3A%2F%2Fgithub.com%2FRedRam567%2Finterp-test", kill_on_drop: false }`
[INFO] [stderr] Cloning into bare repository '/workspace/cache/git-repos/https%3A%2F%2Fgithub.com%2FRedRam567%2Finterp-test'...
[INFO] running `Command { std: "git" "rev-parse" "HEAD", kill_on_drop: false }`
[INFO] [stdout] e7ed5eab767bc645f8c284cbc34784614709a6f5
[INFO] testing RedRam567/interp-test against 1.75.0 for beta-1.76-1
[INFO] running `Command { std: "git" "clone" "/workspace/cache/git-repos/https%3A%2F%2Fgithub.com%2FRedRam567%2Finterp-test" "/workspace/builds/worker-5-tc1/source", kill_on_drop: false }`
[INFO] [stderr] Cloning into '/workspace/builds/worker-5-tc1/source'...
[INFO] [stderr] done.
[INFO] validating manifest of git repo https://github.com/RedRam567/interp-test on toolchain 1.75.0
[INFO] running `Command { std: CARGO_HOME="/workspace/cargo-home" RUSTUP_HOME="/workspace/rustup-home" "/workspace/cargo-home/bin/cargo" "+1.75.0" "metadata" "--manifest-path" "Cargo.toml" "--no-deps", kill_on_drop: false }`
[INFO] started tweaking git repo https://github.com/RedRam567/interp-test
[INFO] finished tweaking git repo https://github.com/RedRam567/interp-test
[INFO] tweaked toml for git repo https://github.com/RedRam567/interp-test written to /workspace/builds/worker-5-tc1/source/Cargo.toml
[INFO] crate git repo https://github.com/RedRam567/interp-test already has a lockfile, it will not be regenerated
[INFO] running `Command { std: CARGO_HOME="/workspace/cargo-home" RUSTUP_HOME="/workspace/rustup-home" "/workspace/cargo-home/bin/cargo" "+1.75.0" "fetch" "--manifest-path" "Cargo.toml", kill_on_drop: false }`
[INFO] [stderr]  Downloading crates ...
[INFO] [stderr]   Downloaded miniquad v0.4.0-alpha.10
[INFO] [stderr]   Downloaded macroquad v0.4.4
[INFO] running `Command { std: "docker" "create" "-v" "/var/lib/crater-agent-workspace/builds/worker-5-tc1/target:/opt/rustwide/target:rw,Z" "-v" "/var/lib/crater-agent-workspace/builds/worker-5-tc1/source:/opt/rustwide/workdir:ro,Z" "-v" "/var/lib/crater-agent-workspace/cargo-home:/opt/rustwide/cargo-home:ro,Z" "-v" "/var/lib/crater-agent-workspace/rustup-home:/opt/rustwide/rustup-home:ro,Z" "-e" "SOURCE_DIR=/opt/rustwide/workdir" "-e" "CARGO_TARGET_DIR=/opt/rustwide/target" "-e" "CARGO_HOME=/opt/rustwide/cargo-home" "-e" "RUSTUP_HOME=/opt/rustwide/rustup-home" "-w" "/opt/rustwide/workdir" "-m" "1610612736" "--user" "0:0" "--network" "none" "ghcr.io/rust-lang/crates-build-env/linux@sha256:2788e3201cd34a07e3172128adcd8b3090168a8e3bcc40d7c032b9dda1df7d1c" "/opt/rustwide/cargo-home/bin/cargo" "+1.75.0" "metadata" "--no-deps" "--format-version=1", kill_on_drop: false }`
[INFO] [stdout] 280e1a5007a01aa77a0915d14ddbe2a16975cd21258c629e016b2b7ba579c25b
[INFO] running `Command { std: "docker" "start" "-a" "280e1a5007a01aa77a0915d14ddbe2a16975cd21258c629e016b2b7ba579c25b", kill_on_drop: false }`
[INFO] running `Command { std: "docker" "inspect" "280e1a5007a01aa77a0915d14ddbe2a16975cd21258c629e016b2b7ba579c25b", kill_on_drop: false }`
[INFO] running `Command { std: "docker" "rm" "-f" "280e1a5007a01aa77a0915d14ddbe2a16975cd21258c629e016b2b7ba579c25b", kill_on_drop: false }`
[INFO] [stdout] 280e1a5007a01aa77a0915d14ddbe2a16975cd21258c629e016b2b7ba579c25b
[INFO] running `Command { std: "docker" "create" "-v" "/var/lib/crater-agent-workspace/builds/worker-5-tc1/target:/opt/rustwide/target:rw,Z" "-v" "/var/lib/crater-agent-workspace/builds/worker-5-tc1/source:/opt/rustwide/workdir:ro,Z" "-v" "/var/lib/crater-agent-workspace/cargo-home:/opt/rustwide/cargo-home:ro,Z" "-v" "/var/lib/crater-agent-workspace/rustup-home:/opt/rustwide/rustup-home:ro,Z" "-e" "SOURCE_DIR=/opt/rustwide/workdir" "-e" "CARGO_TARGET_DIR=/opt/rustwide/target" "-e" "CARGO_INCREMENTAL=0" "-e" "RUST_BACKTRACE=full" "-e" "RUSTFLAGS=--cap-lints=warn" "-e" "RUSTDOCFLAGS=--cap-lints=warn" "-e" "CARGO_HOME=/opt/rustwide/cargo-home" "-e" "RUSTUP_HOME=/opt/rustwide/rustup-home" "-w" "/opt/rustwide/workdir" "-m" "1610612736" "--user" "0:0" "--network" "none" "ghcr.io/rust-lang/crates-build-env/linux@sha256:2788e3201cd34a07e3172128adcd8b3090168a8e3bcc40d7c032b9dda1df7d1c" "/opt/rustwide/cargo-home/bin/cargo" "+1.75.0" "build" "--frozen" "--message-format=json", kill_on_drop: false }`
[INFO] [stdout] 0340b1d5c48e7c9f3bd7fad0e08f6ef1f02e0522f575428586817715392f840e
[INFO] running `Command { std: "docker" "start" "-a" "0340b1d5c48e7c9f3bd7fad0e08f6ef1f02e0522f575428586817715392f840e", kill_on_drop: false }`
[INFO] [stderr]    Compiling autocfg v1.1.0
[INFO] [stderr]    Compiling version_check v0.9.4
[INFO] [stderr]    Compiling cfg-if v1.0.0
[INFO] [stderr]    Compiling crc32fast v1.3.2
[INFO] [stderr]    Compiling simd-adler32 v0.3.7
[INFO] [stderr]    Compiling adler v1.0.2
[INFO] [stderr]    Compiling proc-macro2 v1.0.69
[INFO] [stderr]    Compiling unicode-ident v1.0.12
[INFO] [stderr]    Compiling once_cell v1.18.0
[INFO] [stderr]    Compiling libc v0.2.150
[INFO] [stderr]    Compiling zerocopy v0.7.25
[INFO] [stderr]    Compiling iana-time-zone v0.1.58
[INFO] [stderr]    Compiling miniquad v0.4.0-alpha.10
[INFO] [stderr]    Compiling bitflags v1.3.2
[INFO] [stderr]    Compiling color_quant v1.1.0
[INFO] [stderr]    Compiling byteorder v1.5.0
[INFO] [stderr]    Compiling bytemuck v1.14.0
[INFO] [stderr]    Compiling ttf-parser v0.15.2
[INFO] [stderr]    Compiling unicode-xid v0.2.4
[INFO] [stderr]    Compiling miniz_oxide v0.7.1
[INFO] [stderr]    Compiling fdeflate v0.3.1
[INFO] [stderr]    Compiling quad-rand v0.2.1
[INFO] [stderr]    Compiling macroquad_macro v0.1.7
[INFO] [stderr]    Compiling glam v0.21.3
[INFO] [stderr]    Compiling bumpalo v3.14.0
[INFO] [stderr]    Compiling git-tag v0.1.0 (/opt/rustwide/workdir/git-tag)
[INFO] [stderr]    Compiling flate2 v1.0.28
[INFO] [stderr]    Compiling num-traits v0.2.17
[INFO] [stderr]    Compiling num-integer v0.1.45
[INFO] [stderr]    Compiling ahash v0.8.6
[INFO] [stderr]    Compiling num-rational v0.4.1
[INFO] [stderr]    Compiling slotmap v1.0.6
[INFO] [stderr]    Compiling png v0.17.10
[INFO] [stderr]    Compiling quote v1.0.33
[INFO] [stderr]    Compiling hashbrown v0.13.2
[INFO] [stderr]    Compiling const_format_proc_macros v0.2.32
[INFO] [stderr]    Compiling fontdue v0.7.3
[INFO] [stderr]    Compiling chrono v0.4.31
[INFO] [stderr]    Compiling image v0.24.7
[INFO] [stderr]    Compiling const_format v0.2.32
[INFO] [stderr]    Compiling interp-test v0.1.0 (/opt/rustwide/workdir)
[INFO] [stderr]    Compiling macroquad v0.4.4
[INFO] [stderr]     Finished dev [optimized + debuginfo] target(s) in 10.74s
[INFO] running `Command { std: "docker" "inspect" "0340b1d5c48e7c9f3bd7fad0e08f6ef1f02e0522f575428586817715392f840e", kill_on_drop: false }`
[INFO] running `Command { std: "docker" "rm" "-f" "0340b1d5c48e7c9f3bd7fad0e08f6ef1f02e0522f575428586817715392f840e", kill_on_drop: false }`
[INFO] [stdout] 0340b1d5c48e7c9f3bd7fad0e08f6ef1f02e0522f575428586817715392f840e
[INFO] running `Command { std: "docker" "create" "-v" "/var/lib/crater-agent-workspace/builds/worker-5-tc1/target:/opt/rustwide/target:rw,Z" "-v" "/var/lib/crater-agent-workspace/builds/worker-5-tc1/source:/opt/rustwide/workdir:ro,Z" "-v" "/var/lib/crater-agent-workspace/cargo-home:/opt/rustwide/cargo-home:ro,Z" "-v" "/var/lib/crater-agent-workspace/rustup-home:/opt/rustwide/rustup-home:ro,Z" "-e" "SOURCE_DIR=/opt/rustwide/workdir" "-e" "CARGO_TARGET_DIR=/opt/rustwide/target" "-e" "CARGO_INCREMENTAL=0" "-e" "RUST_BACKTRACE=full" "-e" "RUSTFLAGS=--cap-lints=warn" "-e" "RUSTDOCFLAGS=--cap-lints=warn" "-e" "CARGO_HOME=/opt/rustwide/cargo-home" "-e" "RUSTUP_HOME=/opt/rustwide/rustup-home" "-w" "/opt/rustwide/workdir" "-m" "1610612736" "--user" "0:0" "--network" "none" "ghcr.io/rust-lang/crates-build-env/linux@sha256:2788e3201cd34a07e3172128adcd8b3090168a8e3bcc40d7c032b9dda1df7d1c" "/opt/rustwide/cargo-home/bin/cargo" "+1.75.0" "test" "--frozen" "--no-run" "--message-format=json", kill_on_drop: false }`
[INFO] [stdout] 013406ab6afe4d4b410832b1d4f5cce013d02fe02786efbfd06ddd649fd790b6
[INFO] running `Command { std: "docker" "start" "-a" "013406ab6afe4d4b410832b1d4f5cce013d02fe02786efbfd06ddd649fd790b6", kill_on_drop: false }`
[INFO] [stderr]    Compiling interp-test v0.1.0 (/opt/rustwide/workdir)
[INFO] [stderr]     Finished test [optimized + debuginfo] target(s) in 1.24s
[INFO] running `Command { std: "docker" "inspect" "013406ab6afe4d4b410832b1d4f5cce013d02fe02786efbfd06ddd649fd790b6", kill_on_drop: false }`
[INFO] running `Command { std: "docker" "rm" "-f" "013406ab6afe4d4b410832b1d4f5cce013d02fe02786efbfd06ddd649fd790b6", kill_on_drop: false }`
[INFO] [stdout] 013406ab6afe4d4b410832b1d4f5cce013d02fe02786efbfd06ddd649fd790b6
[INFO] running `Command { std: "docker" "create" "-v" "/var/lib/crater-agent-workspace/builds/worker-5-tc1/target:/opt/rustwide/target:rw,Z" "-v" "/var/lib/crater-agent-workspace/builds/worker-5-tc1/source:/opt/rustwide/workdir:ro,Z" "-v" "/var/lib/crater-agent-workspace/cargo-home:/opt/rustwide/cargo-home:ro,Z" "-v" "/var/lib/crater-agent-workspace/rustup-home:/opt/rustwide/rustup-home:ro,Z" "-e" "SOURCE_DIR=/opt/rustwide/workdir" "-e" "CARGO_TARGET_DIR=/opt/rustwide/target" "-e" "CARGO_INCREMENTAL=0" "-e" "RUST_BACKTRACE=full" "-e" "RUSTFLAGS=--cap-lints=warn" "-e" "RUSTDOCFLAGS=--cap-lints=warn" "-e" "CARGO_HOME=/opt/rustwide/cargo-home" "-e" "RUSTUP_HOME=/opt/rustwide/rustup-home" "-w" "/opt/rustwide/workdir" "-m" "1610612736" "--user" "0:0" "--network" "none" "ghcr.io/rust-lang/crates-build-env/linux@sha256:2788e3201cd34a07e3172128adcd8b3090168a8e3bcc40d7c032b9dda1df7d1c" "/opt/rustwide/cargo-home/bin/cargo" "+1.75.0" "test" "--frozen", kill_on_drop: false }`
[INFO] [stdout] cb7c49dbf4cf952c2f0231523ebfee61b4e78411bc743c259488641bce2317d2
[INFO] running `Command { std: "docker" "start" "-a" "cb7c49dbf4cf952c2f0231523ebfee61b4e78411bc743c259488641bce2317d2", kill_on_drop: false }`
[INFO] [stderr]     Finished test [optimized + debuginfo] target(s) in 0.07s
[INFO] [stderr]      Running unittests src/lib.rs (/opt/rustwide/target/debug/deps/interp_test-3b76763549d6a979)
[INFO] [stdout] 
[INFO] [stdout] running 1 test
[INFO] [stdout] test state::ring_buffer::tests::ring_buffer ... FAILED
[INFO] [stdout] 
[INFO] [stdout] failures:
[INFO] [stdout] 
[INFO] [stdout] ---- state::ring_buffer::tests::ring_buffer stdout ----
[INFO] [stdout] thread 'state::ring_buffer::tests::ring_buffer' panicked at src/state/ring_buffer.rs:147:9:
[INFO] [stdout] assertion `left == right` failed
[INFO] [stdout]   left: [0, 1, 2, 3, 4, 5, 6, 7, 7, 7, 7, 7, 7, 7, 7, 7]
[INFO] [stdout]  right: [0, 0, 0, 0, 0, 0, 0, 0, 0, 1, 2, 3, 4, 5, 6, 7]
[INFO] [stdout] stack backtrace:
[INFO] [stdout]    0:     0x559ec1fc834c - std::backtrace_rs::backtrace::libunwind::trace::ha637c64ce894333a
[INFO] [stdout]                                at /rustc/82e1608dfa6e0b5569232559e3d385fea5a93112/library/std/src/../../backtrace/src/backtrace/libunwind.rs:104:5
[INFO] [stdout]    1:     0x559ec1fc834c - std::backtrace_rs::backtrace::trace_unsynchronized::h47f62dea28e0c88d
[INFO] [stdout]                                at /rustc/82e1608dfa6e0b5569232559e3d385fea5a93112/library/std/src/../../backtrace/src/backtrace/mod.rs:66:5
[INFO] [stdout]    2:     0x559ec1fc834c - std::sys_common::backtrace::_print_fmt::h9eef0abe20ede486
[INFO] [stdout]                                at /rustc/82e1608dfa6e0b5569232559e3d385fea5a93112/library/std/src/sys_common/backtrace.rs:67:5
[INFO] [stdout]    3:     0x559ec1fc834c - <std::sys_common::backtrace::_print::DisplayBacktrace as core::fmt::Display>::fmt::hed7f999df88cc644
[INFO] [stdout]                                at /rustc/82e1608dfa6e0b5569232559e3d385fea5a93112/library/std/src/sys_common/backtrace.rs:44:22
[INFO] [stdout]    4:     0x559ec1ff1e90 - core::fmt::rt::Argument::fmt::h1539a9308b8d058d
[INFO] [stdout]                                at /rustc/82e1608dfa6e0b5569232559e3d385fea5a93112/library/core/src/fmt/rt.rs:142:9
[INFO] [stdout]    5:     0x559ec1ff1e90 - core::fmt::write::h3a39390d8560d9c9
[INFO] [stdout]                                at /rustc/82e1608dfa6e0b5569232559e3d385fea5a93112/library/core/src/fmt/mod.rs:1120:17
[INFO] [stdout]    6:     0x559ec1fc5cff - std::io::Write::write_fmt::h040b369f3a0f9cbc
[INFO] [stdout]                                at /rustc/82e1608dfa6e0b5569232559e3d385fea5a93112/library/std/src/io/mod.rs:1762:15
[INFO] [stdout]    7:     0x559ec1fc8134 - std::sys_common::backtrace::_print::h894006fb5c6f3d45
[INFO] [stdout]                                at /rustc/82e1608dfa6e0b5569232559e3d385fea5a93112/library/std/src/sys_common/backtrace.rs:47:5
[INFO] [stdout]    8:     0x559ec1fc8134 - std::sys_common::backtrace::print::h23a2d212c6fff936
[INFO] [stdout]                                at /rustc/82e1608dfa6e0b5569232559e3d385fea5a93112/library/std/src/sys_common/backtrace.rs:34:9
[INFO] [stdout]    9:     0x559ec1fc9df7 - std::panicking::default_hook::{{closure}}::h8a1d2ee00185001a
[INFO] [stdout]   10:     0x559ec1fc9ae3 - std::panicking::default_hook::h6038f2eba384e475
[INFO] [stdout]                                at /rustc/82e1608dfa6e0b5569232559e3d385fea5a93112/library/std/src/panicking.rs:289:9
[INFO] [stdout]   11:     0x559ec1f9a4f7 - <alloc::boxed::Box<F,A> as core::ops::function::Fn<Args>>::call::h0ad024c9bdc6d768
[INFO] [stdout]                                at /rustc/82e1608dfa6e0b5569232559e3d385fea5a93112/library/alloc/src/boxed.rs:2021:9
[INFO] [stdout]   12:     0x559ec1f9a4f7 - test::test_main::{{closure}}::h7500b54257359db6
[INFO] [stdout]                                at /rustc/82e1608dfa6e0b5569232559e3d385fea5a93112/library/test/src/lib.rs:138:21
[INFO] [stdout]   13:     0x559ec1fca408 - <alloc::boxed::Box<F,A> as core::ops::function::Fn<Args>>::call::h1f8f335eaa9cfaee
[INFO] [stdout]                                at /rustc/82e1608dfa6e0b5569232559e3d385fea5a93112/library/alloc/src/boxed.rs:2021:9
[INFO] [stdout]   14:     0x559ec1fca408 - std::panicking::rust_panic_with_hook::h2b5517d590cab22e
[INFO] [stdout]                                at /rustc/82e1608dfa6e0b5569232559e3d385fea5a93112/library/std/src/panicking.rs:783:13
[INFO] [stdout]   15:     0x559ec1fca15e - std::panicking::begin_panic_handler::{{closure}}::h233112c06e0ef43e
[INFO] [stdout]                                at /rustc/82e1608dfa6e0b5569232559e3d385fea5a93112/library/std/src/panicking.rs:657:13
[INFO] [stdout]   16:     0x559ec1fc8816 - std::sys_common::backtrace::__rust_end_short_backtrace::h6e893f24d7ebbff8
[INFO] [stdout]                                at /rustc/82e1608dfa6e0b5569232559e3d385fea5a93112/library/std/src/sys_common/backtrace.rs:170:18
[INFO] [stdout]   17:     0x559ec1fc9ec2 - rust_begin_unwind
[INFO] [stdout]                                at /rustc/82e1608dfa6e0b5569232559e3d385fea5a93112/library/std/src/panicking.rs:645:5
[INFO] [stdout]   18:     0x559ec1f64e05 - core::panicking::panic_fmt::hbf0e066aabfa482c
[INFO] [stdout]                                at /rustc/82e1608dfa6e0b5569232559e3d385fea5a93112/library/core/src/panicking.rs:72:14
[INFO] [stdout]   19:     0x559ec1f6512b - core::panicking::assert_failed_inner::h0bba8b7c26ee4492
[INFO] [stdout]   20:     0x559ec1f6009c - core::panicking::assert_failed::hb753462f58ad8532
[INFO] [stdout]                                at /rustc/82e1608dfa6e0b5569232559e3d385fea5a93112/library/core/src/panicking.rs:279:5
[INFO] [stdout]   21:     0x559ec1f65ee6 - interp_test::state::ring_buffer::tests::ring_buffer::h8f26a6c44fc9b4b5
[INFO] [stdout]                                at /opt/rustwide/workdir/src/state/ring_buffer.rs:147:9
[INFO] [stdout]   22:     0x559ec1f65ee6 - interp_test::state::ring_buffer::tests::ring_buffer::{{closure}}::hbb920baaf6800e4e
[INFO] [stdout]                                at /opt/rustwide/workdir/src/state/ring_buffer.rs:138:21
[INFO] [stdout]   23:     0x559ec1f65ee6 - core::ops::function::FnOnce::call_once::h489c7f0310be6f59
[INFO] [stdout]                                at /rustc/82e1608dfa6e0b5569232559e3d385fea5a93112/library/core/src/ops/function.rs:250:5
[INFO] [stdout]   24:     0x559ec1f9fb4f - core::ops::function::FnOnce::call_once::h2b5d431d5046312d
[INFO] [stdout]                                at /rustc/82e1608dfa6e0b5569232559e3d385fea5a93112/library/core/src/ops/function.rs:250:5
[INFO] [stdout]   25:     0x559ec1f9fb4f - test::__rust_begin_short_backtrace::h7714669af176e207
[INFO] [stdout]                                at /rustc/82e1608dfa6e0b5569232559e3d385fea5a93112/library/test/src/lib.rs:628:18
[INFO] [stdout]   26:     0x559ec1f9eb65 - test::run_test_in_process::{{closure}}::h85218797dcbcec12
[INFO] [stdout]                                at /rustc/82e1608dfa6e0b5569232559e3d385fea5a93112/library/test/src/lib.rs:651:60
[INFO] [stdout]   27:     0x559ec1f9eb65 - <core::panic::unwind_safe::AssertUnwindSafe<F> as core::ops::function::FnOnce<()>>::call_once::h76c106ea31c14d7b
[INFO] [stdout]                                at /rustc/82e1608dfa6e0b5569232559e3d385fea5a93112/library/core/src/panic/unwind_safe.rs:272:9
[INFO] [stdout]   28:     0x559ec1f9eb65 - std::panicking::try::do_call::h3bd5d0f6620ee946
[INFO] [stdout]                                at /rustc/82e1608dfa6e0b5569232559e3d385fea5a93112/library/std/src/panicking.rs:552:40
[INFO] [stdout]   29:     0x559ec1f9eb65 - std::panicking::try::h232e535e4744fe31
[INFO] [stdout]                                at /rustc/82e1608dfa6e0b5569232559e3d385fea5a93112/library/std/src/panicking.rs:516:19
[INFO] [stdout]   30:     0x559ec1f9eb65 - std::panic::catch_unwind::h3ce3bd6ca8dbac68
[INFO] [stdout]                                at /rustc/82e1608dfa6e0b5569232559e3d385fea5a93112/library/std/src/panic.rs:142:14
[INFO] [stdout]   31:     0x559ec1f9eb65 - test::run_test_in_process::hc97b257c9621286a
[INFO] [stdout]                                at /rustc/82e1608dfa6e0b5569232559e3d385fea5a93112/library/test/src/lib.rs:651:27
[INFO] [stdout]   32:     0x559ec1f9eb65 - test::run_test::{{closure}}::h2aa798823a438d38
[INFO] [stdout]                                at /rustc/82e1608dfa6e0b5569232559e3d385fea5a93112/library/test/src/lib.rs:574:43
[INFO] [stdout]   33:     0x559ec1f66e26 - test::run_test::{{closure}}::h87d231c78fb59832
[INFO] [stdout]                                at /rustc/82e1608dfa6e0b5569232559e3d385fea5a93112/library/test/src/lib.rs:602:41
[INFO] [stdout]   34:     0x559ec1f66e26 - std::sys_common::backtrace::__rust_begin_short_backtrace::he6df152596625789
[INFO] [stdout]                                at /rustc/82e1608dfa6e0b5569232559e3d385fea5a93112/library/std/src/sys_common/backtrace.rs:154:18
[INFO] [stdout]   35:     0x559ec1f6bed7 - std::thread::Builder::spawn_unchecked_::{{closure}}::{{closure}}::ha94be15d1e0acf36
[INFO] [stdout]                                at /rustc/82e1608dfa6e0b5569232559e3d385fea5a93112/library/std/src/thread/mod.rs:529:17
[INFO] [stdout]   36:     0x559ec1f6bed7 - <core::panic::unwind_safe::AssertUnwindSafe<F> as core::ops::function::FnOnce<()>>::call_once::h9dc6bd6372f16606
[INFO] [stdout]                                at /rustc/82e1608dfa6e0b5569232559e3d385fea5a93112/library/core/src/panic/unwind_safe.rs:272:9
[INFO] [stdout]   37:     0x559ec1f6bed7 - std::panicking::try::do_call::h9057517f80303cd4
[INFO] [stdout]                                at /rustc/82e1608dfa6e0b5569232559e3d385fea5a93112/library/std/src/panicking.rs:552:40
[INFO] [stdout]   38:     0x559ec1f6bed7 - std::panicking::try::he3a30b11ee45340c
[INFO] [stdout]                                at /rustc/82e1608dfa6e0b5569232559e3d385fea5a93112/library/std/src/panicking.rs:516:19
[INFO] [stdout]   39:     0x559ec1f6bed7 - std::panic::catch_unwind::h410458cfd3528b8b
[INFO] [stdout]                                at /rustc/82e1608dfa6e0b5569232559e3d385fea5a93112/library/std/src/panic.rs:142:14
[INFO] [stdout]   40:     0x559ec1f6bed7 - std::thread::Builder::spawn_unchecked_::{{closure}}::h72ac3bdb567b737b
[INFO] [stdout]                                at /rustc/82e1608dfa6e0b5569232559e3d385fea5a93112/library/std/src/thread/mod.rs:528:30
[INFO] [stdout]   41:     0x559ec1f6bed7 - core::ops::function::FnOnce::call_once{{vtable.shim}}::h38f34da3654a8344
[INFO] [stdout]                                at /rustc/82e1608dfa6e0b5569232559e3d385fea5a93112/library/core/src/ops/function.rs:250:5
[INFO] [stdout]   42:     0x559ec1fcee95 - <alloc::boxed::Box<F,A> as core::ops::function::FnOnce<Args>>::call_once::hc7eafaff61e32df9
[INFO] [stdout]                                at /rustc/82e1608dfa6e0b5569232559e3d385fea5a93112/library/alloc/src/boxed.rs:2007:9
[INFO] [stdout]   43:     0x559ec1fcee95 - <alloc::boxed::Box<F,A> as core::ops::function::FnOnce<Args>>::call_once::h6ba4a5de48dd2304
[INFO] [stdout]                                at /rustc/82e1608dfa6e0b5569232559e3d385fea5a93112/library/alloc/src/boxed.rs:2007:9
[INFO] [stdout]   44:     0x559ec1fcee95 - std::sys::unix::thread::Thread::new::thread_start::he469335aef763e45
[INFO] [stdout]                                at /rustc/82e1608dfa6e0b5569232559e3d385fea5a93112/library/std/src/sys/unix/thread.rs:108:17
[INFO] [stdout]   45:     0x7fe436edbac3 - <unknown>
[INFO] [stdout]   46:     0x7fe436f6cbf4 - __clone
[INFO] [stdout]   47:                0x0 - <unknown>
[INFO] [stdout] 
[INFO] [stdout] 
[INFO] [stdout] failures:
[INFO] [stdout]     state::ring_buffer::tests::ring_buffer
[INFO] [stdout] 
[INFO] [stdout] test result: FAILED. 0 passed; 1 failed; 0 ignored; 0 measured; 0 filtered out; finished in 0.06s
[INFO] [stdout] 
[INFO] [stderr] error: test failed, to rerun pass `--lib`
[INFO] running `Command { std: "docker" "inspect" "cb7c49dbf4cf952c2f0231523ebfee61b4e78411bc743c259488641bce2317d2", kill_on_drop: false }`
[INFO] running `Command { std: "docker" "rm" "-f" "cb7c49dbf4cf952c2f0231523ebfee61b4e78411bc743c259488641bce2317d2", kill_on_drop: false }`
[INFO] [stdout] cb7c49dbf4cf952c2f0231523ebfee61b4e78411bc743c259488641bce2317d2
[INFO] testing RedRam567/interp-test against beta-2023-12-22 for beta-1.76-1
[INFO] running `Command { std: "git" "clone" "/workspace/cache/git-repos/https%3A%2F%2Fgithub.com%2FRedRam567%2Finterp-test" "/workspace/builds/worker-5-tc2/source", kill_on_drop: false }`
[INFO] [stderr] Cloning into '/workspace/builds/worker-5-tc2/source'...
[INFO] [stderr] done.
[INFO] validating manifest of git repo https://github.com/RedRam567/interp-test on toolchain beta-2023-12-22
[INFO] running `Command { std: CARGO_HOME="/workspace/cargo-home" RUSTUP_HOME="/workspace/rustup-home" "/workspace/cargo-home/bin/cargo" "+beta-2023-12-22" "metadata" "--manifest-path" "Cargo.toml" "--no-deps", kill_on_drop: false }`
[INFO] started tweaking git repo https://github.com/RedRam567/interp-test
[INFO] finished tweaking git repo https://github.com/RedRam567/interp-test
[INFO] tweaked toml for git repo https://github.com/RedRam567/interp-test written to /workspace/builds/worker-5-tc2/source/Cargo.toml
[INFO] crate git repo https://github.com/RedRam567/interp-test already has a lockfile, it will not be regenerated
[INFO] running `Command { std: CARGO_HOME="/workspace/cargo-home" RUSTUP_HOME="/workspace/rustup-home" "/workspace/cargo-home/bin/cargo" "+beta-2023-12-22" "fetch" "--manifest-path" "Cargo.toml", kill_on_drop: false }`
[INFO] running `Command { std: "docker" "create" "-v" "/var/lib/crater-agent-workspace/builds/worker-5-tc2/target:/opt/rustwide/target:rw,Z" "-v" "/var/lib/crater-agent-workspace/builds/worker-5-tc2/source:/opt/rustwide/workdir:ro,Z" "-v" "/var/lib/crater-agent-workspace/cargo-home:/opt/rustwide/cargo-home:ro,Z" "-v" "/var/lib/crater-agent-workspace/rustup-home:/opt/rustwide/rustup-home:ro,Z" "-e" "SOURCE_DIR=/opt/rustwide/workdir" "-e" "CARGO_TARGET_DIR=/opt/rustwide/target" "-e" "CARGO_HOME=/opt/rustwide/cargo-home" "-e" "RUSTUP_HOME=/opt/rustwide/rustup-home" "-w" "/opt/rustwide/workdir" "-m" "1610612736" "--user" "0:0" "--network" "none" "ghcr.io/rust-lang/crates-build-env/linux@sha256:2788e3201cd34a07e3172128adcd8b3090168a8e3bcc40d7c032b9dda1df7d1c" "/opt/rustwide/cargo-home/bin/cargo" "+beta-2023-12-22" "metadata" "--no-deps" "--format-version=1", kill_on_drop: false }`
[INFO] [stdout] bf398baaf288d7e1eb9d110241da8b5d81812efaa6c04e9aca7a3020b49908f7
[INFO] running `Command { std: "docker" "start" "-a" "bf398baaf288d7e1eb9d110241da8b5d81812efaa6c04e9aca7a3020b49908f7", kill_on_drop: false }`
[INFO] running `Command { std: "docker" "inspect" "bf398baaf288d7e1eb9d110241da8b5d81812efaa6c04e9aca7a3020b49908f7", kill_on_drop: false }`
[INFO] running `Command { std: "docker" "rm" "-f" "bf398baaf288d7e1eb9d110241da8b5d81812efaa6c04e9aca7a3020b49908f7", kill_on_drop: false }`
[INFO] [stdout] bf398baaf288d7e1eb9d110241da8b5d81812efaa6c04e9aca7a3020b49908f7
[INFO] running `Command { std: "docker" "create" "-v" "/var/lib/crater-agent-workspace/builds/worker-5-tc2/target:/opt/rustwide/target:rw,Z" "-v" "/var/lib/crater-agent-workspace/builds/worker-5-tc2/source:/opt/rustwide/workdir:ro,Z" "-v" "/var/lib/crater-agent-workspace/cargo-home:/opt/rustwide/cargo-home:ro,Z" "-v" "/var/lib/crater-agent-workspace/rustup-home:/opt/rustwide/rustup-home:ro,Z" "-e" "SOURCE_DIR=/opt/rustwide/workdir" "-e" "CARGO_TARGET_DIR=/opt/rustwide/target" "-e" "CARGO_INCREMENTAL=0" "-e" "RUST_BACKTRACE=full" "-e" "RUSTFLAGS=--cap-lints=warn" "-e" "RUSTDOCFLAGS=--cap-lints=warn" "-e" "CARGO_HOME=/opt/rustwide/cargo-home" "-e" "RUSTUP_HOME=/opt/rustwide/rustup-home" "-w" "/opt/rustwide/workdir" "-m" "1610612736" "--user" "0:0" "--network" "none" "ghcr.io/rust-lang/crates-build-env/linux@sha256:2788e3201cd34a07e3172128adcd8b3090168a8e3bcc40d7c032b9dda1df7d1c" "/opt/rustwide/cargo-home/bin/cargo" "+beta-2023-12-22" "build" "--frozen" "--message-format=json", kill_on_drop: false }`
[INFO] [stdout] 6e22e0d71630f68c256f29382e92f1fd8b4be4e44389a99a09fbdf0efb9175af
[INFO] running `Command { std: "docker" "start" "-a" "6e22e0d71630f68c256f29382e92f1fd8b4be4e44389a99a09fbdf0efb9175af", kill_on_drop: false }`
[INFO] [stderr]    Compiling autocfg v1.1.0
[INFO] [stderr]    Compiling version_check v0.9.4
[INFO] [stderr]    Compiling cfg-if v1.0.0
[INFO] [stderr]    Compiling crc32fast v1.3.2
[INFO] [stderr]    Compiling simd-adler32 v0.3.7
[INFO] [stderr]    Compiling proc-macro2 v1.0.69
[INFO] [stderr]    Compiling adler v1.0.2
[INFO] [stderr]    Compiling unicode-ident v1.0.12
[INFO] [stderr]    Compiling libc v0.2.150
[INFO] [stderr]    Compiling once_cell v1.18.0
[INFO] [stderr]    Compiling zerocopy v0.7.25
[INFO] [stderr]    Compiling miniquad v0.4.0-alpha.10
[INFO] [stderr]    Compiling iana-time-zone v0.1.58
[INFO] [stderr]    Compiling bitflags v1.3.2
[INFO] [stderr]    Compiling byteorder v1.5.0
[INFO] [stderr]    Compiling unicode-xid v0.2.4
[INFO] [stderr]    Compiling bytemuck v1.14.0
[INFO] [stderr]    Compiling ttf-parser v0.15.2
[INFO] [stderr]    Compiling miniz_oxide v0.7.1
[INFO] [stderr]    Compiling fdeflate v0.3.1
[INFO] [stderr]    Compiling color_quant v1.1.0
[INFO] [stderr]    Compiling macroquad_macro v0.1.7
[INFO] [stderr]    Compiling bumpalo v3.14.0
[INFO] [stderr]    Compiling glam v0.21.3
[INFO] [stderr]    Compiling quad-rand v0.2.1
[INFO] [stderr]    Compiling git-tag v0.1.0 (/opt/rustwide/workdir/git-tag)
[INFO] [stderr]    Compiling flate2 v1.0.28
[INFO] [stderr]    Compiling num-traits v0.2.17
[INFO] [stderr]    Compiling ahash v0.8.6
[INFO] [stderr]    Compiling num-integer v0.1.45
[INFO] [stderr]    Compiling num-rational v0.4.1
[INFO] [stderr]    Compiling slotmap v1.0.6
[INFO] [stderr]    Compiling quote v1.0.33
[INFO] [stderr]    Compiling png v0.17.10
[INFO] [stderr]    Compiling hashbrown v0.13.2
[INFO] [stderr]    Compiling const_format_proc_macros v0.2.32
[INFO] [stderr]    Compiling fontdue v0.7.3
[INFO] [stderr]    Compiling chrono v0.4.31
[INFO] [stderr]    Compiling image v0.24.7
[INFO] [stderr]    Compiling const_format v0.2.32
[INFO] [stderr]    Compiling interp-test v0.1.0 (/opt/rustwide/workdir)
[INFO] [stderr]    Compiling macroquad v0.4.4
[INFO] [stderr]     Finished dev [optimized + debuginfo] target(s) in 11.51s
[INFO] running `Command { std: "docker" "inspect" "6e22e0d71630f68c256f29382e92f1fd8b4be4e44389a99a09fbdf0efb9175af", kill_on_drop: false }`
[INFO] running `Command { std: "docker" "rm" "-f" "6e22e0d71630f68c256f29382e92f1fd8b4be4e44389a99a09fbdf0efb9175af", kill_on_drop: false }`
[INFO] [stdout] 6e22e0d71630f68c256f29382e92f1fd8b4be4e44389a99a09fbdf0efb9175af
[INFO] running `Command { std: "docker" "create" "-v" "/var/lib/crater-agent-workspace/builds/worker-5-tc2/target:/opt/rustwide/target:rw,Z" "-v" "/var/lib/crater-agent-workspace/builds/worker-5-tc2/source:/opt/rustwide/workdir:ro,Z" "-v" "/var/lib/crater-agent-workspace/cargo-home:/opt/rustwide/cargo-home:ro,Z" "-v" "/var/lib/crater-agent-workspace/rustup-home:/opt/rustwide/rustup-home:ro,Z" "-e" "SOURCE_DIR=/opt/rustwide/workdir" "-e" "CARGO_TARGET_DIR=/opt/rustwide/target" "-e" "CARGO_INCREMENTAL=0" "-e" "RUST_BACKTRACE=full" "-e" "RUSTFLAGS=--cap-lints=warn" "-e" "RUSTDOCFLAGS=--cap-lints=warn" "-e" "CARGO_HOME=/opt/rustwide/cargo-home" "-e" "RUSTUP_HOME=/opt/rustwide/rustup-home" "-w" "/opt/rustwide/workdir" "-m" "1610612736" "--user" "0:0" "--network" "none" "ghcr.io/rust-lang/crates-build-env/linux@sha256:2788e3201cd34a07e3172128adcd8b3090168a8e3bcc40d7c032b9dda1df7d1c" "/opt/rustwide/cargo-home/bin/cargo" "+beta-2023-12-22" "test" "--frozen" "--no-run" "--message-format=json", kill_on_drop: false }`
[INFO] [stdout] e6d4cb996ebd105b476418af7c93b092c61a01c2e580f42ec4fb9ac8a957379e
[INFO] running `Command { std: "docker" "start" "-a" "e6d4cb996ebd105b476418af7c93b092c61a01c2e580f42ec4fb9ac8a957379e", kill_on_drop: false }`
[INFO] [stderr]    Compiling interp-test v0.1.0 (/opt/rustwide/workdir)
[INFO] [stderr]     Finished test [optimized + debuginfo] target(s) in 0.73s
[INFO] running `Command { std: "docker" "inspect" "e6d4cb996ebd105b476418af7c93b092c61a01c2e580f42ec4fb9ac8a957379e", kill_on_drop: false }`
[INFO] running `Command { std: "docker" "rm" "-f" "e6d4cb996ebd105b476418af7c93b092c61a01c2e580f42ec4fb9ac8a957379e", kill_on_drop: false }`
[INFO] [stdout] e6d4cb996ebd105b476418af7c93b092c61a01c2e580f42ec4fb9ac8a957379e
[INFO] running `Command { std: "docker" "create" "-v" "/var/lib/crater-agent-workspace/builds/worker-5-tc2/target:/opt/rustwide/target:rw,Z" "-v" "/var/lib/crater-agent-workspace/builds/worker-5-tc2/source:/opt/rustwide/workdir:ro,Z" "-v" "/var/lib/crater-agent-workspace/cargo-home:/opt/rustwide/cargo-home:ro,Z" "-v" "/var/lib/crater-agent-workspace/rustup-home:/opt/rustwide/rustup-home:ro,Z" "-e" "SOURCE_DIR=/opt/rustwide/workdir" "-e" "CARGO_TARGET_DIR=/opt/rustwide/target" "-e" "CARGO_INCREMENTAL=0" "-e" "RUST_BACKTRACE=full" "-e" "RUSTFLAGS=--cap-lints=warn" "-e" "RUSTDOCFLAGS=--cap-lints=warn" "-e" "CARGO_HOME=/opt/rustwide/cargo-home" "-e" "RUSTUP_HOME=/opt/rustwide/rustup-home" "-w" "/opt/rustwide/workdir" "-m" "1610612736" "--user" "0:0" "--network" "none" "ghcr.io/rust-lang/crates-build-env/linux@sha256:2788e3201cd34a07e3172128adcd8b3090168a8e3bcc40d7c032b9dda1df7d1c" "/opt/rustwide/cargo-home/bin/cargo" "+beta-2023-12-22" "test" "--frozen", kill_on_drop: false }`
[INFO] [stdout] e3f658b9608c07d5371376f3d2ab463ae85ca5b06a70b3a6e4979a46f833d7ff
[INFO] running `Command { std: "docker" "start" "-a" "e3f658b9608c07d5371376f3d2ab463ae85ca5b06a70b3a6e4979a46f833d7ff", kill_on_drop: false }`
[INFO] [stderr]     Finished test [optimized + debuginfo] target(s) in 0.03s
[INFO] [stderr]      Running unittests src/lib.rs (/opt/rustwide/target/debug/deps/interp_test-e1380a140bc3892a)
[INFO] [stdout] 
[INFO] [stdout] running 1 test
[INFO] [stdout] test state::ring_buffer::tests::ring_buffer ... FAILED
[INFO] [stdout] 
[INFO] [stdout] failures:
[INFO] [stdout] 
[INFO] [stdout] ---- state::ring_buffer::tests::ring_buffer stdout ----
[INFO] [stdout] thread 'state::ring_buffer::tests::ring_buffer' panicked at src/state/ring_buffer.rs:147:9:
[INFO] [stdout] assertion `left == right` failed
[INFO] [stdout]   left: [0, 1, 2, 3, 4, 5, 6, 7, 7, 7, 7, 7, 7, 7, 7, 7]
[INFO] [stdout]  right: [0, 0, 0, 0, 0, 0, 0, 0, 0, 1, 2, 3, 4, 5, 6, 7]
[INFO] [stdout] stack backtrace:
[INFO] [stdout]    0:     0x55863c93ca16 - std::backtrace_rs::backtrace::libunwind::trace::h261606ad26a499c1
[INFO] [stdout]                                at /rustc/0e09125c6c3c2fd70d7de961bcf0e51575235fad/library/std/src/../../backtrace/src/backtrace/libunwind.rs:104:5
[INFO] [stdout]    1:     0x55863c93ca16 - std::backtrace_rs::backtrace::trace_unsynchronized::hd183f0625477fb28
[INFO] [stdout]                                at /rustc/0e09125c6c3c2fd70d7de961bcf0e51575235fad/library/std/src/../../backtrace/src/backtrace/mod.rs:66:5
[INFO] [stdout]    2:     0x55863c93ca16 - std::sys_common::backtrace::_print_fmt::hd7f8fef21b4eda67
[INFO] [stdout]                                at /rustc/0e09125c6c3c2fd70d7de961bcf0e51575235fad/library/std/src/sys_common/backtrace.rs:68:5
[INFO] [stdout]    3:     0x55863c93ca16 - <std::sys_common::backtrace::_print::DisplayBacktrace as core::fmt::Display>::fmt::h623d9b51f2f453f1
[INFO] [stdout]                                at /rustc/0e09125c6c3c2fd70d7de961bcf0e51575235fad/library/std/src/sys_common/backtrace.rs:44:22
[INFO] [stdout]    4:     0x55863c965860 - core::fmt::rt::Argument::fmt::h9f417ac76a86f368
[INFO] [stdout]                                at /rustc/0e09125c6c3c2fd70d7de961bcf0e51575235fad/library/core/src/fmt/rt.rs:142:9
[INFO] [stdout]    5:     0x55863c965860 - core::fmt::write::hc9b6faf4ac2aeff7
[INFO] [stdout]                                at /rustc/0e09125c6c3c2fd70d7de961bcf0e51575235fad/library/core/src/fmt/mod.rs:1120:17
[INFO] [stdout]    6:     0x55863c93a47f - std::io::Write::write_fmt::he04625a3a989fec3
[INFO] [stdout]                                at /rustc/0e09125c6c3c2fd70d7de961bcf0e51575235fad/library/std/src/io/mod.rs:1810:15
[INFO] [stdout]    7:     0x55863c93c7f4 - std::sys_common::backtrace::_print::hd5d66399c7df88a2
[INFO] [stdout]                                at /rustc/0e09125c6c3c2fd70d7de961bcf0e51575235fad/library/std/src/sys_common/backtrace.rs:47:5
[INFO] [stdout]    8:     0x55863c93c7f4 - std::sys_common::backtrace::print::he81ed2da642d37e5
[INFO] [stdout]                                at /rustc/0e09125c6c3c2fd70d7de961bcf0e51575235fad/library/std/src/sys_common/backtrace.rs:34:9
[INFO] [stdout]    9:     0x55863c93e567 - std::panicking::default_hook::{{closure}}::h85773f4fa117163d
[INFO] [stdout]   10:     0x55863c93e24d - std::panicking::default_hook::h6a1694a91d09b278
[INFO] [stdout]                                at /rustc/0e09125c6c3c2fd70d7de961bcf0e51575235fad/library/std/src/panicking.rs:289:9
[INFO] [stdout]   11:     0x55863c90e427 - <alloc::boxed::Box<F,A> as core::ops::function::Fn<Args>>::call::h616ac37fa3cd6c8f
[INFO] [stdout]                                at /rustc/0e09125c6c3c2fd70d7de961bcf0e51575235fad/library/alloc/src/boxed.rs:2029:9
[INFO] [stdout]   12:     0x55863c90e427 - test::test_main::{{closure}}::h00d84697cefdcbb6
[INFO] [stdout]                                at /rustc/0e09125c6c3c2fd70d7de961bcf0e51575235fad/library/test/src/lib.rs:138:21
[INFO] [stdout]   13:     0x55863c93eb86 - <alloc::boxed::Box<F,A> as core::ops::function::Fn<Args>>::call::hcb3fe3b9bb537ba8
[INFO] [stdout]                                at /rustc/0e09125c6c3c2fd70d7de961bcf0e51575235fad/library/alloc/src/boxed.rs:2029:9
[INFO] [stdout]   14:     0x55863c93eb86 - std::panicking::rust_panic_with_hook::h0a7ad96e90f7145b
[INFO] [stdout]                                at /rustc/0e09125c6c3c2fd70d7de961bcf0e51575235fad/library/std/src/panicking.rs:783:13
[INFO] [stdout]   15:     0x55863c93e8d2 - std::panicking::begin_panic_handler::{{closure}}::h7919090525c6485e
[INFO] [stdout]                                at /rustc/0e09125c6c3c2fd70d7de961bcf0e51575235fad/library/std/src/panicking.rs:657:13
[INFO] [stdout]   16:     0x55863c93cf16 - std::sys_common::backtrace::__rust_end_short_backtrace::hf3289479464f7dfe
[INFO] [stdout]                                at /rustc/0e09125c6c3c2fd70d7de961bcf0e51575235fad/library/std/src/sys_common/backtrace.rs:171:18
[INFO] [stdout]   17:     0x55863c93e630 - rust_begin_unwind
[INFO] [stdout]                                at /rustc/0e09125c6c3c2fd70d7de961bcf0e51575235fad/library/std/src/panicking.rs:645:5
[INFO] [stdout]   18:     0x55863c8d7dd5 - core::panicking::panic_fmt::hcc9f77c5c132af55
[INFO] [stdout]                                at /rustc/0e09125c6c3c2fd70d7de961bcf0e51575235fad/library/core/src/panicking.rs:72:14
[INFO] [stdout]   19:     0x55863c8d811b - core::panicking::assert_failed_inner::h9f13e27dd63c3a08
[INFO] [stdout]                                at /rustc/0e09125c6c3c2fd70d7de961bcf0e51575235fad/library/core/src/panicking.rs:342:17
[INFO] [stdout]   20:     0x55863c8d309c - core::panicking::assert_failed::h34ace44c915597b0
[INFO] [stdout]                                at /rustc/0e09125c6c3c2fd70d7de961bcf0e51575235fad/library/core/src/panicking.rs:297:5
[INFO] [stdout]   21:     0x55863c8d8eac - interp_test::state::ring_buffer::tests::ring_buffer::he7511aee0b08fda4
[INFO] [stdout]                                at /opt/rustwide/workdir/src/state/ring_buffer.rs:147:9
[INFO] [stdout]   22:     0x55863c8d8eac - interp_test::state::ring_buffer::tests::ring_buffer::{{closure}}::h55c635f5384fb43b
[INFO] [stdout]                                at /opt/rustwide/workdir/src/state/ring_buffer.rs:138:21
[INFO] [stdout]   23:     0x55863c8d8eac - core::ops::function::FnOnce::call_once::h77fbfd4a90311d2e
[INFO] [stdout]                                at /rustc/0e09125c6c3c2fd70d7de961bcf0e51575235fad/library/core/src/ops/function.rs:250:5
[INFO] [stdout]   24:     0x55863c913cff - core::ops::function::FnOnce::call_once::hd64d26f405258157
[INFO] [stdout]                                at /rustc/0e09125c6c3c2fd70d7de961bcf0e51575235fad/library/core/src/ops/function.rs:250:5
[INFO] [stdout]   25:     0x55863c913cff - test::__rust_begin_short_backtrace::he21b0b7a6d731bf9
[INFO] [stdout]                                at /rustc/0e09125c6c3c2fd70d7de961bcf0e51575235fad/library/test/src/lib.rs:627:18
[INFO] [stdout]   26:     0x55863c912a81 - test::run_test_in_process::{{closure}}::hf5c73986d7bdfde2
[INFO] [stdout]                                at /rustc/0e09125c6c3c2fd70d7de961bcf0e51575235fad/library/test/src/lib.rs:650:60
[INFO] [stdout]   27:     0x55863c912a81 - <core::panic::unwind_safe::AssertUnwindSafe<F> as core::ops::function::FnOnce<()>>::call_once::h330011ad032aadc0
[INFO] [stdout]                                at /rustc/0e09125c6c3c2fd70d7de961bcf0e51575235fad/library/core/src/panic/unwind_safe.rs:272:9
[INFO] [stdout]   28:     0x55863c912a81 - std::panicking::try::do_call::he61b0a958b795a41
[INFO] [stdout]                                at /rustc/0e09125c6c3c2fd70d7de961bcf0e51575235fad/library/std/src/panicking.rs:552:40
[INFO] [stdout]   29:     0x55863c912a81 - std::panicking::try::h7309da130f906eb7
[INFO] [stdout]                                at /rustc/0e09125c6c3c2fd70d7de961bcf0e51575235fad/library/std/src/panicking.rs:516:19
[INFO] [stdout]   30:     0x55863c912a81 - std::panic::catch_unwind::hc5c3a06fdaf0a92a
[INFO] [stdout]                                at /rustc/0e09125c6c3c2fd70d7de961bcf0e51575235fad/library/std/src/panic.rs:142:14
[INFO] [stdout]   31:     0x55863c912a81 - test::run_test_in_process::h7e7b7c71c3324e0f
[INFO] [stdout]                                at /rustc/0e09125c6c3c2fd70d7de961bcf0e51575235fad/library/test/src/lib.rs:650:27
[INFO] [stdout]   32:     0x55863c912a81 - test::run_test::{{closure}}::h1f509f28f5cf20b1
[INFO] [stdout]                                at /rustc/0e09125c6c3c2fd70d7de961bcf0e51575235fad/library/test/src/lib.rs:573:43
[INFO] [stdout]   33:     0x55863c8d9db6 - test::run_test::{{closure}}::h1754218abf443f6d
[INFO] [stdout]                                at /rustc/0e09125c6c3c2fd70d7de961bcf0e51575235fad/library/test/src/lib.rs:601:41
[INFO] [stdout]   34:     0x55863c8d9db6 - std::sys_common::backtrace::__rust_begin_short_backtrace::h2ee174b9d5954948
[INFO] [stdout]                                at /rustc/0e09125c6c3c2fd70d7de961bcf0e51575235fad/library/std/src/sys_common/backtrace.rs:155:18
[INFO] [stdout]   35:     0x55863c8dee17 - std::thread::Builder::spawn_unchecked_::{{closure}}::{{closure}}::hf60bee9c1a17ef09
[INFO] [stdout]                                at /rustc/0e09125c6c3c2fd70d7de961bcf0e51575235fad/library/std/src/thread/mod.rs:529:17
[INFO] [stdout]   36:     0x55863c8dee17 - <core::panic::unwind_safe::AssertUnwindSafe<F> as core::ops::function::FnOnce<()>>::call_once::h33d0dddec5216160
[INFO] [stdout]                                at /rustc/0e09125c6c3c2fd70d7de961bcf0e51575235fad/library/core/src/panic/unwind_safe.rs:272:9
[INFO] [stdout]   37:     0x55863c8dee17 - std::panicking::try::do_call::h144b3048b546f835
[INFO] [stdout]                                at /rustc/0e09125c6c3c2fd70d7de961bcf0e51575235fad/library/std/src/panicking.rs:552:40
[INFO] [stdout]   38:     0x55863c8dee17 - std::panicking::try::h978244d04646189f
[INFO] [stdout]                                at /rustc/0e09125c6c3c2fd70d7de961bcf0e51575235fad/library/std/src/panicking.rs:516:19
[INFO] [stdout]   39:     0x55863c8dee17 - std::panic::catch_unwind::hdf436369d188fe86
[INFO] [stdout]                                at /rustc/0e09125c6c3c2fd70d7de961bcf0e51575235fad/library/std/src/panic.rs:142:14
[INFO] [stdout]   40:     0x55863c8dee17 - std::thread::Builder::spawn_unchecked_::{{closure}}::h87329cbdd33c79ec
[INFO] [stdout]                                at /rustc/0e09125c6c3c2fd70d7de961bcf0e51575235fad/library/std/src/thread/mod.rs:528:30
[INFO] [stdout]   41:     0x55863c8dee17 - core::ops::function::FnOnce::call_once{{vtable.shim}}::h401abbe67897d450
[INFO] [stdout]                                at /rustc/0e09125c6c3c2fd70d7de961bcf0e51575235fad/library/core/src/ops/function.rs:250:5
[INFO] [stdout]   42:     0x55863c943635 - <alloc::boxed::Box<F,A> as core::ops::function::FnOnce<Args>>::call_once::h5d7c8f150ab9c84c
[INFO] [stdout]                                at /rustc/0e09125c6c3c2fd70d7de961bcf0e51575235fad/library/alloc/src/boxed.rs:2015:9
[INFO] [stdout]   43:     0x55863c943635 - <alloc::boxed::Box<F,A> as core::ops::function::FnOnce<Args>>::call_once::h570d5b005c242c15
[INFO] [stdout]                                at /rustc/0e09125c6c3c2fd70d7de961bcf0e51575235fad/library/alloc/src/boxed.rs:2015:9
[INFO] [stdout]   44:     0x55863c943635 - std::sys::unix::thread::Thread::new::thread_start::h36b0a20c0b2361ad
[INFO] [stdout]                                at /rustc/0e09125c6c3c2fd70d7de961bcf0e51575235fad/library/std/src/sys/unix/thread.rs:108:17
[INFO] [stdout]   45:     0x7f70e713eac3 - <unknown>
[INFO] [stdout]   46:     0x7f70e71cfbf4 - __clone
[INFO] [stdout]   47:                0x0 - <unknown>
[INFO] [stdout] 
[INFO] [stdout] 
[INFO] [stdout] failures:
[INFO] [stdout]     state::ring_buffer::tests::ring_buffer
[INFO] [stdout] 
[INFO] [stdout] test result: FAILED. 0 passed; 1 failed; 0 ignored; 0 measured; 0 filtered out; finished in 0.03s
[INFO] [stdout] 
[INFO] [stderr] error: test failed, to rerun pass `--lib`
[INFO] running `Command { std: "docker" "inspect" "e3f658b9608c07d5371376f3d2ab463ae85ca5b06a70b3a6e4979a46f833d7ff", kill_on_drop: false }`
[INFO] running `Command { std: "docker" "rm" "-f" "e3f658b9608c07d5371376f3d2ab463ae85ca5b06a70b3a6e4979a46f833d7ff", kill_on_drop: false }`
[INFO] [stdout] e3f658b9608c07d5371376f3d2ab463ae85ca5b06a70b3a6e4979a46f833d7ff
