[INFO] cloning repository https://github.com/Philosobyte/tera-rand
[INFO] running `Command { std: "git" "-c" "credential.helper=" "-c" "credential.helper=/workspace/cargo-home/bin/git-credential-null" "clone" "--bare" "https://github.com/Philosobyte/tera-rand" "/workspace/cache/git-repos/https%3A%2F%2Fgithub.com%2FPhilosobyte%2Ftera-rand", kill_on_drop: false }`
[INFO] [stderr] Cloning into bare repository '/workspace/cache/git-repos/https%3A%2F%2Fgithub.com%2FPhilosobyte%2Ftera-rand'...
[INFO] running `Command { std: "git" "rev-parse" "HEAD", kill_on_drop: false }`
[INFO] [stdout] 29bd3d25ceb7ddfc1020672ee91ced7ae3b56ce1
[INFO] testing Philosobyte/tera-rand against 1.75.0 for beta-1.76-1
[INFO] running `Command { std: "git" "clone" "/workspace/cache/git-repos/https%3A%2F%2Fgithub.com%2FPhilosobyte%2Ftera-rand" "/workspace/builds/worker-6-tc1/source", kill_on_drop: false }`
[INFO] [stderr] Cloning into '/workspace/builds/worker-6-tc1/source'...
[INFO] [stderr] done.
[INFO] validating manifest of git repo https://github.com/Philosobyte/tera-rand on toolchain 1.75.0
[INFO] running `Command { std: CARGO_HOME="/workspace/cargo-home" RUSTUP_HOME="/workspace/rustup-home" "/workspace/cargo-home/bin/cargo" "+1.75.0" "metadata" "--manifest-path" "Cargo.toml" "--no-deps", kill_on_drop: false }`
[INFO] started tweaking git repo https://github.com/Philosobyte/tera-rand
[INFO] finished tweaking git repo https://github.com/Philosobyte/tera-rand
[INFO] tweaked toml for git repo https://github.com/Philosobyte/tera-rand written to /workspace/builds/worker-6-tc1/source/Cargo.toml
[INFO] crate git repo https://github.com/Philosobyte/tera-rand already has a lockfile, it will not be regenerated
[INFO] running `Command { std: CARGO_HOME="/workspace/cargo-home" RUSTUP_HOME="/workspace/rustup-home" "/workspace/cargo-home/bin/cargo" "+1.75.0" "fetch" "--manifest-path" "Cargo.toml", kill_on_drop: false }`
[INFO] [stderr]  Downloading crates ...
[INFO] [stderr]   Downloaded dashmap v5.5.1
[INFO] [stderr]   Downloaded deunicode v0.4.4
[INFO] running `Command { std: "docker" "create" "-v" "/var/lib/crater-agent-workspace/builds/worker-6-tc1/target:/opt/rustwide/target:rw,Z" "-v" "/var/lib/crater-agent-workspace/builds/worker-6-tc1/source:/opt/rustwide/workdir:ro,Z" "-v" "/var/lib/crater-agent-workspace/cargo-home:/opt/rustwide/cargo-home:ro,Z" "-v" "/var/lib/crater-agent-workspace/rustup-home:/opt/rustwide/rustup-home:ro,Z" "-e" "SOURCE_DIR=/opt/rustwide/workdir" "-e" "CARGO_TARGET_DIR=/opt/rustwide/target" "-e" "CARGO_HOME=/opt/rustwide/cargo-home" "-e" "RUSTUP_HOME=/opt/rustwide/rustup-home" "-w" "/opt/rustwide/workdir" "-m" "1610612736" "--user" "0:0" "--network" "none" "ghcr.io/rust-lang/crates-build-env/linux@sha256:2788e3201cd34a07e3172128adcd8b3090168a8e3bcc40d7c032b9dda1df7d1c" "/opt/rustwide/cargo-home/bin/cargo" "+1.75.0" "metadata" "--no-deps" "--format-version=1", kill_on_drop: false }`
[INFO] [stdout] 081fc0c8c1ddafc05e446a61bf5a8c76b178b4df1accc778e6e67609aeea75db
[INFO] running `Command { std: "docker" "start" "-a" "081fc0c8c1ddafc05e446a61bf5a8c76b178b4df1accc778e6e67609aeea75db", kill_on_drop: false }`
[INFO] running `Command { std: "docker" "inspect" "081fc0c8c1ddafc05e446a61bf5a8c76b178b4df1accc778e6e67609aeea75db", kill_on_drop: false }`
[INFO] running `Command { std: "docker" "rm" "-f" "081fc0c8c1ddafc05e446a61bf5a8c76b178b4df1accc778e6e67609aeea75db", kill_on_drop: false }`
[INFO] [stdout] 081fc0c8c1ddafc05e446a61bf5a8c76b178b4df1accc778e6e67609aeea75db
[INFO] running `Command { std: "docker" "create" "-v" "/var/lib/crater-agent-workspace/builds/worker-6-tc1/target:/opt/rustwide/target:rw,Z" "-v" "/var/lib/crater-agent-workspace/builds/worker-6-tc1/source:/opt/rustwide/workdir:ro,Z" "-v" "/var/lib/crater-agent-workspace/cargo-home:/opt/rustwide/cargo-home:ro,Z" "-v" "/var/lib/crater-agent-workspace/rustup-home:/opt/rustwide/rustup-home:ro,Z" "-e" "SOURCE_DIR=/opt/rustwide/workdir" "-e" "CARGO_TARGET_DIR=/opt/rustwide/target" "-e" "CARGO_INCREMENTAL=0" "-e" "RUST_BACKTRACE=full" "-e" "RUSTFLAGS=--cap-lints=warn" "-e" "RUSTDOCFLAGS=--cap-lints=warn" "-e" "CARGO_HOME=/opt/rustwide/cargo-home" "-e" "RUSTUP_HOME=/opt/rustwide/rustup-home" "-w" "/opt/rustwide/workdir" "-m" "1610612736" "--user" "0:0" "--network" "none" "ghcr.io/rust-lang/crates-build-env/linux@sha256:2788e3201cd34a07e3172128adcd8b3090168a8e3bcc40d7c032b9dda1df7d1c" "/opt/rustwide/cargo-home/bin/cargo" "+1.75.0" "build" "--frozen" "--message-format=json", kill_on_drop: false }`
[INFO] [stdout] 1615837b124641d711974eb4a497b3de3aad2c65ee89fa5798b95116f5d49894
[INFO] running `Command { std: "docker" "start" "-a" "1615837b124641d711974eb4a497b3de3aad2c65ee89fa5798b95116f5d49894", kill_on_drop: false }`
[INFO] [stderr]    Compiling proc-macro2 v1.0.66
[INFO] [stderr]    Compiling unicode-ident v1.0.11
[INFO] [stderr]    Compiling siphasher v0.3.11
[INFO] [stderr]    Compiling autocfg v1.1.0
[INFO] [stderr]    Compiling libc v0.2.147
[INFO] [stderr]    Compiling memchr v2.6.4
[INFO] [stderr]    Compiling regex-syntax v0.8.2
[INFO] [stderr]    Compiling rand_core v0.6.4
[INFO] [stderr]    Compiling once_cell v1.18.0
[INFO] [stderr]    Compiling rand v0.8.5
[INFO] [stderr]    Compiling phf_shared v0.11.2
[INFO] [stderr]    Compiling thiserror v1.0.50
[INFO] [stderr]    Compiling num-traits v0.2.16
[INFO] [stderr]    Compiling aho-corasick v1.0.4
[INFO] [stderr]    Compiling phf v0.11.2
[INFO] [stderr]    Compiling phf_generator v0.11.2
[INFO] [stderr]    Compiling ucd-trie v0.1.6
[INFO] [stderr]    Compiling quote v1.0.33
[INFO] [stderr]    Compiling syn v2.0.29
[INFO] [stderr]    Compiling getrandom v0.2.10
[INFO] [stderr]    Compiling phf_codegen v0.11.2
[INFO] [stderr]    Compiling bstr v1.6.0
[INFO] [stderr]    Compiling log v0.4.20
[INFO] [stderr]    Compiling regex-automata v0.4.3
[INFO] [stderr]    Compiling unic-char-range v0.9.0
[INFO] [stderr]    Compiling libm v0.2.7
[INFO] [stderr]    Compiling unic-common v0.9.0
[INFO] [stderr]    Compiling same-file v1.0.6
[INFO] [stderr]    Compiling serde v1.0.189
[INFO] [stderr]    Compiling fnv v1.0.7
[INFO] [stderr]    Compiling walkdir v2.3.3
[INFO] [stderr]    Compiling unic-ucd-version v0.9.0
[INFO] [stderr]    Compiling unic-char-property v0.9.0
[INFO] [stderr]    Compiling lock_api v0.4.10
[INFO] [stderr]    Compiling thread_local v1.1.4
[INFO] [stderr]    Compiling parking_lot_core v0.9.8
[INFO] [stderr]    Compiling iana-time-zone v0.1.57
[INFO] [stderr]    Compiling ppv-lite86 v0.2.17
[INFO] [stderr]    Compiling utf8parse v0.2.1
[INFO] [stderr]    Compiling serde_json v1.0.105
[INFO] [stderr]    Compiling anstyle-parse v0.2.1
[INFO] [stderr]    Compiling regex v1.10.2
[INFO] [stderr]    Compiling rand_chacha v0.3.1
[INFO] [stderr]    Compiling chrono v0.4.31
[INFO] [stderr]    Compiling parse-zoneinfo v0.3.0
[INFO] [stderr]    Compiling unic-ucd-segment v0.9.0
[INFO] [stderr]    Compiling chrono-tz-build v0.2.0
[INFO] [stderr]    Compiling ryu v1.0.15
[INFO] [stderr]    Compiling scopeguard v1.2.0
[INFO] [stderr]    Compiling anstyle-query v1.0.0
[INFO] [stderr]    Compiling smallvec v1.11.0
[INFO] [stderr]    Compiling itoa v1.0.9
[INFO] [stderr]    Compiling bitflags v1.3.2
[INFO] [stderr]    Compiling chrono-tz v0.8.3
[INFO] [stderr]    Compiling anstyle v1.0.2
[INFO] [stderr]    Compiling globset v0.4.13
[INFO] [stderr]    Compiling anyhow v1.0.75
[INFO] [stderr]    Compiling colorchoice v1.0.0
[INFO] [stderr]    Compiling deunicode v0.4.4
[INFO] [stderr]    Compiling anstream v0.6.4
[INFO] [stderr]    Compiling ignore v0.4.20
[INFO] [stderr]    Compiling slug v0.1.4
[INFO] [stderr]    Compiling humansize v2.1.3
[INFO] [stderr]    Compiling thiserror-impl v1.0.50
[INFO] [stderr]    Compiling globwalk v0.8.1
[INFO] [stderr]    Compiling unic-segment v0.9.0
[INFO] [stderr]    Compiling strsim v0.10.0
[INFO] [stderr]    Compiling hashbrown v0.14.0
[INFO] [stderr]    Compiling clap_lex v0.5.1
[INFO] [stderr]    Compiling minimal-lexical v0.2.1
[INFO] [stderr]    Compiling percent-encoding v2.3.0
[INFO] [stderr]    Compiling heck v0.4.1
[INFO] [stderr]    Compiling nom v7.1.3
[INFO] [stderr]    Compiling dashmap v5.5.1
[INFO] [stderr]    Compiling clap_derive v4.4.2
[INFO] [stderr]    Compiling clap_builder v4.4.6
[INFO] [stderr]    Compiling pest v2.7.2
[INFO] [stderr]    Compiling uuid v1.5.0
[INFO] [stderr]    Compiling iso8601 v0.6.1
[INFO] [stderr]    Compiling pest_meta v2.7.2
[INFO] [stderr]    Compiling pest_generator v2.7.2
[INFO] [stderr]    Compiling clap v4.4.6
[INFO] [stderr]    Compiling pest_derive v2.7.2
[INFO] [stderr]    Compiling tera v1.19.1
[INFO] [stderr]    Compiling tera-rand v0.2.0 (/opt/rustwide/workdir/tera-rand)
[INFO] [stderr]    Compiling tera-rand-cli v0.2.0 (/opt/rustwide/workdir/tera-rand-cli)
[INFO] [stderr]     Finished dev [unoptimized + debuginfo] target(s) in 13.14s
[INFO] running `Command { std: "docker" "inspect" "1615837b124641d711974eb4a497b3de3aad2c65ee89fa5798b95116f5d49894", kill_on_drop: false }`
[INFO] running `Command { std: "docker" "rm" "-f" "1615837b124641d711974eb4a497b3de3aad2c65ee89fa5798b95116f5d49894", kill_on_drop: false }`
[INFO] [stdout] 1615837b124641d711974eb4a497b3de3aad2c65ee89fa5798b95116f5d49894
[INFO] running `Command { std: "docker" "create" "-v" "/var/lib/crater-agent-workspace/builds/worker-6-tc1/target:/opt/rustwide/target:rw,Z" "-v" "/var/lib/crater-agent-workspace/builds/worker-6-tc1/source:/opt/rustwide/workdir:ro,Z" "-v" "/var/lib/crater-agent-workspace/cargo-home:/opt/rustwide/cargo-home:ro,Z" "-v" "/var/lib/crater-agent-workspace/rustup-home:/opt/rustwide/rustup-home:ro,Z" "-e" "SOURCE_DIR=/opt/rustwide/workdir" "-e" "CARGO_TARGET_DIR=/opt/rustwide/target" "-e" "CARGO_INCREMENTAL=0" "-e" "RUST_BACKTRACE=full" "-e" "RUSTFLAGS=--cap-lints=warn" "-e" "RUSTDOCFLAGS=--cap-lints=warn" "-e" "CARGO_HOME=/opt/rustwide/cargo-home" "-e" "RUSTUP_HOME=/opt/rustwide/rustup-home" "-w" "/opt/rustwide/workdir" "-m" "1610612736" "--user" "0:0" "--network" "none" "ghcr.io/rust-lang/crates-build-env/linux@sha256:2788e3201cd34a07e3172128adcd8b3090168a8e3bcc40d7c032b9dda1df7d1c" "/opt/rustwide/cargo-home/bin/cargo" "+1.75.0" "test" "--frozen" "--no-run" "--message-format=json", kill_on_drop: false }`
[INFO] [stdout] 1f740a9213172180fa7719a9e49109c8aec7d896579d25974e4c1023da86906e
[INFO] running `Command { std: "docker" "start" "-a" "1f740a9213172180fa7719a9e49109c8aec7d896579d25974e4c1023da86906e", kill_on_drop: false }`
[INFO] [stderr]    Compiling log v0.4.20
[INFO] [stderr]    Compiling regex-automata v0.3.6
[INFO] [stderr]    Compiling syn v2.0.29
[INFO] [stderr]    Compiling tracing-core v0.1.32
[INFO] [stderr]    Compiling regex-syntax v0.6.29
[INFO] [stderr]    Compiling syn v1.0.109
[INFO] [stderr]    Compiling pin-project-lite v0.2.13
[INFO] [stderr]    Compiling overload v0.1.1
[INFO] [stderr]    Compiling nu-ansi-term v0.46.0
[INFO] [stderr]    Compiling sharded-slab v0.1.4
[INFO] [stderr]    Compiling doc-comment v0.3.3
[INFO] [stderr]    Compiling tracing-log v0.1.3
[INFO] [stderr]    Compiling predicates-core v1.0.6
[INFO] [stderr]    Compiling either v1.9.0
[INFO] [stderr]    Compiling difflib v0.4.0
[INFO] [stderr]    Compiling itertools v0.10.5
[INFO] [stderr]    Compiling termtree v0.4.1
[INFO] [stderr]    Compiling wait-timeout v0.2.0
[INFO] [stderr]    Compiling predicates-tree v1.0.9
[INFO] [stderr]    Compiling bstr v1.6.0
[INFO] [stderr]    Compiling globset v0.4.13
[INFO] [stderr]    Compiling regex-automata v0.1.10
[INFO] [stderr]    Compiling ignore v0.4.20
[INFO] [stderr]    Compiling predicates v3.0.3
[INFO] [stderr]    Compiling globwalk v0.8.1
[INFO] [stderr]    Compiling matchers v0.1.0
[INFO] [stderr]    Compiling assert_cmd v2.0.12
[INFO] [stderr]    Compiling tracing-test-macro v0.2.4
[INFO] [stderr]    Compiling thiserror-impl v1.0.50
[INFO] [stderr]    Compiling tracing-attributes v0.1.27
[INFO] [stderr]    Compiling clap_derive v4.4.2
[INFO] [stderr]    Compiling thiserror v1.0.50
[INFO] [stderr]    Compiling pest v2.7.2
[INFO] [stderr]    Compiling tracing v0.1.40
[INFO] [stderr]    Compiling tracing-subscriber v0.3.17
[INFO] [stderr]    Compiling clap v4.4.6
[INFO] [stderr]    Compiling pest_meta v2.7.2
[INFO] [stderr]    Compiling tracing-test v0.2.4
[INFO] [stderr]    Compiling pest_generator v2.7.2
[INFO] [stderr]    Compiling pest_derive v2.7.2
[INFO] [stderr]    Compiling tera v1.19.1
[INFO] [stderr]    Compiling tera-rand v0.2.0 (/opt/rustwide/workdir/tera-rand)
[INFO] [stderr]    Compiling tera-rand-cli v0.2.0 (/opt/rustwide/workdir/tera-rand-cli)
[INFO] [stderr]     Finished test [unoptimized + debuginfo] target(s) in 14.88s
[INFO] running `Command { std: "docker" "inspect" "1f740a9213172180fa7719a9e49109c8aec7d896579d25974e4c1023da86906e", kill_on_drop: false }`
[INFO] running `Command { std: "docker" "rm" "-f" "1f740a9213172180fa7719a9e49109c8aec7d896579d25974e4c1023da86906e", kill_on_drop: false }`
[INFO] [stdout] 1f740a9213172180fa7719a9e49109c8aec7d896579d25974e4c1023da86906e
[INFO] running `Command { std: "docker" "create" "-v" "/var/lib/crater-agent-workspace/builds/worker-6-tc1/target:/opt/rustwide/target:rw,Z" "-v" "/var/lib/crater-agent-workspace/builds/worker-6-tc1/source:/opt/rustwide/workdir:ro,Z" "-v" "/var/lib/crater-agent-workspace/cargo-home:/opt/rustwide/cargo-home:ro,Z" "-v" "/var/lib/crater-agent-workspace/rustup-home:/opt/rustwide/rustup-home:ro,Z" "-e" "SOURCE_DIR=/opt/rustwide/workdir" "-e" "CARGO_TARGET_DIR=/opt/rustwide/target" "-e" "CARGO_INCREMENTAL=0" "-e" "RUST_BACKTRACE=full" "-e" "RUSTFLAGS=--cap-lints=warn" "-e" "RUSTDOCFLAGS=--cap-lints=warn" "-e" "CARGO_HOME=/opt/rustwide/cargo-home" "-e" "RUSTUP_HOME=/opt/rustwide/rustup-home" "-w" "/opt/rustwide/workdir" "-m" "1610612736" "--user" "0:0" "--network" "none" "ghcr.io/rust-lang/crates-build-env/linux@sha256:2788e3201cd34a07e3172128adcd8b3090168a8e3bcc40d7c032b9dda1df7d1c" "/opt/rustwide/cargo-home/bin/cargo" "+1.75.0" "test" "--frozen", kill_on_drop: false }`
[INFO] [stdout] 55d9364a2e5298eee13243b01875aa43d1871134d7fea8c4aa09d1f037f31504
[INFO] running `Command { std: "docker" "start" "-a" "55d9364a2e5298eee13243b01875aa43d1871134d7fea8c4aa09d1f037f31504", kill_on_drop: false }`
[INFO] [stderr]     Finished test [unoptimized + debuginfo] target(s) in 0.10s
[INFO] [stderr]      Running unittests src/lib.rs (/opt/rustwide/target/debug/deps/tera_rand-6ed6e3984a248407)
[INFO] [stdout] 
[INFO] [stdout] running 61 tests
[INFO] [stdout] test net::tests::test_random_ipv4_cidr_with_0_bit_prefix ... ok
[INFO] [stdout] test net::tests::test_random_ipv4_cidr ... ok
[INFO] [stdout] test file::tests::test_error_with_empty_file ... ok
[INFO] [stdout] test file::tests::test_with_file_with_one_item ... ok
[INFO] [stdout] test net::tests::test_random_ipv4_cidr_with_prefix_length_end ... ok
[INFO] [stdout] test file::tests::test_random_from_file ... ok
[INFO] [stdout] test net::tests::test_random_ipv4_cidr_with_prefix_length_start ... ok
[INFO] [stdout] test net::tests::test_random_ipv4_cidr_with_32_bit_prefix ... ok
[INFO] [stdout] test net::tests::test_random_ipv4_with_end_only ... ok
[INFO] [stdout] test net::tests::test_random_ipv4_near_max ... ok
[INFO] [stdout] test net::tests::test_random_ipv4_near_min ... ok
[INFO] [stdout] test net::tests::test_random_ipv4_cidr_with_too_large_prefix_length_returns_error ... ok
[INFO] [stdout] test net::tests::test_random_ipv4_with_both_start_and_end ... ok
[INFO] [stdout] test net::tests::test_random_ipv6_cidr_with_0_bit_prefix ... ok
[INFO] [stdout] test net::tests::test_random_ipv4 ... ok
[INFO] [stdout] test net::tests::test_random_ipv4_with_start_only ... ok
[INFO] [stdout] test net::tests::test_random_ipv4_cidr_with_prefix_length_start_and_end ... ok
[INFO] [stdout] test net::tests::test_random_ipv6_cidr ... ok
[INFO] [stdout] test net::tests::test_random_ipv6_cidr_with_too_small_prefix_length_returns_error ... ok
[INFO] [stdout] test net::tests::test_random_ipv6_cidr_with_128_bit_prefix ... ok
[INFO] [stdout] test net::tests::test_random_ipv6 ... ok
[INFO] [stdout] test net::tests::test_random_ipv6_cidr_with_too_large_prefix_length_returns_error ... ok
[INFO] [stdout] test net::tests::test_random_ipv6_cidr_with_prefix_length_start ... ok
[INFO] [stdout] test net::tests::test_random_ipv6_near_max ... ok
[INFO] [stdout] test net::tests::test_random_ipv6_with_end_only ... ok
[INFO] [stdout] test net::tests::test_random_ipv6_near_min ... ok
[INFO] [stdout] test net::tests::test_random_ipv4_cidr_with_too_small_prefix_length_returns_error ... ok
[INFO] [stdout] test net::tests::test_random_ipv6_cidr_with_prefix_length_start_and_end ... ok
[INFO] [stdout] test net::tests::test_random_ipv6_with_both_start_and_end ... ok
[INFO] [stdout] test net::tests::test_random_ipv6_with_start_only ... ok
[INFO] [stdout] test primitives::tests::test_random_float32 ... ok
[INFO] [stdout] test primitives::tests::test_random_int32_with_end_only ... ok
[INFO] [stdout] test primitives::tests::test_random_int32_near_min ... ok
[INFO] [stdout] test primitives::tests::test_random_bool ... ok
[INFO] [stdout] test primitives::tests::test_random_int32 ... ok
[INFO] [stdout] test primitives::tests::test_random_int64 ... ok
[INFO] [stdout] test primitives::tests::test_random_char ... ok
[INFO] [stdout] test net::tests::test_random_ipv6_cidr_with_prefix_length_end ... ok
[INFO] [stdout] test primitives::tests::test_random_float64 ... ok
[INFO] [stdout] test primitives::tests::test_random_int64_with_end_only ... ok
[INFO] [stdout] test primitives::tests::test_random_int32_with_start_only ... ok
[INFO] [stdout] test primitives::tests::test_random_int32_near_max ... ok
[INFO] [stdout] test primitives::tests::test_random_int64_near_max ... ok
[INFO] [stdout] test primitives::tests::test_random_uint32_near_min ... ok
[INFO] [stdout] test primitives::tests::test_random_int64_near_min ... ok
[INFO] [stdout] test primitives::tests::test_random_uint32 ... ok
[INFO] [stdout] test primitives::tests::test_random_uint64_near_max ... ignored
[INFO] [stdout] test primitives::tests::test_random_uint64_with_start_only ... ignored
[INFO] [stdout] test primitives::tests::test_random_int64_with_start_only ... ok
[INFO] [stdout] test primitives::tests::test_random_uint32_near_max ... ok
[INFO] [stdout] test primitives::tests::test_random_uint64 ... ok
[INFO] [stdout] test primitives::tests::test_random_uint64_near_min ... ok
[INFO] [stdout] test primitives::tests::test_random_uint32_with_end_only ... ok
[INFO] [stdout] test string::tests::test_random_string_with_standard_space_and_custom_length ... ok
[INFO] [stdout] test primitives::tests::test_random_uint32_with_start_only ... ok
[INFO] [stdout] test primitives::tests::test_random_uint64_with_end_only ... ok
[INFO] [stdout] test string::tests::test_random_string_with_standard_space ... ok
[INFO] [stdout] test uuid::tests::test_random_uuid ... ok
[INFO] [stdout] test string::tests::test_random_string_with_alphanumeric_space ... ok
[INFO] [stdout] test string::tests::test_random_string ... ok
[INFO] [stdout] test string::tests::test_random_string_with_custom_length ... ok
[INFO] [stdout] 
[INFO] [stdout] test result: ok. 59 passed; 0 failed; 2 ignored; 0 measured; 0 filtered out; finished in 0.30s
[INFO] [stdout] 
[INFO] [stderr]      Running unittests src/main.rs (/opt/rustwide/target/debug/deps/tera_rand_cli-d6da878b3ba8ac36)
[INFO] [stdout] 
[INFO] [stdout] running 0 tests
[INFO] [stdout] 
[INFO] [stdout] test result: ok. 0 passed; 0 failed; 0 ignored; 0 measured; 0 filtered out; finished in 0.00s
[INFO] [stdout] 
[INFO] [stderr]      Running tests/integration_test.rs (/opt/rustwide/target/debug/deps/integration_test-bfaea92eefc7da8f)
[INFO] [stdout] 
[INFO] [stdout] running 3 tests
[INFO] [stdout] test test_error_when_file_does_not_exist ... ok
[INFO] [stdout] test test_error_when_file_not_passed_in ... ok
[INFO] [stdout] test test_simple_output_with_record_limit ... ok
[INFO] [stdout] 
[INFO] [stdout] test result: ok. 3 passed; 0 failed; 0 ignored; 0 measured; 0 filtered out; finished in 0.07s
[INFO] [stdout] 
[INFO] [stderr]    Doc-tests tera-rand
[INFO] [stdout] 
[INFO] [stdout] running 17 tests
[INFO] [stdout] test tera-rand/src/file.rs - file::line_from_file (line 54) ... FAILED
[INFO] [stdout] test tera-rand/src/file.rs - file::random_from_file (line 23) ... FAILED
[INFO] [stdout] test tera-rand/src/net.rs - net::random_ipv4 (line 21) ... FAILED
[INFO] [stdout] test tera-rand/src/lib.rs - (line 11) ... FAILED
[INFO] [stdout] test tera-rand/src/net.rs - net::random_ipv6_cidr (line 235) ... ok
[INFO] [stdout] test tera-rand/src/primitives.rs - primitives::random_bool (line 10) ... ok
[INFO] [stdout] test tera-rand/src/net.rs - net::random_ipv4_cidr (line 132) ... ok
[INFO] [stdout] test tera-rand/src/net.rs - net::random_ipv6 (line 72) ... ok
[INFO] [stdout] test tera-rand/src/primitives.rs - primitives::random_float32 (line 233) ... ok
[INFO] [stdout] test tera-rand/src/primitives.rs - primitives::random_char (line 30) ... ok
[INFO] [stdout] test tera-rand/src/primitives.rs - primitives::random_float64 (line 277) ... ok
[INFO] [stdout] test tera-rand/src/primitives.rs - primitives::random_int32 (line 146) ... ok
[INFO] [stdout] test tera-rand/src/primitives.rs - primitives::random_int64 (line 189) ... ok
[INFO] [stdout] test tera-rand/src/primitives.rs - primitives::random_uint32 (line 60) ... ok
[INFO] [stdout] test tera-rand/src/primitives.rs - primitives::random_uint64 (line 103) ... ok
[INFO] [stdout] test tera-rand/src/string.rs - string::random_string (line 15) ... ok
[INFO] [stdout] test tera-rand/src/uuid.rs - uuid::random_uuid (line 9) ... ok
[INFO] [stdout] 
[INFO] [stdout] failures:
[INFO] [stdout] 
[INFO] [stdout] ---- tera-rand/src/file.rs - file::line_from_file (line 54) stdout ----
[INFO] [stdout] error: linking with `cc` failed: exit status: 1
[INFO] [stdout]   |
[INFO] [stdout]   = note: LC_ALL="C" PATH="/opt/rustwide/rustup-home/toolchains/1.75.0-x86_64-unknown-linux-gnu/lib/rustlib/x86_64-unknown-linux-gnu/bin:/opt/rustwide/cargo-home/bin:/usr/local/sbin:/usr/local/bin:/usr/sbin:/usr/bin:/sbin:/bin" VSLANG="1033" "cc" "-m64" "/tmp/rustc09cY2a/symbols.o" "/tmp/rustdoctestqGEO1q/rust_out.rust_out.263fb70ac1c95110-cgu.0.rcgu.o" "/tmp/rustdoctestqGEO1q/rust_out.2uel00cfmdh5ufit.rcgu.o" "-Wl,--as-needed" "-L" "/opt/rustwide/target/debug/deps" "-L" "/opt/rustwide/target/debug/deps" "-L" "/opt/rustwide/rustup-home/toolchains/1.75.0-x86_64-unknown-linux-gnu/lib/rustlib/x86_64-unknown-linux-gnu/lib" "-Wl,-Bstatic" "/opt/rustwide/target/debug/deps/libtera_rand-96a5dd2f7552e24c.rlib" "/opt/rustwide/target/debug/deps/libuuid-1049b14fa0a74c76.rlib" "/opt/rustwide/target/debug/deps/libdashmap-cfbbf16922b0ccc4.rlib" "/opt/rustwide/target/debug/deps/liblock_api-6d695fe916f3ef34.rlib" "/opt/rustwide/target/debug/deps/libscopeguard-012e5ed929fc2fe6.rlib" "/opt/rustwide/target/debug/deps/libparking_lot_core-f1d38ac72db64a55.rlib" "/opt/rustwide/target/debug/deps/libsmallvec-33da69ee6a49df81.rlib" "/opt/rustwide/target/debug/deps/libhashbrown-59250bbd60697a6e.rlib" "/opt/rustwide/target/debug/deps/libanyhow-477edb6dbb409be2.rlib" "/opt/rustwide/target/debug/deps/libtera-4c1363d5fde0d701.rlib" "/opt/rustwide/target/debug/deps/libslug-8333e30aa3c9fbb8.rlib" "/opt/rustwide/target/debug/deps/libdeunicode-206f4baa7d73ca79.rlib" "/opt/rustwide/target/debug/deps/libglobwalk-87a481b062632a3a.rlib" "/opt/rustwide/target/debug/deps/libbitflags-b7cee2ca4fb438d0.rlib" "/opt/rustwide/target/debug/deps/libignore-51e82ad3a1760916.rlib" "/opt/rustwide/target/debug/deps/libwalkdir-1e1e3f79bb01416f.rlib" "/opt/rustwide/target/debug/deps/libsame_file-06a4c01142053b65.rlib" "/opt/rustwide/target/debug/deps/libthread_local-9d1d63a748ccf366.rlib" "/opt/rustwide/target/debug/deps/libonce_cell-865e1c5018a0303a.rlib" "/opt/rustwide/target/debug/deps/libglobset-4a5aeed0a6689331.rlib" "/opt/rustwide/target/debug/deps/libfnv-18bf5144d055e772.rlib" "/opt/rustwide/target/debug/deps/liblog-e491f2c1d0b13538.rlib" "/opt/rustwide/target/debug/deps/libbstr-5f628df08c2ce873.rlib" "/opt/rustwide/target/debug/deps/libregex_automata-ef67dc4c82ae2f89.rlib" "/opt/rustwide/target/debug/deps/libpest-7e7c24de5733cac4.rlib" "/opt/rustwide/target/debug/deps/libucd_trie-6132939a2ce7db4c.rlib" "/opt/rustwide/target/debug/deps/libthiserror-f9a22db80fbe2fff.rlib" "/opt/rustwide/target/debug/deps/libpercent_encoding-5d42724fd4d173a7.rlib" "/opt/rustwide/target/debug/deps/libunic_segment-4506fa2a6b8fcf07.rlib" "/opt/rustwide/target/debug/deps/libunic_ucd_segment-39d98c64c5267e88.rlib" "/opt/rustwide/target/debug/deps/libunic_ucd_version-86e870b89902e72e.rlib" "/opt/rustwide/target/debug/deps/libunic_common-b51cfe4c7911fb51.rlib" "/opt/rustwide/target/debug/deps/libunic_char_property-3038e51eb891254b.rlib" "/opt/rustwide/target/debug/deps/libunic_char_range-8167d6d630af922b.rlib" "/opt/rustwide/target/debug/deps/libregex-5b904417d1990163.rlib" "/opt/rustwide/target/debug/deps/libregex_automata-6eacba717873936d.rlib" "/opt/rustwide/target/debug/deps/libaho_corasick-283892478f1b1d34.rlib" "/opt/rustwide/target/debug/deps/libmemchr-8adfc22b612d6f7a.rlib" "/opt/rustwide/target/debug/deps/libregex_syntax-e4dd3c3a3cb10e1d.rlib" "/opt/rustwide/target/debug/deps/liblazy_static-591486ebcb9a7ead.rlib" "/opt/rustwide/target/debug/deps/libhumansize-b1a4cf4dd9043b4f.rlib" "/opt/rustwide/target/debug/deps/liblibm-df9e3968982325c8.rlib" "/opt/rustwide/target/debug/deps/libchrono_tz-2d5701b407032d9a.rlib" "/opt/rustwide/target/debug/deps/libphf-75da2ba4a0a3b788.rlib" "/opt/rustwide/target/debug/deps/libphf_shared-c55d56ee6edaa4cd.rlib" "/opt/rustwide/target/debug/deps/libsiphasher-bee8b9f666c09ef8.rlib" "/opt/rustwide/target/debug/deps/libchrono-dae2057a8fe64e8d.rlib" "/opt/rustwide/target/debug/deps/libnum_traits-23ae6b7832b5a082.rlib" "/opt/rustwide/target/debug/deps/libiana_time_zone-4d940f736806fce6.rlib" "/opt/rustwide/target/debug/deps/libserde_json-857b2b0e3fcb7d76.rlib" "/opt/rustwide/target/debug/deps/libryu-f8e8abf733224b36.rlib" "/opt/rustwide/target/debug/deps/libitoa-05fb7c91ffbc0a79.rlib" "/opt/rustwide/target/debug/deps/libserde-f3211f7ff95b7588.rlib" "/opt/rustwide/target/debug/deps/librand-ffb9629731b72ad3.rlib" "/opt/rustwide/target/debug/deps/librand_chacha-9fb38ed8853e498a.rlib" "/opt/rustwide/target/debug/deps/libppv_lite86-9f808eb911999ef2.rlib" "/opt/rustwide/target/debug/deps/librand_core-0cbfb7f6e066dce7.rlib" "/opt/rustwide/target/debug/deps/libgetrandom-43720ee999104deb.rlib" "/opt/rustwide/target/debug/deps/liblibc-80caa61b614001af.rlib" "/opt/rustwide/target/debug/deps/libcfg_if-61dc7a6799e72b18.rlib" "/opt/rustwide/rustup-home/toolchains/1.75.0-x86_64-unknown-linux-gnu/lib/rustlib/x86_64-unknown-linux-gnu/lib/libstd-90f6ddbf82de36ec.rlib" "/opt/rustwide/rustup-home/toolchains/1.75.0-x86_64-unknown-linux-gnu/lib/rustlib/x86_64-unknown-linux-gnu/lib/libpanic_unwind-480c41e9d4e1f677.rlib" "/opt/rustwide/rustup-home/toolchains/1.75.0-x86_64-unknown-linux-gnu/lib/rustlib/x86_64-unknown-linux-gnu/lib/libobject-db744c0ca03eed1d.rlib" "/opt/rustwide/rustup-home/toolchains/1.75.0-x86_64-unknown-linux-gnu/lib/rustlib/x86_64-unknown-linux-gnu/lib/libmemchr-8ba652dc7d4b285a.rlib" "/opt/rustwide/rustup-home/toolchains/1.75.0-x86_64-unknown-linux-gnu/lib/rustlib/x86_64-unknown-linux-gnu/lib/libaddr2line-d5f4520a9ebc0d58.rlib" "/opt/rustwide/rustup-home/toolchains/1.75.0-x86_64-unknown-linux-gnu/lib/rustlib/x86_64-unknown-linux-gnu/lib/libgimli-4ad84de58f0cb463.rlib" "/opt/rustwide/rustup-home/toolchains/1.75.0-x86_64-unknown-linux-gnu/lib/rustlib/x86_64-unknown-linux-gnu/lib/librustc_demangle-0d10aae2e0f38735.rlib" "/opt/rustwide/rustup-home/toolchains/1.75.0-x86_64-unknown-linux-gnu/lib/rustlib/x86_64-unknown-linux-gnu/lib/libstd_detect-0c17cff739e6745b.rlib" "/opt/rustwide/rustup-home/toolchains/1.75.0-x86_64-unknown-linux-gnu/lib/rustlib/x86_64-unknown-linux-gnu/lib/libhashbrown-b29e17139dde1aa8.rlib" "/opt/rustwide/rustup-home/toolchains/1.75.0-x86_64-unknown-linux-gnu/lib/rustlib/x86_64-unknown-linux-gnu/lib/librustc_std_workspace_alloc-1f975299829cc7bd.rlib" "/opt/rustwide/rustup-home/toolchains/1.75.0-x86_64-unknown-linux-gnu/lib/rustlib/x86_64-unknown-linux-gnu/lib/libminiz_oxide-86bae3bc3079f89b.rlib" "/opt/rustwide/rustup-home/toolchains/1.75.0-x86_64-unknown-linux-gnu/lib/rustlib/x86_64-unknown-linux-gnu/lib/libadler-321b82c30dffdf5f.rlib" "/opt/rustwide/rustup-home/toolchains/1.75.0-x86_64-unknown-linux-gnu/lib/rustlib/x86_64-unknown-linux-gnu/lib/libunwind-3dd8a6810a0bdfef.rlib" "/opt/rustwide/rustup-home/toolchains/1.75.0-x86_64-unknown-linux-gnu/lib/rustlib/x86_64-unknown-linux-gnu/lib/libcfg_if-eb39a61c0c879984.rlib" "/opt/rustwide/rustup-home/toolchains/1.75.0-x86_64-unknown-linux-gnu/lib/rustlib/x86_64-unknown-linux-gnu/lib/liblibc-aa769569f91c3548.rlib" "/opt/rustwide/rustup-home/toolchains/1.75.0-x86_64-unknown-linux-gnu/lib/rustlib/x86_64-unknown-linux-gnu/lib/liballoc-510a192a50a983ed.rlib" "/opt/rustwide/rustup-home/toolchains/1.75.0-x86_64-unknown-linux-gnu/lib/rustlib/x86_64-unknown-linux-gnu/lib/librustc_std_workspace_core-0577018320f99037.rlib" "/opt/rustwide/rustup-home/toolchains/1.75.0-x86_64-unknown-linux-gnu/lib/rustlib/x86_64-unknown-linux-gnu/lib/libcore-193cf992125ccd4c.rlib" "/opt/rustwide/rustup-home/toolchains/1.75.0-x86_64-unknown-linux-gnu/lib/rustlib/x86_64-unknown-linux-gnu/lib/libcompiler_builtins-8e138eaf26ebb4a8.rlib" "-Wl,-Bdynamic" "-lgcc_s" "-lutil" "-lrt" "-lpthread" "-lm" "-ldl" "-lc" "-Wl,--eh-frame-hdr" "-Wl,-z,noexecstack" "-L" "/opt/rustwide/rustup-home/toolchains/1.75.0-x86_64-unknown-linux-gnu/lib/rustlib/x86_64-unknown-linux-gnu/lib" "-o" "/tmp/rustdoctestqGEO1q/rust_out" "-Wl,--gc-sections" "-pie" "-Wl,-z,relro,-z,now" "-nodefaultlibs"
[INFO] [stdout]   = note: collect2: fatal error: ld terminated with signal 9 [Killed]
[INFO] [stdout]           compilation terminated.
[INFO] [stdout]           
[INFO] [stdout] 
[INFO] [stdout] error: aborting due to previous error
[INFO] [stdout] 
[INFO] [stdout] Couldn't compile the test.
[INFO] [stdout] ---- tera-rand/src/file.rs - file::random_from_file (line 23) stdout ----
[INFO] [stdout] error: linking with `cc` failed: exit status: 1
[INFO] [stdout]   |
[INFO] [stdout]   = note: LC_ALL="C" PATH="/opt/rustwide/rustup-home/toolchains/1.75.0-x86_64-unknown-linux-gnu/lib/rustlib/x86_64-unknown-linux-gnu/bin:/opt/rustwide/cargo-home/bin:/usr/local/sbin:/usr/local/bin:/usr/sbin:/usr/bin:/sbin:/bin" VSLANG="1033" "cc" "-m64" "/tmp/rustc1qXP9M/symbols.o" "/tmp/rustdoctest3cX0t8/rust_out.rust_out.263fb70ac1c95110-cgu.0.rcgu.o" "/tmp/rustdoctest3cX0t8/rust_out.2uel00cfmdh5ufit.rcgu.o" "-Wl,--as-needed" "-L" "/opt/rustwide/target/debug/deps" "-L" "/opt/rustwide/target/debug/deps" "-L" "/opt/rustwide/rustup-home/toolchains/1.75.0-x86_64-unknown-linux-gnu/lib/rustlib/x86_64-unknown-linux-gnu/lib" "-Wl,-Bstatic" "/opt/rustwide/target/debug/deps/libtera_rand-96a5dd2f7552e24c.rlib" "/opt/rustwide/target/debug/deps/libuuid-1049b14fa0a74c76.rlib" "/opt/rustwide/target/debug/deps/libdashmap-cfbbf16922b0ccc4.rlib" "/opt/rustwide/target/debug/deps/liblock_api-6d695fe916f3ef34.rlib" "/opt/rustwide/target/debug/deps/libscopeguard-012e5ed929fc2fe6.rlib" "/opt/rustwide/target/debug/deps/libparking_lot_core-f1d38ac72db64a55.rlib" "/opt/rustwide/target/debug/deps/libsmallvec-33da69ee6a49df81.rlib" "/opt/rustwide/target/debug/deps/libhashbrown-59250bbd60697a6e.rlib" "/opt/rustwide/target/debug/deps/libanyhow-477edb6dbb409be2.rlib" "/opt/rustwide/target/debug/deps/libtera-4c1363d5fde0d701.rlib" "/opt/rustwide/target/debug/deps/libslug-8333e30aa3c9fbb8.rlib" "/opt/rustwide/target/debug/deps/libdeunicode-206f4baa7d73ca79.rlib" "/opt/rustwide/target/debug/deps/libglobwalk-87a481b062632a3a.rlib" "/opt/rustwide/target/debug/deps/libbitflags-b7cee2ca4fb438d0.rlib" "/opt/rustwide/target/debug/deps/libignore-51e82ad3a1760916.rlib" "/opt/rustwide/target/debug/deps/libwalkdir-1e1e3f79bb01416f.rlib" "/opt/rustwide/target/debug/deps/libsame_file-06a4c01142053b65.rlib" "/opt/rustwide/target/debug/deps/libthread_local-9d1d63a748ccf366.rlib" "/opt/rustwide/target/debug/deps/libonce_cell-865e1c5018a0303a.rlib" "/opt/rustwide/target/debug/deps/libglobset-4a5aeed0a6689331.rlib" "/opt/rustwide/target/debug/deps/libfnv-18bf5144d055e772.rlib" "/opt/rustwide/target/debug/deps/liblog-e491f2c1d0b13538.rlib" "/opt/rustwide/target/debug/deps/libbstr-5f628df08c2ce873.rlib" "/opt/rustwide/target/debug/deps/libregex_automata-ef67dc4c82ae2f89.rlib" "/opt/rustwide/target/debug/deps/libpest-7e7c24de5733cac4.rlib" "/opt/rustwide/target/debug/deps/libucd_trie-6132939a2ce7db4c.rlib" "/opt/rustwide/target/debug/deps/libthiserror-f9a22db80fbe2fff.rlib" "/opt/rustwide/target/debug/deps/libpercent_encoding-5d42724fd4d173a7.rlib" "/opt/rustwide/target/debug/deps/libunic_segment-4506fa2a6b8fcf07.rlib" "/opt/rustwide/target/debug/deps/libunic_ucd_segment-39d98c64c5267e88.rlib" "/opt/rustwide/target/debug/deps/libunic_ucd_version-86e870b89902e72e.rlib" "/opt/rustwide/target/debug/deps/libunic_common-b51cfe4c7911fb51.rlib" "/opt/rustwide/target/debug/deps/libunic_char_property-3038e51eb891254b.rlib" "/opt/rustwide/target/debug/deps/libunic_char_range-8167d6d630af922b.rlib" "/opt/rustwide/target/debug/deps/libregex-5b904417d1990163.rlib" "/opt/rustwide/target/debug/deps/libregex_automata-6eacba717873936d.rlib" "/opt/rustwide/target/debug/deps/libaho_corasick-283892478f1b1d34.rlib" "/opt/rustwide/target/debug/deps/libmemchr-8adfc22b612d6f7a.rlib" "/opt/rustwide/target/debug/deps/libregex_syntax-e4dd3c3a3cb10e1d.rlib" "/opt/rustwide/target/debug/deps/liblazy_static-591486ebcb9a7ead.rlib" "/opt/rustwide/target/debug/deps/libhumansize-b1a4cf4dd9043b4f.rlib" "/opt/rustwide/target/debug/deps/liblibm-df9e3968982325c8.rlib" "/opt/rustwide/target/debug/deps/libchrono_tz-2d5701b407032d9a.rlib" "/opt/rustwide/target/debug/deps/libphf-75da2ba4a0a3b788.rlib" "/opt/rustwide/target/debug/deps/libphf_shared-c55d56ee6edaa4cd.rlib" "/opt/rustwide/target/debug/deps/libsiphasher-bee8b9f666c09ef8.rlib" "/opt/rustwide/target/debug/deps/libchrono-dae2057a8fe64e8d.rlib" "/opt/rustwide/target/debug/deps/libnum_traits-23ae6b7832b5a082.rlib" "/opt/rustwide/target/debug/deps/libiana_time_zone-4d940f736806fce6.rlib" "/opt/rustwide/target/debug/deps/libserde_json-857b2b0e3fcb7d76.rlib" "/opt/rustwide/target/debug/deps/libryu-f8e8abf733224b36.rlib" "/opt/rustwide/target/debug/deps/libitoa-05fb7c91ffbc0a79.rlib" "/opt/rustwide/target/debug/deps/libserde-f3211f7ff95b7588.rlib" "/opt/rustwide/target/debug/deps/librand-ffb9629731b72ad3.rlib" "/opt/rustwide/target/debug/deps/librand_chacha-9fb38ed8853e498a.rlib" "/opt/rustwide/target/debug/deps/libppv_lite86-9f808eb911999ef2.rlib" "/opt/rustwide/target/debug/deps/librand_core-0cbfb7f6e066dce7.rlib" "/opt/rustwide/target/debug/deps/libgetrandom-43720ee999104deb.rlib" "/opt/rustwide/target/debug/deps/liblibc-80caa61b614001af.rlib" "/opt/rustwide/target/debug/deps/libcfg_if-61dc7a6799e72b18.rlib" "/opt/rustwide/rustup-home/toolchains/1.75.0-x86_64-unknown-linux-gnu/lib/rustlib/x86_64-unknown-linux-gnu/lib/libstd-90f6ddbf82de36ec.rlib" "/opt/rustwide/rustup-home/toolchains/1.75.0-x86_64-unknown-linux-gnu/lib/rustlib/x86_64-unknown-linux-gnu/lib/libpanic_unwind-480c41e9d4e1f677.rlib" "/opt/rustwide/rustup-home/toolchains/1.75.0-x86_64-unknown-linux-gnu/lib/rustlib/x86_64-unknown-linux-gnu/lib/libobject-db744c0ca03eed1d.rlib" "/opt/rustwide/rustup-home/toolchains/1.75.0-x86_64-unknown-linux-gnu/lib/rustlib/x86_64-unknown-linux-gnu/lib/libmemchr-8ba652dc7d4b285a.rlib" "/opt/rustwide/rustup-home/toolchains/1.75.0-x86_64-unknown-linux-gnu/lib/rustlib/x86_64-unknown-linux-gnu/lib/libaddr2line-d5f4520a9ebc0d58.rlib" "/opt/rustwide/rustup-home/toolchains/1.75.0-x86_64-unknown-linux-gnu/lib/rustlib/x86_64-unknown-linux-gnu/lib/libgimli-4ad84de58f0cb463.rlib" "/opt/rustwide/rustup-home/toolchains/1.75.0-x86_64-unknown-linux-gnu/lib/rustlib/x86_64-unknown-linux-gnu/lib/librustc_demangle-0d10aae2e0f38735.rlib" "/opt/rustwide/rustup-home/toolchains/1.75.0-x86_64-unknown-linux-gnu/lib/rustlib/x86_64-unknown-linux-gnu/lib/libstd_detect-0c17cff739e6745b.rlib" "/opt/rustwide/rustup-home/toolchains/1.75.0-x86_64-unknown-linux-gnu/lib/rustlib/x86_64-unknown-linux-gnu/lib/libhashbrown-b29e17139dde1aa8.rlib" "/opt/rustwide/rustup-home/toolchains/1.75.0-x86_64-unknown-linux-gnu/lib/rustlib/x86_64-unknown-linux-gnu/lib/librustc_std_workspace_alloc-1f975299829cc7bd.rlib" "/opt/rustwide/rustup-home/toolchains/1.75.0-x86_64-unknown-linux-gnu/lib/rustlib/x86_64-unknown-linux-gnu/lib/libminiz_oxide-86bae3bc3079f89b.rlib" "/opt/rustwide/rustup-home/toolchains/1.75.0-x86_64-unknown-linux-gnu/lib/rustlib/x86_64-unknown-linux-gnu/lib/libadler-321b82c30dffdf5f.rlib" "/opt/rustwide/rustup-home/toolchains/1.75.0-x86_64-unknown-linux-gnu/lib/rustlib/x86_64-unknown-linux-gnu/lib/libunwind-3dd8a6810a0bdfef.rlib" "/opt/rustwide/rustup-home/toolchains/1.75.0-x86_64-unknown-linux-gnu/lib/rustlib/x86_64-unknown-linux-gnu/lib/libcfg_if-eb39a61c0c879984.rlib" "/opt/rustwide/rustup-home/toolchains/1.75.0-x86_64-unknown-linux-gnu/lib/rustlib/x86_64-unknown-linux-gnu/lib/liblibc-aa769569f91c3548.rlib" "/opt/rustwide/rustup-home/toolchains/1.75.0-x86_64-unknown-linux-gnu/lib/rustlib/x86_64-unknown-linux-gnu/lib/liballoc-510a192a50a983ed.rlib" "/opt/rustwide/rustup-home/toolchains/1.75.0-x86_64-unknown-linux-gnu/lib/rustlib/x86_64-unknown-linux-gnu/lib/librustc_std_workspace_core-0577018320f99037.rlib" "/opt/rustwide/rustup-home/toolchains/1.75.0-x86_64-unknown-linux-gnu/lib/rustlib/x86_64-unknown-linux-gnu/lib/libcore-193cf992125ccd4c.rlib" "/opt/rustwide/rustup-home/toolchains/1.75.0-x86_64-unknown-linux-gnu/lib/rustlib/x86_64-unknown-linux-gnu/lib/libcompiler_builtins-8e138eaf26ebb4a8.rlib" "-Wl,-Bdynamic" "-lgcc_s" "-lutil" "-lrt" "-lpthread" "-lm" "-ldl" "-lc" "-Wl,--eh-frame-hdr" "-Wl,-z,noexecstack" "-L" "/opt/rustwide/rustup-home/toolchains/1.75.0-x86_64-unknown-linux-gnu/lib/rustlib/x86_64-unknown-linux-gnu/lib" "-o" "/tmp/rustdoctest3cX0t8/rust_out" "-Wl,--gc-sections" "-pie" "-Wl,-z,relro,-z,now" "-nodefaultlibs"
[INFO] [stdout]   = note: collect2: fatal error: ld terminated with signal 9 [Killed]
[INFO] [stdout]           compilation terminated.
[INFO] [stdout]           
[INFO] [stdout] 
[INFO] [stdout] error: aborting due to previous error
[INFO] [stdout] 
[INFO] [stdout] Couldn't compile the test.
[INFO] [stdout] ---- tera-rand/src/net.rs - net::random_ipv4 (line 21) stdout ----
[INFO] [stdout] error: linking with `cc` failed: exit status: 1
[INFO] [stdout]   |
[INFO] [stdout]   = note: LC_ALL="C" PATH="/opt/rustwide/rustup-home/toolchains/1.75.0-x86_64-unknown-linux-gnu/lib/rustlib/x86_64-unknown-linux-gnu/bin:/opt/rustwide/cargo-home/bin:/usr/local/sbin:/usr/local/bin:/usr/sbin:/usr/bin:/sbin:/bin" VSLANG="1033" "cc" "-m64" "/tmp/rustchcSq6c/symbols.o" "/tmp/rustdoctest6rVFqe/rust_out.rust_out.263fb70ac1c95110-cgu.0.rcgu.o" "/tmp/rustdoctest6rVFqe/rust_out.2uel00cfmdh5ufit.rcgu.o" "-Wl,--as-needed" "-L" "/opt/rustwide/target/debug/deps" "-L" "/opt/rustwide/target/debug/deps" "-L" "/opt/rustwide/rustup-home/toolchains/1.75.0-x86_64-unknown-linux-gnu/lib/rustlib/x86_64-unknown-linux-gnu/lib" "-Wl,-Bstatic" "/opt/rustwide/target/debug/deps/libtera_rand-96a5dd2f7552e24c.rlib" "/opt/rustwide/target/debug/deps/libuuid-1049b14fa0a74c76.rlib" "/opt/rustwide/target/debug/deps/libdashmap-cfbbf16922b0ccc4.rlib" "/opt/rustwide/target/debug/deps/liblock_api-6d695fe916f3ef34.rlib" "/opt/rustwide/target/debug/deps/libscopeguard-012e5ed929fc2fe6.rlib" "/opt/rustwide/target/debug/deps/libparking_lot_core-f1d38ac72db64a55.rlib" "/opt/rustwide/target/debug/deps/libsmallvec-33da69ee6a49df81.rlib" "/opt/rustwide/target/debug/deps/libhashbrown-59250bbd60697a6e.rlib" "/opt/rustwide/target/debug/deps/libanyhow-477edb6dbb409be2.rlib" "/opt/rustwide/target/debug/deps/libtera-4c1363d5fde0d701.rlib" "/opt/rustwide/target/debug/deps/libslug-8333e30aa3c9fbb8.rlib" "/opt/rustwide/target/debug/deps/libdeunicode-206f4baa7d73ca79.rlib" "/opt/rustwide/target/debug/deps/libglobwalk-87a481b062632a3a.rlib" "/opt/rustwide/target/debug/deps/libbitflags-b7cee2ca4fb438d0.rlib" "/opt/rustwide/target/debug/deps/libignore-51e82ad3a1760916.rlib" "/opt/rustwide/target/debug/deps/libwalkdir-1e1e3f79bb01416f.rlib" "/opt/rustwide/target/debug/deps/libsame_file-06a4c01142053b65.rlib" "/opt/rustwide/target/debug/deps/libthread_local-9d1d63a748ccf366.rlib" "/opt/rustwide/target/debug/deps/libonce_cell-865e1c5018a0303a.rlib" "/opt/rustwide/target/debug/deps/libglobset-4a5aeed0a6689331.rlib" "/opt/rustwide/target/debug/deps/libfnv-18bf5144d055e772.rlib" "/opt/rustwide/target/debug/deps/liblog-e491f2c1d0b13538.rlib" "/opt/rustwide/target/debug/deps/libbstr-5f628df08c2ce873.rlib" "/opt/rustwide/target/debug/deps/libregex_automata-ef67dc4c82ae2f89.rlib" "/opt/rustwide/target/debug/deps/libpest-7e7c24de5733cac4.rlib" "/opt/rustwide/target/debug/deps/libucd_trie-6132939a2ce7db4c.rlib" "/opt/rustwide/target/debug/deps/libthiserror-f9a22db80fbe2fff.rlib" "/opt/rustwide/target/debug/deps/libpercent_encoding-5d42724fd4d173a7.rlib" "/opt/rustwide/target/debug/deps/libunic_segment-4506fa2a6b8fcf07.rlib" "/opt/rustwide/target/debug/deps/libunic_ucd_segment-39d98c64c5267e88.rlib" "/opt/rustwide/target/debug/deps/libunic_ucd_version-86e870b89902e72e.rlib" "/opt/rustwide/target/debug/deps/libunic_common-b51cfe4c7911fb51.rlib" "/opt/rustwide/target/debug/deps/libunic_char_property-3038e51eb891254b.rlib" "/opt/rustwide/target/debug/deps/libunic_char_range-8167d6d630af922b.rlib" "/opt/rustwide/target/debug/deps/libregex-5b904417d1990163.rlib" "/opt/rustwide/target/debug/deps/libregex_automata-6eacba717873936d.rlib" "/opt/rustwide/target/debug/deps/libaho_corasick-283892478f1b1d34.rlib" "/opt/rustwide/target/debug/deps/libmemchr-8adfc22b612d6f7a.rlib" "/opt/rustwide/target/debug/deps/libregex_syntax-e4dd3c3a3cb10e1d.rlib" "/opt/rustwide/target/debug/deps/liblazy_static-591486ebcb9a7ead.rlib" "/opt/rustwide/target/debug/deps/libhumansize-b1a4cf4dd9043b4f.rlib" "/opt/rustwide/target/debug/deps/liblibm-df9e3968982325c8.rlib" "/opt/rustwide/target/debug/deps/libchrono_tz-2d5701b407032d9a.rlib" "/opt/rustwide/target/debug/deps/libphf-75da2ba4a0a3b788.rlib" "/opt/rustwide/target/debug/deps/libphf_shared-c55d56ee6edaa4cd.rlib" "/opt/rustwide/target/debug/deps/libsiphasher-bee8b9f666c09ef8.rlib" "/opt/rustwide/target/debug/deps/libchrono-dae2057a8fe64e8d.rlib" "/opt/rustwide/target/debug/deps/libnum_traits-23ae6b7832b5a082.rlib" "/opt/rustwide/target/debug/deps/libiana_time_zone-4d940f736806fce6.rlib" "/opt/rustwide/target/debug/deps/libserde_json-857b2b0e3fcb7d76.rlib" "/opt/rustwide/target/debug/deps/libryu-f8e8abf733224b36.rlib" "/opt/rustwide/target/debug/deps/libitoa-05fb7c91ffbc0a79.rlib" "/opt/rustwide/target/debug/deps/libserde-f3211f7ff95b7588.rlib" "/opt/rustwide/target/debug/deps/librand-ffb9629731b72ad3.rlib" "/opt/rustwide/target/debug/deps/librand_chacha-9fb38ed8853e498a.rlib" "/opt/rustwide/target/debug/deps/libppv_lite86-9f808eb911999ef2.rlib" "/opt/rustwide/target/debug/deps/librand_core-0cbfb7f6e066dce7.rlib" "/opt/rustwide/target/debug/deps/libgetrandom-43720ee999104deb.rlib" "/opt/rustwide/target/debug/deps/liblibc-80caa61b614001af.rlib" "/opt/rustwide/target/debug/deps/libcfg_if-61dc7a6799e72b18.rlib" "/opt/rustwide/rustup-home/toolchains/1.75.0-x86_64-unknown-linux-gnu/lib/rustlib/x86_64-unknown-linux-gnu/lib/libstd-90f6ddbf82de36ec.rlib" "/opt/rustwide/rustup-home/toolchains/1.75.0-x86_64-unknown-linux-gnu/lib/rustlib/x86_64-unknown-linux-gnu/lib/libpanic_unwind-480c41e9d4e1f677.rlib" "/opt/rustwide/rustup-home/toolchains/1.75.0-x86_64-unknown-linux-gnu/lib/rustlib/x86_64-unknown-linux-gnu/lib/libobject-db744c0ca03eed1d.rlib" "/opt/rustwide/rustup-home/toolchains/1.75.0-x86_64-unknown-linux-gnu/lib/rustlib/x86_64-unknown-linux-gnu/lib/libmemchr-8ba652dc7d4b285a.rlib" "/opt/rustwide/rustup-home/toolchains/1.75.0-x86_64-unknown-linux-gnu/lib/rustlib/x86_64-unknown-linux-gnu/lib/libaddr2line-d5f4520a9ebc0d58.rlib" "/opt/rustwide/rustup-home/toolchains/1.75.0-x86_64-unknown-linux-gnu/lib/rustlib/x86_64-unknown-linux-gnu/lib/libgimli-4ad84de58f0cb463.rlib" "/opt/rustwide/rustup-home/toolchains/1.75.0-x86_64-unknown-linux-gnu/lib/rustlib/x86_64-unknown-linux-gnu/lib/librustc_demangle-0d10aae2e0f38735.rlib" "/opt/rustwide/rustup-home/toolchains/1.75.0-x86_64-unknown-linux-gnu/lib/rustlib/x86_64-unknown-linux-gnu/lib/libstd_detect-0c17cff739e6745b.rlib" "/opt/rustwide/rustup-home/toolchains/1.75.0-x86_64-unknown-linux-gnu/lib/rustlib/x86_64-unknown-linux-gnu/lib/libhashbrown-b29e17139dde1aa8.rlib" "/opt/rustwide/rustup-home/toolchains/1.75.0-x86_64-unknown-linux-gnu/lib/rustlib/x86_64-unknown-linux-gnu/lib/librustc_std_workspace_alloc-1f975299829cc7bd.rlib" "/opt/rustwide/rustup-home/toolchains/1.75.0-x86_64-unknown-linux-gnu/lib/rustlib/x86_64-unknown-linux-gnu/lib/libminiz_oxide-86bae3bc3079f89b.rlib" "/opt/rustwide/rustup-home/toolchains/1.75.0-x86_64-unknown-linux-gnu/lib/rustlib/x86_64-unknown-linux-gnu/lib/libadler-321b82c30dffdf5f.rlib" "/opt/rustwide/rustup-home/toolchains/1.75.0-x86_64-unknown-linux-gnu/lib/rustlib/x86_64-unknown-linux-gnu/lib/libunwind-3dd8a6810a0bdfef.rlib" "/opt/rustwide/rustup-home/toolchains/1.75.0-x86_64-unknown-linux-gnu/lib/rustlib/x86_64-unknown-linux-gnu/lib/libcfg_if-eb39a61c0c879984.rlib" "/opt/rustwide/rustup-home/toolchains/1.75.0-x86_64-unknown-linux-gnu/lib/rustlib/x86_64-unknown-linux-gnu/lib/liblibc-aa769569f91c3548.rlib" "/opt/rustwide/rustup-home/toolchains/1.75.0-x86_64-unknown-linux-gnu/lib/rustlib/x86_64-unknown-linux-gnu/lib/liballoc-510a192a50a983ed.rlib" "/opt/rustwide/rustup-home/toolchains/1.75.0-x86_64-unknown-linux-gnu/lib/rustlib/x86_64-unknown-linux-gnu/lib/librustc_std_workspace_core-0577018320f99037.rlib" "/opt/rustwide/rustup-home/toolchains/1.75.0-x86_64-unknown-linux-gnu/lib/rustlib/x86_64-unknown-linux-gnu/lib/libcore-193cf992125ccd4c.rlib" "/opt/rustwide/rustup-home/toolchains/1.75.0-x86_64-unknown-linux-gnu/lib/rustlib/x86_64-unknown-linux-gnu/lib/libcompiler_builtins-8e138eaf26ebb4a8.rlib" "-Wl,-Bdynamic" "-lgcc_s" "-lutil" "-lrt" "-lpthread" "-lm" "-ldl" "-lc" "-Wl,--eh-frame-hdr" "-Wl,-z,noexecstack" "-L" "/opt/rustwide/rustup-home/toolchains/1.75.0-x86_64-unknown-linux-gnu/lib/rustlib/x86_64-unknown-linux-gnu/lib" "-o" "/tmp/rustdoctest6rVFqe/rust_out" "-Wl,--gc-sections" "-pie" "-Wl,-z,relro,-z,now" "-nodefaultlibs"
[INFO] [stdout]   = note: collect2: fatal error: ld terminated with signal 9 [Killed]
[INFO] [stdout]           compilation terminated.
[INFO] [stdout]           
[INFO] [stdout] 
[INFO] [stdout] error: aborting due to previous error
[INFO] [stdout] 
[INFO] [stdout] Couldn't compile the test.
[INFO] [stdout] ---- tera-rand/src/lib.rs - (line 11) stdout ----
[INFO] [stdout] error: linking with `cc` failed: exit status: 1
[INFO] [stdout]   |
[INFO] [stdout]   = note: LC_ALL="C" PATH="/opt/rustwide/rustup-home/toolchains/1.75.0-x86_64-unknown-linux-gnu/lib/rustlib/x86_64-unknown-linux-gnu/bin:/opt/rustwide/cargo-home/bin:/usr/local/sbin:/usr/local/bin:/usr/sbin:/usr/bin:/sbin:/bin" VSLANG="1033" "cc" "-m64" "/tmp/rustce7DGtG/symbols.o" "/tmp/rustdoctestaRJbnY/rust_out.rust_out.263fb70ac1c95110-cgu.0.rcgu.o" "/tmp/rustdoctestaRJbnY/rust_out.2uel00cfmdh5ufit.rcgu.o" "-Wl,--as-needed" "-L" "/opt/rustwide/target/debug/deps" "-L" "/opt/rustwide/target/debug/deps" "-L" "/opt/rustwide/rustup-home/toolchains/1.75.0-x86_64-unknown-linux-gnu/lib/rustlib/x86_64-unknown-linux-gnu/lib" "-Wl,-Bstatic" "/opt/rustwide/target/debug/deps/libtera_rand-96a5dd2f7552e24c.rlib" "/opt/rustwide/target/debug/deps/libuuid-1049b14fa0a74c76.rlib" "/opt/rustwide/target/debug/deps/libdashmap-cfbbf16922b0ccc4.rlib" "/opt/rustwide/target/debug/deps/liblock_api-6d695fe916f3ef34.rlib" "/opt/rustwide/target/debug/deps/libscopeguard-012e5ed929fc2fe6.rlib" "/opt/rustwide/target/debug/deps/libparking_lot_core-f1d38ac72db64a55.rlib" "/opt/rustwide/target/debug/deps/libsmallvec-33da69ee6a49df81.rlib" "/opt/rustwide/target/debug/deps/libhashbrown-59250bbd60697a6e.rlib" "/opt/rustwide/target/debug/deps/libanyhow-477edb6dbb409be2.rlib" "/opt/rustwide/target/debug/deps/libtera-4c1363d5fde0d701.rlib" "/opt/rustwide/target/debug/deps/libslug-8333e30aa3c9fbb8.rlib" "/opt/rustwide/target/debug/deps/libdeunicode-206f4baa7d73ca79.rlib" "/opt/rustwide/target/debug/deps/libglobwalk-87a481b062632a3a.rlib" "/opt/rustwide/target/debug/deps/libbitflags-b7cee2ca4fb438d0.rlib" "/opt/rustwide/target/debug/deps/libignore-51e82ad3a1760916.rlib" "/opt/rustwide/target/debug/deps/libwalkdir-1e1e3f79bb01416f.rlib" "/opt/rustwide/target/debug/deps/libsame_file-06a4c01142053b65.rlib" "/opt/rustwide/target/debug/deps/libthread_local-9d1d63a748ccf366.rlib" "/opt/rustwide/target/debug/deps/libonce_cell-865e1c5018a0303a.rlib" "/opt/rustwide/target/debug/deps/libglobset-4a5aeed0a6689331.rlib" "/opt/rustwide/target/debug/deps/libfnv-18bf5144d055e772.rlib" "/opt/rustwide/target/debug/deps/liblog-e491f2c1d0b13538.rlib" "/opt/rustwide/target/debug/deps/libbstr-5f628df08c2ce873.rlib" "/opt/rustwide/target/debug/deps/libregex_automata-ef67dc4c82ae2f89.rlib" "/opt/rustwide/target/debug/deps/libpest-7e7c24de5733cac4.rlib" "/opt/rustwide/target/debug/deps/libucd_trie-6132939a2ce7db4c.rlib" "/opt/rustwide/target/debug/deps/libthiserror-f9a22db80fbe2fff.rlib" "/opt/rustwide/target/debug/deps/libpercent_encoding-5d42724fd4d173a7.rlib" "/opt/rustwide/target/debug/deps/libunic_segment-4506fa2a6b8fcf07.rlib" "/opt/rustwide/target/debug/deps/libunic_ucd_segment-39d98c64c5267e88.rlib" "/opt/rustwide/target/debug/deps/libunic_ucd_version-86e870b89902e72e.rlib" "/opt/rustwide/target/debug/deps/libunic_common-b51cfe4c7911fb51.rlib" "/opt/rustwide/target/debug/deps/libunic_char_property-3038e51eb891254b.rlib" "/opt/rustwide/target/debug/deps/libunic_char_range-8167d6d630af922b.rlib" "/opt/rustwide/target/debug/deps/libregex-5b904417d1990163.rlib" "/opt/rustwide/target/debug/deps/libregex_automata-6eacba717873936d.rlib" "/opt/rustwide/target/debug/deps/libaho_corasick-283892478f1b1d34.rlib" "/opt/rustwide/target/debug/deps/libmemchr-8adfc22b612d6f7a.rlib" "/opt/rustwide/target/debug/deps/libregex_syntax-e4dd3c3a3cb10e1d.rlib" "/opt/rustwide/target/debug/deps/liblazy_static-591486ebcb9a7ead.rlib" "/opt/rustwide/target/debug/deps/libhumansize-b1a4cf4dd9043b4f.rlib" "/opt/rustwide/target/debug/deps/liblibm-df9e3968982325c8.rlib" "/opt/rustwide/target/debug/deps/libchrono_tz-2d5701b407032d9a.rlib" "/opt/rustwide/target/debug/deps/libphf-75da2ba4a0a3b788.rlib" "/opt/rustwide/target/debug/deps/libphf_shared-c55d56ee6edaa4cd.rlib" "/opt/rustwide/target/debug/deps/libsiphasher-bee8b9f666c09ef8.rlib" "/opt/rustwide/target/debug/deps/libchrono-dae2057a8fe64e8d.rlib" "/opt/rustwide/target/debug/deps/libnum_traits-23ae6b7832b5a082.rlib" "/opt/rustwide/target/debug/deps/libiana_time_zone-4d940f736806fce6.rlib" "/opt/rustwide/target/debug/deps/libserde_json-857b2b0e3fcb7d76.rlib" "/opt/rustwide/target/debug/deps/libryu-f8e8abf733224b36.rlib" "/opt/rustwide/target/debug/deps/libitoa-05fb7c91ffbc0a79.rlib" "/opt/rustwide/target/debug/deps/libserde-f3211f7ff95b7588.rlib" "/opt/rustwide/target/debug/deps/librand-ffb9629731b72ad3.rlib" "/opt/rustwide/target/debug/deps/librand_chacha-9fb38ed8853e498a.rlib" "/opt/rustwide/target/debug/deps/libppv_lite86-9f808eb911999ef2.rlib" "/opt/rustwide/target/debug/deps/librand_core-0cbfb7f6e066dce7.rlib" "/opt/rustwide/target/debug/deps/libgetrandom-43720ee999104deb.rlib" "/opt/rustwide/target/debug/deps/liblibc-80caa61b614001af.rlib" "/opt/rustwide/target/debug/deps/libcfg_if-61dc7a6799e72b18.rlib" "/opt/rustwide/rustup-home/toolchains/1.75.0-x86_64-unknown-linux-gnu/lib/rustlib/x86_64-unknown-linux-gnu/lib/libstd-90f6ddbf82de36ec.rlib" "/opt/rustwide/rustup-home/toolchains/1.75.0-x86_64-unknown-linux-gnu/lib/rustlib/x86_64-unknown-linux-gnu/lib/libpanic_unwind-480c41e9d4e1f677.rlib" "/opt/rustwide/rustup-home/toolchains/1.75.0-x86_64-unknown-linux-gnu/lib/rustlib/x86_64-unknown-linux-gnu/lib/libobject-db744c0ca03eed1d.rlib" "/opt/rustwide/rustup-home/toolchains/1.75.0-x86_64-unknown-linux-gnu/lib/rustlib/x86_64-unknown-linux-gnu/lib/libmemchr-8ba652dc7d4b285a.rlib" "/opt/rustwide/rustup-home/toolchains/1.75.0-x86_64-unknown-linux-gnu/lib/rustlib/x86_64-unknown-linux-gnu/lib/libaddr2line-d5f4520a9ebc0d58.rlib" "/opt/rustwide/rustup-home/toolchains/1.75.0-x86_64-unknown-linux-gnu/lib/rustlib/x86_64-unknown-linux-gnu/lib/libgimli-4ad84de58f0cb463.rlib" "/opt/rustwide/rustup-home/toolchains/1.75.0-x86_64-unknown-linux-gnu/lib/rustlib/x86_64-unknown-linux-gnu/lib/librustc_demangle-0d10aae2e0f38735.rlib" "/opt/rustwide/rustup-home/toolchains/1.75.0-x86_64-unknown-linux-gnu/lib/rustlib/x86_64-unknown-linux-gnu/lib/libstd_detect-0c17cff739e6745b.rlib" "/opt/rustwide/rustup-home/toolchains/1.75.0-x86_64-unknown-linux-gnu/lib/rustlib/x86_64-unknown-linux-gnu/lib/libhashbrown-b29e17139dde1aa8.rlib" "/opt/rustwide/rustup-home/toolchains/1.75.0-x86_64-unknown-linux-gnu/lib/rustlib/x86_64-unknown-linux-gnu/lib/librustc_std_workspace_alloc-1f975299829cc7bd.rlib" "/opt/rustwide/rustup-home/toolchains/1.75.0-x86_64-unknown-linux-gnu/lib/rustlib/x86_64-unknown-linux-gnu/lib/libminiz_oxide-86bae3bc3079f89b.rlib" "/opt/rustwide/rustup-home/toolchains/1.75.0-x86_64-unknown-linux-gnu/lib/rustlib/x86_64-unknown-linux-gnu/lib/libadler-321b82c30dffdf5f.rlib" "/opt/rustwide/rustup-home/toolchains/1.75.0-x86_64-unknown-linux-gnu/lib/rustlib/x86_64-unknown-linux-gnu/lib/libunwind-3dd8a6810a0bdfef.rlib" "/opt/rustwide/rustup-home/toolchains/1.75.0-x86_64-unknown-linux-gnu/lib/rustlib/x86_64-unknown-linux-gnu/lib/libcfg_if-eb39a61c0c879984.rlib" "/opt/rustwide/rustup-home/toolchains/1.75.0-x86_64-unknown-linux-gnu/lib/rustlib/x86_64-unknown-linux-gnu/lib/liblibc-aa769569f91c3548.rlib" "/opt/rustwide/rustup-home/toolchains/1.75.0-x86_64-unknown-linux-gnu/lib/rustlib/x86_64-unknown-linux-gnu/lib/liballoc-510a192a50a983ed.rlib" "/opt/rustwide/rustup-home/toolchains/1.75.0-x86_64-unknown-linux-gnu/lib/rustlib/x86_64-unknown-linux-gnu/lib/librustc_std_workspace_core-0577018320f99037.rlib" "/opt/rustwide/rustup-home/toolchains/1.75.0-x86_64-unknown-linux-gnu/lib/rustlib/x86_64-unknown-linux-gnu/lib/libcore-193cf992125ccd4c.rlib" "/opt/rustwide/rustup-home/toolchains/1.75.0-x86_64-unknown-linux-gnu/lib/rustlib/x86_64-unknown-linux-gnu/lib/libcompiler_builtins-8e138eaf26ebb4a8.rlib" "-Wl,-Bdynamic" "-lgcc_s" "-lutil" "-lrt" "-lpthread" "-lm" "-ldl" "-lc" "-Wl,--eh-frame-hdr" "-Wl,-z,noexecstack" "-L" "/opt/rustwide/rustup-home/toolchains/1.75.0-x86_64-unknown-linux-gnu/lib/rustlib/x86_64-unknown-linux-gnu/lib" "-o" "/tmp/rustdoctestaRJbnY/rust_out" "-Wl,--gc-sections" "-pie" "-Wl,-z,relro,-z,now" "-nodefaultlibs"
[INFO] [stdout]   = note: collect2: fatal error: ld terminated with signal 9 [Killed]
[INFO] [stdout]           compilation terminated.
[INFO] [stdout]           
[INFO] [stdout] 
[INFO] [stdout] error: aborting due to previous error
[INFO] [stdout] 
[INFO] [stdout] Couldn't compile the test.
[INFO] [stdout] 
[INFO] [stdout] failures:
[INFO] [stdout]     tera-rand/src/file.rs - file::line_from_file (line 54)
[INFO] [stdout]     tera-rand/src/file.rs - file::random_from_file (line 23)
[INFO] [stdout]     tera-rand/src/lib.rs - (line 11)
[INFO] [stdout]     tera-rand/src/net.rs - net::random_ipv4 (line 21)
[INFO] [stdout] 
[INFO] [stdout] test result: FAILED. 13 passed; 4 failed; 0 ignored; 0 measured; 0 filtered out; finished in 8.32s
[INFO] [stdout] 
[INFO] [stderr] error: doctest failed, to rerun pass `-p tera-rand --doc`
[INFO] running `Command { std: "docker" "inspect" "55d9364a2e5298eee13243b01875aa43d1871134d7fea8c4aa09d1f037f31504", kill_on_drop: false }`
[INFO] running `Command { std: "docker" "rm" "-f" "55d9364a2e5298eee13243b01875aa43d1871134d7fea8c4aa09d1f037f31504", kill_on_drop: false }`
[INFO] [stdout] 55d9364a2e5298eee13243b01875aa43d1871134d7fea8c4aa09d1f037f31504
