[INFO] cloning repository https://github.com/Ph4ntomas/raytracer
[INFO] running `Command { std: "git" "-c" "credential.helper=" "-c" "credential.helper=/workspace/cargo-home/bin/git-credential-null" "clone" "--bare" "https://github.com/Ph4ntomas/raytracer" "/workspace/cache/git-repos/https%3A%2F%2Fgithub.com%2FPh4ntomas%2Fraytracer", kill_on_drop: false }`
[INFO] [stderr] Cloning into bare repository '/workspace/cache/git-repos/https%3A%2F%2Fgithub.com%2FPh4ntomas%2Fraytracer'...
[INFO] running `Command { std: "git" "rev-parse" "HEAD", kill_on_drop: false }`
[INFO] [stdout] 18fef148eaf4c74c3437367945ed741e2ffd88ce
[INFO] testing Ph4ntomas/raytracer against 1.75.0 for beta-1.76-1
[INFO] running `Command { std: "git" "clone" "/workspace/cache/git-repos/https%3A%2F%2Fgithub.com%2FPh4ntomas%2Fraytracer" "/workspace/builds/worker-6-tc1/source", kill_on_drop: false }`
[INFO] [stderr] Cloning into '/workspace/builds/worker-6-tc1/source'...
[INFO] [stderr] done.
[INFO] validating manifest of git repo https://github.com/Ph4ntomas/raytracer on toolchain 1.75.0
[INFO] running `Command { std: CARGO_HOME="/workspace/cargo-home" RUSTUP_HOME="/workspace/rustup-home" "/workspace/cargo-home/bin/cargo" "+1.75.0" "metadata" "--manifest-path" "Cargo.toml" "--no-deps", kill_on_drop: false }`
[INFO] started tweaking git repo https://github.com/Ph4ntomas/raytracer
[INFO] finished tweaking git repo https://github.com/Ph4ntomas/raytracer
[INFO] tweaked toml for git repo https://github.com/Ph4ntomas/raytracer written to /workspace/builds/worker-6-tc1/source/Cargo.toml
[INFO] crate git repo https://github.com/Ph4ntomas/raytracer already has a lockfile, it will not be regenerated
[INFO] running `Command { std: CARGO_HOME="/workspace/cargo-home" RUSTUP_HOME="/workspace/rustup-home" "/workspace/cargo-home/bin/cargo" "+1.75.0" "fetch" "--manifest-path" "Cargo.toml", kill_on_drop: false }`
[INFO] [stderr]     Blocking waiting for file lock on package cache
[INFO] [stderr]     Updating crates.io index
[INFO] [stderr]     Blocking waiting for file lock on package cache
[INFO] [stderr]  Downloading crates ...
[INFO] [stderr]   Downloaded nannou_mesh v0.18.0
[INFO] [stderr]   Downloaded nannou_wgpu v0.18.0
[INFO] [stderr]   Downloaded wgpu-types v0.11.0
[INFO] [stderr]   Downloaded nannou_core v0.18.0
[INFO] [stderr]   Downloaded wgpu v0.11.1
[INFO] [stderr]   Downloaded naga v0.7.3
[INFO] [stderr]   Downloaded wgpu-hal v0.11.5
[INFO] [stderr]   Downloaded wgpu-core v0.11.3
[INFO] [stderr]   Downloaded nannou v0.18.1
[INFO] running `Command { std: "docker" "create" "-v" "/var/lib/crater-agent-workspace/builds/worker-6-tc1/target:/opt/rustwide/target:rw,Z" "-v" "/var/lib/crater-agent-workspace/builds/worker-6-tc1/source:/opt/rustwide/workdir:ro,Z" "-v" "/var/lib/crater-agent-workspace/cargo-home:/opt/rustwide/cargo-home:ro,Z" "-v" "/var/lib/crater-agent-workspace/rustup-home:/opt/rustwide/rustup-home:ro,Z" "-e" "SOURCE_DIR=/opt/rustwide/workdir" "-e" "CARGO_TARGET_DIR=/opt/rustwide/target" "-e" "CARGO_HOME=/opt/rustwide/cargo-home" "-e" "RUSTUP_HOME=/opt/rustwide/rustup-home" "-w" "/opt/rustwide/workdir" "-m" "1610612736" "--user" "0:0" "--network" "none" "ghcr.io/rust-lang/crates-build-env/linux@sha256:2788e3201cd34a07e3172128adcd8b3090168a8e3bcc40d7c032b9dda1df7d1c" "/opt/rustwide/cargo-home/bin/cargo" "+1.75.0" "metadata" "--no-deps" "--format-version=1", kill_on_drop: false }`
[INFO] [stdout] 1465c16f4e21ba501b306464f9eb63877ed9e016580e5ebbc63a99f3a2ac9562
[INFO] running `Command { std: "docker" "start" "-a" "1465c16f4e21ba501b306464f9eb63877ed9e016580e5ebbc63a99f3a2ac9562", kill_on_drop: false }`
[INFO] running `Command { std: "docker" "inspect" "1465c16f4e21ba501b306464f9eb63877ed9e016580e5ebbc63a99f3a2ac9562", kill_on_drop: false }`
[INFO] running `Command { std: "docker" "rm" "-f" "1465c16f4e21ba501b306464f9eb63877ed9e016580e5ebbc63a99f3a2ac9562", kill_on_drop: false }`
[INFO] [stdout] 1465c16f4e21ba501b306464f9eb63877ed9e016580e5ebbc63a99f3a2ac9562
[INFO] running `Command { std: "docker" "create" "-v" "/var/lib/crater-agent-workspace/builds/worker-6-tc1/target:/opt/rustwide/target:rw,Z" "-v" "/var/lib/crater-agent-workspace/builds/worker-6-tc1/source:/opt/rustwide/workdir:ro,Z" "-v" "/var/lib/crater-agent-workspace/cargo-home:/opt/rustwide/cargo-home:ro,Z" "-v" "/var/lib/crater-agent-workspace/rustup-home:/opt/rustwide/rustup-home:ro,Z" "-e" "SOURCE_DIR=/opt/rustwide/workdir" "-e" "CARGO_TARGET_DIR=/opt/rustwide/target" "-e" "CARGO_INCREMENTAL=0" "-e" "RUST_BACKTRACE=full" "-e" "RUSTFLAGS=--cap-lints=warn" "-e" "RUSTDOCFLAGS=--cap-lints=warn" "-e" "CARGO_HOME=/opt/rustwide/cargo-home" "-e" "RUSTUP_HOME=/opt/rustwide/rustup-home" "-w" "/opt/rustwide/workdir" "-m" "1610612736" "--user" "0:0" "--network" "none" "ghcr.io/rust-lang/crates-build-env/linux@sha256:2788e3201cd34a07e3172128adcd8b3090168a8e3bcc40d7c032b9dda1df7d1c" "/opt/rustwide/cargo-home/bin/cargo" "+1.75.0" "build" "--frozen" "--message-format=json", kill_on_drop: false }`
[INFO] [stdout] 6b3367218bbd180cdff1198dd583b9e3eec77ffc465b661dfd467394ffaefa21
[INFO] running `Command { std: "docker" "start" "-a" "6b3367218bbd180cdff1198dd583b9e3eec77ffc465b661dfd467394ffaefa21", kill_on_drop: false }`
[INFO] [stderr]    Compiling libc v0.2.142
[INFO] [stderr]    Compiling proc-macro2 v1.0.56
[INFO] [stderr]    Compiling quote v1.0.26
[INFO] [stderr]    Compiling num-traits v0.2.15
[INFO] [stderr]    Compiling once_cell v1.17.1
[INFO] [stderr]    Compiling crossbeam-utils v0.8.15
[INFO] [stderr]    Compiling memoffset v0.8.0
[INFO] [stderr]    Compiling crossbeam-epoch v0.9.14
[INFO] [stderr]    Compiling byteorder v1.4.3
[INFO] [stderr]    Compiling libloading v0.7.4
[INFO] [stderr]    Compiling xml-rs v0.8.4
[INFO] [stderr]    Compiling serde_derive v1.0.160
[INFO] [stderr]    Compiling ahash v0.7.6
[INFO] [stderr]    Compiling wayland-sys v0.28.6
[INFO] [stderr]    Compiling parking_lot_core v0.8.6
[INFO] [stderr]    Compiling rayon-core v1.11.0
[INFO] [stderr]    Compiling serde v1.0.160
[INFO] [stderr]    Compiling dlib v0.5.0
[INFO] [stderr]    Compiling instant v0.1.12
[INFO] [stderr]    Compiling num-integer v0.1.45
[INFO] [stderr]    Compiling indexmap v1.9.3
[INFO] [stderr]    Compiling futures-core v0.3.28
[INFO] [stderr]    Compiling thiserror v1.0.40
[INFO] [stderr]    Compiling cty v0.2.2
[INFO] [stderr]    Compiling miniz_oxide v0.4.4
[INFO] [stderr]    Compiling raw-window-handle v0.4.3
[INFO] [stderr]    Compiling futures-task v0.3.28
[INFO] [stderr]    Compiling termcolor v1.2.0
[INFO] [stderr]    Compiling either v1.8.1
[INFO] [stderr]    Compiling unicode-width v0.1.10
[INFO] [stderr]    Compiling futures-channel v0.3.28
[INFO] [stderr]    Compiling adler32 v1.2.0
[INFO] [stderr]    Compiling syn v1.0.109
[INFO] [stderr]    Compiling bit-vec v0.6.3
[INFO] [stderr]    Compiling khronos-egl v4.1.0
[INFO] [stderr]    Compiling codespan-reporting v0.11.1
[INFO] [stderr]    Compiling fxhash v0.2.1
[INFO] [stderr]    Compiling gpu-descriptor-types v0.1.1
[INFO] [stderr]    Compiling crossbeam-channel v0.5.8
[INFO] [stderr]    Compiling gpu-alloc-types v0.2.0
[INFO] [stderr]    Compiling bit-set v0.5.3
[INFO] [stderr]    Compiling num-rational v0.3.2
[INFO] [stderr]    Compiling crossbeam-utils v0.7.2
[INFO] [stderr]    Compiling num-iter v0.1.43
[INFO] [stderr]    Compiling memoffset v0.5.6
[INFO] [stderr]    Compiling cfg_aliases v0.1.1
[INFO] [stderr]    Compiling minimal-lexical v0.2.1
[INFO] [stderr]    Compiling arrayvec v0.5.2
[INFO] [stderr]    Compiling scoped-tls v1.0.1
[INFO] [stderr]    Compiling syn v2.0.15
[INFO] [stderr]    Compiling wayland-scanner v0.28.6
[INFO] [stderr]    Compiling crossbeam-deque v0.8.3
[INFO] [stderr]    Compiling futures-util v0.3.28
[INFO] [stderr]    Compiling ttf-parser v0.15.2
[INFO] [stderr]    Compiling crossbeam-queue v0.3.8
[INFO] [stderr]    Compiling downcast-rs v1.2.0
[INFO] [stderr]    Compiling futures-sink v0.3.28
[INFO] [stderr]    Compiling maybe-uninit v2.0.0
[INFO] [stderr]    Compiling weezl v0.1.7
[INFO] [stderr]    Compiling hexf-parse v0.2.1
[INFO] [stderr]    Compiling nix v0.18.0
[INFO] [stderr]    Compiling nom v7.1.3
[INFO] [stderr]    Compiling wgpu-core v0.11.3
[INFO] [stderr]    Compiling gpu-alloc v0.5.3
[INFO] [stderr]    Compiling miniz_oxide v0.3.7
[INFO] [stderr]    Compiling euclid v0.22.9
[INFO] [stderr]    Compiling spirv v0.2.0+1.5.4
[INFO] [stderr]    Compiling approx v0.3.2
[INFO] [stderr]    Compiling deflate v0.8.6
[INFO] [stderr]    Compiling ash v0.33.3+1.2.191
[INFO] [stderr]    Compiling wgpu-types v0.11.0
[INFO] [stderr]    Compiling crossbeam-epoch v0.8.2
[INFO] [stderr]    Compiling renderdoc-sys v0.7.1
[INFO] [stderr]    Compiling futures-io v0.3.28
[INFO] [stderr]    Compiling getrandom v0.2.9
[INFO] [stderr]    Compiling num_cpus v1.15.0
[INFO] [stderr]    Compiling nix v0.20.0
[INFO] [stderr]    Compiling rand_core v0.6.4
[INFO] [stderr]    Compiling wayland-client v0.28.6
[INFO] [stderr]    Compiling hashbrown v0.12.3
[INFO] [stderr]    Compiling parking_lot v0.11.2
[INFO] [stderr]    Compiling getrandom v0.1.16
[INFO] [stderr]    Compiling raw-window-handle v0.3.4
[INFO] [stderr]    Compiling rand_chacha v0.3.1
[INFO] [stderr]    Compiling lyon_geom v0.17.7
[INFO] [stderr]    Compiling wayland-protocols v0.28.6
[INFO] [stderr]    Compiling rand_core v0.5.1
[INFO] [stderr]    Compiling ab_glyph_rasterizer v0.1.8
[INFO] [stderr]    Compiling glow v0.11.2
[INFO] [stderr]    Compiling rayon v1.7.0
[INFO] [stderr]    Compiling owned_ttf_parser v0.15.2
[INFO] [stderr]    Compiling gpu-descriptor v0.2.3
[INFO] [stderr]    Compiling inplace_it v0.3.5
[INFO] [stderr]    Compiling color_quant v1.1.0
[INFO] [stderr]    Compiling profiling v1.0.8
[INFO] [stderr]    Compiling palette v0.5.0
[INFO] [stderr]    Compiling same-file v1.0.6
[INFO] [stderr]    Compiling arrayvec v0.7.2
[INFO] [stderr]    Compiling home v0.5.5
[INFO] [stderr]    Compiling walkdir v2.3.3
[INFO] [stderr]    Compiling gif v0.11.4
[INFO] [stderr]    Compiling xdg v2.5.0
[INFO] [stderr]    Compiling xcursor v0.3.4
[INFO] [stderr]    Compiling rusttype v0.9.3
[INFO] [stderr]    Compiling lyon_path v0.17.7
[INFO] [stderr]    Compiling rand v0.8.5
[INFO] [stderr]    Compiling png v0.16.8
[INFO] [stderr]    Compiling x11-dl v2.21.0
[INFO] [stderr]    Compiling libloading v0.6.7
[INFO] [stderr]    Compiling bytemuck v1.13.1
[INFO] [stderr]    Compiling copyless v0.1.5
[INFO] [stderr]    Compiling scoped_threadpool v0.1.9
[INFO] [stderr]    Compiling dlib v0.4.2
[INFO] [stderr]    Compiling crossbeam v0.8.2
[INFO] [stderr]    Compiling andrew v0.3.1
[INFO] [stderr]    Compiling rand_chacha v0.2.2
[INFO] [stderr]    Compiling mio v0.7.14
[INFO] [stderr]    Compiling memmap2 v0.1.0
[INFO] [stderr]    Compiling float_next_after v0.1.5
[INFO] [stderr]    Compiling sid v0.6.1
[INFO] [stderr]    Compiling winit v0.25.0
[INFO] [stderr]    Compiling rand v0.7.3
[INFO] [stderr]    Compiling lyon_algorithms v0.17.7
[INFO] [stderr]    Compiling lyon_tessellation v0.17.10
[INFO] [stderr]    Compiling palette_derive v0.5.0
[INFO] [stderr]    Compiling wayland-commons v0.28.6
[INFO] [stderr]    Compiling mio-misc v1.2.2
[INFO] [stderr]    Compiling crossbeam-deque v0.7.4
[INFO] [stderr]    Compiling rand_xorshift v0.2.0
[INFO] [stderr]    Compiling jpeg-decoder v0.1.22
[INFO] [stderr]    Compiling ordered-float v1.1.1
[INFO] [stderr]    Compiling stb_truetype v0.3.1
[INFO] [stderr]    Compiling linked-hash-map v0.5.6
[INFO] [stderr]    Compiling rustc-hash v1.1.0
[INFO] [stderr]    Compiling lyon v0.17.10
[INFO] [stderr]    Compiling pennereq v0.3.1
[INFO] [stderr]    Compiling notosans v0.1.0
[INFO] [stderr]    Compiling find_folder v0.3.0
[INFO] [stderr]    Compiling rusttype v0.8.3
[INFO] [stderr]    Compiling thiserror-impl v1.0.40
[INFO] [stderr]    Compiling futures-macro v0.3.28
[INFO] [stderr]    Compiling tiff v0.6.1
[INFO] [stderr]    Compiling image v0.23.14
[INFO] [stderr]    Compiling wayland-cursor v0.28.6
[INFO] [stderr]    Compiling naga v0.7.3
[INFO] [stderr]    Compiling calloop v0.6.5
[INFO] [stderr]    Compiling noise v0.7.0
[INFO] [stderr]    Compiling futures-executor v0.3.28
[INFO] [stderr]    Compiling futures v0.3.28
[INFO] [stderr]    Compiling wgpu-hal v0.11.5
[INFO] [stderr]    Compiling glam v0.17.3
[INFO] [stderr]    Compiling toml v0.5.11
[INFO] [stderr]    Compiling serde_json v1.0.96
[INFO] [stderr]    Compiling nannou_core v0.18.0
[INFO] [stderr]    Compiling nannou_mesh v0.18.0
[INFO] [stderr]    Compiling wgpu v0.11.1
[INFO] [stderr]    Compiling nannou_wgpu v0.18.0
[INFO] [stderr]    Compiling smithay-client-toolkit v0.12.3
[INFO] [stderr]    Compiling nannou v0.18.1
[INFO] [stderr]    Compiling raytracer v0.1.0 (/opt/rustwide/workdir)
[INFO] [stderr]     Finished dev [unoptimized + debuginfo] target(s) in 1m 13s
[INFO] running `Command { std: "docker" "inspect" "6b3367218bbd180cdff1198dd583b9e3eec77ffc465b661dfd467394ffaefa21", kill_on_drop: false }`
[INFO] running `Command { std: "docker" "rm" "-f" "6b3367218bbd180cdff1198dd583b9e3eec77ffc465b661dfd467394ffaefa21", kill_on_drop: false }`
[INFO] [stdout] 6b3367218bbd180cdff1198dd583b9e3eec77ffc465b661dfd467394ffaefa21
[INFO] running `Command { std: "docker" "create" "-v" "/var/lib/crater-agent-workspace/builds/worker-6-tc1/target:/opt/rustwide/target:rw,Z" "-v" "/var/lib/crater-agent-workspace/builds/worker-6-tc1/source:/opt/rustwide/workdir:ro,Z" "-v" "/var/lib/crater-agent-workspace/cargo-home:/opt/rustwide/cargo-home:ro,Z" "-v" "/var/lib/crater-agent-workspace/rustup-home:/opt/rustwide/rustup-home:ro,Z" "-e" "SOURCE_DIR=/opt/rustwide/workdir" "-e" "CARGO_TARGET_DIR=/opt/rustwide/target" "-e" "CARGO_INCREMENTAL=0" "-e" "RUST_BACKTRACE=full" "-e" "RUSTFLAGS=--cap-lints=warn" "-e" "RUSTDOCFLAGS=--cap-lints=warn" "-e" "CARGO_HOME=/opt/rustwide/cargo-home" "-e" "RUSTUP_HOME=/opt/rustwide/rustup-home" "-w" "/opt/rustwide/workdir" "-m" "1610612736" "--user" "0:0" "--network" "none" "ghcr.io/rust-lang/crates-build-env/linux@sha256:2788e3201cd34a07e3172128adcd8b3090168a8e3bcc40d7c032b9dda1df7d1c" "/opt/rustwide/cargo-home/bin/cargo" "+1.75.0" "test" "--frozen" "--no-run" "--message-format=json", kill_on_drop: false }`
[INFO] [stdout] bd2ebb0bf304d67b2dcabdccb23936539b20ff8dd3c9aab9a2669d5d54d3a8e4
[INFO] running `Command { std: "docker" "start" "-a" "bd2ebb0bf304d67b2dcabdccb23936539b20ff8dd3c9aab9a2669d5d54d3a8e4", kill_on_drop: false }`
[INFO] [stderr]    Compiling raytracer v0.1.0 (/opt/rustwide/workdir)
[INFO] [stderr]     Finished test [unoptimized + debuginfo] target(s) in 2.10s
[INFO] running `Command { std: "docker" "inspect" "bd2ebb0bf304d67b2dcabdccb23936539b20ff8dd3c9aab9a2669d5d54d3a8e4", kill_on_drop: false }`
[INFO] running `Command { std: "docker" "rm" "-f" "bd2ebb0bf304d67b2dcabdccb23936539b20ff8dd3c9aab9a2669d5d54d3a8e4", kill_on_drop: false }`
[INFO] [stdout] bd2ebb0bf304d67b2dcabdccb23936539b20ff8dd3c9aab9a2669d5d54d3a8e4
[INFO] running `Command { std: "docker" "create" "-v" "/var/lib/crater-agent-workspace/builds/worker-6-tc1/target:/opt/rustwide/target:rw,Z" "-v" "/var/lib/crater-agent-workspace/builds/worker-6-tc1/source:/opt/rustwide/workdir:ro,Z" "-v" "/var/lib/crater-agent-workspace/cargo-home:/opt/rustwide/cargo-home:ro,Z" "-v" "/var/lib/crater-agent-workspace/rustup-home:/opt/rustwide/rustup-home:ro,Z" "-e" "SOURCE_DIR=/opt/rustwide/workdir" "-e" "CARGO_TARGET_DIR=/opt/rustwide/target" "-e" "CARGO_INCREMENTAL=0" "-e" "RUST_BACKTRACE=full" "-e" "RUSTFLAGS=--cap-lints=warn" "-e" "RUSTDOCFLAGS=--cap-lints=warn" "-e" "CARGO_HOME=/opt/rustwide/cargo-home" "-e" "RUSTUP_HOME=/opt/rustwide/rustup-home" "-w" "/opt/rustwide/workdir" "-m" "1610612736" "--user" "0:0" "--network" "none" "ghcr.io/rust-lang/crates-build-env/linux@sha256:2788e3201cd34a07e3172128adcd8b3090168a8e3bcc40d7c032b9dda1df7d1c" "/opt/rustwide/cargo-home/bin/cargo" "+1.75.0" "test" "--frozen", kill_on_drop: false }`
[INFO] [stdout] efb5a6da5ada83776923c4ca97c74a6fe8e6047f8c25a515663d3ab9a4e16abf
[INFO] running `Command { std: "docker" "start" "-a" "efb5a6da5ada83776923c4ca97c74a6fe8e6047f8c25a515663d3ab9a4e16abf", kill_on_drop: false }`
[INFO] [stderr]     Finished test [unoptimized + debuginfo] target(s) in 0.11s
[INFO] [stderr]      Running unittests src/lib.rs (/opt/rustwide/target/debug/deps/raytracer-58d96757cf7b4f69)
[INFO] [stdout] 
[INFO] [stdout] running 29 tests
[INFO] [stdout] test maths::point::tests::add_assign_vector_to_point_test ... ok
[INFO] [stdout] test maths::point::tests::sub_assign_vector_to_point_test ... ok
[INFO] [stdout] test maths::point::tests::distance_between_points_test ... ok
[INFO] [stdout] test maths::point::tests::add_vector_to_point_test ... ok
[INFO] [stdout] test maths::point::tests::sub_vector_to_point_test ... ok
[INFO] [stdout] test maths::quaternion::tests::from_arc_arbitrary_rotation ... ok
[INFO] [stdout] test maths::quaternion::tests::from_arc_no_rotation ... ok
[INFO] [stdout] test maths::quaternion::tests::from_arc_half_rotation ... ok
[INFO] [stdout] test maths::quaternion::tests::from_scalar_vector_zero_test ... ok
[INFO] [stdout] test maths::quaternion::tests::from_vector_empty_scalar_test ... ok
[INFO] [stdout] test maths::quaternion::tests::mul_quaternion_combine_rotation ... ok
[INFO] [stdout] test maths::quaternion::tests::simple_rotation_test ... ok
[INFO] [stdout] test maths::vector::tests::add_assign_test ... ok
[INFO] [stdout] test maths::vector::tests::add_test ... ok
[INFO] [stdout] test maths::vector::tests::any_orthonormal_pair_test ... ok
[INFO] [stdout] test maths::vector::tests::any_orthonormal_test ... ok
[INFO] [stdout] test maths::vector::tests::cross_test ... ok
[INFO] [stdout] test maths::vector::tests::div_assign_test ... ok
[INFO] [stdout] test maths::vector::tests::div_test ... ok
[INFO] [stdout] test maths::vector::tests::dot_test ... ok
[INFO] [stdout] test maths::vector::tests::magn2_test ... ok
[INFO] [stdout] test maths::vector::tests::magn_test ... ok
[INFO] [stdout] test maths::vector::tests::mul_assign_test ... ok
[INFO] [stdout] test maths::vector::tests::mul_test ... ok
[INFO] [stdout] test maths::vector::tests::normalize_leave_unit_untouched_test ... ok
[INFO] [stdout] test maths::vector::tests::normalize_test ... ok
[INFO] [stdout] test maths::vector::tests::sub_assign_test ... ok
[INFO] [stdout] test maths::vector::tests::zero_is_id_test ... ok
[INFO] [stdout] test maths::vector::tests::sub_test ... ok
[INFO] [stdout] 
[INFO] [stdout] test result: ok. 29 passed; 0 failed; 0 ignored; 0 measured; 0 filtered out; finished in 0.00s
[INFO] [stdout] 
[INFO] [stderr]      Running unittests src/main.rs (/opt/rustwide/target/debug/deps/raytracer-498dca79f6f93f5e)
[INFO] [stdout] 
[INFO] [stdout] running 0 tests
[INFO] [stdout] 
[INFO] [stdout] test result: ok. 0 passed; 0 failed; 0 ignored; 0 measured; 0 filtered out; finished in 0.00s
[INFO] [stdout] 
[INFO] [stderr]    Doc-tests raytracer
[INFO] [stdout] 
[INFO] [stdout] running 2 tests
[INFO] [stdout] test src/scene/objects/sphere.rs - scene::objects::sphere::Sphere::intersect (line 46) ... FAILED
[INFO] [stdout] test src/maths/point.rs - maths::point (line 7) ... ok
[INFO] [stdout] 
[INFO] [stdout] failures:
[INFO] [stdout] 
[INFO] [stdout] ---- src/scene/objects/sphere.rs - scene::objects::sphere::Sphere::intersect (line 46) stdout ----
[INFO] [stdout] error: expected `;`, found `a`
[INFO] [stdout]  --> src/scene/objects/sphere.rs:47:18
[INFO] [stdout]   |
[INFO] [stdout] 3 | adj = rpos - spos
[INFO] [stdout]   |                  ^ help: add `;` here
[INFO] [stdout] 4 |
[INFO] [stdout] 5 | a = ||rdir||^2;
[INFO] [stdout]   | - unexpected token
[INFO] [stdout] 
[INFO] [stdout] error: expected expression, found `^`
[INFO] [stdout]  --> src/scene/objects/sphere.rs:49:13
[INFO] [stdout]   |
[INFO] [stdout] 5 | a = ||rdir||^2;
[INFO] [stdout]   |     --      ^ expected expression
[INFO] [stdout]   |     |
[INFO] [stdout]   |     while parsing the body of this closure
[INFO] [stdout]   |
[INFO] [stdout] help: you might have meant to open the body of the closure
[INFO] [stdout]   |
[INFO] [stdout] 5 | a = || {rdir||^2;
[INFO] [stdout]   |        +
[INFO] [stdout] 
[INFO] [stdout] error: aborting due to 2 previous errors
[INFO] [stdout] 
[INFO] [stdout] Couldn't compile the test.
[INFO] [stdout] 
[INFO] [stdout] failures:
[INFO] [stdout]     src/scene/objects/sphere.rs - scene::objects::sphere::Sphere::intersect (line 46)
[INFO] [stdout] 
[INFO] [stdout] test result: FAILED. 1 passed; 1 failed; 0 ignored; 0 measured; 0 filtered out; finished in 0.16s
[INFO] [stdout] 
[INFO] [stderr] error: doctest failed, to rerun pass `--doc`
[INFO] running `Command { std: "docker" "inspect" "efb5a6da5ada83776923c4ca97c74a6fe8e6047f8c25a515663d3ab9a4e16abf", kill_on_drop: false }`
[INFO] running `Command { std: "docker" "rm" "-f" "efb5a6da5ada83776923c4ca97c74a6fe8e6047f8c25a515663d3ab9a4e16abf", kill_on_drop: false }`
[INFO] [stdout] efb5a6da5ada83776923c4ca97c74a6fe8e6047f8c25a515663d3ab9a4e16abf
[INFO] testing Ph4ntomas/raytracer against beta-2023-12-22 for beta-1.76-1
[INFO] running `Command { std: "git" "clone" "/workspace/cache/git-repos/https%3A%2F%2Fgithub.com%2FPh4ntomas%2Fraytracer" "/workspace/builds/worker-6-tc2/source", kill_on_drop: false }`
[INFO] [stderr] Cloning into '/workspace/builds/worker-6-tc2/source'...
[INFO] [stderr] done.
[INFO] validating manifest of git repo https://github.com/Ph4ntomas/raytracer on toolchain beta-2023-12-22
[INFO] running `Command { std: CARGO_HOME="/workspace/cargo-home" RUSTUP_HOME="/workspace/rustup-home" "/workspace/cargo-home/bin/cargo" "+beta-2023-12-22" "metadata" "--manifest-path" "Cargo.toml" "--no-deps", kill_on_drop: false }`
[INFO] started tweaking git repo https://github.com/Ph4ntomas/raytracer
[INFO] finished tweaking git repo https://github.com/Ph4ntomas/raytracer
[INFO] tweaked toml for git repo https://github.com/Ph4ntomas/raytracer written to /workspace/builds/worker-6-tc2/source/Cargo.toml
[INFO] crate git repo https://github.com/Ph4ntomas/raytracer already has a lockfile, it will not be regenerated
[INFO] running `Command { std: CARGO_HOME="/workspace/cargo-home" RUSTUP_HOME="/workspace/rustup-home" "/workspace/cargo-home/bin/cargo" "+beta-2023-12-22" "fetch" "--manifest-path" "Cargo.toml", kill_on_drop: false }`
[INFO] running `Command { std: "docker" "create" "-v" "/var/lib/crater-agent-workspace/builds/worker-6-tc2/target:/opt/rustwide/target:rw,Z" "-v" "/var/lib/crater-agent-workspace/builds/worker-6-tc2/source:/opt/rustwide/workdir:ro,Z" "-v" "/var/lib/crater-agent-workspace/cargo-home:/opt/rustwide/cargo-home:ro,Z" "-v" "/var/lib/crater-agent-workspace/rustup-home:/opt/rustwide/rustup-home:ro,Z" "-e" "SOURCE_DIR=/opt/rustwide/workdir" "-e" "CARGO_TARGET_DIR=/opt/rustwide/target" "-e" "CARGO_HOME=/opt/rustwide/cargo-home" "-e" "RUSTUP_HOME=/opt/rustwide/rustup-home" "-w" "/opt/rustwide/workdir" "-m" "1610612736" "--user" "0:0" "--network" "none" "ghcr.io/rust-lang/crates-build-env/linux@sha256:2788e3201cd34a07e3172128adcd8b3090168a8e3bcc40d7c032b9dda1df7d1c" "/opt/rustwide/cargo-home/bin/cargo" "+beta-2023-12-22" "metadata" "--no-deps" "--format-version=1", kill_on_drop: false }`
[INFO] [stdout] ca1266652f18637808ff426231f4c493f861991d29a061d0aa1e19fdda99ac43
[INFO] running `Command { std: "docker" "start" "-a" "ca1266652f18637808ff426231f4c493f861991d29a061d0aa1e19fdda99ac43", kill_on_drop: false }`
[INFO] running `Command { std: "docker" "inspect" "ca1266652f18637808ff426231f4c493f861991d29a061d0aa1e19fdda99ac43", kill_on_drop: false }`
[INFO] running `Command { std: "docker" "rm" "-f" "ca1266652f18637808ff426231f4c493f861991d29a061d0aa1e19fdda99ac43", kill_on_drop: false }`
[INFO] [stdout] ca1266652f18637808ff426231f4c493f861991d29a061d0aa1e19fdda99ac43
[INFO] running `Command { std: "docker" "create" "-v" "/var/lib/crater-agent-workspace/builds/worker-6-tc2/target:/opt/rustwide/target:rw,Z" "-v" "/var/lib/crater-agent-workspace/builds/worker-6-tc2/source:/opt/rustwide/workdir:ro,Z" "-v" "/var/lib/crater-agent-workspace/cargo-home:/opt/rustwide/cargo-home:ro,Z" "-v" "/var/lib/crater-agent-workspace/rustup-home:/opt/rustwide/rustup-home:ro,Z" "-e" "SOURCE_DIR=/opt/rustwide/workdir" "-e" "CARGO_TARGET_DIR=/opt/rustwide/target" "-e" "CARGO_INCREMENTAL=0" "-e" "RUST_BACKTRACE=full" "-e" "RUSTFLAGS=--cap-lints=warn" "-e" "RUSTDOCFLAGS=--cap-lints=warn" "-e" "CARGO_HOME=/opt/rustwide/cargo-home" "-e" "RUSTUP_HOME=/opt/rustwide/rustup-home" "-w" "/opt/rustwide/workdir" "-m" "1610612736" "--user" "0:0" "--network" "none" "ghcr.io/rust-lang/crates-build-env/linux@sha256:2788e3201cd34a07e3172128adcd8b3090168a8e3bcc40d7c032b9dda1df7d1c" "/opt/rustwide/cargo-home/bin/cargo" "+beta-2023-12-22" "build" "--frozen" "--message-format=json", kill_on_drop: false }`
[INFO] [stdout] cd6f86cd2ff6c1967a88a31461abc1b0f789b4a3bdacb73bbaabf9897797030d
[INFO] running `Command { std: "docker" "start" "-a" "cd6f86cd2ff6c1967a88a31461abc1b0f789b4a3bdacb73bbaabf9897797030d", kill_on_drop: false }`
[INFO] [stderr]    Compiling libc v0.2.142
[INFO] [stderr]    Compiling proc-macro2 v1.0.56
[INFO] [stderr]    Compiling quote v1.0.26
[INFO] [stderr]    Compiling num-traits v0.2.15
[INFO] [stderr]    Compiling once_cell v1.17.1
[INFO] [stderr]    Compiling crossbeam-utils v0.8.15
[INFO] [stderr]    Compiling memoffset v0.8.0
[INFO] [stderr]    Compiling crossbeam-epoch v0.9.14
[INFO] [stderr]    Compiling byteorder v1.4.3
[INFO] [stderr]    Compiling libloading v0.7.4
[INFO] [stderr]    Compiling xml-rs v0.8.4
[INFO] [stderr]    Compiling serde_derive v1.0.160
[INFO] [stderr]    Compiling ahash v0.7.6
[INFO] [stderr]    Compiling wayland-sys v0.28.6
[INFO] [stderr]    Compiling serde v1.0.160
[INFO] [stderr]    Compiling parking_lot_core v0.8.6
[INFO] [stderr]    Compiling rayon-core v1.11.0
[INFO] [stderr]    Compiling dlib v0.5.0
[INFO] [stderr]    Compiling instant v0.1.12
[INFO] [stderr]    Compiling indexmap v1.9.3
[INFO] [stderr]    Compiling num-integer v0.1.45
[INFO] [stderr]    Compiling cty v0.2.2
[INFO] [stderr]    Compiling thiserror v1.0.40
[INFO] [stderr]    Compiling futures-core v0.3.28
[INFO] [stderr]    Compiling raw-window-handle v0.4.3
[INFO] [stderr]    Compiling miniz_oxide v0.4.4
[INFO] [stderr]    Compiling khronos-egl v4.1.0
[INFO] [stderr]    Compiling syn v1.0.109
[INFO] [stderr]    Compiling adler32 v1.2.0
[INFO] [stderr]    Compiling termcolor v1.2.0
[INFO] [stderr]    Compiling either v1.8.1
[INFO] [stderr]    Compiling bit-vec v0.6.3
[INFO] [stderr]    Compiling unicode-width v0.1.10
[INFO] [stderr]    Compiling futures-task v0.3.28
[INFO] [stderr]    Compiling futures-channel v0.3.28
[INFO] [stderr]    Compiling fxhash v0.2.1
[INFO] [stderr]    Compiling gpu-alloc-types v0.2.0
[INFO] [stderr]    Compiling bit-set v0.5.3
[INFO] [stderr]    Compiling crossbeam-channel v0.5.8
[INFO] [stderr]    Compiling codespan-reporting v0.11.1
[INFO] [stderr]    Compiling gpu-descriptor-types v0.1.1
[INFO] [stderr]    Compiling memoffset v0.5.6
[INFO] [stderr]    Compiling num-iter v0.1.43
[INFO] [stderr]    Compiling num-rational v0.3.2
[INFO] [stderr]    Compiling crossbeam-utils v0.7.2
[INFO] [stderr]    Compiling ttf-parser v0.15.2
[INFO] [stderr]    Compiling cfg_aliases v0.1.1
[INFO] [stderr]    Compiling hexf-parse v0.2.1
[INFO] [stderr]    Compiling maybe-uninit v2.0.0
[INFO] [stderr]    Compiling syn v2.0.15
[INFO] [stderr]    Compiling crossbeam-deque v0.8.3
[INFO] [stderr]    Compiling wayland-scanner v0.28.6
[INFO] [stderr]    Compiling arrayvec v0.5.2
[INFO] [stderr]    Compiling nix v0.18.0
[INFO] [stderr]    Compiling scoped-tls v1.0.1
[INFO] [stderr]    Compiling weezl v0.1.7
[INFO] [stderr]    Compiling futures-sink v0.3.28
[INFO] [stderr]    Compiling crossbeam-queue v0.3.8
[INFO] [stderr]    Compiling futures-util v0.3.28
[INFO] [stderr]    Compiling minimal-lexical v0.2.1
[INFO] [stderr]    Compiling downcast-rs v1.2.0
[INFO] [stderr]    Compiling wgpu-core v0.11.3
[INFO] [stderr]    Compiling nom v7.1.3
[INFO] [stderr]    Compiling gpu-alloc v0.5.3
[INFO] [stderr]    Compiling euclid v0.22.9
[INFO] [stderr]    Compiling spirv v0.2.0+1.5.4
[INFO] [stderr]    Compiling approx v0.3.2
[INFO] [stderr]    Compiling miniz_oxide v0.3.7
[INFO] [stderr]    Compiling deflate v0.8.6
[INFO] [stderr]    Compiling getrandom v0.2.9
[INFO] [stderr]    Compiling num_cpus v1.15.0
[INFO] [stderr]    Compiling nix v0.20.0
[INFO] [stderr]    Compiling rand_core v0.6.4
[INFO] [stderr]    Compiling hashbrown v0.12.3
[INFO] [stderr]    Compiling parking_lot v0.11.2
[INFO] [stderr]    Compiling raw-window-handle v0.3.4
[INFO] [stderr]    Compiling getrandom v0.1.16
[INFO] [stderr]    Compiling lyon_geom v0.17.7
[INFO] [stderr]    Compiling rand_chacha v0.3.1
[INFO] [stderr]    Compiling wayland-client v0.28.6
[INFO] [stderr]    Compiling wayland-protocols v0.28.6
[INFO] [stderr]    Compiling rayon v1.7.0
[INFO] [stderr]    Compiling rand_core v0.5.1
[INFO] [stderr]    Compiling ash v0.33.3+1.2.191
[INFO] [stderr]    Compiling owned_ttf_parser v0.15.2
[INFO] [stderr]    Compiling gpu-descriptor v0.2.3
[INFO] [stderr]    Compiling wgpu-types v0.11.0
[INFO] [stderr]    Compiling crossbeam-epoch v0.8.2
[INFO] [stderr]    Compiling glow v0.11.2
[INFO] [stderr]    Compiling renderdoc-sys v0.7.1
[INFO] [stderr]    Compiling same-file v1.0.6
[INFO] [stderr]    Compiling profiling v1.0.8
[INFO] [stderr]    Compiling inplace_it v0.3.5
[INFO] [stderr]    Compiling ab_glyph_rasterizer v0.1.8
[INFO] [stderr]    Compiling home v0.5.5
[INFO] [stderr]    Compiling palette v0.5.0
[INFO] [stderr]    Compiling arrayvec v0.7.2
[INFO] [stderr]    Compiling futures-io v0.3.28
[INFO] [stderr]    Compiling color_quant v1.1.0
[INFO] [stderr]    Compiling xcursor v0.3.4
[INFO] [stderr]    Compiling rusttype v0.9.3
[INFO] [stderr]    Compiling gif v0.11.4
[INFO] [stderr]    Compiling xdg v2.5.0
[INFO] [stderr]    Compiling walkdir v2.3.3
[INFO] [stderr]    Compiling lyon_path v0.17.7
[INFO] [stderr]    Compiling rand v0.8.5
[INFO] [stderr]    Compiling png v0.16.8
[INFO] [stderr]    Compiling x11-dl v2.21.0
[INFO] [stderr]    Compiling libloading v0.6.7
[INFO] [stderr]    Compiling copyless v0.1.5
[INFO] [stderr]    Compiling scoped_threadpool v0.1.9
[INFO] [stderr]    Compiling bytemuck v1.13.1
[INFO] [stderr]    Compiling dlib v0.4.2
[INFO] [stderr]    Compiling crossbeam v0.8.2
[INFO] [stderr]    Compiling andrew v0.3.1
[INFO] [stderr]    Compiling rand_chacha v0.2.2
[INFO] [stderr]    Compiling mio v0.7.14
[INFO] [stderr]    Compiling memmap2 v0.1.0
[INFO] [stderr]    Compiling jpeg-decoder v0.1.22
[INFO] [stderr]    Compiling sid v0.6.1
[INFO] [stderr]    Compiling float_next_after v0.1.5
[INFO] [stderr]    Compiling wayland-commons v0.28.6
[INFO] [stderr]    Compiling palette_derive v0.5.0
[INFO] [stderr]    Compiling winit v0.25.0
[INFO] [stderr]    Compiling lyon_algorithms v0.17.7
[INFO] [stderr]    Compiling lyon_tessellation v0.17.10
[INFO] [stderr]    Compiling mio-misc v1.2.2
[INFO] [stderr]    Compiling crossbeam-deque v0.7.4
[INFO] [stderr]    Compiling rand v0.7.3
[INFO] [stderr]    Compiling tiff v0.6.1
[INFO] [stderr]    Compiling rand_xorshift v0.2.0
[INFO] [stderr]    Compiling ordered-float v1.1.1
[INFO] [stderr]    Compiling stb_truetype v0.3.1
[INFO] [stderr]    Compiling linked-hash-map v0.5.6
[INFO] [stderr]    Compiling thiserror-impl v1.0.40
[INFO] [stderr]    Compiling futures-macro v0.3.28
[INFO] [stderr]    Compiling rustc-hash v1.1.0
[INFO] [stderr]    Compiling image v0.23.14
[INFO] [stderr]    Compiling rusttype v0.8.3
[INFO] [stderr]    Compiling lyon v0.17.10
[INFO] [stderr]    Compiling pennereq v0.3.1
[INFO] [stderr]    Compiling find_folder v0.3.0
[INFO] [stderr]    Compiling notosans v0.1.0
[INFO] [stderr]    Compiling wayland-cursor v0.28.6
[INFO] [stderr]    Compiling calloop v0.6.5
[INFO] [stderr]    Compiling naga v0.7.3
[INFO] [stderr]    Compiling noise v0.7.0
[INFO] [stderr]    Compiling futures-executor v0.3.28
[INFO] [stderr]    Compiling futures v0.3.28
[INFO] [stderr]    Compiling wgpu-hal v0.11.5
[INFO] [stderr]    Compiling glam v0.17.3
[INFO] [stderr]    Compiling toml v0.5.11
[INFO] [stderr]    Compiling serde_json v1.0.96
[INFO] [stderr]    Compiling nannou_core v0.18.0
[INFO] [stderr]    Compiling nannou_mesh v0.18.0
[INFO] [stderr]    Compiling wgpu v0.11.1
[INFO] [stderr]    Compiling nannou_wgpu v0.18.0
[INFO] [stderr]    Compiling smithay-client-toolkit v0.12.3
[INFO] [stderr]    Compiling nannou v0.18.1
[INFO] [stderr]    Compiling raytracer v0.1.0 (/opt/rustwide/workdir)
[INFO] [stderr]     Finished dev [unoptimized + debuginfo] target(s) in 58.91s
[INFO] running `Command { std: "docker" "inspect" "cd6f86cd2ff6c1967a88a31461abc1b0f789b4a3bdacb73bbaabf9897797030d", kill_on_drop: false }`
[INFO] running `Command { std: "docker" "rm" "-f" "cd6f86cd2ff6c1967a88a31461abc1b0f789b4a3bdacb73bbaabf9897797030d", kill_on_drop: false }`
[INFO] [stdout] cd6f86cd2ff6c1967a88a31461abc1b0f789b4a3bdacb73bbaabf9897797030d
[INFO] running `Command { std: "docker" "create" "-v" "/var/lib/crater-agent-workspace/builds/worker-6-tc2/target:/opt/rustwide/target:rw,Z" "-v" "/var/lib/crater-agent-workspace/builds/worker-6-tc2/source:/opt/rustwide/workdir:ro,Z" "-v" "/var/lib/crater-agent-workspace/cargo-home:/opt/rustwide/cargo-home:ro,Z" "-v" "/var/lib/crater-agent-workspace/rustup-home:/opt/rustwide/rustup-home:ro,Z" "-e" "SOURCE_DIR=/opt/rustwide/workdir" "-e" "CARGO_TARGET_DIR=/opt/rustwide/target" "-e" "CARGO_INCREMENTAL=0" "-e" "RUST_BACKTRACE=full" "-e" "RUSTFLAGS=--cap-lints=warn" "-e" "RUSTDOCFLAGS=--cap-lints=warn" "-e" "CARGO_HOME=/opt/rustwide/cargo-home" "-e" "RUSTUP_HOME=/opt/rustwide/rustup-home" "-w" "/opt/rustwide/workdir" "-m" "1610612736" "--user" "0:0" "--network" "none" "ghcr.io/rust-lang/crates-build-env/linux@sha256:2788e3201cd34a07e3172128adcd8b3090168a8e3bcc40d7c032b9dda1df7d1c" "/opt/rustwide/cargo-home/bin/cargo" "+beta-2023-12-22" "test" "--frozen" "--no-run" "--message-format=json", kill_on_drop: false }`
[INFO] [stdout] 2d3224b5dd6edc7e2f66de2534ace2dfbeef2f42fcb80590cdf404299942fc8d
[INFO] running `Command { std: "docker" "start" "-a" "2d3224b5dd6edc7e2f66de2534ace2dfbeef2f42fcb80590cdf404299942fc8d", kill_on_drop: false }`
[INFO] [stderr]    Compiling raytracer v0.1.0 (/opt/rustwide/workdir)
[INFO] [stderr]     Finished test [unoptimized + debuginfo] target(s) in 2.75s
[INFO] running `Command { std: "docker" "inspect" "2d3224b5dd6edc7e2f66de2534ace2dfbeef2f42fcb80590cdf404299942fc8d", kill_on_drop: false }`
[INFO] running `Command { std: "docker" "rm" "-f" "2d3224b5dd6edc7e2f66de2534ace2dfbeef2f42fcb80590cdf404299942fc8d", kill_on_drop: false }`
[INFO] [stdout] 2d3224b5dd6edc7e2f66de2534ace2dfbeef2f42fcb80590cdf404299942fc8d
[INFO] running `Command { std: "docker" "create" "-v" "/var/lib/crater-agent-workspace/builds/worker-6-tc2/target:/opt/rustwide/target:rw,Z" "-v" "/var/lib/crater-agent-workspace/builds/worker-6-tc2/source:/opt/rustwide/workdir:ro,Z" "-v" "/var/lib/crater-agent-workspace/cargo-home:/opt/rustwide/cargo-home:ro,Z" "-v" "/var/lib/crater-agent-workspace/rustup-home:/opt/rustwide/rustup-home:ro,Z" "-e" "SOURCE_DIR=/opt/rustwide/workdir" "-e" "CARGO_TARGET_DIR=/opt/rustwide/target" "-e" "CARGO_INCREMENTAL=0" "-e" "RUST_BACKTRACE=full" "-e" "RUSTFLAGS=--cap-lints=warn" "-e" "RUSTDOCFLAGS=--cap-lints=warn" "-e" "CARGO_HOME=/opt/rustwide/cargo-home" "-e" "RUSTUP_HOME=/opt/rustwide/rustup-home" "-w" "/opt/rustwide/workdir" "-m" "1610612736" "--user" "0:0" "--network" "none" "ghcr.io/rust-lang/crates-build-env/linux@sha256:2788e3201cd34a07e3172128adcd8b3090168a8e3bcc40d7c032b9dda1df7d1c" "/opt/rustwide/cargo-home/bin/cargo" "+beta-2023-12-22" "test" "--frozen", kill_on_drop: false }`
[INFO] [stdout] 0564433adbaf58ea66639dbdb31c55620d52e6fd007be632681aea63125060e8
[INFO] running `Command { std: "docker" "start" "-a" "0564433adbaf58ea66639dbdb31c55620d52e6fd007be632681aea63125060e8", kill_on_drop: false }`
[INFO] [stderr]     Finished test [unoptimized + debuginfo] target(s) in 0.13s
[INFO] [stderr]      Running unittests src/lib.rs (/opt/rustwide/target/debug/deps/raytracer-c43e45447d8709c8)
[INFO] [stdout] 
[INFO] [stdout] running 29 tests
[INFO] [stdout] test maths::point::tests::add_assign_vector_to_point_test ... ok
[INFO] [stdout] test maths::point::tests::add_vector_to_point_test ... ok
[INFO] [stdout] test maths::point::tests::distance_between_points_test ... ok
[INFO] [stdout] test maths::point::tests::sub_assign_vector_to_point_test ... ok
[INFO] [stdout] test maths::point::tests::sub_vector_to_point_test ... ok
[INFO] [stdout] test maths::quaternion::tests::from_arc_arbitrary_rotation ... ok
[INFO] [stdout] test maths::quaternion::tests::from_arc_no_rotation ... ok
[INFO] [stdout] test maths::quaternion::tests::from_scalar_vector_zero_test ... ok
[INFO] [stdout] test maths::quaternion::tests::from_vector_empty_scalar_test ... ok
[INFO] [stdout] test maths::vector::tests::add_assign_test ... ok
[INFO] [stdout] test maths::vector::tests::add_test ... ok
[INFO] [stdout] test maths::vector::tests::cross_test ... ok
[INFO] [stdout] test maths::vector::tests::div_assign_test ... ok
[INFO] [stdout] test maths::vector::tests::div_test ... ok
[INFO] [stdout] test maths::vector::tests::dot_test ... ok
[INFO] [stdout] test maths::quaternion::tests::from_arc_half_rotation ... ok
[INFO] [stdout] test maths::vector::tests::magn_test ... ok
[INFO] [stdout] test maths::vector::tests::mul_assign_test ... ok
[INFO] [stdout] test maths::quaternion::tests::mul_quaternion_combine_rotation ... ok
[INFO] [stdout] test maths::vector::tests::normalize_test ... ok
[INFO] [stdout] test maths::vector::tests::normalize_leave_unit_untouched_test ... ok
[INFO] [stdout] test maths::vector::tests::sub_assign_test ... ok
[INFO] [stdout] test maths::vector::tests::magn2_test ... ok
[INFO] [stdout] test maths::vector::tests::mul_test ... ok
[INFO] [stdout] test maths::vector::tests::sub_test ... ok
[INFO] [stdout] test maths::vector::tests::any_orthonormal_pair_test ... ok
[INFO] [stdout] test maths::vector::tests::zero_is_id_test ... ok
[INFO] [stdout] test maths::vector::tests::any_orthonormal_test ... ok
[INFO] [stdout] test maths::quaternion::tests::simple_rotation_test ... ok
[INFO] [stdout] 
[INFO] [stdout] test result: ok. 29 passed; 0 failed; 0 ignored; 0 measured; 0 filtered out; finished in 0.00s
[INFO] [stdout] 
[INFO] [stderr]      Running unittests src/main.rs (/opt/rustwide/target/debug/deps/raytracer-4741d85584267f77)
[INFO] [stdout] 
[INFO] [stdout] running 0 tests
[INFO] [stdout] 
[INFO] [stdout] test result: ok. 0 passed; 0 failed; 0 ignored; 0 measured; 0 filtered out; finished in 0.00s
[INFO] [stdout] 
[INFO] [stderr]    Doc-tests raytracer
[INFO] [stdout] 
[INFO] [stdout] running 2 tests
[INFO] [stdout] test src/scene/objects/sphere.rs - scene::objects::sphere::Sphere::intersect (line 46) ... FAILED
[INFO] [stdout] test src/maths/point.rs - maths::point (line 7) ... ok
[INFO] [stdout] 
[INFO] [stdout] failures:
[INFO] [stdout] 
[INFO] [stdout] ---- src/scene/objects/sphere.rs - scene::objects::sphere::Sphere::intersect (line 46) stdout ----
[INFO] [stdout] error: expected `;`, found `a`
[INFO] [stdout]  --> src/scene/objects/sphere.rs:47:18
[INFO] [stdout]   |
[INFO] [stdout] 3 | adj = rpos - spos
[INFO] [stdout]   |                  ^ help: add `;` here
[INFO] [stdout] 4 |
[INFO] [stdout] 5 | a = ||rdir||^2;
[INFO] [stdout]   | - unexpected token
[INFO] [stdout] 
[INFO] [stdout] error: expected expression, found `^`
[INFO] [stdout]  --> src/scene/objects/sphere.rs:49:13
[INFO] [stdout]   |
[INFO] [stdout] 5 | a = ||rdir||^2;
[INFO] [stdout]   |     --      ^ expected expression
[INFO] [stdout]   |     |
[INFO] [stdout]   |     while parsing the body of this closure
[INFO] [stdout]   |
[INFO] [stdout] help: you might have meant to open the body of the closure
[INFO] [stdout]   |
[INFO] [stdout] 5 | a = || {rdir||^2;
[INFO] [stdout]   |        +
[INFO] [stdout] 
[INFO] [stdout] error: aborting due to 2 previous errors
[INFO] [stdout] 
[INFO] [stdout] Couldn't compile the test.
[INFO] [stdout] 
[INFO] [stdout] failures:
[INFO] [stdout]     src/scene/objects/sphere.rs - scene::objects::sphere::Sphere::intersect (line 46)
[INFO] [stdout] 
[INFO] [stdout] test result: FAILED. 1 passed; 1 failed; 0 ignored; 0 measured; 0 filtered out; finished in 0.16s
[INFO] [stdout] 
[INFO] [stderr] error: doctest failed, to rerun pass `--doc`
[INFO] running `Command { std: "docker" "inspect" "0564433adbaf58ea66639dbdb31c55620d52e6fd007be632681aea63125060e8", kill_on_drop: false }`
[INFO] running `Command { std: "docker" "rm" "-f" "0564433adbaf58ea66639dbdb31c55620d52e6fd007be632681aea63125060e8", kill_on_drop: false }`
[INFO] [stdout] 0564433adbaf58ea66639dbdb31c55620d52e6fd007be632681aea63125060e8
