[INFO] cloning repository https://github.com/Peltoche/lsd
[INFO] running `Command { std: "git" "-c" "credential.helper=" "-c" "credential.helper=/workspace/cargo-home/bin/git-credential-null" "clone" "--bare" "https://github.com/Peltoche/lsd" "/workspace/cache/git-repos/https%3A%2F%2Fgithub.com%2FPeltoche%2Flsd", kill_on_drop: false }`
[INFO] [stderr] Cloning into bare repository '/workspace/cache/git-repos/https%3A%2F%2Fgithub.com%2FPeltoche%2Flsd'...
[INFO] running `Command { std: "git" "rev-parse" "HEAD", kill_on_drop: false }`
[INFO] [stdout] d2538a698e9e8d3727b1c5b1766342ab57e47cdc
[INFO] testing Peltoche/lsd against 1.75.0 for beta-1.76-1
[INFO] running `Command { std: "git" "clone" "/workspace/cache/git-repos/https%3A%2F%2Fgithub.com%2FPeltoche%2Flsd" "/workspace/builds/worker-6-tc1/source", kill_on_drop: false }`
[INFO] [stderr] Cloning into '/workspace/builds/worker-6-tc1/source'...
[INFO] [stderr] done.
[INFO] validating manifest of git repo https://github.com/Peltoche/lsd on toolchain 1.75.0
[INFO] running `Command { std: CARGO_HOME="/workspace/cargo-home" RUSTUP_HOME="/workspace/rustup-home" "/workspace/cargo-home/bin/cargo" "+1.75.0" "metadata" "--manifest-path" "Cargo.toml" "--no-deps", kill_on_drop: false }`
[INFO] started tweaking git repo https://github.com/Peltoche/lsd
[INFO] finished tweaking git repo https://github.com/Peltoche/lsd
[INFO] tweaked toml for git repo https://github.com/Peltoche/lsd written to /workspace/builds/worker-6-tc1/source/Cargo.toml
[INFO] crate git repo https://github.com/Peltoche/lsd already has a lockfile, it will not be regenerated
[INFO] running `Command { std: CARGO_HOME="/workspace/cargo-home" RUSTUP_HOME="/workspace/rustup-home" "/workspace/cargo-home/bin/cargo" "+1.75.0" "fetch" "--manifest-path" "Cargo.toml", kill_on_drop: false }`
[INFO] [stderr]     Updating crates.io index
[INFO] [stderr]  Downloading crates ...
[INFO] [stderr]   Downloaded xdg v2.1.0
[INFO] [stderr]   Downloaded uzers v0.11.3
[INFO] [stderr]   Downloaded assert_fs v1.0.7
[INFO] [stderr]   Downloaded rustix v0.36.16
[INFO] [stderr]   Downloaded dashmap v5.2.0
[INFO] [stderr]   Downloaded vsort v0.2.0
[INFO] running `Command { std: "docker" "create" "-v" "/var/lib/crater-agent-workspace/builds/worker-6-tc1/target:/opt/rustwide/target:rw,Z" "-v" "/var/lib/crater-agent-workspace/builds/worker-6-tc1/source:/opt/rustwide/workdir:ro,Z" "-v" "/var/lib/crater-agent-workspace/cargo-home:/opt/rustwide/cargo-home:ro,Z" "-v" "/var/lib/crater-agent-workspace/rustup-home:/opt/rustwide/rustup-home:ro,Z" "-e" "SOURCE_DIR=/opt/rustwide/workdir" "-e" "CARGO_TARGET_DIR=/opt/rustwide/target" "-e" "CARGO_HOME=/opt/rustwide/cargo-home" "-e" "RUSTUP_HOME=/opt/rustwide/rustup-home" "-w" "/opt/rustwide/workdir" "-m" "1610612736" "--user" "0:0" "--network" "none" "ghcr.io/rust-lang/crates-build-env/linux@sha256:2788e3201cd34a07e3172128adcd8b3090168a8e3bcc40d7c032b9dda1df7d1c" "/opt/rustwide/cargo-home/bin/cargo" "+1.75.0" "metadata" "--no-deps" "--format-version=1", kill_on_drop: false }`
[INFO] [stdout] 0e068680a0dd7085a28de3058e0a8d5d27b909bd27429410fbf052240356d65d
[INFO] running `Command { std: "docker" "start" "-a" "0e068680a0dd7085a28de3058e0a8d5d27b909bd27429410fbf052240356d65d", kill_on_drop: false }`
[INFO] running `Command { std: "docker" "inspect" "0e068680a0dd7085a28de3058e0a8d5d27b909bd27429410fbf052240356d65d", kill_on_drop: false }`
[INFO] running `Command { std: "docker" "rm" "-f" "0e068680a0dd7085a28de3058e0a8d5d27b909bd27429410fbf052240356d65d", kill_on_drop: false }`
[INFO] [stdout] 0e068680a0dd7085a28de3058e0a8d5d27b909bd27429410fbf052240356d65d
[INFO] running `Command { std: "docker" "create" "-v" "/var/lib/crater-agent-workspace/builds/worker-6-tc1/target:/opt/rustwide/target:rw,Z" "-v" "/var/lib/crater-agent-workspace/builds/worker-6-tc1/source:/opt/rustwide/workdir:ro,Z" "-v" "/var/lib/crater-agent-workspace/cargo-home:/opt/rustwide/cargo-home:ro,Z" "-v" "/var/lib/crater-agent-workspace/rustup-home:/opt/rustwide/rustup-home:ro,Z" "-e" "SOURCE_DIR=/opt/rustwide/workdir" "-e" "CARGO_TARGET_DIR=/opt/rustwide/target" "-e" "CARGO_INCREMENTAL=0" "-e" "RUST_BACKTRACE=full" "-e" "RUSTFLAGS=--cap-lints=warn" "-e" "RUSTDOCFLAGS=--cap-lints=warn" "-e" "CARGO_HOME=/opt/rustwide/cargo-home" "-e" "RUSTUP_HOME=/opt/rustwide/rustup-home" "-w" "/opt/rustwide/workdir" "-m" "1610612736" "--user" "0:0" "--network" "none" "ghcr.io/rust-lang/crates-build-env/linux@sha256:2788e3201cd34a07e3172128adcd8b3090168a8e3bcc40d7c032b9dda1df7d1c" "/opt/rustwide/cargo-home/bin/cargo" "+1.75.0" "build" "--frozen" "--message-format=json", kill_on_drop: false }`
[INFO] [stdout] 246aa25dd852fcc6c4e988f4187421ed5e145a8b56944f094a0df62ec117bff3
[INFO] running `Command { std: "docker" "start" "-a" "246aa25dd852fcc6c4e988f4187421ed5e145a8b56944f094a0df62ec117bff3", kill_on_drop: false }`
[INFO] [stderr]    Compiling libc v0.2.148
[INFO] [stderr]    Compiling proc-macro2 v1.0.69
[INFO] [stderr]    Compiling unicode-ident v1.0.6
[INFO] [stderr]    Compiling syn v1.0.89
[INFO] [stderr]    Compiling unicode-xid v0.2.2
[INFO] [stderr]    Compiling io-lifetimes v1.0.4
[INFO] [stderr]    Compiling proc-macro-error-attr v1.0.4
[INFO] [stderr]    Compiling rustix v0.36.16
[INFO] [stderr]    Compiling proc-macro-error v1.0.4
[INFO] [stderr]    Compiling log v0.4.16
[INFO] [stderr]    Compiling linux-raw-sys v0.1.4
[INFO] [stderr]    Compiling serde_derive v1.0.136
[INFO] [stderr]    Compiling os_str_bytes v6.3.0
[INFO] [stderr]    Compiling heck v0.4.1
[INFO] [stderr]    Compiling serde v1.0.136
[INFO] [stderr]    Compiling num-traits v0.2.14
[INFO] [stderr]    Compiling clap_lex v0.3.2
[INFO] [stderr]    Compiling strsim v0.10.0
[INFO] [stderr]    Compiling num-integer v0.1.44
[INFO] [stderr]    Compiling signal-hook v0.3.17
[INFO] [stderr]    Compiling quote v1.0.33
[INFO] [stderr]    Compiling unicode-normalization v0.1.19
[INFO] [stderr]    Compiling indexmap v1.8.0
[INFO] [stderr]    Compiling matches v0.1.9
[INFO] [stderr]    Compiling smallvec v1.8.0
[INFO] [stderr]    Compiling unicode-bidi v0.3.8
[INFO] [stderr]    Compiling lock_api v0.4.6
[INFO] [stderr]    Compiling aho-corasick v0.7.18
[INFO] [stderr]    Compiling hashbrown v0.11.2
[INFO] [stderr]    Compiling regex-syntax v0.6.29
[INFO] [stderr]    Compiling jobserver v0.1.26
[INFO] [stderr]    Compiling signal-hook-registry v1.4.0
[INFO] [stderr]    Compiling mio v0.8.4
[INFO] [stderr]    Compiling cc v1.0.79
[INFO] [stderr]    Compiling parking_lot_core v0.9.3
[INFO] [stderr]    Compiling time v0.1.43
[INFO] [stderr]    Compiling idna v0.2.3
[INFO] [stderr]    Compiling is-terminal v0.4.2
[INFO] [stderr]    Compiling pure-rust-locales v0.5.6
[INFO] [stderr]    Compiling linked-hash-map v0.5.4
[INFO] [stderr]    Compiling terminal_size v0.2.3
[INFO] [stderr]    Compiling url v2.1.1
[INFO] [stderr]    Compiling yaml-rust v0.4.5
[INFO] [stderr]    Compiling libz-sys v1.1.8
[INFO] [stderr]    Compiling libgit2-sys v0.16.1+1.7.1
[INFO] [stderr]    Compiling regex v1.7.3
[INFO] [stderr]    Compiling parking_lot v0.12.1
[INFO] [stderr]    Compiling signal-hook-mio v0.2.3
[INFO] [stderr]    Compiling dirs-sys v0.3.7
[INFO] [stderr]    Compiling bstr v0.2.17
[INFO] [stderr]    Compiling ryu v1.0.9
[INFO] [stderr]    Compiling dirs v4.0.0
[INFO] [stderr]    Compiling term_grid v0.1.7
[INFO] [stderr]    Compiling uzers v0.11.3
[INFO] [stderr]    Compiling xattr v1.0.1
[INFO] [stderr]    Compiling terminal_size v0.1.17
[INFO] [stderr]    Compiling globset v0.4.8
[INFO] [stderr]    Compiling sys-locale v0.3.1
[INFO] [stderr]    Compiling lscolors v0.15.0
[INFO] [stderr]    Compiling human-sort v0.2.2
[INFO] [stderr]    Compiling vsort v0.2.0
[INFO] [stderr]    Compiling chrono v0.4.19
[INFO] [stderr]    Compiling xdg v2.1.0
[INFO] [stderr]    Compiling wild v2.0.4
[INFO] [stderr]    Compiling clap_derive v4.1.8
[INFO] [stderr]    Compiling thiserror-impl v1.0.30
[INFO] [stderr]    Compiling chrono-humanize v0.2.3
[INFO] [stderr]    Compiling thiserror v1.0.30
[INFO] [stderr]    Compiling clap v4.1.8
[INFO] [stderr]    Compiling clap_complete v4.1.4
[INFO] [stderr]    Compiling lsd v1.0.0 (/opt/rustwide/workdir)
[INFO] [stderr]    Compiling bitflags v2.4.0
[INFO] [stderr]    Compiling serde_yaml v0.8.23
[INFO] [stderr]    Compiling crossterm v0.27.0
[INFO] [stderr]    Compiling git2 v0.18.1
[INFO] [stdout] warning: unused import: `icons::IconSeparator`
[INFO] [stdout]   --> src/flags.rs:31:9
[INFO] [stdout]    |
[INFO] [stdout] 31 | pub use icons::IconSeparator;
[INFO] [stdout]    |         ^^^^^^^^^^^^^^^^^^^^
[INFO] [stdout]    |
[INFO] [stdout]    = note: `#[warn(unused_imports)]` on by default
[INFO] [stdout] 
[INFO] [stdout] 
[INFO] [stdout] warning: unused import: `crate::icon::Icons`
[INFO] [stdout]   --> src/meta/mod.rs:30:9
[INFO] [stdout]    |
[INFO] [stdout] 30 | pub use crate::icon::Icons;
[INFO] [stdout]    |         ^^^^^^^^^^^^^^^^^^
[INFO] [stdout] 
[INFO] [stdout] 
[INFO] [stdout] warning: 2 warnings emitted
[INFO] [stdout] 
[INFO] [stdout] 
[INFO] [stderr]     Finished dev [unoptimized + debuginfo] target(s) in 16.59s
[INFO] running `Command { std: "docker" "inspect" "246aa25dd852fcc6c4e988f4187421ed5e145a8b56944f094a0df62ec117bff3", kill_on_drop: false }`
[INFO] running `Command { std: "docker" "rm" "-f" "246aa25dd852fcc6c4e988f4187421ed5e145a8b56944f094a0df62ec117bff3", kill_on_drop: false }`
[INFO] [stdout] 246aa25dd852fcc6c4e988f4187421ed5e145a8b56944f094a0df62ec117bff3
[INFO] running `Command { std: "docker" "create" "-v" "/var/lib/crater-agent-workspace/builds/worker-6-tc1/target:/opt/rustwide/target:rw,Z" "-v" "/var/lib/crater-agent-workspace/builds/worker-6-tc1/source:/opt/rustwide/workdir:ro,Z" "-v" "/var/lib/crater-agent-workspace/cargo-home:/opt/rustwide/cargo-home:ro,Z" "-v" "/var/lib/crater-agent-workspace/rustup-home:/opt/rustwide/rustup-home:ro,Z" "-e" "SOURCE_DIR=/opt/rustwide/workdir" "-e" "CARGO_TARGET_DIR=/opt/rustwide/target" "-e" "CARGO_INCREMENTAL=0" "-e" "RUST_BACKTRACE=full" "-e" "RUSTFLAGS=--cap-lints=warn" "-e" "RUSTDOCFLAGS=--cap-lints=warn" "-e" "CARGO_HOME=/opt/rustwide/cargo-home" "-e" "RUSTUP_HOME=/opt/rustwide/rustup-home" "-w" "/opt/rustwide/workdir" "-m" "1610612736" "--user" "0:0" "--network" "none" "ghcr.io/rust-lang/crates-build-env/linux@sha256:2788e3201cd34a07e3172128adcd8b3090168a8e3bcc40d7c032b9dda1df7d1c" "/opt/rustwide/cargo-home/bin/cargo" "+1.75.0" "test" "--frozen" "--no-run" "--message-format=json", kill_on_drop: false }`
[INFO] [stdout] a5afc938f4567b629de7157e74610b85e5e0803be78edf029a8c846edeccd686
[INFO] running `Command { std: "docker" "start" "-a" "a5afc938f4567b629de7157e74610b85e5e0803be78edf029a8c846edeccd686", kill_on_drop: false }`
[INFO] [stderr]    Compiling futures-core v0.3.28
[INFO] [stderr]    Compiling regex-syntax v0.6.29
[INFO] [stderr]    Compiling slab v0.4.9
[INFO] [stderr]    Compiling either v1.6.1
[INFO] [stderr]    Compiling futures-task v0.3.28
[INFO] [stderr]    Compiling futures-channel v0.3.28
[INFO] [stderr]    Compiling futures-sink v0.3.28
[INFO] [stderr]    Compiling predicates-core v1.0.3
[INFO] [stderr]    Compiling futures-util v0.3.28
[INFO] [stderr]    Compiling crossbeam-utils v0.8.8
[INFO] [stderr]    Compiling parking_lot v0.12.1
[INFO] [stderr]    Compiling futures-io v0.3.28
[INFO] [stderr]    Compiling difflib v0.4.0
[INFO] [stderr]    Compiling pin-project-lite v0.2.13
[INFO] [stderr]    Compiling doc-comment v0.3.3
[INFO] [stderr]    Compiling pin-utils v0.1.0
[INFO] [stderr]    Compiling itertools v0.10.3
[INFO] [stderr]    Compiling thread_local v1.1.4
[INFO] [stderr]    Compiling termtree v0.2.4
[INFO] [stderr]    Compiling syn v2.0.38
[INFO] [stderr]    Compiling predicates-tree v1.0.5
[INFO] [stderr]    Compiling num_cpus v1.16.0
[INFO] [stderr]    Compiling regex-automata v0.4.3
[INFO] [stderr]    Compiling remove_dir_all v0.5.3
[INFO] [stderr]    Compiling tempfile v3.3.0
[INFO] [stderr]    Compiling dashmap v5.2.0
[INFO] [stderr]    Compiling crossterm v0.27.0
[INFO] [stderr]    Compiling itertools v0.11.0
[INFO] [stderr]    Compiling float-cmp v0.9.0
[INFO] [stderr]    Compiling wait-timeout v0.2.0
[INFO] [stderr]    Compiling regex v1.7.3
[INFO] [stderr]    Compiling predicates v2.1.1
[INFO] [stderr]    Compiling bstr v1.7.0
[INFO] [stderr]    Compiling globset v0.4.8
[INFO] [stderr]    Compiling anstyle v1.0.4
[INFO] [stderr]    Compiling normalize-line-endings v0.3.0
[INFO] [stderr]    Compiling ignore v0.4.18
[INFO] [stderr]    Compiling predicates v3.0.4
[INFO] [stderr]    Compiling assert_cmd v2.0.8
[INFO] [stderr]    Compiling futures-executor v0.3.28
[INFO] [stderr]    Compiling futures v0.3.28
[INFO] [stderr]    Compiling globwalk v0.8.1
[INFO] [stderr]    Compiling assert_fs v1.0.7
[INFO] [stderr]    Compiling lsd v1.0.0 (/opt/rustwide/workdir)
[INFO] [stderr]    Compiling serial_test_derive v2.0.0
[INFO] [stdout] warning: unused import: `icons::IconSeparator`
[INFO] [stdout]   --> src/flags.rs:31:9
[INFO] [stdout]    |
[INFO] [stdout] 31 | pub use icons::IconSeparator;
[INFO] [stdout]    |         ^^^^^^^^^^^^^^^^^^^^
[INFO] [stdout]    |
[INFO] [stdout]    = note: `#[warn(unused_imports)]` on by default
[INFO] [stdout] 
[INFO] [stdout] 
[INFO] [stdout] warning: unused import: `crate::icon::Icons`
[INFO] [stdout]   --> src/meta/mod.rs:30:9
[INFO] [stdout]    |
[INFO] [stdout] 30 | pub use crate::icon::Icons;
[INFO] [stdout]    |         ^^^^^^^^^^^^^^^^^^
[INFO] [stdout] 
[INFO] [stdout] 
[INFO] [stderr]    Compiling serial_test v2.0.0
[INFO] [stdout] warning: unused import: `icons::IconSeparator`
[INFO] [stdout]   --> src/flags.rs:31:9
[INFO] [stdout]    |
[INFO] [stdout] 31 | pub use icons::IconSeparator;
[INFO] [stdout]    |         ^^^^^^^^^^^^^^^^^^^^
[INFO] [stdout]    |
[INFO] [stdout]    = note: `#[warn(unused_imports)]` on by default
[INFO] [stdout] 
[INFO] [stdout] 
[INFO] [stdout] warning: unused import: `crate::icon::Icons`
[INFO] [stdout]   --> src/meta/mod.rs:30:9
[INFO] [stdout]    |
[INFO] [stdout] 30 | pub use crate::icon::Icons;
[INFO] [stdout]    |         ^^^^^^^^^^^^^^^^^^
[INFO] [stdout] 
[INFO] [stdout] 
[INFO] [stdout] warning: 2 warnings emitted
[INFO] [stdout] 
[INFO] [stdout] 
[INFO] [stdout] warning: 2 warnings emitted
[INFO] [stdout] 
[INFO] [stdout] 
[INFO] [stderr]     Finished test [unoptimized + debuginfo] target(s) in 9.83s
[INFO] running `Command { std: "docker" "inspect" "a5afc938f4567b629de7157e74610b85e5e0803be78edf029a8c846edeccd686", kill_on_drop: false }`
[INFO] running `Command { std: "docker" "rm" "-f" "a5afc938f4567b629de7157e74610b85e5e0803be78edf029a8c846edeccd686", kill_on_drop: false }`
[INFO] [stdout] a5afc938f4567b629de7157e74610b85e5e0803be78edf029a8c846edeccd686
[INFO] running `Command { std: "docker" "create" "-v" "/var/lib/crater-agent-workspace/builds/worker-6-tc1/target:/opt/rustwide/target:rw,Z" "-v" "/var/lib/crater-agent-workspace/builds/worker-6-tc1/source:/opt/rustwide/workdir:ro,Z" "-v" "/var/lib/crater-agent-workspace/cargo-home:/opt/rustwide/cargo-home:ro,Z" "-v" "/var/lib/crater-agent-workspace/rustup-home:/opt/rustwide/rustup-home:ro,Z" "-e" "SOURCE_DIR=/opt/rustwide/workdir" "-e" "CARGO_TARGET_DIR=/opt/rustwide/target" "-e" "CARGO_INCREMENTAL=0" "-e" "RUST_BACKTRACE=full" "-e" "RUSTFLAGS=--cap-lints=warn" "-e" "RUSTDOCFLAGS=--cap-lints=warn" "-e" "CARGO_HOME=/opt/rustwide/cargo-home" "-e" "RUSTUP_HOME=/opt/rustwide/rustup-home" "-w" "/opt/rustwide/workdir" "-m" "1610612736" "--user" "0:0" "--network" "none" "ghcr.io/rust-lang/crates-build-env/linux@sha256:2788e3201cd34a07e3172128adcd8b3090168a8e3bcc40d7c032b9dda1df7d1c" "/opt/rustwide/cargo-home/bin/cargo" "+1.75.0" "test" "--frozen", kill_on_drop: false }`
[INFO] [stdout] 3b58bf134355ccdba7ecafb4216e753040c6ab32ac73582b58ee78b67fe23c86
[INFO] running `Command { std: "docker" "start" "-a" "3b58bf134355ccdba7ecafb4216e753040c6ab32ac73582b58ee78b67fe23c86", kill_on_drop: false }`
[INFO] [stderr] warning: unused import: `icons::IconSeparator`
[INFO] [stderr]   --> src/flags.rs:31:9
[INFO] [stderr]    |
[INFO] [stderr] 31 | pub use icons::IconSeparator;
[INFO] [stderr]    |         ^^^^^^^^^^^^^^^^^^^^
[INFO] [stderr]    |
[INFO] [stderr]    = note: `#[warn(unused_imports)]` on by default
[INFO] [stderr] 
[INFO] [stderr] warning: unused import: `crate::icon::Icons`
[INFO] [stderr]   --> src/meta/mod.rs:30:9
[INFO] [stderr]    |
[INFO] [stderr] 30 | pub use crate::icon::Icons;
[INFO] [stderr]    |         ^^^^^^^^^^^^^^^^^^
[INFO] [stderr] 
[INFO] [stderr] warning: `lsd` (bin "lsd") generated 2 warnings (run `cargo fix --bin "lsd"` to apply 2 suggestions)
[INFO] [stderr] warning: `lsd` (bin "lsd" test) generated 2 warnings (2 duplicates)
[INFO] [stderr]     Finished test [unoptimized + debuginfo] target(s) in 0.09s
[INFO] [stderr]      Running unittests src/main.rs (/opt/rustwide/target/debug/deps/lsd-c27a5af9403b02e8)
[INFO] [stdout] 
[INFO] [stdout] running 388 tests
[INFO] [stdout] Warning: the 'themes' directory is deprecated, use 'colors.yaml' instead.
[INFO] [stdout] 
[INFO] [stdout] test color::elem::test_default_theme_color ... ok
[INFO] [stdout] test color::tests::test_color_new_custom_theme ... ok
[INFO] [stdout] test color::tests::test_color_new_bad_legacy_custom_theme ... ok
[INFO] [stdout] test color::tests::test_color_new_custom_no_file_theme ... ok
[INFO] [stdout] test color::tests::test_color_new_no_color_theme ... ok
[INFO] [stdout] test config_file::tests::test_read_config_file_not_found ... ok
[INFO] [stdout] test display::tests::test_display_get_visible_width_hypelink_simple ... ok
[INFO] [stdout] test config_file::tests::test_read_config_ok ... ok
[INFO] [stdout] test config_file::tests::test_read_config_bad_bool ... ok
[INFO] [stdout] test display::tests::test_display_get_visible_width_without_colors ... ok
[INFO] [stdout] test display::tests::test_display_get_visible_width_without_icons ... ok
[INFO] [stdout] test config_file::tests::test_read_bad_display ... ok
[INFO] [stdout] test config_file::tests::test_read_default ... ok
[INFO] [stdout] test display::tests::test_folder_path ... ok
[INFO] [stdout] test display::tests::test_grid_no_header_with_empty_meta ... ok
[INFO] [stdout] test display::tests::test_folder_path_with_links ... ok
[INFO] [stdout] test display::tests::test_tree_align_subfolder ... ok
[INFO] [stdout] test display::tests::test_grid_all_block_headers ... ok
[INFO] [stdout] test display::tests::test_display_get_visible_width_with_colors ... ok
[INFO] [stdout] test flags::blocks::test_block::test_context ... ok
[INFO] [stdout] test flags::blocks::test_block::test_date ... ok
[INFO] [stdout] test flags::blocks::test_block::test_block_headers ... ok
[INFO] [stdout] test flags::blocks::test_block::test_git_status ... ok
[INFO] [stdout] test display::tests::test_display_tree_with_all ... ok
[INFO] [stdout] test flags::blocks::test_block::test_err ... ok
[INFO] [stdout] test flags::blocks::test_block::test_links ... ok
[INFO] [stdout] test flags::blocks::test_block::test_permission ... ok
[INFO] [stdout] test flags::blocks::test_block::test_inode ... ok
[INFO] [stdout] test flags::blocks::test_block::test_size ... ok
[INFO] [stdout] test flags::blocks::test_block::test_size_value ... ok
[INFO] [stdout] test flags::blocks::test_block::test_name ... ok
[INFO] [stdout] test flags::blocks::test_block::test_group ... ok
[INFO] [stdout] test flags::blocks::test_block::test_user ... ok
[INFO] [stdout] test display::tests::test_display_get_visible_width_with_icons ... ok
[INFO] [stdout] test display::tests::test_tree_size_first_without_name ... ok
[INFO] [stdout] test display::tests::test_tree_edge_before_name ... ok
[INFO] [stdout] test flags::blocks::test_blocks::test_configure_from_ignore_prepend_inode_with_long ... ok
[INFO] [stdout] test flags::blocks::test_blocks::test_configure_from_ignore_prepend_inode_without_long ... ok
[INFO] [stdout] test flags::blocks::test_blocks::test_configure_from_with_blocks_and_long ... ok
[INFO] [stdout] test flags::blocks::test_blocks::test_configure_from_with_blocks_and_without_long ... ok
[INFO] [stdout] test flags::blocks::test_blocks::test_configure_from_prepend_inode_without_long ... ok
[INFO] [stdout] test flags::blocks::test_blocks::test_configure_from_with_long ... ok
[INFO] [stdout] test flags::blocks::test_blocks::test_configure_from_without_long ... ok
[INFO] [stdout] test flags::blocks::test_blocks::test_configure_from_prepend_inode_with_long ... ok
[INFO] [stdout] test flags::blocks::test_blocks::test_context_not_present_on_cli ... ok
[INFO] [stdout] test flags::blocks::test_blocks::test_configure_from_with_inode ... ok
[INFO] [stdout] test flags::blocks::test_blocks::test_from_cli_none ... ok
[INFO] [stdout] test flags::blocks::test_blocks::test_from_config_every_second_one ... ok
[INFO] [stdout] test flags::blocks::test_blocks::test_from_cli_multi_values ... ok
[INFO] [stdout] test flags::blocks::test_blocks::test_context_present_if_context_on ... ok
[INFO] [stdout] test flags::blocks::test_blocks::test_from_cli_every_second_one ... ok
[INFO] [stderr] lsd: Not a valid block name: foo.
[INFO] [stderr] 
[INFO] [stdout] test flags::blocks::test_blocks::test_from_cli_one ... ok
[INFO] [stdout] test flags::blocks::test_blocks::test_from_cli_multi_occurences ... ok
[INFO] [stdout] test flags::blocks::test_blocks::test_from_cli_implicit_add_git_block ... ok
[INFO] [stdout] test flags::blocks::test_blocks::test_from_config_none ... ok
[INFO] [stdout] test flags::blocks::test_blocks::test_from_config_invalid_is_ignored ... ok
[INFO] [stdout] test flags::blocks::test_blocks::test_from_config_reversed_default ... ok
[INFO] [stdout] test flags::blocks::test_blocks::test_from_config_one ... ok
[INFO] [stdout] test flags::blocks::test_blocks::test_from_cli_reversed_default ... ok
[INFO] [stdout] test flags::color::test_color_option::test_from_cli_never ... ok
[INFO] [stdout] test flags::blocks::test_blocks::test_only_one_context_no_other_blocks_affected ... ok
[INFO] [stdout] test flags::color::test_color_option::test_from_cli_none ... ok
[INFO] [stdout] test flags::color::test_color_option::test_from_cli_always ... ok
[INFO] [stdout] test flags::color::test_color_option::test_from_cli_classic_mode ... ok
[INFO] [stdout] test flags::color::test_color_option::test_from_cli_auto ... ok
[INFO] [stdout] test flags::color::test_color_option::test_from_config_always ... ok
[INFO] [stdout] test flags::color::test_color_option::test_from_config_auto ... ok
[INFO] [stdout] test flags::color::test_color_option::test_from_config_classic_mode ... ok
[INFO] [stdout] test flags::color::test_color_option::test_from_config_never ... ok
[INFO] [stdout] test flags::color::test_color_option::test_from_env_no_color ... ok
[INFO] [stdout] test flags::color::test_theme_option::test_from_config_bad_file_flag ... ok
[INFO] [stdout] test flags::color::test_theme_option::test_from_config_classic_mode ... ok
[INFO] [stdout] test flags::color::test_color_option::test_from_config_none ... ok
[INFO] [stdout] test flags::color::test_theme_option::test_from_config_no_lscolor ... ok
[INFO] [stdout] test flags::color::test_theme_option::test_from_config_none_default ... ok
[INFO] [stdout] test flags::color::test_theme_option::test_from_config_default ... ok
[INFO] [stdout] test flags::color::test_theme_option::test_from_config_no_color ... ok
[INFO] [stdout] test flags::color::test_color_option::test_from_cli_color_multiple ... ok
[INFO] [stdout] test flags::date::test::test_from_cli_format ... ok
[INFO] [stdout] test flags::date::test::test_from_cli_date_multi ... ok
[INFO] [stdout] test flags::date::test::test_from_cli_none ... ok
[INFO] [stdout] test flags::date::test::test_from_config_date ... ok
[INFO] [stdout] test flags::date::test::test_from_cli_classic_mode ... ok
[INFO] [stdout] test flags::date::test::test_from_config_classic_mode ... ok
[INFO] [stderr] lsd: Not a valid date format: +%J.
[INFO] [stderr] 
[INFO] [stdout] test flags::date::test::test_from_config_format ... ok
[INFO] [stdout] test flags::date::test::test_from_cli_date ... ok
[INFO] [stdout] test flags::date::test::test_from_cli_locale ... ok
[INFO] [stdout] test flags::date::test::test_from_config_format_invalid ... ok
[INFO] [stdout] test flags::date::test::test_from_config_none ... ok
[INFO] [stdout] test flags::date::test::test_from_config_relative ... ok
[INFO] [stdout] test flags::date::test::test_from_environment_full_iso ... ok
[INFO] [stdout] test flags::date::test::test_from_environment_iso ... ok
[INFO] [stdout] test flags::date::test::test_from_environment_format ... ok
[INFO] [stdout] test flags::date::test::test_from_environment_long_iso ... ok
[INFO] [stdout] test flags::dereference::test::test_from_cli_true ... ok
[INFO] [stdout] test flags::dereference::test::test_from_config_false ... ok
[INFO] [stdout] test flags::date::test::test_from_cli_relative ... ok
[INFO] [stdout] test flags::dereference::test::test_from_cli_none ... ok
[INFO] [stdout] test flags::dereference::test::test_from_config_none ... ok
[INFO] [stdout] test flags::date::test::test_parsing_order_arg ... ok
[INFO] [stdout] test flags::dereference::test::test_from_config_true ... ok
[INFO] [stdout] test flags::display::test::test_from_cli_directory_only ... ok
[INFO] [stdout] test flags::display::test::test_from_cli_almost_all ... ok
[INFO] [stdout] test flags::display::test::test_from_config_all ... ok
[INFO] [stdout] test flags::display::test::test_from_config_almost_all ... ok
[INFO] [stdout] test flags::display::test::test_from_cli_none ... ok
[INFO] [stdout] test flags::display::test::test_from_cli_all ... ok
[INFO] [stdout] test flags::display::test::test_from_config_directory_only ... ok
[INFO] [stdout] test flags::display::test::test_from_config_none ... ok
[INFO] [stdout] test flags::display::test::test_from_config_visible_only ... ok
[INFO] [stdout] test flags::header::test::test_from_config_false ... ok
[INFO] [stdout] test flags::header::test::test_from_config_none ... ok
[INFO] [stdout] test flags::header::test::test_from_config_true ... ok
[INFO] [stdout] test flags::header::test::test_from_cli_none ... ok
[INFO] [stdout] test flags::display::test::test_from_cli_system_protected ... ok
[INFO] [stdout] test flags::header::test::test_from_cli_true ... ok
[INFO] [stdout] test flags::hyperlink::test_hyperlink_option::test_from_cli_hyperlink_when_multi ... ok
[INFO] [stdout] test flags::hyperlink::test_hyperlink_option::test_from_cli_classic_mode ... ok
[INFO] [stdout] test flags::hyperlink::test_hyperlink_option::test_from_cli_always ... ok
[INFO] [stdout] test flags::hyperlink::test_hyperlink_option::test_from_config_always ... ok
[INFO] [stdout] test flags::hyperlink::test_hyperlink_option::test_from_cli_auto ... ok
[INFO] [stdout] test flags::hyperlink::test_hyperlink_option::test_from_config_auto ... ok
[INFO] [stdout] test flags::hyperlink::test_hyperlink_option::test_from_config_classic_mode ... ok
[INFO] [stdout] test flags::hyperlink::test_hyperlink_option::test_from_config_none ... ok
[INFO] [stdout] test flags::hyperlink::test_hyperlink_option::test_from_config_never ... ok
[INFO] [stdout] test flags::hyperlink::test_hyperlink_option::test_from_cli_none ... ok
[INFO] [stdout] test flags::hyperlink::test_hyperlink_option::test_from_cli_never ... ok
[INFO] [stdout] test flags::icons::test_icon_option::test_from_cli_always ... ok
[INFO] [stdout] test flags::icons::test_icon_option::test_from_cli_icon_when_multi ... ok
[INFO] [stdout] test flags::icons::test_icon_option::test_from_cli_auto ... ok
[INFO] [stdout] test flags::icons::test_icon_option::test_from_config_always ... ok
[INFO] [stdout] test flags::icons::test_icon_option::test_from_cli_classic_mode ... ok
[INFO] [stdout] test flags::icons::test_icon_option::test_from_config_auto ... ok
[INFO] [stdout] test flags::icons::test_icon_option::test_from_config_classic_mode ... ok
[INFO] [stdout] test flags::icons::test_icon_option::test_from_config_none ... ok
[INFO] [stdout] test flags::icons::test_icon_option::test_from_config_never ... ok
[INFO] [stdout] test flags::icons::test_icon_separator::test_from_config_custom ... ok
[INFO] [stdout] test flags::icons::test_icon_separator::test_from_config_default ... ok
[INFO] [stdout] test flags::icons::test_icon_option::test_from_cli_never ... ok
[INFO] [stdout] test flags::icons::test_icon_option::test_from_cli_none ... ok
[INFO] [stdout] test flags::icons::test_icon_theme::test_from_cli_icon_multi ... ok
[INFO] [stdout] test flags::icons::test_icon_theme::test_from_cli_fancy ... ok
[INFO] [stdout] test flags::icons::test_icon_theme::test_from_config_fancy ... ok
[INFO] [stdout] test flags::icons::test_icon_theme::test_from_config_none ... ok
[INFO] [stdout] test flags::icons::test_icon_theme::test_from_config_unicode ... ok
[INFO] [stdout] test flags::icons::test_icon_theme::test_from_cli_none ... ok
[INFO] [stdout] test flags::icons::test_icon_theme::test_from_cli_unicode ... ok
[INFO] [stdout] test flags::ignore_globs::test::test_configuration_from_none ... ok
[INFO] [stdout] test flags::ignore_globs::test::test_from_cli_none ... ok
[INFO] [stdout] test flags::ignore_globs::test::test_configuration_from_args ... ok
[INFO] [stdout] test flags::ignore_globs::test::test_from_config_none ... ok
[INFO] [stdout] test flags::indicators::test::test_from_config_false ... ok
[INFO] [stdout] test flags::indicators::test::test_from_config_none ... ok
[INFO] [stdout] test flags::indicators::test::test_from_config_true ... ok
[INFO] [stdout] test flags::ignore_globs::test::test_configuration_from_config ... ok
[INFO] [stdout] test flags::indicators::test::test_from_cli_true ... ok
[INFO] [stdout] test flags::indicators::test::test_from_cli_none ... ok
[INFO] [stdout] test flags::layout::test::test_from_cli_oneline ... ok
[INFO] [stdout] test flags::layout::test::test_from_cli_none ... ok
[INFO] [stdout] test flags::layout::test::test_from_cli_oneline_through_blocks ... ok
[INFO] [stdout] test flags::layout::test::test_from_config_grid ... ok
[INFO] [stdout] test flags::layout::test::test_from_config_none ... ok
[INFO] [stdout] test flags::layout::test::test_from_config_tree ... ok
[INFO] [stdout] test flags::layout::test::test_from_config_oneline ... ok
[INFO] [stdout] test flags::layout::test::test_from_cli_oneline_through_long ... ok
[INFO] [stdout] test flags::literal::test::test_from_config_false ... ok
[INFO] [stdout] test flags::layout::test::test_from_cli_tree ... ok
[INFO] [stdout] test flags::literal::test::test_from_config_none ... ok
[INFO] [stdout] test flags::literal::test::test_from_config_true ... ok
[INFO] [stdout] test flags::literal::test::test_from_cli_literal ... ok
[INFO] [stdout] test flags::permission::test::test_default ... ok
[INFO] [stdout] test flags::literal::test::test_from_cli_none ... ok
[INFO] [stdout] test flags::permission::test::test_from_cli_default ... ok
[INFO] [stdout] test flags::permission::test::test_from_cli_permissions_classic ... ok
[INFO] [stdout] test flags::permission::test::test_from_cli_permissions_disable ... ok
[INFO] [stdout] test flags::permission::test::test_from_cli_none ... ok
[INFO] [stdout] test flags::permission::test::test_from_config_classic_mode ... ok
[INFO] [stdout] test flags::permission::test::test_from_config_none ... ok
[INFO] [stdout] test flags::permission::test::test_from_config_octal ... ok
[INFO] [stdout] test flags::permission::test::test_from_config_rwx ... ok
[INFO] [stdout] test flags::permission::test::test_from_cli_permissions_multi ... ok
[INFO] [stdout] test flags::permission::test::test_from_cli_short ... ok
[INFO] [stdout] test flags::recursion::test::test_depth_from_cli_depth_multi ... ok
[INFO] [stdout] test flags::recursion::test::test_depth_from_cli_integer ... ok
[INFO] [stdout] test flags::recursion::test::test_depth_from_cli_empty ... ok
[INFO] [stdout] test flags::recursion::test::test_depth_from_cli_neg_int ... ok
[INFO] [stdout] test flags::recursion::test::test_depth_from_cli_non_int ... ok
[INFO] [stdout] test flags::recursion::test::test_depth_from_config_none_max ... ok
[INFO] [stdout] test flags::recursion::test::test_enabled_from_cli_empty ... ok
[INFO] [stdout] test flags::recursion::test::test_depth_from_config_pos_integer ... ok
[INFO] [stdout] test flags::recursion::test::test_enabled_from_cli_true ... ok
[INFO] [stdout] test flags::recursion::test::test_enabled_from_matches_empty_and_config_false ... ok
[INFO] [stdout] test flags::recursion::test::test_enabled_from_empty_matches_and_config ... ok
[INFO] [stdout] test flags::size::test::test_default ... ok
[INFO] [stdout] test flags::recursion::test::test_enabled_from_matches_empty_and_config_true ... ok
[INFO] [stdout] test flags::size::test::test_from_cli_default ... ok
[INFO] [stdout] test flags::size::test::test_from_cli_bytes ... ok
[INFO] [stdout] test flags::size::test::test_from_cli_none ... ok
[INFO] [stdout] test flags::size::test::test_from_cli_size_classic ... ok
[INFO] [stdout] test flags::size::test::test_from_cli_short ... ok
[INFO] [stdout] test flags::size::test::test_from_config_bytes ... ok
[INFO] [stdout] test flags::size::test::test_from_config_classic_mode ... ok
[INFO] [stdout] test flags::size::test::test_from_cli_size_multi ... ok
[INFO] [stdout] test flags::size::test::test_from_config_default ... ok
[INFO] [stdout] test flags::size::test::test_from_config_none ... ok
[INFO] [stdout] test flags::size::test::test_from_config_short ... ok
[INFO] [stdout] test flags::sorting::test_dir_grouping::test_from_cli_explicit_none ... ok
[INFO] [stdout] test flags::sorting::test_dir_grouping::test_from_cli_classic_mode ... ok
[INFO] [stdout] test flags::sorting::test_dir_grouping::test_from_cli_first ... ok
[INFO] [stdout] test flags::sorting::test_dir_grouping::test_from_cli_group_directories_first ... ok
[INFO] [stdout] test flags::sorting::test_dir_grouping::test_from_cli_group_dirs_multi ... ok
[INFO] [stdout] test flags::sorting::test_dir_grouping::test_from_cli_none ... ok
[INFO] [stdout] test flags::sorting::test_dir_grouping::test_from_config_classic_mode ... ok
[INFO] [stdout] test flags::sorting::test_dir_grouping::test_from_cli_last ... ok
[INFO] [stdout] test flags::sorting::test_dir_grouping::test_from_config_empty ... ok
[INFO] [stdout] test flags::sorting::test_dir_grouping::test_from_config_explicit_empty ... ok
[INFO] [stdout] test flags::sorting::test_dir_grouping::test_from_config_first ... ok
[INFO] [stdout] test flags::sorting::test_dir_grouping::test_from_config_last ... ok
[INFO] [stdout] test flags::sorting::test_sort_column::test_from_arg_cli_sort_git ... ok
[INFO] [stdout] test flags::sorting::test_sort_column::test_from_cli_extension ... ok
[INFO] [stdout] test flags::sorting::test_sort_column::test_from_cli_git ... ok
[INFO] [stdout] test flags::sorting::test_sort_column::test_from_cli_no_sort ... ok
[INFO] [stdout] test flags::sorting::test_sort_column::test_from_cli_none ... ok
[INFO] [stdout] test flags::sorting::test_sort_column::test_from_cli_size ... ok
[INFO] [stdout] test flags::sorting::test_sort_column::test_from_cli_sort ... ok
[INFO] [stdout] test flags::sorting::test_sort_column::test_from_cli_time ... ok
[INFO] [stdout] test flags::sorting::test_sort_column::test_from_cli_version ... ok
[INFO] [stdout] test flags::sorting::test_sort_column::test_from_config_empty ... ok
[INFO] [stdout] test flags::sorting::test_sort_column::test_from_config_empty_column ... ok
[INFO] [stdout] test flags::sorting::test_sort_column::test_from_config_extension ... ok
[INFO] [stdout] test flags::sorting::test_sort_column::test_from_config_git_status ... ok
[INFO] [stdout] test flags::sorting::test_sort_column::test_from_config_name ... ok
[INFO] [stdout] test flags::sorting::test_sort_column::test_from_config_size ... ok
[INFO] [stdout] test flags::sorting::test_sort_column::test_from_config_time ... ok
[INFO] [stdout] test flags::sorting::test_sort_column::test_from_config_version ... ok
[INFO] [stdout] test flags::sorting::test_sort_column::test_multi_sort ... ok
[INFO] [stdout] test flags::sorting::test_sort_column::test_multi_sort_use_last ... ok
[INFO] [stdout] test flags::sorting::test_sort_order::test_from_cli_none ... ok
[INFO] [stdout] test flags::sorting::test_sort_order::test_from_cli_reverse ... ok
[INFO] [stdout] test flags::sorting::test_sort_order::test_from_config_default_config ... ok
[INFO] [stdout] test flags::sorting::test_sort_order::test_from_config_empty ... ok
[INFO] [stdout] test flags::sorting::test_sort_order::test_from_config_empty_reverse ... ok
[INFO] [stdout] test flags::sorting::test_sort_order::test_from_config_reverse_false ... ok
[INFO] [stdout] test flags::sorting::test_sort_order::test_from_config_reverse_true ... ok
[INFO] [stdout] test flags::symlink_arrow::test::test_symlink_arrow_default ... ok
[INFO] [stdout] test flags::symlink_arrow::test::test_symlink_arrow_from_args_none ... ok
[INFO] [stdout] test flags::symlink_arrow::test::test_symlink_arrow_from_config_utf8 ... ok
[INFO] [stdout] test flags::symlink_arrow::test::test_symlink_display ... ok
[INFO] [stdout] test flags::symlinks::test::test_from_cli_none ... ok
[INFO] [stdout] test flags::symlinks::test::test_from_cli_true ... ok
[INFO] [stdout] test flags::symlinks::test::test_from_config_false ... ok
[INFO] [stdout] test flags::symlinks::test::test_from_config_none ... ok
[INFO] [stdout] test flags::symlinks::test::test_from_config_true ... ok
[INFO] [stdout] test flags::total_size::test::test_from_cli_none ... ok
[INFO] [stdout] test flags::total_size::test::test_from_cli_true ... ok
[INFO] [stdout] test flags::total_size::test::test_from_config_false ... ok
[INFO] [stdout] test flags::total_size::test::test_from_config_none ... ok
[INFO] [stdout] test flags::total_size::test::test_from_config_true ... ok
[INFO] [stdout] test flags::truncate_owner::test::test_from_cli_after_some ... ok
[INFO] [stdout] test flags::date::test::test_from_cli_format_invalid - should panic ... ok
[INFO] [stdout] test flags::permission::test::test_from_cli_unknown - should panic ... ok
[INFO] [stdout] test flags::truncate_owner::test::test_from_config_all_fields_none ... ok
[INFO] [stdout] test flags::truncate_owner::test::test_from_config_all_fields_some ... ok
[INFO] [stdout] test flags::truncate_owner::test::test_from_config_none ... ok
[INFO] [stdout] test git::tests::compare_git_status ... ok
[INFO] [stdout] test flags::truncate_owner::test::test_from_cli_none ... ok
[INFO] [stdout] test flags::truncate_owner::test::test_from_cli_marker_some ... ok
[INFO] [stdout] test flags::size::test::test_from_cli_unknown - should panic ... ok
[INFO] [stdout] test icon::test::get_icon_always_not_tty_default_file ... ok
[INFO] [stdout] test icon::test::get_icon_always_tty_default_file ... ok
[INFO] [stdout] test icon::test::get_icon_auto_tty ... ok
[INFO] [stdout] test flags::sorting::test_dir_grouping::test_from_str_bad_value - should panic ... ok
[INFO] [stdout] test icon::test::get_icon_default_directory ... ok
[INFO] [stdout] test icon::test::get_icon_default_directory_unicode ... ok
[INFO] [stdout] test icon::test::get_icon_default_file_icon_unicode ... ok
[INFO] [stdout] test icon::test::get_no_icon_auto ... ok
[INFO] [stdout] test icon::test::get_no_icon_never_not_tty ... ok
[INFO] [stdout] test icon::test::get_no_icon_never_tty ... ok
[INFO] [stdout] test meta::access_control::test::test_acl_and_selinux_indicator ... ok
[INFO] [stdout] test meta::access_control::test::test_acl_only_indicator ... ok
[INFO] [stdout] test meta::access_control::test::test_selinux_and_smack_context ... ok
[INFO] [stdout] test meta::access_control::test::test_no_context ... ok
[INFO] [stdout] test meta::access_control::test::test_selinux_context ... ok
[INFO] [stdout] test meta::access_control::test::test_smack_only_indicator ... ok
[INFO] [stdout] test meta::date::test::test_a_day_old_file_color ... ok
[INFO] [stdout] test meta::date::test::test_a_several_days_old_file_color ... ok
[INFO] [stdout] test meta::date::test::test_an_hour_old_file_color ... ok
[INFO] [stdout] test meta::date::test::test_bad_date ... ok
[INFO] [stdout] test meta::date::test::test_iso_format_now ... ok
[INFO] [stdout] test meta::date::test::test_iso_format_year_old ... ok
[INFO] [stdout] test meta::date::test::test_locale_format_now ... ok
[INFO] [stdout] test meta::date::test::test_with_relative_date ... ok
[INFO] [stdout] test meta::date::test::test_with_relative_date_now ... ok
[INFO] [stdout] On branch master
[INFO] [stdout] Untracked files:
[INFO] [stdout]   (use "git add <file>..." to include in what will be committed)
[INFO] [stdout] 	.gitignore
[INFO] [stdout] 
[INFO] [stdout] nothing added to commit but untracked files present (use "git add" to track)
[INFO] [stdout] test meta::filetype::test::test_dir_type ... ok
[INFO] [stdout] test meta::filetype::test::test_file_type ... ok
[INFO] [stdout] test meta::filetype::test::test_socket_type ... ok
[INFO] [stdout] test meta::filetype::test::test_symlink_type_dir ... ok
[INFO] [stdout] test meta::filetype::test::test_symlink_type_file ... ok
[INFO] [stdout] test meta::indicator::test::test_directory_indicator ... ok
[INFO] [stdout] test meta::indicator::test::test_executable_file_indicator ... ok
[INFO] [stdout] test meta::indicator::test::test_not_represented_indicator ... ok
[INFO] [stdout] test meta::filetype::test::test_pipe_type ... ok
[INFO] [stdout] test meta::indicator::test::test_symlink_indicator ... ok
[INFO] [stdout] test meta::indicator::test::test_socket_indicator ... ok
[INFO] [stdout] test meta::inode::tests::test_inode_no_zero ... ok
[INFO] [stdout] test meta::name::test::test_current_relative_path ... ok
[INFO] [stdout] test meta::name::test::test_extensions_with_file_without_extension ... ok
[INFO] [stdout] test meta::name::test::test_extensions_with_valid_file ... ok
[INFO] [stdout] test meta::name::test::test_grand_parent_relative_path ... ok
[INFO] [stdout] test meta::name::test::test_order_impl_is_case_insensitive ... ok
[INFO] [stdout] test meta::name::test::test_parent_relative_path ... ok
[INFO] [stdout] test meta::name::test::test_partial_eq_impl ... ok
[INFO] [stdout] test meta::name::test::test_partial_eq_impl_is_case_insensitive ... ok
[INFO] [stdout] test meta::name::test::test_partial_order_impl ... ok
[INFO] [stdout] test meta::name::test::test_partial_order_impl_is_case_insensitive ... ok
[INFO] [stdout] test meta::links::tests::test_hardlinks_no_zero ... ok
[INFO] [stdout] test meta::name::test::test_print_file_name ... ok
[INFO] [stdout] test meta::name::test::test_print_dir_name ... ok
[INFO] [stdout] test meta::name::test::test_print_hyperlink ... ok
[INFO] [stdout] test meta::name::test::test_print_symlink_name_dir ... ok
[INFO] [stdout] test meta::name::test::test_print_symlink_name_file ... ok
[INFO] [stdout] test meta::name::test::test_print_without_icon_or_color ... ok
[INFO] [stdout] test meta::name::test::test_print_other_type_name ... ok
[INFO] [stdout] test meta::owner::test_truncate::test_none ... ok
[INFO] [stdout] test meta::owner::test_truncate::test_truncated_with_marker ... ok
[INFO] [stdout] test meta::owner::test_truncate::test_truncated_without_marker ... ok
[INFO] [stdout] test meta::owner::test_truncate::test_unchanged_with_marker ... ok
[INFO] [stdout] test meta::owner::test_truncate::test_unchanged_without_marker ... ok
[INFO] [stdout] test meta::permissions::test::permission_disable ... ok
[INFO] [stdout] test meta::permissions::test::permission_octal ... ok
[INFO] [stdout] test meta::permissions::test::permission_octal2 ... ok
[INFO] [stdout] test meta::permissions::test::permission_octal_sticky ... ok
[INFO] [stdout] test meta::permissions::test::permission_rwx ... ok
[INFO] [stdout] test meta::permissions::test::permission_rwx2 ... ok
[INFO] [stdout] test meta::name::test::test_special_chars_in_filename ... ok
[INFO] [stdout] test meta::size::test::render_100_plus_gigabyte ... ok
[INFO] [stdout] test meta::permissions::test::permission_rwx_sticky ... ok
[INFO] [stdout] test meta::size::test::render_100_plus_kilobyte ... ok
[INFO] [stdout] test meta::size::test::render_100_plus_megabyte ... ok
[INFO] [stdout] test meta::size::test::render_100_plus_terabyte ... ok
[INFO] [stdout] test meta::size::test::render_10_minus_kilobyte ... ok
[INFO] [stdout] test meta::size::test::render_10_minus_gigabyte ... ok
[INFO] [stdout] test meta::size::test::render_10_minus_terabyte ... ok
[INFO] [stdout] test meta::size::test::render_10_minus_megabyte ... ok
[INFO] [stdout] test meta::size::test::render_byte ... ok
[INFO] [stdout] test meta::size::test::render_kilobyte ... ok
[INFO] [stdout] test meta::size::test::render_gigabyte ... ok
[INFO] [stdout] test meta::size::test::render_megabyte ... ok
[INFO] [stdout] test meta::size::test::render_terabyte ... ok
[INFO] [stdout] test meta::size::test::render_with_a_fraction ... ok
[INFO] [stdout] test meta::size::test::render_short_nospaces ... ok
[INFO] [stdout] test meta::size::test::render_with_a_truncated_fraction ... ok
[INFO] [stdout] test meta::symlink::tests::test_symlink_render_default_invalid_target_nocolor ... ok
[INFO] [stdout] test meta::symlink::tests::test_symlink_render_default_valid_target_nocolor ... ok
[INFO] [stdout] test meta::tests::test_from_path ... ok
[INFO] [stdout] test meta::tests::test_from_path_disable_permission ... ok
[INFO] [stdout] test meta::tests::test_from_path_path ... ok
[INFO] [stdout] test sort::tests::test_sort_assemble_sorters_by_extension ... ok
[INFO] [stdout] test sort::tests::test_sort_assemble_sorters_by_name_unordered ... ok
[INFO] [stdout] test meta::symlink::tests::test_symlink_render_default_invalid_target_withcolor ... ok
[INFO] [stdout] test sort::tests::test_sort_assemble_sorters_by_name_with_dirs_first ... ok
[INFO] [stdout] test sort::tests::test_sort_assemble_sorters_by_name_unordered_2 ... ok
[INFO] [stdout] test sort::tests::test_sort_assemble_sorters_by_name_with_files_first ... ok
[INFO] [stdout] test git::tests::test_git_workflow ... ok
[INFO] [stdout] test sort::tests::test_sort_assemble_sorters_by_version ... ok
[INFO] [stdout] test sort::tests::test_sort_assemble_sorters_no_sort ... ok
[INFO] [stdout] test theme::color::tests::test_default_theme ... ok
[INFO] [stdout] test sort::tests::test_sort_by_size ... ok
[INFO] [stdout] test sort::tests::test_sort_assemble_sorters_by_time ... ok
[INFO] [stdout] test theme::color::tests::test_first_level_theme_return_default_but_changed ... ok
[INFO] [stdout] test theme::color::tests::test_empty_theme_return_default ... ok
[INFO] [stdout] test theme::color::tests::test_hexadecimal_colors ... ok
[INFO] [stdout] test theme::color::tests::test_default_theme_file ... ok
[INFO] [stdout] test theme::color::tests::test_second_level_theme_return_default_but_changed ... ok
[INFO] [stdout] test theme::icon::tests::test_custom_icon_by_name ... ok
[INFO] [stdout] test theme::icon::tests::test_custom_icon_by_extension ... ok
[INFO] [stdout] test theme::icon::tests::test_default_icon_by_extension_with_custom_entry ... ok
[INFO] [stdout] test theme::icon::tests::test_default_icon_by_name_with_custom_entry ... ok
[INFO] [stdout] test theme::icon::tests::test_empty_theme_return_default ... ok
[INFO] [stdout] test theme::icon::tests::test_default_theme ... ok
[INFO] [stdout] test theme::icon::tests::test_serde_dir_from_yaml ... ok
[INFO] [stdout] test theme::icon::tests::test_partial_theme_return_default ... ok
[INFO] [stdout] test theme::icon::tests::test_tmp_partial_default_theme_file ... ok
[INFO] [stdout] test icon::test::get_icon_by_name ... ok
[INFO] [stdout] test icon::test::get_icon_by_extension ... ok
[INFO] [stderr] lsd: Not a valid date value: .
[INFO] [stdout] test flags::date::test::test_from_environment_none ... ok
[INFO] [stderr] 
[INFO] [stderr] lsd: Not a valid date value: .
[INFO] [stderr] 
[INFO] [stdout] test flags::date::test::test_parsing_order_config ... ok
[INFO] [stdout] test flags::date::test::test_parsing_order_env ... ok
[INFO] [stdout] 
[INFO] [stdout] test result: ok. 388 passed; 0 failed; 0 ignored; 0 measured; 0 filtered out; finished in 1.03s
[INFO] [stdout] 
[INFO] [stderr]      Running tests/integration.rs (/opt/rustwide/target/debug/deps/integration-22f2a0e85602099f)
[INFO] [stdout] 
[INFO] [stdout] running 43 tests
[INFO] [stderr] lsd: /tmp/.tmpNJ3vTl/does_not_exist: No such file or directory (os error 2).
[INFO] [stderr] 
[INFO] [stdout] d
[INFO] [stdout] └── subdir
[INFO] [stdout]     └── onemore
[INFO] [stdout] test test_cannot_access_file_exit_status ... ok
[INFO] [stdout] test test_almost_sort_with_folder ... ok
[INFO] [stdout] test test_all_directory ... ok
[INFO] [stdout] test test_bad_utf_8_name ... ok
[INFO] [stdout] test test_bad_utf_8_extension ... ok
[INFO] [stdout] test test_date_custom_format_supports_nanos_with_length ... ok
[INFO] [stdout] test test_custom_config_file_parsing ... ok
[INFO] [stdout] test test_date_custom_format_supports_padding ... ok
[INFO] [stdout] test test_dereference_link_broken_link ... ok
[INFO] [stdout] test test_dereference_link_broken_link_output ... ok
[INFO] [stdout] test test_list_all_populated_directory ... ok
[INFO] [stdout] test test_dereference_link_right_type_and_no_link ... ok
[INFO] [stdout] test test_list_almost_all_populated_directory ... ok
[INFO] [stdout] test test_list_all_empty_directory ... ok
[INFO] [stdout] test test_list_almost_all_empty_directory ... ok
[INFO] [stdout] test test_list_empty_directory ... ok
[INFO] [stdout] test test_list_block_inode_populated_directory_without_long ... ok
[INFO] [stdout] test test_list_block_inode_populated_directory_with_long ... ok
[INFO] [stdout] test test_list_inode_with_long_ok ... ok
[INFO] [stdout] test test_list_populated_directory ... ok
[INFO] [stdout] test test_list_broken_link_ok ... ok
[INFO] [stdout] test test_lower_case_name_icon_match ... ok
[INFO] [stdout] test test_lower_case_ext_icon_match ... ok
[INFO] [stdout] test test_multiple_files ... ok
[INFO] [stdout] test test_show_folder_content_of_symlink ... ok
[INFO] [stdout] test test_list_inode_populated_directory ... ok
[INFO] [stdout] test test_runs_okay ... ok
[INFO] [stdout] test test_nosymlink_on_non_long ... ok
[INFO] [stdout] test test_show_folder_of_symlink_for_long_multi ... ok
[INFO] [stdout] test test_no_show_folder_content_of_symlink_for_long ... ok
[INFO] [stdout] test test_tree ... ok
[INFO] [stdout] test test_tree_all_not_show_self ... ok
[INFO] [stdout] test test_tree_dereference ... ok
[INFO] [stdout] test test_tree_no_dereference ... ok
[INFO] [stdout] test test_tree_show_edge_before_name ... ok
[INFO] [stdout] test test_cannot_access_subdir_exit_status ... FAILED
[INFO] [stdout] test test_upper_case_ext_icon_match ... ok
[INFO] [stdout] test test_tree_d ... ok
[INFO] [stdout] test test_upper_case_name_icon_match ... ok
[INFO] [stdout] test test_version_sort_overwrite_by_timesort ... ok
[INFO] [stdout] test test_truncate_owner ... ok
[INFO] [stdout] test test_version_sort_overwrite_by_sizesort ... ok
[INFO] [stdout] test test_version_sort ... ok
[INFO] [stdout] 
[INFO] [stdout] failures:
[INFO] [stdout] 
[INFO] [stdout] ---- test_cannot_access_subdir_exit_status stdout ----
[INFO] [stdout] thread 'test_cannot_access_subdir_exit_status' panicked at tests/integration.rs:733:5:
[INFO] [stdout] assertion `left == right` failed
[INFO] [stdout]   left: 0
[INFO] [stdout]  right: 1
[INFO] [stdout] stack backtrace:
[INFO] [stdout]    0:     0x55f9b1dac50c - std::backtrace_rs::backtrace::libunwind::trace::ha637c64ce894333a
[INFO] [stdout]                                at /rustc/82e1608dfa6e0b5569232559e3d385fea5a93112/library/std/src/../../backtrace/src/backtrace/libunwind.rs:104:5
[INFO] [stdout]    1:     0x55f9b1dac50c - std::backtrace_rs::backtrace::trace_unsynchronized::h47f62dea28e0c88d
[INFO] [stdout]                                at /rustc/82e1608dfa6e0b5569232559e3d385fea5a93112/library/std/src/../../backtrace/src/backtrace/mod.rs:66:5
[INFO] [stdout]    2:     0x55f9b1dac50c - std::sys_common::backtrace::_print_fmt::h9eef0abe20ede486
[INFO] [stdout]                                at /rustc/82e1608dfa6e0b5569232559e3d385fea5a93112/library/std/src/sys_common/backtrace.rs:67:5
[INFO] [stdout]    3:     0x55f9b1dac50c - <std::sys_common::backtrace::_print::DisplayBacktrace as core::fmt::Display>::fmt::hed7f999df88cc644
[INFO] [stdout]                                at /rustc/82e1608dfa6e0b5569232559e3d385fea5a93112/library/std/src/sys_common/backtrace.rs:44:22
[INFO] [stdout]    4:     0x55f9b1dd7b30 - core::fmt::rt::Argument::fmt::h1539a9308b8d058d
[INFO] [stdout]                                at /rustc/82e1608dfa6e0b5569232559e3d385fea5a93112/library/core/src/fmt/rt.rs:142:9
[INFO] [stdout]    5:     0x55f9b1dd7b30 - core::fmt::write::h3a39390d8560d9c9
[INFO] [stdout]                                at /rustc/82e1608dfa6e0b5569232559e3d385fea5a93112/library/core/src/fmt/mod.rs:1120:17
[INFO] [stdout]    6:     0x55f9b1da97ef - std::io::Write::write_fmt::h040b369f3a0f9cbc
[INFO] [stdout]                                at /rustc/82e1608dfa6e0b5569232559e3d385fea5a93112/library/std/src/io/mod.rs:1762:15
[INFO] [stdout]    7:     0x55f9b1dac2f4 - std::sys_common::backtrace::_print::h894006fb5c6f3d45
[INFO] [stdout]                                at /rustc/82e1608dfa6e0b5569232559e3d385fea5a93112/library/std/src/sys_common/backtrace.rs:47:5
[INFO] [stdout]    8:     0x55f9b1dac2f4 - std::sys_common::backtrace::print::h23a2d212c6fff936
[INFO] [stdout]                                at /rustc/82e1608dfa6e0b5569232559e3d385fea5a93112/library/std/src/sys_common/backtrace.rs:34:9
[INFO] [stdout]    9:     0x55f9b1dae037 - std::panicking::default_hook::{{closure}}::h8a1d2ee00185001a
[INFO] [stdout]   10:     0x55f9b1dadd23 - std::panicking::default_hook::h6038f2eba384e475
[INFO] [stdout]                                at /rustc/82e1608dfa6e0b5569232559e3d385fea5a93112/library/std/src/panicking.rs:289:9
[INFO] [stdout]   11:     0x55f9b1bddd57 - <alloc::boxed::Box<F,A> as core::ops::function::Fn<Args>>::call::h0ad024c9bdc6d768
[INFO] [stdout]                                at /rustc/82e1608dfa6e0b5569232559e3d385fea5a93112/library/alloc/src/boxed.rs:2021:9
[INFO] [stdout]   12:     0x55f9b1bddd57 - test::test_main::{{closure}}::h7500b54257359db6
[INFO] [stdout]                                at /rustc/82e1608dfa6e0b5569232559e3d385fea5a93112/library/test/src/lib.rs:138:21
[INFO] [stdout]   13:     0x55f9b1dae648 - <alloc::boxed::Box<F,A> as core::ops::function::Fn<Args>>::call::h1f8f335eaa9cfaee
[INFO] [stdout]                                at /rustc/82e1608dfa6e0b5569232559e3d385fea5a93112/library/alloc/src/boxed.rs:2021:9
[INFO] [stdout]   14:     0x55f9b1dae648 - std::panicking::rust_panic_with_hook::h2b5517d590cab22e
[INFO] [stdout]                                at /rustc/82e1608dfa6e0b5569232559e3d385fea5a93112/library/std/src/panicking.rs:783:13
[INFO] [stdout]   15:     0x55f9b1dae39e - std::panicking::begin_panic_handler::{{closure}}::h233112c06e0ef43e
[INFO] [stdout]                                at /rustc/82e1608dfa6e0b5569232559e3d385fea5a93112/library/std/src/panicking.rs:657:13
[INFO] [stdout]   16:     0x55f9b1dac9d6 - std::sys_common::backtrace::__rust_end_short_backtrace::h6e893f24d7ebbff8
[INFO] [stdout]                                at /rustc/82e1608dfa6e0b5569232559e3d385fea5a93112/library/std/src/sys_common/backtrace.rs:170:18
[INFO] [stdout]   17:     0x55f9b1dae102 - rust_begin_unwind
[INFO] [stdout]                                at /rustc/82e1608dfa6e0b5569232559e3d385fea5a93112/library/std/src/panicking.rs:645:5
[INFO] [stdout]   18:     0x55f9b1b94885 - core::panicking::panic_fmt::hbf0e066aabfa482c
[INFO] [stdout]                                at /rustc/82e1608dfa6e0b5569232559e3d385fea5a93112/library/core/src/panicking.rs:72:14
[INFO] [stdout]   19:     0x55f9b1b94cdb - core::panicking::assert_failed_inner::h0bba8b7c26ee4492
[INFO] [stdout]   20:     0x55f9b1beaeae - core::panicking::assert_failed::h58a5f00308349511
[INFO] [stdout]                                at /rustc/82e1608dfa6e0b5569232559e3d385fea5a93112/library/core/src/panicking.rs:279:5
[INFO] [stdout]   21:     0x55f9b1ba9503 - integration::test_cannot_access_subdir_exit_status::he4831f626d7ba083
[INFO] [stdout]                                at /opt/rustwide/workdir/tests/integration.rs:733:5
[INFO] [stdout]   22:     0x55f9b1ba9127 - integration::test_cannot_access_subdir_exit_status::{{closure}}::hd206ba345ff2fe30
[INFO] [stdout]                                at /opt/rustwide/workdir/tests/integration.rs:716:43
[INFO] [stdout]   23:     0x55f9b1b9b966 - core::ops::function::FnOnce::call_once::hc5e911b05adbe469
[INFO] [stdout]                                at /rustc/82e1608dfa6e0b5569232559e3d385fea5a93112/library/core/src/ops/function.rs:250:5
[INFO] [stdout]   24:     0x55f9b1be33af - core::ops::function::FnOnce::call_once::h2b5d431d5046312d
[INFO] [stdout]                                at /rustc/82e1608dfa6e0b5569232559e3d385fea5a93112/library/core/src/ops/function.rs:250:5
[INFO] [stdout]   25:     0x55f9b1be33af - test::__rust_begin_short_backtrace::h7714669af176e207
[INFO] [stdout]                                at /rustc/82e1608dfa6e0b5569232559e3d385fea5a93112/library/test/src/lib.rs:628:18
[INFO] [stdout]   26:     0x55f9b1be23c5 - test::run_test_in_process::{{closure}}::h85218797dcbcec12
[INFO] [stdout]                                at /rustc/82e1608dfa6e0b5569232559e3d385fea5a93112/library/test/src/lib.rs:651:60
[INFO] [stdout]   27:     0x55f9b1be23c5 - <core::panic::unwind_safe::AssertUnwindSafe<F> as core::ops::function::FnOnce<()>>::call_once::h76c106ea31c14d7b
[INFO] [stdout]                                at /rustc/82e1608dfa6e0b5569232559e3d385fea5a93112/library/core/src/panic/unwind_safe.rs:272:9
[INFO] [stdout]   28:     0x55f9b1be23c5 - std::panicking::try::do_call::h3bd5d0f6620ee946
[INFO] [stdout]                                at /rustc/82e1608dfa6e0b5569232559e3d385fea5a93112/library/std/src/panicking.rs:552:40
[INFO] [stdout]   29:     0x55f9b1be23c5 - std::panicking::try::h232e535e4744fe31
[INFO] [stdout]                                at /rustc/82e1608dfa6e0b5569232559e3d385fea5a93112/library/std/src/panicking.rs:516:19
[INFO] [stdout]   30:     0x55f9b1be23c5 - std::panic::catch_unwind::h3ce3bd6ca8dbac68
[INFO] [stdout]                                at /rustc/82e1608dfa6e0b5569232559e3d385fea5a93112/library/std/src/panic.rs:142:14
[INFO] [stdout]   31:     0x55f9b1be23c5 - test::run_test_in_process::hc97b257c9621286a
[INFO] [stdout]                                at /rustc/82e1608dfa6e0b5569232559e3d385fea5a93112/library/test/src/lib.rs:651:27
[INFO] [stdout]   32:     0x55f9b1be23c5 - test::run_test::{{closure}}::h2aa798823a438d38
[INFO] [stdout]                                at /rustc/82e1608dfa6e0b5569232559e3d385fea5a93112/library/test/src/lib.rs:574:43
[INFO] [stdout]   33:     0x55f9b1baa686 - test::run_test::{{closure}}::h87d231c78fb59832
[INFO] [stdout]                                at /rustc/82e1608dfa6e0b5569232559e3d385fea5a93112/library/test/src/lib.rs:602:41
[INFO] [stdout]   34:     0x55f9b1baa686 - std::sys_common::backtrace::__rust_begin_short_backtrace::he6df152596625789
[INFO] [stdout]                                at /rustc/82e1608dfa6e0b5569232559e3d385fea5a93112/library/std/src/sys_common/backtrace.rs:154:18
[INFO] [stdout]   35:     0x55f9b1baf737 - std::thread::Builder::spawn_unchecked_::{{closure}}::{{closure}}::ha94be15d1e0acf36
[INFO] [stdout]                                at /rustc/82e1608dfa6e0b5569232559e3d385fea5a93112/library/std/src/thread/mod.rs:529:17
[INFO] [stdout]   36:     0x55f9b1baf737 - <core::panic::unwind_safe::AssertUnwindSafe<F> as core::ops::function::FnOnce<()>>::call_once::h9dc6bd6372f16606
[INFO] [stdout]                                at /rustc/82e1608dfa6e0b5569232559e3d385fea5a93112/library/core/src/panic/unwind_safe.rs:272:9
[INFO] [stdout]   37:     0x55f9b1baf737 - std::panicking::try::do_call::h9057517f80303cd4
[INFO] [stdout]                                at /rustc/82e1608dfa6e0b5569232559e3d385fea5a93112/library/std/src/panicking.rs:552:40
[INFO] [stdout]   38:     0x55f9b1baf737 - std::panicking::try::he3a30b11ee45340c
[INFO] [stdout]                                at /rustc/82e1608dfa6e0b5569232559e3d385fea5a93112/library/std/src/panicking.rs:516:19
[INFO] [stdout]   39:     0x55f9b1baf737 - std::panic::catch_unwind::h410458cfd3528b8b
[INFO] [stdout]                                at /rustc/82e1608dfa6e0b5569232559e3d385fea5a93112/library/std/src/panic.rs:142:14
[INFO] [stdout]   40:     0x55f9b1baf737 - std::thread::Builder::spawn_unchecked_::{{closure}}::h72ac3bdb567b737b
[INFO] [stdout]                                at /rustc/82e1608dfa6e0b5569232559e3d385fea5a93112/library/std/src/thread/mod.rs:528:30
[INFO] [stdout]   41:     0x55f9b1baf737 - core::ops::function::FnOnce::call_once{{vtable.shim}}::h38f34da3654a8344
[INFO] [stdout]                                at /rustc/82e1608dfa6e0b5569232559e3d385fea5a93112/library/core/src/ops/function.rs:250:5
[INFO] [stdout]   42:     0x55f9b1db4625 - <alloc::boxed::Box<F,A> as core::ops::function::FnOnce<Args>>::call_once::hc7eafaff61e32df9
[INFO] [stdout]                                at /rustc/82e1608dfa6e0b5569232559e3d385fea5a93112/library/alloc/src/boxed.rs:2007:9
[INFO] [stdout]   43:     0x55f9b1db4625 - <alloc::boxed::Box<F,A> as core::ops::function::FnOnce<Args>>::call_once::h6ba4a5de48dd2304
[INFO] [stdout]                                at /rustc/82e1608dfa6e0b5569232559e3d385fea5a93112/library/alloc/src/boxed.rs:2007:9
[INFO] [stdout]   44:     0x55f9b1db4625 - std::sys::unix::thread::Thread::new::thread_start::he469335aef763e45
[INFO] [stdout]                                at /rustc/82e1608dfa6e0b5569232559e3d385fea5a93112/library/std/src/sys/unix/thread.rs:108:17
[INFO] [stdout]   45:     0x7f414e051ac3 - <unknown>
[INFO] [stdout]   46:     0x7f414e0e2bf4 - __clone
[INFO] [stdout]   47:                0x0 - <unknown>
[INFO] [stdout] 
[INFO] [stdout] 
[INFO] [stdout] failures:
[INFO] [stdout]     test_cannot_access_subdir_exit_status
[INFO] [stdout] 
[INFO] [stdout] test result: FAILED. 42 passed; 1 failed; 0 ignored; 0 measured; 0 filtered out; finished in 0.06s
[INFO] [stdout] 
[INFO] [stderr] error: test failed, to rerun pass `--test integration`
[INFO] running `Command { std: "docker" "inspect" "3b58bf134355ccdba7ecafb4216e753040c6ab32ac73582b58ee78b67fe23c86", kill_on_drop: false }`
[INFO] running `Command { std: "docker" "rm" "-f" "3b58bf134355ccdba7ecafb4216e753040c6ab32ac73582b58ee78b67fe23c86", kill_on_drop: false }`
[INFO] [stdout] 3b58bf134355ccdba7ecafb4216e753040c6ab32ac73582b58ee78b67fe23c86
