[INFO] cloning repository https://github.com/OfflineBot/RustArrayLib2
[INFO] running `Command { std: "git" "-c" "credential.helper=" "-c" "credential.helper=/workspace/cargo-home/bin/git-credential-null" "clone" "--bare" "https://github.com/OfflineBot/RustArrayLib2" "/workspace/cache/git-repos/https%3A%2F%2Fgithub.com%2FOfflineBot%2FRustArrayLib2", kill_on_drop: false }`
[INFO] [stderr] Cloning into bare repository '/workspace/cache/git-repos/https%3A%2F%2Fgithub.com%2FOfflineBot%2FRustArrayLib2'...
[INFO] running `Command { std: "git" "rev-parse" "HEAD", kill_on_drop: false }`
[INFO] [stdout] f8bc94e3c3d4ebcd3e2d4c1eca63a8e6b56c55e4
[INFO] testing OfflineBot/RustArrayLib2 against 1.75.0 for beta-1.76-1
[INFO] running `Command { std: "git" "clone" "/workspace/cache/git-repos/https%3A%2F%2Fgithub.com%2FOfflineBot%2FRustArrayLib2" "/workspace/builds/worker-2-tc1/source", kill_on_drop: false }`
[INFO] [stderr] Cloning into '/workspace/builds/worker-2-tc1/source'...
[INFO] [stderr] done.
[INFO] validating manifest of git repo https://github.com/OfflineBot/RustArrayLib2 on toolchain 1.75.0
[INFO] running `Command { std: CARGO_HOME="/workspace/cargo-home" RUSTUP_HOME="/workspace/rustup-home" "/workspace/cargo-home/bin/cargo" "+1.75.0" "metadata" "--manifest-path" "Cargo.toml" "--no-deps", kill_on_drop: false }`
[INFO] started tweaking git repo https://github.com/OfflineBot/RustArrayLib2
[INFO] finished tweaking git repo https://github.com/OfflineBot/RustArrayLib2
[INFO] tweaked toml for git repo https://github.com/OfflineBot/RustArrayLib2 written to /workspace/builds/worker-2-tc1/source/Cargo.toml
[INFO] crate git repo https://github.com/OfflineBot/RustArrayLib2 already has a lockfile, it will not be regenerated
[INFO] running `Command { std: CARGO_HOME="/workspace/cargo-home" RUSTUP_HOME="/workspace/rustup-home" "/workspace/cargo-home/bin/cargo" "+1.75.0" "fetch" "--manifest-path" "Cargo.toml", kill_on_drop: false }`
[INFO] running `Command { std: "docker" "create" "-v" "/var/lib/crater-agent-workspace/builds/worker-2-tc1/target:/opt/rustwide/target:rw,Z" "-v" "/var/lib/crater-agent-workspace/builds/worker-2-tc1/source:/opt/rustwide/workdir:ro,Z" "-v" "/var/lib/crater-agent-workspace/cargo-home:/opt/rustwide/cargo-home:ro,Z" "-v" "/var/lib/crater-agent-workspace/rustup-home:/opt/rustwide/rustup-home:ro,Z" "-e" "SOURCE_DIR=/opt/rustwide/workdir" "-e" "CARGO_TARGET_DIR=/opt/rustwide/target" "-e" "CARGO_HOME=/opt/rustwide/cargo-home" "-e" "RUSTUP_HOME=/opt/rustwide/rustup-home" "-w" "/opt/rustwide/workdir" "-m" "1610612736" "--user" "0:0" "--network" "none" "ghcr.io/rust-lang/crates-build-env/linux@sha256:2788e3201cd34a07e3172128adcd8b3090168a8e3bcc40d7c032b9dda1df7d1c" "/opt/rustwide/cargo-home/bin/cargo" "+1.75.0" "metadata" "--no-deps" "--format-version=1", kill_on_drop: false }`
[INFO] [stdout] 4be72fb3f470b7946f2ef35e1ed96f4867efa91c8f8dc01ffb79226dd0cb63db
[INFO] running `Command { std: "docker" "start" "-a" "4be72fb3f470b7946f2ef35e1ed96f4867efa91c8f8dc01ffb79226dd0cb63db", kill_on_drop: false }`
[INFO] running `Command { std: "docker" "inspect" "4be72fb3f470b7946f2ef35e1ed96f4867efa91c8f8dc01ffb79226dd0cb63db", kill_on_drop: false }`
[INFO] running `Command { std: "docker" "rm" "-f" "4be72fb3f470b7946f2ef35e1ed96f4867efa91c8f8dc01ffb79226dd0cb63db", kill_on_drop: false }`
[INFO] [stdout] 4be72fb3f470b7946f2ef35e1ed96f4867efa91c8f8dc01ffb79226dd0cb63db
[INFO] running `Command { std: "docker" "create" "-v" "/var/lib/crater-agent-workspace/builds/worker-2-tc1/target:/opt/rustwide/target:rw,Z" "-v" "/var/lib/crater-agent-workspace/builds/worker-2-tc1/source:/opt/rustwide/workdir:ro,Z" "-v" "/var/lib/crater-agent-workspace/cargo-home:/opt/rustwide/cargo-home:ro,Z" "-v" "/var/lib/crater-agent-workspace/rustup-home:/opt/rustwide/rustup-home:ro,Z" "-e" "SOURCE_DIR=/opt/rustwide/workdir" "-e" "CARGO_TARGET_DIR=/opt/rustwide/target" "-e" "CARGO_INCREMENTAL=0" "-e" "RUST_BACKTRACE=full" "-e" "RUSTFLAGS=--cap-lints=warn" "-e" "RUSTDOCFLAGS=--cap-lints=warn" "-e" "CARGO_HOME=/opt/rustwide/cargo-home" "-e" "RUSTUP_HOME=/opt/rustwide/rustup-home" "-w" "/opt/rustwide/workdir" "-m" "1610612736" "--user" "0:0" "--network" "none" "ghcr.io/rust-lang/crates-build-env/linux@sha256:2788e3201cd34a07e3172128adcd8b3090168a8e3bcc40d7c032b9dda1df7d1c" "/opt/rustwide/cargo-home/bin/cargo" "+1.75.0" "build" "--frozen" "--message-format=json", kill_on_drop: false }`
[INFO] [stdout] a111cd40db61324b6c6eb81e95ce94400021858166e8843cfd31d46e282f1905
[INFO] running `Command { std: "docker" "start" "-a" "a111cd40db61324b6c6eb81e95ce94400021858166e8843cfd31d46e282f1905", kill_on_drop: false }`
[INFO] [stderr]    Compiling libc v0.2.150
[INFO] [stderr]    Compiling ppv-lite86 v0.2.17
[INFO] [stderr]    Compiling getrandom v0.2.11
[INFO] [stderr]    Compiling rand_core v0.6.4
[INFO] [stderr]    Compiling rand_chacha v0.3.1
[INFO] [stderr]    Compiling rand v0.8.5
[INFO] [stderr]    Compiling rarray v0.1.0 (/opt/rustwide/workdir)
[INFO] [stderr]     Finished dev [unoptimized + debuginfo] target(s) in 2.39s
[INFO] running `Command { std: "docker" "inspect" "a111cd40db61324b6c6eb81e95ce94400021858166e8843cfd31d46e282f1905", kill_on_drop: false }`
[INFO] running `Command { std: "docker" "rm" "-f" "a111cd40db61324b6c6eb81e95ce94400021858166e8843cfd31d46e282f1905", kill_on_drop: false }`
[INFO] [stdout] a111cd40db61324b6c6eb81e95ce94400021858166e8843cfd31d46e282f1905
[INFO] running `Command { std: "docker" "create" "-v" "/var/lib/crater-agent-workspace/builds/worker-2-tc1/target:/opt/rustwide/target:rw,Z" "-v" "/var/lib/crater-agent-workspace/builds/worker-2-tc1/source:/opt/rustwide/workdir:ro,Z" "-v" "/var/lib/crater-agent-workspace/cargo-home:/opt/rustwide/cargo-home:ro,Z" "-v" "/var/lib/crater-agent-workspace/rustup-home:/opt/rustwide/rustup-home:ro,Z" "-e" "SOURCE_DIR=/opt/rustwide/workdir" "-e" "CARGO_TARGET_DIR=/opt/rustwide/target" "-e" "CARGO_INCREMENTAL=0" "-e" "RUST_BACKTRACE=full" "-e" "RUSTFLAGS=--cap-lints=warn" "-e" "RUSTDOCFLAGS=--cap-lints=warn" "-e" "CARGO_HOME=/opt/rustwide/cargo-home" "-e" "RUSTUP_HOME=/opt/rustwide/rustup-home" "-w" "/opt/rustwide/workdir" "-m" "1610612736" "--user" "0:0" "--network" "none" "ghcr.io/rust-lang/crates-build-env/linux@sha256:2788e3201cd34a07e3172128adcd8b3090168a8e3bcc40d7c032b9dda1df7d1c" "/opt/rustwide/cargo-home/bin/cargo" "+1.75.0" "test" "--frozen" "--no-run" "--message-format=json", kill_on_drop: false }`
[INFO] [stdout] 8ef41da440996d559b3592807a51d54ebff2e5e1f54f41b17e24b7e9e0024f0a
[INFO] running `Command { std: "docker" "start" "-a" "8ef41da440996d559b3592807a51d54ebff2e5e1f54f41b17e24b7e9e0024f0a", kill_on_drop: false }`
[INFO] [stderr]    Compiling rarray v0.1.0 (/opt/rustwide/workdir)
[INFO] [stderr]     Finished test [unoptimized + debuginfo] target(s) in 0.39s
[INFO] running `Command { std: "docker" "inspect" "8ef41da440996d559b3592807a51d54ebff2e5e1f54f41b17e24b7e9e0024f0a", kill_on_drop: false }`
[INFO] running `Command { std: "docker" "rm" "-f" "8ef41da440996d559b3592807a51d54ebff2e5e1f54f41b17e24b7e9e0024f0a", kill_on_drop: false }`
[INFO] [stdout] 8ef41da440996d559b3592807a51d54ebff2e5e1f54f41b17e24b7e9e0024f0a
[INFO] running `Command { std: "docker" "create" "-v" "/var/lib/crater-agent-workspace/builds/worker-2-tc1/target:/opt/rustwide/target:rw,Z" "-v" "/var/lib/crater-agent-workspace/builds/worker-2-tc1/source:/opt/rustwide/workdir:ro,Z" "-v" "/var/lib/crater-agent-workspace/cargo-home:/opt/rustwide/cargo-home:ro,Z" "-v" "/var/lib/crater-agent-workspace/rustup-home:/opt/rustwide/rustup-home:ro,Z" "-e" "SOURCE_DIR=/opt/rustwide/workdir" "-e" "CARGO_TARGET_DIR=/opt/rustwide/target" "-e" "CARGO_INCREMENTAL=0" "-e" "RUST_BACKTRACE=full" "-e" "RUSTFLAGS=--cap-lints=warn" "-e" "RUSTDOCFLAGS=--cap-lints=warn" "-e" "CARGO_HOME=/opt/rustwide/cargo-home" "-e" "RUSTUP_HOME=/opt/rustwide/rustup-home" "-w" "/opt/rustwide/workdir" "-m" "1610612736" "--user" "0:0" "--network" "none" "ghcr.io/rust-lang/crates-build-env/linux@sha256:2788e3201cd34a07e3172128adcd8b3090168a8e3bcc40d7c032b9dda1df7d1c" "/opt/rustwide/cargo-home/bin/cargo" "+1.75.0" "test" "--frozen", kill_on_drop: false }`
[INFO] [stdout] d0a1f61c54107c9981a61c977978a70ffb43e7ca781b6c75512f42ea493ec99d
[INFO] running `Command { std: "docker" "start" "-a" "d0a1f61c54107c9981a61c977978a70ffb43e7ca781b6c75512f42ea493ec99d", kill_on_drop: false }`
[INFO] [stderr]     Finished test [unoptimized + debuginfo] target(s) in 0.01s
[INFO] [stderr]      Running unittests src/lib.rs (/opt/rustwide/target/debug/deps/rarray-fa23098c3fcb186e)
[INFO] [stdout] 
[INFO] [stdout] running 1 test
[INFO] [stdout] test tester::x_y_norm ... ok
[INFO] [stdout] 
[INFO] [stdout] test result: ok. 1 passed; 0 failed; 0 ignored; 0 measured; 0 filtered out; finished in 0.00s
[INFO] [stdout] 
[INFO] [stderr]    Doc-tests rarray
[INFO] [stdout] 
[INFO] [stdout] running 7 tests
[INFO] [stdout] test src/array1/create/new.rs - array1::create::new::Array1<T>::from_vec (line 36) ... FAILED
[INFO] [stdout] test src/array1/manage/set.rs - array1::manage::set::Array1<T>::set_vec (line 33) ... FAILED
[INFO] [stdout] test src/array1/create/new.rs - array1::create::new::Array1<T>::new (line 14) ... FAILED
[INFO] [stdout] test src/array1/manage/get.rs - array1::manage::get::Array1<T>::get (line 9) ... FAILED
[INFO] [stdout] test src/array1/manage/refactor.rs - array1::manage::refactor::Array1<T>::replace_zero (line 14) ... FAILED
[INFO] [stdout] test src/array1/manage/set.rs - array1::manage::set::Array1<T>::set_index (line 12) ... FAILED
[INFO] [stdout] test src/array1/manage/add.rs - array1::manage::add::Array1<T>::add (line 11) ... FAILED
[INFO] [stdout] 
[INFO] [stdout] failures:
[INFO] [stdout] 
[INFO] [stdout] ---- src/array1/create/new.rs - array1::create::new::Array1<T>::from_vec (line 36) stdout ----
[INFO] [stdout] error: expected expression, found `->`
[INFO] [stdout]  --> src/array1/create/new.rs:39:1
[INFO] [stdout]   |
[INFO] [stdout] 5 | -> x = y
[INFO] [stdout]   | ^^ expected expression
[INFO] [stdout] 
[INFO] [stdout] error[E0412]: cannot find type `Array1` in this scope
[INFO] [stdout]  --> src/array1/create/new.rs:38:8
[INFO] [stdout]   |
[INFO] [stdout] 4 | let y: Array1<f32> = Array1::from_vec(x);
[INFO] [stdout]   |        ^^^^^^ not found in this scope
[INFO] [stdout]   |
[INFO] [stdout] help: consider importing this struct
[INFO] [stdout]   |
[INFO] [stdout] 2 + use rarray::Array1;
[INFO] [stdout]   |
[INFO] [stdout] 
[INFO] [stdout] error[E0433]: failed to resolve: use of undeclared type `Array1`
[INFO] [stdout]  --> src/array1/create/new.rs:38:22
[INFO] [stdout]   |
[INFO] [stdout] 4 | let y: Array1<f32> = Array1::from_vec(x);
[INFO] [stdout]   |                      ^^^^^^ use of undeclared type `Array1`
[INFO] [stdout]   |
[INFO] [stdout] help: consider importing this struct
[INFO] [stdout]   |
[INFO] [stdout] 2 + use rarray::Array1;
[INFO] [stdout]   |
[INFO] [stdout] 
[INFO] [stdout] error: aborting due to 3 previous errors
[INFO] [stdout] 
[INFO] [stdout] Some errors have detailed explanations: E0412, E0433.
[INFO] [stdout] For more information about an error, try `rustc --explain E0412`.
[INFO] [stdout] Couldn't compile the test.
[INFO] [stdout] ---- src/array1/manage/set.rs - array1::manage::set::Array1<T>::set_vec (line 33) stdout ----
[INFO] [stdout] error: expected `;`, found `x`
[INFO] [stdout]  --> src/array1/manage/set.rs:35:39
[INFO] [stdout]   |
[INFO] [stdout] 4 | x.set_vec(vec![2.0, 1.4]) = [2.0, 1.4]
[INFO] [stdout]   |                                       ^ help: add `;` here
[INFO] [stdout] 5 | x.set_vec(vec![2.0]) ! vec_size != Array1_size
[INFO] [stdout]   | - unexpected token
[INFO] [stdout] 
[INFO] [stdout] error: expected one of `.`, `;`, `?`, `}`, or an operator, found `!`
[INFO] [stdout]  --> src/array1/manage/set.rs:36:22
[INFO] [stdout]   |
[INFO] [stdout] 5 | x.set_vec(vec![2.0]) ! vec_size != Array1_size
[INFO] [stdout]   |                      ^ expected one of `.`, `;`, `?`, `}`, or an operator
[INFO] [stdout] 
[INFO] [stdout] error[E0412]: cannot find type `Array1` in this scope
[INFO] [stdout]  --> src/array1/manage/set.rs:34:8
[INFO] [stdout]   |
[INFO] [stdout] 3 | let x: Array1<f32> = Array1::new(2); 
[INFO] [stdout]   |        ^^^^^^ not found in this scope
[INFO] [stdout]   |
[INFO] [stdout] help: consider importing this struct
[INFO] [stdout]   |
[INFO] [stdout] 2 + use rarray::Array1;
[INFO] [stdout]   |
[INFO] [stdout] 
[INFO] [stdout] error[E0433]: failed to resolve: use of undeclared type `Array1`
[INFO] [stdout]  --> src/array1/manage/set.rs:34:22
[INFO] [stdout]   |
[INFO] [stdout] 3 | let x: Array1<f32> = Array1::new(2); 
[INFO] [stdout]   |                      ^^^^^^ use of undeclared type `Array1`
[INFO] [stdout]   |
[INFO] [stdout] help: consider importing this struct
[INFO] [stdout]   |
[INFO] [stdout] 2 + use rarray::Array1;
[INFO] [stdout]   |
[INFO] [stdout] 
[INFO] [stdout] error: aborting due to 4 previous errors
[INFO] [stdout] 
[INFO] [stdout] Some errors have detailed explanations: E0412, E0433.
[INFO] [stdout] For more information about an error, try `rustc --explain E0412`.
[INFO] [stdout] Couldn't compile the test.
[INFO] [stdout] ---- src/array1/create/new.rs - array1::create::new::Array1<T>::new (line 14) stdout ----
[INFO] [stdout] error[E0433]: failed to resolve: use of undeclared type `Array1`
[INFO] [stdout]  --> src/array1/create/new.rs:15:18
[INFO] [stdout]   |
[INFO] [stdout] 3 | vec![0.0, 0.0] = Array1::new(2)
[INFO] [stdout]   |                  ^^^^^^ use of undeclared type `Array1`
[INFO] [stdout]   |
[INFO] [stdout] help: consider importing this struct
[INFO] [stdout]   |
[INFO] [stdout] 2 + use rarray::Array1;
[INFO] [stdout]   |
[INFO] [stdout] 
[INFO] [stdout] error[E0164]: expected tuple struct or tuple variant, found associated function `<[_]>::into_vec`
[INFO] [stdout]  --> src/array1/create/new.rs:15:1
[INFO] [stdout]   |
[INFO] [stdout] 3 | vec![0.0, 0.0] = Array1::new(2)
[INFO] [stdout]   | ^^^^^^^^^^^^^^ `fn` calls are not allowed in patterns
[INFO] [stdout]   |
[INFO] [stdout]   = help: for more information, visit https://doc.rust-lang.org/book/ch18-00-patterns.html
[INFO] [stdout]   = note: this error originates in the macro `vec` (in Nightly builds, run with -Z macro-backtrace for more info)
[INFO] [stdout] 
[INFO] [stdout] error[E0164]: expected tuple struct or tuple variant, found associated function `::alloc::boxed::Box::new`
[INFO] [stdout]  --> src/array1/create/new.rs:15:1
[INFO] [stdout]   |
[INFO] [stdout] 3 | vec![0.0, 0.0] = Array1::new(2)
[INFO] [stdout]   | ^^^^^^^^^^^^^^ `fn` calls are not allowed in patterns
[INFO] [stdout]   |
[INFO] [stdout]   = help: for more information, visit https://doc.rust-lang.org/book/ch18-00-patterns.html
[INFO] [stdout]   = note: this error originates in the macro `vec` (in Nightly builds, run with -Z macro-backtrace for more info)
[INFO] [stdout] 
[INFO] [stdout] error[E0070]: invalid left-hand side of assignment
[INFO] [stdout]  --> src/array1/create/new.rs:15:16
[INFO] [stdout]   |
[INFO] [stdout] 3 | vec![0.0, 0.0] = Array1::new(2)
[INFO] [stdout]   |      ---       ^
[INFO] [stdout]   |      |
[INFO] [stdout]   |      cannot assign to this expression
[INFO] [stdout] 
[INFO] [stdout] error[E0070]: invalid left-hand side of assignment
[INFO] [stdout]  --> src/array1/create/new.rs:15:16
[INFO] [stdout]   |
[INFO] [stdout] 3 | vec![0.0, 0.0] = Array1::new(2)
[INFO] [stdout]   |           ---  ^
[INFO] [stdout]   |           |
[INFO] [stdout]   |           cannot assign to this expression
[INFO] [stdout] 
[INFO] [stdout] error: aborting due to 5 previous errors
[INFO] [stdout] 
[INFO] [stdout] Some errors have detailed explanations: E0070, E0164, E0433.
[INFO] [stdout] For more information about an error, try `rustc --explain E0070`.
[INFO] [stdout] Couldn't compile the test.
[INFO] [stdout] ---- src/array1/manage/get.rs - array1::manage::get::Array1<T>::get (line 9) stdout ----
[INFO] [stdout] error: expected `;`, found `x`
[INFO] [stdout]  --> src/array1/manage/get.rs:12:15
[INFO] [stdout]   |
[INFO] [stdout] 5 | x.get(0) = 3.2
[INFO] [stdout]   |               ^ help: add `;` here
[INFO] [stdout] 6 | x.get(1) = 0.0
[INFO] [stdout]   | - unexpected token
[INFO] [stdout] 
[INFO] [stdout] error[E0412]: cannot find type `Array1` in this scope
[INFO] [stdout]  --> src/array1/manage/get.rs:10:8
[INFO] [stdout]   |
[INFO] [stdout] 3 | let x: Array1<f32> = Array1::new(2);
[INFO] [stdout]   |        ^^^^^^ not found in this scope
[INFO] [stdout]   |
[INFO] [stdout] help: consider importing this struct
[INFO] [stdout]   |
[INFO] [stdout] 2 + use rarray::Array1;
[INFO] [stdout]   |
[INFO] [stdout] 
[INFO] [stdout] error[E0433]: failed to resolve: use of undeclared type `Array1`
[INFO] [stdout]  --> src/array1/manage/get.rs:10:22
[INFO] [stdout]   |
[INFO] [stdout] 3 | let x: Array1<f32> = Array1::new(2);
[INFO] [stdout]   |                      ^^^^^^ use of undeclared type `Array1`
[INFO] [stdout]   |
[INFO] [stdout] help: consider importing this struct
[INFO] [stdout]   |
[INFO] [stdout] 2 + use rarray::Array1;
[INFO] [stdout]   |
[INFO] [stdout] 
[INFO] [stdout] error[E0070]: invalid left-hand side of assignment
[INFO] [stdout]  --> src/array1/manage/get.rs:13:10
[INFO] [stdout]   |
[INFO] [stdout] 6 | x.get(1) = 0.0
[INFO] [stdout]   | -------- ^
[INFO] [stdout]   | |
[INFO] [stdout]   | cannot assign to this expression
[INFO] [stdout] 
[INFO] [stdout] error: aborting due to 4 previous errors
[INFO] [stdout] 
[INFO] [stdout] Some errors have detailed explanations: E0070, E0412, E0433.
[INFO] [stdout] For more information about an error, try `rustc --explain E0070`.
[INFO] [stdout] Couldn't compile the test.
[INFO] [stdout] ---- src/array1/manage/refactor.rs - array1::manage::refactor::Array1<T>::replace_zero (line 14) stdout ----
[INFO] [stdout] error[E0412]: cannot find type `Array1` in this scope
[INFO] [stdout]  --> src/array1/manage/refactor.rs:16:8
[INFO] [stdout]   |
[INFO] [stdout] 4 | let y: Array1<f32> = Array1::from_vec(x);
[INFO] [stdout]   |        ^^^^^^ not found in this scope
[INFO] [stdout]   |
[INFO] [stdout] help: consider importing this struct
[INFO] [stdout]   |
[INFO] [stdout] 2 + use rarray::Array1;
[INFO] [stdout]   |
[INFO] [stdout] 
[INFO] [stdout] error[E0433]: failed to resolve: use of undeclared type `Array1`
[INFO] [stdout]  --> src/array1/manage/refactor.rs:16:22
[INFO] [stdout]   |
[INFO] [stdout] 4 | let y: Array1<f32> = Array1::from_vec(x);
[INFO] [stdout]   |                      ^^^^^^ use of undeclared type `Array1`
[INFO] [stdout]   |
[INFO] [stdout] help: consider importing this struct
[INFO] [stdout]   |
[INFO] [stdout] 2 + use rarray::Array1;
[INFO] [stdout]   |
[INFO] [stdout] 
[INFO] [stdout] error[E0070]: invalid left-hand side of assignment
[INFO] [stdout]  --> src/array1/manage/refactor.rs:17:21
[INFO] [stdout]   |
[INFO] [stdout] 5 | y.replace_zero(0.1) = [1.0, 3.2, 0.1];
[INFO] [stdout]   | ------------------- ^
[INFO] [stdout]   | |
[INFO] [stdout]   | cannot assign to this expression
[INFO] [stdout] 
[INFO] [stdout] error: aborting due to 3 previous errors
[INFO] [stdout] 
[INFO] [stdout] Some errors have detailed explanations: E0070, E0412, E0433.
[INFO] [stdout] For more information about an error, try `rustc --explain E0070`.
[INFO] [stdout] Couldn't compile the test.
[INFO] [stdout] ---- src/array1/manage/set.rs - array1::manage::set::Array1<T>::set_index (line 12) stdout ----
[INFO] [stdout] error[E0412]: cannot find type `Array1` in this scope
[INFO] [stdout]  --> src/array1/manage/set.rs:13:8
[INFO] [stdout]   |
[INFO] [stdout] 3 | let x: Array1<f32> = Array1::new(2);
[INFO] [stdout]   |        ^^^^^^ not found in this scope
[INFO] [stdout]   |
[INFO] [stdout] help: consider importing this struct
[INFO] [stdout]   |
[INFO] [stdout] 2 + use rarray::Array1;
[INFO] [stdout]   |
[INFO] [stdout] 
[INFO] [stdout] error[E0433]: failed to resolve: use of undeclared type `Array1`
[INFO] [stdout]  --> src/array1/manage/set.rs:13:22
[INFO] [stdout]   |
[INFO] [stdout] 3 | let x: Array1<f32> = Array1::new(2);
[INFO] [stdout]   |                      ^^^^^^ use of undeclared type `Array1`
[INFO] [stdout]   |
[INFO] [stdout] help: consider importing this struct
[INFO] [stdout]   |
[INFO] [stdout] 2 + use rarray::Array1;
[INFO] [stdout]   |
[INFO] [stdout] 
[INFO] [stdout] error[E0070]: invalid left-hand side of assignment
[INFO] [stdout]  --> src/array1/manage/set.rs:14:21
[INFO] [stdout]   |
[INFO] [stdout] 4 | x.set_index(1, 3.2) = [0.0, 3.2]
[INFO] [stdout]   | ------------------- ^
[INFO] [stdout]   | |
[INFO] [stdout]   | cannot assign to this expression
[INFO] [stdout] 
[INFO] [stdout] error: aborting due to 3 previous errors
[INFO] [stdout] 
[INFO] [stdout] Some errors have detailed explanations: E0070, E0412, E0433.
[INFO] [stdout] For more information about an error, try `rustc --explain E0070`.
[INFO] [stdout] Couldn't compile the test.
[INFO] [stdout] ---- src/array1/manage/add.rs - array1::manage::add::Array1<T>::add (line 11) stdout ----
[INFO] [stdout] error[E0412]: cannot find type `Array1` in this scope
[INFO] [stdout]  --> src/array1/manage/add.rs:12:8
[INFO] [stdout]   |
[INFO] [stdout] 3 | let x: Array1<f32> = Array1::new(2);
[INFO] [stdout]   |        ^^^^^^ not found in this scope
[INFO] [stdout]   |
[INFO] [stdout] help: consider importing this struct
[INFO] [stdout]   |
[INFO] [stdout] 2 + use rarray::Array1;
[INFO] [stdout]   |
[INFO] [stdout] 
[INFO] [stdout] error[E0433]: failed to resolve: use of undeclared type `Array1`
[INFO] [stdout]  --> src/array1/manage/add.rs:12:22
[INFO] [stdout]   |
[INFO] [stdout] 3 | let x: Array1<f32> = Array1::new(2);
[INFO] [stdout]   |                      ^^^^^^ use of undeclared type `Array1`
[INFO] [stdout]   |
[INFO] [stdout] help: consider importing this struct
[INFO] [stdout]   |
[INFO] [stdout] 2 + use rarray::Array1;
[INFO] [stdout]   |
[INFO] [stdout] 
[INFO] [stdout] error: aborting due to 2 previous errors
[INFO] [stdout] 
[INFO] [stdout] Some errors have detailed explanations: E0412, E0433.
[INFO] [stdout] For more information about an error, try `rustc --explain E0412`.
[INFO] [stdout] Couldn't compile the test.
[INFO] [stdout] 
[INFO] [stdout] failures:
[INFO] [stdout]     src/array1/create/new.rs - array1::create::new::Array1<T>::from_vec (line 36)
[INFO] [stdout]     src/array1/create/new.rs - array1::create::new::Array1<T>::new (line 14)
[INFO] [stdout]     src/array1/manage/add.rs - array1::manage::add::Array1<T>::add (line 11)
[INFO] [stdout]     src/array1/manage/get.rs - array1::manage::get::Array1<T>::get (line 9)
[INFO] [stdout]     src/array1/manage/refactor.rs - array1::manage::refactor::Array1<T>::replace_zero (line 14)
[INFO] [stdout]     src/array1/manage/set.rs - array1::manage::set::Array1<T>::set_index (line 12)
[INFO] [stdout]     src/array1/manage/set.rs - array1::manage::set::Array1<T>::set_vec (line 33)
[INFO] [stdout] 
[INFO] [stdout] test result: FAILED. 0 passed; 7 failed; 0 ignored; 0 measured; 0 filtered out; finished in 0.09s
[INFO] [stdout] 
[INFO] [stderr] error: doctest failed, to rerun pass `--doc`
[INFO] running `Command { std: "docker" "inspect" "d0a1f61c54107c9981a61c977978a70ffb43e7ca781b6c75512f42ea493ec99d", kill_on_drop: false }`
[INFO] running `Command { std: "docker" "rm" "-f" "d0a1f61c54107c9981a61c977978a70ffb43e7ca781b6c75512f42ea493ec99d", kill_on_drop: false }`
[INFO] [stdout] d0a1f61c54107c9981a61c977978a70ffb43e7ca781b6c75512f42ea493ec99d
[INFO] testing OfflineBot/RustArrayLib2 against beta-2023-12-22 for beta-1.76-1
[INFO] running `Command { std: "git" "clone" "/workspace/cache/git-repos/https%3A%2F%2Fgithub.com%2FOfflineBot%2FRustArrayLib2" "/workspace/builds/worker-2-tc2/source", kill_on_drop: false }`
[INFO] [stderr] Cloning into '/workspace/builds/worker-2-tc2/source'...
[INFO] [stderr] done.
[INFO] validating manifest of git repo https://github.com/OfflineBot/RustArrayLib2 on toolchain beta-2023-12-22
[INFO] running `Command { std: CARGO_HOME="/workspace/cargo-home" RUSTUP_HOME="/workspace/rustup-home" "/workspace/cargo-home/bin/cargo" "+beta-2023-12-22" "metadata" "--manifest-path" "Cargo.toml" "--no-deps", kill_on_drop: false }`
[INFO] started tweaking git repo https://github.com/OfflineBot/RustArrayLib2
[INFO] finished tweaking git repo https://github.com/OfflineBot/RustArrayLib2
[INFO] tweaked toml for git repo https://github.com/OfflineBot/RustArrayLib2 written to /workspace/builds/worker-2-tc2/source/Cargo.toml
[INFO] crate git repo https://github.com/OfflineBot/RustArrayLib2 already has a lockfile, it will not be regenerated
[INFO] running `Command { std: CARGO_HOME="/workspace/cargo-home" RUSTUP_HOME="/workspace/rustup-home" "/workspace/cargo-home/bin/cargo" "+beta-2023-12-22" "fetch" "--manifest-path" "Cargo.toml", kill_on_drop: false }`
[INFO] running `Command { std: "docker" "create" "-v" "/var/lib/crater-agent-workspace/builds/worker-2-tc2/target:/opt/rustwide/target:rw,Z" "-v" "/var/lib/crater-agent-workspace/builds/worker-2-tc2/source:/opt/rustwide/workdir:ro,Z" "-v" "/var/lib/crater-agent-workspace/cargo-home:/opt/rustwide/cargo-home:ro,Z" "-v" "/var/lib/crater-agent-workspace/rustup-home:/opt/rustwide/rustup-home:ro,Z" "-e" "SOURCE_DIR=/opt/rustwide/workdir" "-e" "CARGO_TARGET_DIR=/opt/rustwide/target" "-e" "CARGO_HOME=/opt/rustwide/cargo-home" "-e" "RUSTUP_HOME=/opt/rustwide/rustup-home" "-w" "/opt/rustwide/workdir" "-m" "1610612736" "--user" "0:0" "--network" "none" "ghcr.io/rust-lang/crates-build-env/linux@sha256:2788e3201cd34a07e3172128adcd8b3090168a8e3bcc40d7c032b9dda1df7d1c" "/opt/rustwide/cargo-home/bin/cargo" "+beta-2023-12-22" "metadata" "--no-deps" "--format-version=1", kill_on_drop: false }`
[INFO] [stdout] 0ce7c6acde1b14c1a36a367832bdd79147e19cc4a256c5bd8f9b855e92b84eb6
[INFO] running `Command { std: "docker" "start" "-a" "0ce7c6acde1b14c1a36a367832bdd79147e19cc4a256c5bd8f9b855e92b84eb6", kill_on_drop: false }`
[INFO] running `Command { std: "docker" "inspect" "0ce7c6acde1b14c1a36a367832bdd79147e19cc4a256c5bd8f9b855e92b84eb6", kill_on_drop: false }`
[INFO] running `Command { std: "docker" "rm" "-f" "0ce7c6acde1b14c1a36a367832bdd79147e19cc4a256c5bd8f9b855e92b84eb6", kill_on_drop: false }`
[INFO] [stdout] 0ce7c6acde1b14c1a36a367832bdd79147e19cc4a256c5bd8f9b855e92b84eb6
[INFO] running `Command { std: "docker" "create" "-v" "/var/lib/crater-agent-workspace/builds/worker-2-tc2/target:/opt/rustwide/target:rw,Z" "-v" "/var/lib/crater-agent-workspace/builds/worker-2-tc2/source:/opt/rustwide/workdir:ro,Z" "-v" "/var/lib/crater-agent-workspace/cargo-home:/opt/rustwide/cargo-home:ro,Z" "-v" "/var/lib/crater-agent-workspace/rustup-home:/opt/rustwide/rustup-home:ro,Z" "-e" "SOURCE_DIR=/opt/rustwide/workdir" "-e" "CARGO_TARGET_DIR=/opt/rustwide/target" "-e" "CARGO_INCREMENTAL=0" "-e" "RUST_BACKTRACE=full" "-e" "RUSTFLAGS=--cap-lints=warn" "-e" "RUSTDOCFLAGS=--cap-lints=warn" "-e" "CARGO_HOME=/opt/rustwide/cargo-home" "-e" "RUSTUP_HOME=/opt/rustwide/rustup-home" "-w" "/opt/rustwide/workdir" "-m" "1610612736" "--user" "0:0" "--network" "none" "ghcr.io/rust-lang/crates-build-env/linux@sha256:2788e3201cd34a07e3172128adcd8b3090168a8e3bcc40d7c032b9dda1df7d1c" "/opt/rustwide/cargo-home/bin/cargo" "+beta-2023-12-22" "build" "--frozen" "--message-format=json", kill_on_drop: false }`
[INFO] [stdout] 6923163f47d11274db033abeddb2b690b5d900a25bde2ec8d715f6efb37d635a
[INFO] running `Command { std: "docker" "start" "-a" "6923163f47d11274db033abeddb2b690b5d900a25bde2ec8d715f6efb37d635a", kill_on_drop: false }`
[INFO] [stderr]    Compiling libc v0.2.150
[INFO] [stderr]    Compiling ppv-lite86 v0.2.17
[INFO] [stderr]    Compiling getrandom v0.2.11
[INFO] [stderr]    Compiling rand_core v0.6.4
[INFO] [stderr]    Compiling rand_chacha v0.3.1
[INFO] [stderr]    Compiling rand v0.8.5
[INFO] [stderr]    Compiling rarray v0.1.0 (/opt/rustwide/workdir)
[INFO] [stderr]     Finished dev [unoptimized + debuginfo] target(s) in 2.66s
[INFO] running `Command { std: "docker" "inspect" "6923163f47d11274db033abeddb2b690b5d900a25bde2ec8d715f6efb37d635a", kill_on_drop: false }`
[INFO] running `Command { std: "docker" "rm" "-f" "6923163f47d11274db033abeddb2b690b5d900a25bde2ec8d715f6efb37d635a", kill_on_drop: false }`
[INFO] [stdout] 6923163f47d11274db033abeddb2b690b5d900a25bde2ec8d715f6efb37d635a
[INFO] running `Command { std: "docker" "create" "-v" "/var/lib/crater-agent-workspace/builds/worker-2-tc2/target:/opt/rustwide/target:rw,Z" "-v" "/var/lib/crater-agent-workspace/builds/worker-2-tc2/source:/opt/rustwide/workdir:ro,Z" "-v" "/var/lib/crater-agent-workspace/cargo-home:/opt/rustwide/cargo-home:ro,Z" "-v" "/var/lib/crater-agent-workspace/rustup-home:/opt/rustwide/rustup-home:ro,Z" "-e" "SOURCE_DIR=/opt/rustwide/workdir" "-e" "CARGO_TARGET_DIR=/opt/rustwide/target" "-e" "CARGO_INCREMENTAL=0" "-e" "RUST_BACKTRACE=full" "-e" "RUSTFLAGS=--cap-lints=warn" "-e" "RUSTDOCFLAGS=--cap-lints=warn" "-e" "CARGO_HOME=/opt/rustwide/cargo-home" "-e" "RUSTUP_HOME=/opt/rustwide/rustup-home" "-w" "/opt/rustwide/workdir" "-m" "1610612736" "--user" "0:0" "--network" "none" "ghcr.io/rust-lang/crates-build-env/linux@sha256:2788e3201cd34a07e3172128adcd8b3090168a8e3bcc40d7c032b9dda1df7d1c" "/opt/rustwide/cargo-home/bin/cargo" "+beta-2023-12-22" "test" "--frozen" "--no-run" "--message-format=json", kill_on_drop: false }`
[INFO] [stdout] 6a5ef58c93252bef2c357e7dc24ff361520f2ed9d10ce5cbfb5baafbd8f7f5fd
[INFO] running `Command { std: "docker" "start" "-a" "6a5ef58c93252bef2c357e7dc24ff361520f2ed9d10ce5cbfb5baafbd8f7f5fd", kill_on_drop: false }`
[INFO] [stderr]    Compiling rarray v0.1.0 (/opt/rustwide/workdir)
[INFO] [stderr]     Finished test [unoptimized + debuginfo] target(s) in 0.63s
[INFO] running `Command { std: "docker" "inspect" "6a5ef58c93252bef2c357e7dc24ff361520f2ed9d10ce5cbfb5baafbd8f7f5fd", kill_on_drop: false }`
[INFO] running `Command { std: "docker" "rm" "-f" "6a5ef58c93252bef2c357e7dc24ff361520f2ed9d10ce5cbfb5baafbd8f7f5fd", kill_on_drop: false }`
[INFO] [stdout] 6a5ef58c93252bef2c357e7dc24ff361520f2ed9d10ce5cbfb5baafbd8f7f5fd
[INFO] running `Command { std: "docker" "create" "-v" "/var/lib/crater-agent-workspace/builds/worker-2-tc2/target:/opt/rustwide/target:rw,Z" "-v" "/var/lib/crater-agent-workspace/builds/worker-2-tc2/source:/opt/rustwide/workdir:ro,Z" "-v" "/var/lib/crater-agent-workspace/cargo-home:/opt/rustwide/cargo-home:ro,Z" "-v" "/var/lib/crater-agent-workspace/rustup-home:/opt/rustwide/rustup-home:ro,Z" "-e" "SOURCE_DIR=/opt/rustwide/workdir" "-e" "CARGO_TARGET_DIR=/opt/rustwide/target" "-e" "CARGO_INCREMENTAL=0" "-e" "RUST_BACKTRACE=full" "-e" "RUSTFLAGS=--cap-lints=warn" "-e" "RUSTDOCFLAGS=--cap-lints=warn" "-e" "CARGO_HOME=/opt/rustwide/cargo-home" "-e" "RUSTUP_HOME=/opt/rustwide/rustup-home" "-w" "/opt/rustwide/workdir" "-m" "1610612736" "--user" "0:0" "--network" "none" "ghcr.io/rust-lang/crates-build-env/linux@sha256:2788e3201cd34a07e3172128adcd8b3090168a8e3bcc40d7c032b9dda1df7d1c" "/opt/rustwide/cargo-home/bin/cargo" "+beta-2023-12-22" "test" "--frozen", kill_on_drop: false }`
[INFO] [stdout] 18d503ea142e71d8183a39a9c1b9caa579743e27a508f7f8cc8ebac99d14d5b9
[INFO] running `Command { std: "docker" "start" "-a" "18d503ea142e71d8183a39a9c1b9caa579743e27a508f7f8cc8ebac99d14d5b9", kill_on_drop: false }`
[INFO] [stderr]     Finished test [unoptimized + debuginfo] target(s) in 0.02s
[INFO] [stdout] 
[INFO] [stderr]      Running unittests src/lib.rs (/opt/rustwide/target/debug/deps/rarray-b77742097cffd9fc)
[INFO] [stdout] running 1 test
[INFO] [stdout] test tester::x_y_norm ... ok
[INFO] [stdout] 
[INFO] [stdout] test result: ok. 1 passed; 0 failed; 0 ignored; 0 measured; 0 filtered out; finished in 0.00s
[INFO] [stdout] 
[INFO] [stderr]    Doc-tests rarray
[INFO] [stdout] 
[INFO] [stdout] running 7 tests
[INFO] [stdout] test src/array1/create/new.rs - array1::create::new::Array1<T>::from_vec (line 36) ... FAILED
[INFO] [stdout] test src/array1/manage/set.rs - array1::manage::set::Array1<T>::set_vec (line 33) ... FAILED
[INFO] [stdout] test src/array1/manage/add.rs - array1::manage::add::Array1<T>::add (line 11) ... FAILED
[INFO] [stdout] test src/array1/manage/set.rs - array1::manage::set::Array1<T>::set_index (line 12) ... FAILED
[INFO] [stdout] test src/array1/create/new.rs - array1::create::new::Array1<T>::new (line 14) ... FAILED
[INFO] [stdout] test src/array1/manage/refactor.rs - array1::manage::refactor::Array1<T>::replace_zero (line 14) ... FAILED
[INFO] [stdout] test src/array1/manage/get.rs - array1::manage::get::Array1<T>::get (line 9) ... FAILED
[INFO] [stdout] 
[INFO] [stdout] failures:
[INFO] [stdout] 
[INFO] [stdout] ---- src/array1/create/new.rs - array1::create::new::Array1<T>::from_vec (line 36) stdout ----
[INFO] [stdout] error: expected expression, found `->`
[INFO] [stdout]  --> src/array1/create/new.rs:39:1
[INFO] [stdout]   |
[INFO] [stdout] 5 | -> x = y
[INFO] [stdout]   | ^^ expected expression
[INFO] [stdout] 
[INFO] [stdout] error[E0412]: cannot find type `Array1` in this scope
[INFO] [stdout]  --> src/array1/create/new.rs:38:8
[INFO] [stdout]   |
[INFO] [stdout] 4 | let y: Array1<f32> = Array1::from_vec(x);
[INFO] [stdout]   |        ^^^^^^ not found in this scope
[INFO] [stdout]   |
[INFO] [stdout] help: consider importing this struct
[INFO] [stdout]   |
[INFO] [stdout] 2 + use rarray::Array1;
[INFO] [stdout]   |
[INFO] [stdout] 
[INFO] [stdout] error[E0433]: failed to resolve: use of undeclared type `Array1`
[INFO] [stdout]  --> src/array1/create/new.rs:38:22
[INFO] [stdout]   |
[INFO] [stdout] 4 | let y: Array1<f32> = Array1::from_vec(x);
[INFO] [stdout]   |                      ^^^^^^ use of undeclared type `Array1`
[INFO] [stdout]   |
[INFO] [stdout] help: consider importing this struct
[INFO] [stdout]   |
[INFO] [stdout] 2 + use rarray::Array1;
[INFO] [stdout]   |
[INFO] [stdout] 
[INFO] [stdout] error: aborting due to 3 previous errors
[INFO] [stdout] 
[INFO] [stdout] Some errors have detailed explanations: E0412, E0433.
[INFO] [stdout] For more information about an error, try `rustc --explain E0412`.
[INFO] [stdout] Couldn't compile the test.
[INFO] [stdout] ---- src/array1/manage/set.rs - array1::manage::set::Array1<T>::set_vec (line 33) stdout ----
[INFO] [stdout] error: expected `;`, found `x`
[INFO] [stdout]  --> src/array1/manage/set.rs:35:39
[INFO] [stdout]   |
[INFO] [stdout] 4 | x.set_vec(vec![2.0, 1.4]) = [2.0, 1.4]
[INFO] [stdout]   |                                       ^ help: add `;` here
[INFO] [stdout] 5 | x.set_vec(vec![2.0]) ! vec_size != Array1_size
[INFO] [stdout]   | - unexpected token
[INFO] [stdout] 
[INFO] [stdout] error: expected one of `.`, `;`, `?`, `}`, or an operator, found `!`
[INFO] [stdout]  --> src/array1/manage/set.rs:36:22
[INFO] [stdout]   |
[INFO] [stdout] 5 | x.set_vec(vec![2.0]) ! vec_size != Array1_size
[INFO] [stdout]   |                      ^ expected one of `.`, `;`, `?`, `}`, or an operator
[INFO] [stdout] 
[INFO] [stdout] error[E0412]: cannot find type `Array1` in this scope
[INFO] [stdout]  --> src/array1/manage/set.rs:34:8
[INFO] [stdout]   |
[INFO] [stdout] 3 | let x: Array1<f32> = Array1::new(2); 
[INFO] [stdout]   |        ^^^^^^ not found in this scope
[INFO] [stdout]   |
[INFO] [stdout] help: consider importing this struct
[INFO] [stdout]   |
[INFO] [stdout] 2 + use rarray::Array1;
[INFO] [stdout]   |
[INFO] [stdout] 
[INFO] [stdout] error[E0433]: failed to resolve: use of undeclared type `Array1`
[INFO] [stdout]  --> src/array1/manage/set.rs:34:22
[INFO] [stdout]   |
[INFO] [stdout] 3 | let x: Array1<f32> = Array1::new(2); 
[INFO] [stdout]   |                      ^^^^^^ use of undeclared type `Array1`
[INFO] [stdout]   |
[INFO] [stdout] help: consider importing this struct
[INFO] [stdout]   |
[INFO] [stdout] 2 + use rarray::Array1;
[INFO] [stdout]   |
[INFO] [stdout] 
[INFO] [stdout] error: aborting due to 4 previous errors
[INFO] [stdout] 
[INFO] [stdout] Some errors have detailed explanations: E0412, E0433.
[INFO] [stdout] For more information about an error, try `rustc --explain E0412`.
[INFO] [stdout] Couldn't compile the test.
[INFO] [stdout] ---- src/array1/manage/add.rs - array1::manage::add::Array1<T>::add (line 11) stdout ----
[INFO] [stdout] error[E0412]: cannot find type `Array1` in this scope
[INFO] [stdout]  --> src/array1/manage/add.rs:12:8
[INFO] [stdout]   |
[INFO] [stdout] 3 | let x: Array1<f32> = Array1::new(2);
[INFO] [stdout]   |        ^^^^^^ not found in this scope
[INFO] [stdout]   |
[INFO] [stdout] help: consider importing this struct
[INFO] [stdout]   |
[INFO] [stdout] 2 + use rarray::Array1;
[INFO] [stdout]   |
[INFO] [stdout] 
[INFO] [stdout] error[E0433]: failed to resolve: use of undeclared type `Array1`
[INFO] [stdout]  --> src/array1/manage/add.rs:12:22
[INFO] [stdout]   |
[INFO] [stdout] 3 | let x: Array1<f32> = Array1::new(2);
[INFO] [stdout]   |                      ^^^^^^ use of undeclared type `Array1`
[INFO] [stdout]   |
[INFO] [stdout] help: consider importing this struct
[INFO] [stdout]   |
[INFO] [stdout] 2 + use rarray::Array1;
[INFO] [stdout]   |
[INFO] [stdout] 
[INFO] [stdout] error: aborting due to 2 previous errors
[INFO] [stdout] 
[INFO] [stdout] Some errors have detailed explanations: E0412, E0433.
[INFO] [stdout] For more information about an error, try `rustc --explain E0412`.
[INFO] [stdout] Couldn't compile the test.
[INFO] [stdout] ---- src/array1/manage/set.rs - array1::manage::set::Array1<T>::set_index (line 12) stdout ----
[INFO] [stdout] error[E0412]: cannot find type `Array1` in this scope
[INFO] [stdout]  --> src/array1/manage/set.rs:13:8
[INFO] [stdout]   |
[INFO] [stdout] 3 | let x: Array1<f32> = Array1::new(2);
[INFO] [stdout]   |        ^^^^^^ not found in this scope
[INFO] [stdout]   |
[INFO] [stdout] help: consider importing this struct
[INFO] [stdout]   |
[INFO] [stdout] 2 + use rarray::Array1;
[INFO] [stdout]   |
[INFO] [stdout] 
[INFO] [stdout] error[E0433]: failed to resolve: use of undeclared type `Array1`
[INFO] [stdout]  --> src/array1/manage/set.rs:13:22
[INFO] [stdout]   |
[INFO] [stdout] 3 | let x: Array1<f32> = Array1::new(2);
[INFO] [stdout]   |                      ^^^^^^ use of undeclared type `Array1`
[INFO] [stdout]   |
[INFO] [stdout] help: consider importing this struct
[INFO] [stdout]   |
[INFO] [stdout] 2 + use rarray::Array1;
[INFO] [stdout]   |
[INFO] [stdout] 
[INFO] [stdout] error[E0070]: invalid left-hand side of assignment
[INFO] [stdout]  --> src/array1/manage/set.rs:14:21
[INFO] [stdout]   |
[INFO] [stdout] 4 | x.set_index(1, 3.2) = [0.0, 3.2]
[INFO] [stdout]   | ------------------- ^
[INFO] [stdout]   | |
[INFO] [stdout]   | cannot assign to this expression
[INFO] [stdout] 
[INFO] [stdout] error: aborting due to 3 previous errors
[INFO] [stdout] 
[INFO] [stdout] Some errors have detailed explanations: E0070, E0412, E0433.
[INFO] [stdout] For more information about an error, try `rustc --explain E0070`.
[INFO] [stdout] Couldn't compile the test.
[INFO] [stdout] ---- src/array1/create/new.rs - array1::create::new::Array1<T>::new (line 14) stdout ----
[INFO] [stdout] error[E0433]: failed to resolve: use of undeclared type `Array1`
[INFO] [stdout]  --> src/array1/create/new.rs:15:18
[INFO] [stdout]   |
[INFO] [stdout] 3 | vec![0.0, 0.0] = Array1::new(2)
[INFO] [stdout]   |                  ^^^^^^ use of undeclared type `Array1`
[INFO] [stdout]   |
[INFO] [stdout] help: consider importing this struct
[INFO] [stdout]   |
[INFO] [stdout] 2 + use rarray::Array1;
[INFO] [stdout]   |
[INFO] [stdout] 
[INFO] [stdout] error[E0164]: expected tuple struct or tuple variant, found associated function `<[_]>::into_vec`
[INFO] [stdout]  --> src/array1/create/new.rs:15:1
[INFO] [stdout]   |
[INFO] [stdout] 3 | vec![0.0, 0.0] = Array1::new(2)
[INFO] [stdout]   | ^^^^^^^^^^^^^^ `fn` calls are not allowed in patterns
[INFO] [stdout]   |
[INFO] [stdout]   = help: for more information, visit https://doc.rust-lang.org/book/ch18-00-patterns.html
[INFO] [stdout]   = note: this error originates in the macro `vec` (in Nightly builds, run with -Z macro-backtrace for more info)
[INFO] [stdout] 
[INFO] [stdout] error[E0164]: expected tuple struct or tuple variant, found associated function `::alloc::boxed::Box::new`
[INFO] [stdout]  --> src/array1/create/new.rs:15:1
[INFO] [stdout]   |
[INFO] [stdout] 3 | vec![0.0, 0.0] = Array1::new(2)
[INFO] [stdout]   | ^^^^^^^^^^^^^^ `fn` calls are not allowed in patterns
[INFO] [stdout]   |
[INFO] [stdout]   = help: for more information, visit https://doc.rust-lang.org/book/ch18-00-patterns.html
[INFO] [stdout]   = note: this error originates in the macro `vec` (in Nightly builds, run with -Z macro-backtrace for more info)
[INFO] [stdout] 
[INFO] [stdout] error[E0070]: invalid left-hand side of assignment
[INFO] [stdout]  --> src/array1/create/new.rs:15:16
[INFO] [stdout]   |
[INFO] [stdout] 3 | vec![0.0, 0.0] = Array1::new(2)
[INFO] [stdout]   |      ---       ^
[INFO] [stdout]   |      |
[INFO] [stdout]   |      cannot assign to this expression
[INFO] [stdout] 
[INFO] [stdout] error[E0070]: invalid left-hand side of assignment
[INFO] [stdout]  --> src/array1/create/new.rs:15:16
[INFO] [stdout]   |
[INFO] [stdout] 3 | vec![0.0, 0.0] = Array1::new(2)
[INFO] [stdout]   |           ---  ^
[INFO] [stdout]   |           |
[INFO] [stdout]   |           cannot assign to this expression
[INFO] [stdout] 
[INFO] [stdout] error: aborting due to 5 previous errors
[INFO] [stdout] 
[INFO] [stdout] Some errors have detailed explanations: E0070, E0164, E0433.
[INFO] [stdout] For more information about an error, try `rustc --explain E0070`.
[INFO] [stdout] Couldn't compile the test.
[INFO] [stdout] ---- src/array1/manage/refactor.rs - array1::manage::refactor::Array1<T>::replace_zero (line 14) stdout ----
[INFO] [stdout] error[E0412]: cannot find type `Array1` in this scope
[INFO] [stdout]  --> src/array1/manage/refactor.rs:16:8
[INFO] [stdout]   |
[INFO] [stdout] 4 | let y: Array1<f32> = Array1::from_vec(x);
[INFO] [stdout]   |        ^^^^^^ not found in this scope
[INFO] [stdout]   |
[INFO] [stdout] help: consider importing this struct
[INFO] [stdout]   |
[INFO] [stdout] 2 + use rarray::Array1;
[INFO] [stdout]   |
[INFO] [stdout] 
[INFO] [stdout] error[E0433]: failed to resolve: use of undeclared type `Array1`
[INFO] [stdout]  --> src/array1/manage/refactor.rs:16:22
[INFO] [stdout]   |
[INFO] [stdout] 4 | let y: Array1<f32> = Array1::from_vec(x);
[INFO] [stdout]   |                      ^^^^^^ use of undeclared type `Array1`
[INFO] [stdout]   |
[INFO] [stdout] help: consider importing this struct
[INFO] [stdout]   |
[INFO] [stdout] 2 + use rarray::Array1;
[INFO] [stdout]   |
[INFO] [stdout] 
[INFO] [stdout] error[E0070]: invalid left-hand side of assignment
[INFO] [stdout]  --> src/array1/manage/refactor.rs:17:21
[INFO] [stdout]   |
[INFO] [stdout] 5 | y.replace_zero(0.1) = [1.0, 3.2, 0.1];
[INFO] [stdout]   | ------------------- ^
[INFO] [stdout]   | |
[INFO] [stdout]   | cannot assign to this expression
[INFO] [stdout] 
[INFO] [stdout] error: aborting due to 3 previous errors
[INFO] [stdout] 
[INFO] [stdout] Some errors have detailed explanations: E0070, E0412, E0433.
[INFO] [stdout] For more information about an error, try `rustc --explain E0070`.
[INFO] [stdout] Couldn't compile the test.
[INFO] [stdout] ---- src/array1/manage/get.rs - array1::manage::get::Array1<T>::get (line 9) stdout ----
[INFO] [stdout] error: expected `;`, found `x`
[INFO] [stdout]  --> src/array1/manage/get.rs:12:15
[INFO] [stdout]   |
[INFO] [stdout] 5 | x.get(0) = 3.2
[INFO] [stdout]   |               ^ help: add `;` here
[INFO] [stdout] 6 | x.get(1) = 0.0
[INFO] [stdout]   | - unexpected token
[INFO] [stdout] 
[INFO] [stdout] error[E0412]: cannot find type `Array1` in this scope
[INFO] [stdout]  --> src/array1/manage/get.rs:10:8
[INFO] [stdout]   |
[INFO] [stdout] 3 | let x: Array1<f32> = Array1::new(2);
[INFO] [stdout]   |        ^^^^^^ not found in this scope
[INFO] [stdout]   |
[INFO] [stdout] help: consider importing this struct
[INFO] [stdout]   |
[INFO] [stdout] 2 + use rarray::Array1;
[INFO] [stdout]   |
[INFO] [stdout] 
[INFO] [stdout] error[E0433]: failed to resolve: use of undeclared type `Array1`
[INFO] [stdout]  --> src/array1/manage/get.rs:10:22
[INFO] [stdout]   |
[INFO] [stdout] 3 | let x: Array1<f32> = Array1::new(2);
[INFO] [stdout]   |                      ^^^^^^ use of undeclared type `Array1`
[INFO] [stdout]   |
[INFO] [stdout] help: consider importing this struct
[INFO] [stdout]   |
[INFO] [stdout] 2 + use rarray::Array1;
[INFO] [stdout]   |
[INFO] [stdout] 
[INFO] [stdout] error[E0070]: invalid left-hand side of assignment
[INFO] [stdout]  --> src/array1/manage/get.rs:13:10
[INFO] [stdout]   |
[INFO] [stdout] 6 | x.get(1) = 0.0
[INFO] [stdout]   | -------- ^
[INFO] [stdout]   | |
[INFO] [stdout]   | cannot assign to this expression
[INFO] [stdout] 
[INFO] [stdout] error: aborting due to 4 previous errors
[INFO] [stdout] 
[INFO] [stdout] Some errors have detailed explanations: E0070, E0412, E0433.
[INFO] [stdout] For more information about an error, try `rustc --explain E0070`.
[INFO] [stdout] Couldn't compile the test.
[INFO] [stdout] 
[INFO] [stdout] failures:
[INFO] [stdout]     src/array1/create/new.rs - array1::create::new::Array1<T>::from_vec (line 36)
[INFO] [stdout]     src/array1/create/new.rs - array1::create::new::Array1<T>::new (line 14)
[INFO] [stdout]     src/array1/manage/add.rs - array1::manage::add::Array1<T>::add (line 11)
[INFO] [stdout]     src/array1/manage/get.rs - array1::manage::get::Array1<T>::get (line 9)
[INFO] [stdout]     src/array1/manage/refactor.rs - array1::manage::refactor::Array1<T>::replace_zero (line 14)
[INFO] [stdout]     src/array1/manage/set.rs - array1::manage::set::Array1<T>::set_index (line 12)
[INFO] [stdout]     src/array1/manage/set.rs - array1::manage::set::Array1<T>::set_vec (line 33)
[INFO] [stdout] 
[INFO] [stdout] test result: FAILED. 0 passed; 7 failed; 0 ignored; 0 measured; 0 filtered out; finished in 0.17s
[INFO] [stdout] 
[INFO] [stderr] error: doctest failed, to rerun pass `--doc`
[INFO] running `Command { std: "docker" "inspect" "18d503ea142e71d8183a39a9c1b9caa579743e27a508f7f8cc8ebac99d14d5b9", kill_on_drop: false }`
[INFO] running `Command { std: "docker" "rm" "-f" "18d503ea142e71d8183a39a9c1b9caa579743e27a508f7f8cc8ebac99d14d5b9", kill_on_drop: false }`
[INFO] [stdout] 18d503ea142e71d8183a39a9c1b9caa579743e27a508f7f8cc8ebac99d14d5b9
