[INFO] cloning repository https://github.com/Noah3141/doculase
[INFO] running `Command { std: "git" "-c" "credential.helper=" "-c" "credential.helper=/workspace/cargo-home/bin/git-credential-null" "clone" "--bare" "https://github.com/Noah3141/doculase" "/workspace/cache/git-repos/https%3A%2F%2Fgithub.com%2FNoah3141%2Fdoculase", kill_on_drop: false }`
[INFO] [stderr] Cloning into bare repository '/workspace/cache/git-repos/https%3A%2F%2Fgithub.com%2FNoah3141%2Fdoculase'...
[INFO] running `Command { std: "git" "rev-parse" "HEAD", kill_on_drop: false }`
[INFO] [stdout] 679cd526f287c1cd8afa655045c0036201bf90bf
[INFO] testing Noah3141/doculase against 1.75.0 for beta-1.76-1
[INFO] running `Command { std: "git" "clone" "/workspace/cache/git-repos/https%3A%2F%2Fgithub.com%2FNoah3141%2Fdoculase" "/workspace/builds/worker-7-tc1/source", kill_on_drop: false }`
[INFO] [stderr] Cloning into '/workspace/builds/worker-7-tc1/source'...
[INFO] [stderr] done.
[INFO] validating manifest of git repo https://github.com/Noah3141/doculase on toolchain 1.75.0
[INFO] running `Command { std: CARGO_HOME="/workspace/cargo-home" RUSTUP_HOME="/workspace/rustup-home" "/workspace/cargo-home/bin/cargo" "+1.75.0" "metadata" "--manifest-path" "Cargo.toml" "--no-deps", kill_on_drop: false }`
[INFO] started tweaking git repo https://github.com/Noah3141/doculase
[INFO] finished tweaking git repo https://github.com/Noah3141/doculase
[INFO] tweaked toml for git repo https://github.com/Noah3141/doculase written to /workspace/builds/worker-7-tc1/source/Cargo.toml
[INFO] crate git repo https://github.com/Noah3141/doculase already has a lockfile, it will not be regenerated
[INFO] running `Command { std: CARGO_HOME="/workspace/cargo-home" RUSTUP_HOME="/workspace/rustup-home" "/workspace/cargo-home/bin/cargo" "+1.75.0" "fetch" "--manifest-path" "Cargo.toml", kill_on_drop: false }`
[INFO] [stderr]     Updating crates.io index
[INFO] [stderr]     Blocking waiting for file lock on package cache
[INFO] [stderr]  Downloading crates ...
[INFO] [stderr]   Downloaded sea-query-derive v0.4.1
[INFO] [stderr]   Downloaded fast-socks5 v0.8.2
[INFO] [stderr]   Downloaded sea-orm-macros v0.12.5
[INFO] [stderr]   Downloaded blocking v1.5.0
[INFO] [stderr]   Downloaded serde_derive v1.0.191
[INFO] [stderr]   Downloaded rust_decimal v1.32.0
[INFO] [stderr]   Downloaded mailchecker v5.0.9
[INFO] [stderr]   Downloaded sea-orm v0.12.4
[INFO] [stderr]   Downloaded sea-query v0.30.2
[INFO] [stderr]   Downloaded serde v1.0.191
[INFO] [stderr]   Downloaded async-smtp v0.6.0
[INFO] [stderr]   Downloaded lopdf v0.31.0
[INFO] [stderr]   Downloaded pwned v0.5.0
[INFO] [stderr]   Downloaded async-native-tls v0.4.0
[INFO] [stderr]   Downloaded check-if-email-exists v0.9.1
[INFO] [stderr]   Downloaded fast-socks5 v0.9.1
[INFO] running `Command { std: "docker" "create" "-v" "/var/lib/crater-agent-workspace/builds/worker-7-tc1/target:/opt/rustwide/target:rw,Z" "-v" "/var/lib/crater-agent-workspace/builds/worker-7-tc1/source:/opt/rustwide/workdir:ro,Z" "-v" "/var/lib/crater-agent-workspace/cargo-home:/opt/rustwide/cargo-home:ro,Z" "-v" "/var/lib/crater-agent-workspace/rustup-home:/opt/rustwide/rustup-home:ro,Z" "-e" "SOURCE_DIR=/opt/rustwide/workdir" "-e" "CARGO_TARGET_DIR=/opt/rustwide/target" "-e" "CARGO_HOME=/opt/rustwide/cargo-home" "-e" "RUSTUP_HOME=/opt/rustwide/rustup-home" "-w" "/opt/rustwide/workdir" "-m" "1610612736" "--user" "0:0" "--network" "none" "ghcr.io/rust-lang/crates-build-env/linux@sha256:2788e3201cd34a07e3172128adcd8b3090168a8e3bcc40d7c032b9dda1df7d1c" "/opt/rustwide/cargo-home/bin/cargo" "+1.75.0" "metadata" "--no-deps" "--format-version=1", kill_on_drop: false }`
[INFO] [stdout] 107a5e449bf359aeb5cb7ee7b43d9bb654c945b71207641f436913ae06cb8c84
[INFO] running `Command { std: "docker" "start" "-a" "107a5e449bf359aeb5cb7ee7b43d9bb654c945b71207641f436913ae06cb8c84", kill_on_drop: false }`
[INFO] running `Command { std: "docker" "inspect" "107a5e449bf359aeb5cb7ee7b43d9bb654c945b71207641f436913ae06cb8c84", kill_on_drop: false }`
[INFO] running `Command { std: "docker" "rm" "-f" "107a5e449bf359aeb5cb7ee7b43d9bb654c945b71207641f436913ae06cb8c84", kill_on_drop: false }`
[INFO] [stdout] 107a5e449bf359aeb5cb7ee7b43d9bb654c945b71207641f436913ae06cb8c84
[INFO] running `Command { std: "docker" "create" "-v" "/var/lib/crater-agent-workspace/builds/worker-7-tc1/target:/opt/rustwide/target:rw,Z" "-v" "/var/lib/crater-agent-workspace/builds/worker-7-tc1/source:/opt/rustwide/workdir:ro,Z" "-v" "/var/lib/crater-agent-workspace/cargo-home:/opt/rustwide/cargo-home:ro,Z" "-v" "/var/lib/crater-agent-workspace/rustup-home:/opt/rustwide/rustup-home:ro,Z" "-e" "SOURCE_DIR=/opt/rustwide/workdir" "-e" "CARGO_TARGET_DIR=/opt/rustwide/target" "-e" "CARGO_INCREMENTAL=0" "-e" "RUST_BACKTRACE=full" "-e" "RUSTFLAGS=--cap-lints=warn" "-e" "RUSTDOCFLAGS=--cap-lints=warn" "-e" "CARGO_HOME=/opt/rustwide/cargo-home" "-e" "RUSTUP_HOME=/opt/rustwide/rustup-home" "-w" "/opt/rustwide/workdir" "-m" "1610612736" "--user" "0:0" "--network" "none" "ghcr.io/rust-lang/crates-build-env/linux@sha256:2788e3201cd34a07e3172128adcd8b3090168a8e3bcc40d7c032b9dda1df7d1c" "/opt/rustwide/cargo-home/bin/cargo" "+1.75.0" "build" "--frozen" "--message-format=json", kill_on_drop: false }`
[INFO] [stdout] 9ef8135b1479670e3b8658fa3366712e47f6c46a78fdafd88e1002932b88bfd3
[INFO] running `Command { std: "docker" "start" "-a" "9ef8135b1479670e3b8658fa3366712e47f6c46a78fdafd88e1002932b88bfd3", kill_on_drop: false }`
[INFO] [stderr]    Compiling proc-macro2 v1.0.69
[INFO] [stderr]    Compiling unicode-ident v1.0.12
[INFO] [stderr]    Compiling libc v0.2.150
[INFO] [stderr]    Compiling autocfg v1.1.0
[INFO] [stderr]    Compiling cfg-if v1.0.0
[INFO] [stderr]    Compiling version_check v0.9.4
[INFO] [stderr]    Compiling pin-project-lite v0.2.13
[INFO] [stderr]    Compiling serde v1.0.191
[INFO] [stderr]    Compiling futures-core v0.3.29
[INFO] [stderr]    Compiling memchr v2.6.4
[INFO] [stderr]    Compiling once_cell v1.18.0
[INFO] [stderr]    Compiling value-bag v1.4.2
[INFO] [stderr]    Compiling futures-io v0.3.29
[INFO] [stderr]    Compiling slab v0.4.9
[INFO] [stderr]    Compiling bytes v1.5.0
[INFO] [stderr]    Compiling crossbeam-utils v0.8.16
[INFO] [stderr]    Compiling futures-channel v0.3.29
[INFO] [stderr]    Compiling log v0.4.20
[INFO] [stderr]    Compiling itoa v1.0.9
[INFO] [stderr]    Compiling quote v1.0.33
[INFO] [stderr]    Compiling syn v2.0.39
[INFO] [stderr]    Compiling pin-utils v0.1.0
[INFO] [stderr]    Compiling tracing-core v0.1.32
[INFO] [stderr]    Compiling futures-task v0.3.29
[INFO] [stderr]    Compiling futures-sink v0.3.29
[INFO] [stderr]    Compiling futures-util v0.3.29
[INFO] [stderr]    Compiling cc v1.0.83
[INFO] [stderr]    Compiling socket2 v0.5.5
[INFO] [stderr]    Compiling mio v0.8.9
[INFO] [stderr]    Compiling getrandom v0.2.10
[INFO] [stderr]    Compiling signal-hook-registry v1.4.1
[INFO] [stderr]    Compiling num_cpus v1.16.0
[INFO] [stderr]    Compiling percent-encoding v2.3.0
[INFO] [stderr]    Compiling syn v1.0.109
[INFO] [stderr]    Compiling thiserror v1.0.50
[INFO] [stderr]    Compiling libm v0.2.8
[INFO] [stderr]    Compiling num-traits v0.2.17
[INFO] [stderr]    Compiling fnv v1.0.7
[INFO] [stderr]    Compiling tinyvec_macros v0.1.1
[INFO] [stderr]    Compiling tinyvec v1.6.0
[INFO] [stderr]    Compiling smallvec v1.11.1
[INFO] [stderr]    Compiling typenum v1.17.0
[INFO] [stderr]    Compiling generic-array v0.14.7
[INFO] [stderr]    Compiling const-oid v0.9.5
[INFO] [stderr]    Compiling powerfmt v0.2.0
[INFO] [stderr]    Compiling unicode-bidi v0.3.13
[INFO] [stderr]    Compiling scopeguard v1.2.0
[INFO] [stderr]    Compiling unicode-normalization v0.1.22
[INFO] [stderr]    Compiling time-core v0.1.2
[INFO] [stderr]    Compiling rustix v0.38.21
[INFO] [stderr]    Compiling time-macros v0.2.15
[INFO] [stderr]    Compiling form_urlencoded v1.2.0
[INFO] [stderr]    Compiling concurrent-queue v2.3.0
[INFO] [stderr]    Compiling socket2 v0.4.10
[INFO] [stderr]    Compiling ahash v0.8.6
[INFO] [stderr]    Compiling linux-raw-sys v0.4.10
[INFO] [stderr]    Compiling parking v2.2.0
[INFO] [stderr]    Compiling idna v0.4.0
[INFO] [stderr]    Compiling rand_core v0.6.4
[INFO] [stderr]    Compiling vcpkg v0.2.15
[INFO] [stderr]    Compiling event-listener v2.5.3
[INFO] [stderr]    Compiling equivalent v1.0.1
[INFO] [stderr]    Compiling zerocopy v0.7.25
[INFO] [stderr]    Compiling pkg-config v0.3.27
[INFO] [stderr]    Compiling url v2.4.1
[INFO] [stderr]    Compiling block-buffer v0.10.4
[INFO] [stderr]    Compiling crypto-common v0.1.6
[INFO] [stderr]    Compiling openssl-sys v0.9.95
[INFO] [stderr]    Compiling http v0.2.9
[INFO] [stderr]    Compiling proc-macro2-diagnostics v0.10.1
[INFO] [stderr]    Compiling num-integer v0.1.45
[INFO] [stderr]    Compiling lock_api v0.4.11
[INFO] [stderr]    Compiling ppv-lite86 v0.2.17
[INFO] [stderr]    Compiling subtle v2.5.0
[INFO] [stderr]    Compiling allocator-api2 v0.2.16
[INFO] [stderr]    Compiling ryu v1.0.15
[INFO] [stderr]    Compiling serde_json v1.0.108
[INFO] [stderr]    Compiling parking_lot_core v0.9.9
[INFO] [stderr]    Compiling heck v0.4.1
[INFO] [stderr]    Compiling httparse v1.8.0
[INFO] [stderr]    Compiling rand_chacha v0.3.1
[INFO] [stderr]    Compiling hashbrown v0.14.2
[INFO] [stderr]    Compiling digest v0.10.7
[INFO] [stderr]    Compiling ring v0.17.5
[INFO] [stderr]    Compiling spin v0.9.8
[INFO] [stderr]    Compiling yansi v1.0.0-rc.1
[INFO] [stderr]    Compiling rand v0.8.5
[INFO] [stderr]    Compiling event-listener v3.0.1
[INFO] [stderr]    Compiling serde_derive v1.0.191
[INFO] [stderr]    Compiling tokio-macros v2.1.0
[INFO] [stderr]    Compiling tracing-attributes v0.1.27
[INFO] [stderr]    Compiling futures-macro v0.3.29
[INFO] [stderr]    Compiling thiserror-impl v1.0.50
[INFO] [stderr]    Compiling spin v0.5.2
[INFO] [stderr]    Compiling try-lock v0.2.4
[INFO] [stderr]    Compiling want v0.3.1
[INFO] [stderr]    Compiling lazy_static v1.4.0
[INFO] [stderr]    Compiling parking_lot v0.12.1
[INFO] [stderr]    Compiling tokio v1.33.0
[INFO] [stderr]    Compiling event-listener-strategy v0.3.0
[INFO] [stderr]    Compiling http-body v0.4.5
[INFO] [stderr]    Compiling indexmap v1.9.3
[INFO] [stderr]    Compiling zeroize v1.6.0
[INFO] [stderr]    Compiling tracing v0.1.40
[INFO] [stderr]    Compiling untrusted v0.9.0
[INFO] [stderr]    Compiling openssl v0.10.59
[INFO] [stderr]    Compiling minimal-lexical v0.2.1
[INFO] [stderr]    Compiling foreign-types-shared v0.1.1
[INFO] [stderr]    Compiling async-trait v0.1.74
[INFO] [stderr]    Compiling waker-fn v1.1.1
[INFO] [stderr]    Compiling httpdate v1.0.3
[INFO] [stderr]    Compiling base64ct v1.6.0
[INFO] [stderr]    Compiling tower-service v0.3.2
[INFO] [stderr]    Compiling nom v7.1.3
[INFO] [stderr]    Compiling pem-rfc7468 v0.7.0
[INFO] [stderr]    Compiling foreign-types v0.3.2
[INFO] [stderr]    Compiling openssl-macros v0.1.1
[INFO] [stderr]    Compiling num-bigint v0.4.4
[INFO] [stderr]    Compiling base64 v0.21.5
[INFO] [stderr]    Compiling native-tls v0.2.11
[INFO] [stderr]    Compiling fastrand v2.0.1
[INFO] [stderr]    Compiling hashbrown v0.12.3
[INFO] [stderr]    Compiling io-lifetimes v1.0.11
[INFO] [stderr]    Compiling der v0.7.8
[INFO] [stderr]    Compiling async-lock v3.0.0
[INFO] [stderr]    Compiling proc-macro-error-attr v1.0.4
[INFO] [stderr]    Compiling num-iter v0.1.43
[INFO] [stderr]    Compiling polling v2.8.0
[INFO] [stderr]    Compiling futures-lite v2.0.1
[INFO] [stderr]    Compiling openssl-probe v0.1.5
[INFO] [stderr]    Compiling iana-time-zone v0.1.58
[INFO] [stderr]    Compiling fastrand v1.9.0
[INFO] [stderr]    Compiling rustix v0.37.27
[INFO] [stderr]    Compiling tokio-stream v0.1.14
[INFO] [stderr]    Compiling tokio-util v0.7.10
[INFO] [stderr]    Compiling rust_decimal v1.32.0
[INFO] [stderr]    Compiling futures-lite v1.13.0
[INFO] [stderr]    Compiling spki v0.7.2
[INFO] [stderr]    Compiling rustls-webpki v0.101.7
[INFO] [stderr]    Compiling pear_codegen v0.2.7
[INFO] [stderr]    Compiling async-lock v2.8.0
[INFO] [stderr]    Compiling h2 v0.3.21
[INFO] [stderr]    Compiling cookie v0.18.0
[INFO] [stderr]    Compiling proc-macro-error v1.0.4
[INFO] [stderr]    Compiling memoffset v0.9.0
[INFO] [stderr]    Compiling async-io v1.13.0
[INFO] [stderr]    Compiling arrayvec v0.7.4
[INFO] [stderr]    Compiling num-bigint-dig v0.8.4
[INFO] [stderr]    Compiling rustls v0.21.8
[INFO] [stderr]    Compiling cpufeatures v0.2.11
[INFO] [stderr]    Compiling strsim v0.9.3
[INFO] [stderr]    Compiling linux-raw-sys v0.3.8
[INFO] [stderr]    Compiling bitflags v1.3.2
[INFO] [stderr]    Compiling ident_case v1.0.1
[INFO] [stderr]    Compiling bitflags v2.4.1
[INFO] [stderr]    Compiling either v1.9.0
[INFO] [stderr]    Compiling deranged v0.3.9
[INFO] [stderr]    Compiling indexmap v2.1.0
[INFO] [stderr]    Compiling chrono v0.4.31
[INFO] [stderr]    Compiling crossbeam-queue v0.3.8
[INFO] [stderr]    Compiling time v0.3.30
[INFO] [stderr]    Compiling inlinable_string v0.1.15
[INFO] [stderr]    Compiling paste v1.0.14
[INFO] [stderr]    Compiling byteorder v1.5.0
[INFO] [stderr]    Compiling itertools v0.11.0
[INFO] [stderr]    Compiling darling_core v0.10.2
[INFO] [stderr]    Compiling hyper v0.14.27
[INFO] [stderr]    Compiling polling v3.3.0
[INFO] [stderr]    Compiling uuid v1.5.0
[INFO] [stderr]    Compiling bigdecimal v0.3.1
[INFO] [stderr]    Compiling pkcs8 v0.10.2
[INFO] [stderr]    Compiling sct v0.7.1
[INFO] [stderr]    Compiling futures-executor v0.3.29
[INFO] [stderr]    Compiling crossbeam-epoch v0.9.15
[INFO] [stderr]    Compiling encoding_rs v0.8.33
[INFO] [stderr]    Compiling crc-catalog v2.4.0
[INFO] [stderr]    Compiling async-task v4.5.0
[INFO] [stderr]    Compiling ref-cast v1.0.20
[INFO] [stderr]    Compiling ipnet v2.9.0
[INFO] [stderr]    Compiling anyhow v1.0.75
[INFO] [stderr]    Compiling unicode_categories v0.1.1
[INFO] [stderr]    Compiling match_cfg v0.1.0
[INFO] [stderr]    Compiling atomic-waker v1.1.2
[INFO] [stderr]    Compiling hostname v0.3.1
[INFO] [stderr]    Compiling piper v0.2.1
[INFO] [stderr]    Compiling sqlformat v0.2.2
[INFO] [stderr]    Compiling crc v3.0.1
[INFO] [stderr]    Compiling futures v0.3.29
[INFO] [stderr]    Compiling pkcs1 v0.7.5
[INFO] [stderr]    Compiling async-io v2.2.0
[INFO] [stderr]    Compiling darling_macro v0.10.2
[INFO] [stderr]    Compiling is-terminal v0.4.9
[INFO] [stderr]    Compiling sha2 v0.10.8
[INFO] [stderr]    Compiling webpki-roots v0.24.0
[INFO] [stderr]    Compiling rustls-pemfile v1.0.3
[INFO] [stderr]    Compiling async-channel v2.1.0
[INFO] [stderr]    Compiling futures-intrusive v0.5.0
[INFO] [stderr]    Compiling ref-cast-impl v1.0.20
[INFO] [stderr]    Compiling hashlink v0.8.4
[INFO] [stderr]    Compiling hmac v0.12.1
[INFO] [stderr]    Compiling signature v2.1.0
[INFO] [stderr]    Compiling atoi v2.0.0
[INFO] [stderr]    Compiling uncased v0.9.9
[INFO] [stderr]    Compiling linked-hash-map v0.5.6
[INFO] [stderr]    Compiling mime v0.3.17
[INFO] [stderr]    Compiling matches v0.1.10
[INFO] [stderr]    Compiling dotenvy v0.15.7
[INFO] [stderr]    Compiling finl_unicode v1.2.0
[INFO] [stderr]    Compiling adler v1.0.2
[INFO] [stderr]    Compiling hex v0.4.3
[INFO] [stderr]    Compiling miniz_oxide v0.7.1
[INFO] [stderr]    Compiling devise_core v0.4.1
[INFO] [stderr]    Compiling idna v0.2.3
[INFO] [stderr]    Compiling stringprep v0.1.4
[INFO] [stderr]    Compiling rsa v0.9.3
[INFO] [stderr]    Compiling sqlx-core v0.7.2
[INFO] [stderr]    Compiling hkdf v0.12.3
[INFO] [stderr]    Compiling blocking v1.5.0
[INFO] [stderr]    Compiling darling v0.10.2
[INFO] [stderr]    Compiling async-signal v0.2.5
[INFO] [stderr]    Compiling async-executor v1.6.0
[INFO] [stderr]    Compiling tokio-native-tls v0.3.1
[INFO] [stderr]    Compiling serde_spanned v0.6.4
[INFO] [stderr]    Compiling toml_datetime v0.6.5
[INFO] [stderr]    Compiling sha1 v0.10.6
[INFO] [stderr]    Compiling enum-as-inner v0.4.0
[INFO] [stderr]    Compiling md-5 v0.10.6
[INFO] [stderr]    Compiling async-channel v1.9.0
[INFO] [stderr]    Compiling stable-pattern v0.1.0
[INFO] [stderr]    Compiling data-encoding v2.4.0
[INFO] [stderr]    Compiling state v0.6.0
[INFO] [stderr]    Compiling rayon-core v1.12.0
[INFO] [stderr]    Compiling winnow v0.5.19
[INFO] [stderr]    Compiling derive_builder v0.9.0
[INFO] [stderr]    Compiling crc32fast v1.3.2
[INFO] [stderr]    Compiling whoami v1.4.1
[INFO] [stderr]    Compiling quick-error v1.2.3
[INFO] [stderr]    Compiling sqlx-mysql v0.7.2
[INFO] [stderr]    Compiling resolv-conf v0.7.0
[INFO] [stderr]    Compiling trust-dns-proto v0.21.2
[INFO] [stderr]    Compiling async-global-executor v2.3.1
[INFO] [stderr]    Compiling toml_edit v0.21.0
[INFO] [stderr]    Compiling hyper-tls v0.5.0
[INFO] [stderr]    Compiling pear v0.2.7
[INFO] [stderr]    Compiling crossbeam-deque v0.8.3
[INFO] [stderr]    Compiling async-process v1.8.1
[INFO] [stderr]    Compiling devise_codegen v0.4.1
[INFO] [stderr]    Compiling derive_builder_core v0.9.0
[INFO] [stderr]    Compiling lru-cache v0.1.2
[INFO] [stderr]    Compiling tokio-socks v0.5.1
[INFO] [stderr]    Compiling serde_urlencoded v0.7.1
[INFO] [stderr]    Compiling sea-query-derive v0.4.1
[INFO] [stderr]    Compiling derivative v2.2.0
[INFO] [stderr]    Compiling async-stream-impl v0.3.5
[INFO] [stderr]    Compiling inherent v1.0.10
[INFO] [stderr]    Compiling pin-project-internal v1.1.3
[INFO] [stderr]    Compiling ordered-float v3.9.2
[INFO] [stderr]    Compiling backtrace v0.3.69
[INFO] [stderr]    Compiling kv-log-macro v1.0.7
[INFO] [stderr]    Compiling aho-corasick v1.1.2
[INFO] [stderr]    Compiling multer v2.1.0
[INFO] [stderr]    Compiling figment v0.10.12
[INFO] [stderr]    Compiling gimli v0.28.0
[INFO] [stderr]    Compiling sha1_smol v1.0.0
[INFO] [stderr]    Compiling regex-syntax v0.8.2
[INFO] [stderr]    Compiling ascii_utils v0.9.3
[INFO] [stderr]    Compiling fast_chemail v0.9.6
[INFO] [stderr]    Compiling sha1 v0.6.1
[INFO] [stderr]    Compiling rocket_http v0.5.0-rc.4
[INFO] [stderr]    Compiling async-std v1.12.0
[INFO] [stderr]    Compiling pin-project v1.1.3
[INFO] [stderr]    Compiling async-stream v0.3.5
[INFO] [stderr]    Compiling reqwest v0.11.22
[INFO] [stderr]    Compiling sea-query v0.30.2
[INFO] [stderr]    Compiling addr2line v0.21.0
[INFO] [stderr]    Compiling regex-automata v0.4.3
[INFO] [stderr]    Compiling devise v0.4.1
[INFO] [stderr]    Compiling trust-dns-resolver v0.21.2
[INFO] [stderr]    Compiling toml v0.8.8
[INFO] [stderr]    Compiling sqlx v0.7.2
[INFO] [stderr]    Compiling fast-socks5 v0.8.2
[INFO] [stderr]    Compiling sea-bae v0.2.0
[INFO] [stderr]    Compiling ouroboros_macro v0.17.2
[INFO] [stderr]    Compiling async-native-tls v0.4.0
[INFO] [stderr]    Compiling object v0.32.1
[INFO] [stderr]    Compiling error-chain v0.12.4
[INFO] [stderr]    Compiling rocket v0.5.0-rc.4
[INFO] [stderr]    Compiling bufstream v0.1.4
[INFO] [stderr]    Compiling aliasable v0.1.3
[INFO] [stderr]    Compiling unicode-xid v0.2.4
[INFO] [stderr]    Compiling md5 v0.7.0
[INFO] [stderr]    Compiling glob v0.3.1
[INFO] [stderr]    Compiling base64 v0.13.1
[INFO] [stderr]    Compiling rustc-demangle v0.1.23
[INFO] [stderr]    Compiling static_assertions v1.1.0
[INFO] [stderr]    Compiling sea-orm-macros v0.12.5
[INFO] [stderr]    Compiling async-smtp v0.6.0
[INFO] [stderr]    Compiling rocket_codegen v0.5.0-rc.4
[INFO] [stderr]    Compiling ouroboros v0.17.2
[INFO] [stderr]    Compiling regex v1.10.2
[INFO] [stderr]    Compiling rayon v1.8.0
[INFO] [stderr]    Compiling flate2 v1.0.28
[INFO] [stderr]    Compiling sea-query-binder v0.5.0
[INFO] [stderr]    Compiling async-std-resolver v0.21.2
[INFO] [stderr]    Compiling pwned v0.5.0
[INFO] [stderr]    Compiling mailchecker v5.0.9
[INFO] [stderr]    Compiling fast-socks5 v0.9.1
[INFO] [stderr]    Compiling tempfile v3.8.1
[INFO] [stderr]    Compiling ubyte v0.10.4
[INFO] [stderr]    Compiling async-recursion v1.0.5
[INFO] [stderr]    Compiling atomic v0.5.3
[INFO] [stderr]    Compiling binascii v0.1.4
[INFO] [stderr]    Compiling levenshtein v1.0.5
[INFO] [stderr]    Compiling strum v0.25.0
[INFO] [stderr]    Compiling weezl v0.1.7
[INFO] [stderr]    Compiling sea-orm v0.12.4
[INFO] [stderr]    Compiling urlencoding v2.1.3
[INFO] [stderr]    Compiling check-if-email-exists v0.9.1
[INFO] [stderr]    Compiling lopdf v0.31.0
[INFO] [stderr]    Compiling doculysis v0.1.0 (/opt/rustwide/workdir)
[INFO] [stdout] warning: unused import: `env::*`
[INFO] [stdout]  --> src/main.rs:6:5
[INFO] [stdout]   |
[INFO] [stdout] 6 | use env::*;
[INFO] [stdout]   |     ^^^^^^
[INFO] [stdout]   |
[INFO] [stdout]   = note: `#[warn(unused_imports)]` on by default
[INFO] [stdout] 
[INFO] [stdout] 
[INFO] [stdout] warning: unreachable call
[INFO] [stdout]   --> src/routes/documents/add.rs:45:5
[INFO] [stdout]    |
[INFO] [stdout] 45 |     Json(todo!())
[INFO] [stdout]    |     ^^^^ ------- any code following this expression is unreachable
[INFO] [stdout]    |     |
[INFO] [stdout]    |     unreachable call
[INFO] [stdout]    |
[INFO] [stdout]    = note: `#[warn(unreachable_code)]` on by default
[INFO] [stdout] 
[INFO] [stdout] 
[INFO] [stdout] warning: unused variable: `db`
[INFO] [stdout]   --> src/routes/documents/add.rs:43:22
[INFO] [stdout]    |
[INFO] [stdout] 43 | pub async fn handler(db: &State<DatabaseConnection>, body: Json<Request>) -> Json<Response> {
[INFO] [stdout]    |                      ^^ help: if this is intentional, prefix it with an underscore: `_db`
[INFO] [stdout]    |
[INFO] [stdout]    = note: `#[warn(unused_variables)]` on by default
[INFO] [stdout] 
[INFO] [stdout] 
[INFO] [stdout] warning: unused variable: `body`
[INFO] [stdout]   --> src/routes/documents/add.rs:43:54
[INFO] [stdout]    |
[INFO] [stdout] 43 | pub async fn handler(db: &State<DatabaseConnection>, body: Json<Request>) -> Json<Response> {
[INFO] [stdout]    |                                                      ^^^^ help: if this is intentional, prefix it with an underscore: `_body`
[INFO] [stdout] 
[INFO] [stdout] 
[INFO] [stdout] warning: unreachable call
[INFO] [stdout]   --> src/routes/documents/list.rs:18:5
[INFO] [stdout]    |
[INFO] [stdout] 18 |     Json(todo!())
[INFO] [stdout]    |     ^^^^ ------- any code following this expression is unreachable
[INFO] [stdout]    |     |
[INFO] [stdout]    |     unreachable call
[INFO] [stdout] 
[INFO] [stdout] 
[INFO] [stdout] warning: unused variable: `db`
[INFO] [stdout]   --> src/routes/documents/list.rs:16:22
[INFO] [stdout]    |
[INFO] [stdout] 16 | pub async fn handler(db: &State<DatabaseConnection>, body: Json<Request>) -> Json<Response> {
[INFO] [stdout]    |                      ^^ help: if this is intentional, prefix it with an underscore: `_db`
[INFO] [stdout] 
[INFO] [stdout] 
[INFO] [stdout] warning: unused variable: `body`
[INFO] [stdout]   --> src/routes/documents/list.rs:16:54
[INFO] [stdout]    |
[INFO] [stdout] 16 | pub async fn handler(db: &State<DatabaseConnection>, body: Json<Request>) -> Json<Response> {
[INFO] [stdout]    |                                                      ^^^^ help: if this is intentional, prefix it with an underscore: `_body`
[INFO] [stdout] 
[INFO] [stdout] 
[INFO] [stdout] warning: unreachable call
[INFO] [stdout]   --> src/routes/documents/remove.rs:18:5
[INFO] [stdout]    |
[INFO] [stdout] 18 |     Json(todo!())
[INFO] [stdout]    |     ^^^^ ------- any code following this expression is unreachable
[INFO] [stdout]    |     |
[INFO] [stdout]    |     unreachable call
[INFO] [stdout] 
[INFO] [stdout] 
[INFO] [stdout] warning: unused variable: `db`
[INFO] [stdout]   --> src/routes/documents/remove.rs:16:22
[INFO] [stdout]    |
[INFO] [stdout] 16 | pub async fn handler(db: &State<DatabaseConnection>, body: Json<Request>) -> Json<Response> {
[INFO] [stdout]    |                      ^^ help: if this is intentional, prefix it with an underscore: `_db`
[INFO] [stdout] 
[INFO] [stdout] 
[INFO] [stdout] warning: unused variable: `body`
[INFO] [stdout]   --> src/routes/documents/remove.rs:16:54
[INFO] [stdout]    |
[INFO] [stdout] 16 | pub async fn handler(db: &State<DatabaseConnection>, body: Json<Request>) -> Json<Response> {
[INFO] [stdout]    |                                                      ^^^^ help: if this is intentional, prefix it with an underscore: `_body`
[INFO] [stdout] 
[INFO] [stdout] 
[INFO] [stdout] warning: unreachable call
[INFO] [stdout]   --> src/routes/libraries/create.rs:18:5
[INFO] [stdout]    |
[INFO] [stdout] 18 |     Json(todo!())
[INFO] [stdout]    |     ^^^^ ------- any code following this expression is unreachable
[INFO] [stdout]    |     |
[INFO] [stdout]    |     unreachable call
[INFO] [stdout] 
[INFO] [stdout] 
[INFO] [stdout] warning: unused variable: `db`
[INFO] [stdout]   --> src/routes/libraries/create.rs:16:22
[INFO] [stdout]    |
[INFO] [stdout] 16 | pub async fn handler(db: &State<DatabaseConnection>, body: Json<Request>) -> Json<Response> {
[INFO] [stdout]    |                      ^^ help: if this is intentional, prefix it with an underscore: `_db`
[INFO] [stdout] 
[INFO] [stdout] 
[INFO] [stdout] warning: unused variable: `body`
[INFO] [stdout]   --> src/routes/libraries/create.rs:16:54
[INFO] [stdout]    |
[INFO] [stdout] 16 | pub async fn handler(db: &State<DatabaseConnection>, body: Json<Request>) -> Json<Response> {
[INFO] [stdout]    |                                                      ^^^^ help: if this is intentional, prefix it with an underscore: `_body`
[INFO] [stdout] 
[INFO] [stdout] 
[INFO] [stdout] warning: unreachable call
[INFO] [stdout]   --> src/routes/jobs/list.rs:18:5
[INFO] [stdout]    |
[INFO] [stdout] 18 |     Json(todo!())
[INFO] [stdout]    |     ^^^^ ------- any code following this expression is unreachable
[INFO] [stdout]    |     |
[INFO] [stdout]    |     unreachable call
[INFO] [stdout] 
[INFO] [stdout] 
[INFO] [stdout] warning: unused variable: `db`
[INFO] [stdout]   --> src/routes/jobs/list.rs:16:22
[INFO] [stdout]    |
[INFO] [stdout] 16 | pub async fn handler(db: &State<DatabaseConnection>, body: Json<Request>) -> Json<Response> {
[INFO] [stdout]    |                      ^^ help: if this is intentional, prefix it with an underscore: `_db`
[INFO] [stdout] 
[INFO] [stdout] 
[INFO] [stdout] warning: unused variable: `body`
[INFO] [stdout]   --> src/routes/jobs/list.rs:16:54
[INFO] [stdout]    |
[INFO] [stdout] 16 | pub async fn handler(db: &State<DatabaseConnection>, body: Json<Request>) -> Json<Response> {
[INFO] [stdout]    |                                                      ^^^^ help: if this is intentional, prefix it with an underscore: `_body`
[INFO] [stdout] 
[INFO] [stdout] 
[INFO] [stdout] warning: unreachable call
[INFO] [stdout]   --> src/routes/jobs/cancel.rs:18:5
[INFO] [stdout]    |
[INFO] [stdout] 18 |     Json(todo!())
[INFO] [stdout]    |     ^^^^ ------- any code following this expression is unreachable
[INFO] [stdout]    |     |
[INFO] [stdout]    |     unreachable call
[INFO] [stdout] 
[INFO] [stdout] 
[INFO] [stdout] warning: unused variable: `db`
[INFO] [stdout]   --> src/routes/jobs/cancel.rs:16:22
[INFO] [stdout]    |
[INFO] [stdout] 16 | pub async fn handler(db: &State<DatabaseConnection>, body: Json<Request>) -> Json<Response> {
[INFO] [stdout]    |                      ^^ help: if this is intentional, prefix it with an underscore: `_db`
[INFO] [stdout] 
[INFO] [stdout] 
[INFO] [stdout] warning: unused variable: `body`
[INFO] [stdout]   --> src/routes/jobs/cancel.rs:16:54
[INFO] [stdout]    |
[INFO] [stdout] 16 | pub async fn handler(db: &State<DatabaseConnection>, body: Json<Request>) -> Json<Response> {
[INFO] [stdout]    |                                                      ^^^^ help: if this is intentional, prefix it with an underscore: `_body`
[INFO] [stdout] 
[INFO] [stdout] 
[INFO] [stdout] warning: unreachable call
[INFO] [stdout]   --> src/routes/jobs/add.rs:18:5
[INFO] [stdout]    |
[INFO] [stdout] 18 |     Json(todo!())
[INFO] [stdout]    |     ^^^^ ------- any code following this expression is unreachable
[INFO] [stdout]    |     |
[INFO] [stdout]    |     unreachable call
[INFO] [stdout] 
[INFO] [stdout] 
[INFO] [stdout] warning: unused variable: `db`
[INFO] [stdout]   --> src/routes/jobs/add.rs:16:22
[INFO] [stdout]    |
[INFO] [stdout] 16 | pub async fn handler(db: &State<DatabaseConnection>, body: Json<Request>) -> Json<Response> {
[INFO] [stdout]    |                      ^^ help: if this is intentional, prefix it with an underscore: `_db`
[INFO] [stdout] 
[INFO] [stdout] 
[INFO] [stdout] warning: unused variable: `body`
[INFO] [stdout]   --> src/routes/jobs/add.rs:16:54
[INFO] [stdout]    |
[INFO] [stdout] 16 | pub async fn handler(db: &State<DatabaseConnection>, body: Json<Request>) -> Json<Response> {
[INFO] [stdout]    |                                                      ^^^^ help: if this is intentional, prefix it with an underscore: `_body`
[INFO] [stdout] 
[INFO] [stdout] 
[INFO] [stdout] warning: 22 warnings emitted
[INFO] [stdout] 
[INFO] [stdout] 
[INFO] [stderr]     Finished dev [unoptimized + debuginfo] target(s) in 2m 40s
[INFO] running `Command { std: "docker" "inspect" "9ef8135b1479670e3b8658fa3366712e47f6c46a78fdafd88e1002932b88bfd3", kill_on_drop: false }`
[INFO] running `Command { std: "docker" "rm" "-f" "9ef8135b1479670e3b8658fa3366712e47f6c46a78fdafd88e1002932b88bfd3", kill_on_drop: false }`
[INFO] [stdout] 9ef8135b1479670e3b8658fa3366712e47f6c46a78fdafd88e1002932b88bfd3
[INFO] running `Command { std: "docker" "create" "-v" "/var/lib/crater-agent-workspace/builds/worker-7-tc1/target:/opt/rustwide/target:rw,Z" "-v" "/var/lib/crater-agent-workspace/builds/worker-7-tc1/source:/opt/rustwide/workdir:ro,Z" "-v" "/var/lib/crater-agent-workspace/cargo-home:/opt/rustwide/cargo-home:ro,Z" "-v" "/var/lib/crater-agent-workspace/rustup-home:/opt/rustwide/rustup-home:ro,Z" "-e" "SOURCE_DIR=/opt/rustwide/workdir" "-e" "CARGO_TARGET_DIR=/opt/rustwide/target" "-e" "CARGO_INCREMENTAL=0" "-e" "RUST_BACKTRACE=full" "-e" "RUSTFLAGS=--cap-lints=warn" "-e" "RUSTDOCFLAGS=--cap-lints=warn" "-e" "CARGO_HOME=/opt/rustwide/cargo-home" "-e" "RUSTUP_HOME=/opt/rustwide/rustup-home" "-w" "/opt/rustwide/workdir" "-m" "1610612736" "--user" "0:0" "--network" "none" "ghcr.io/rust-lang/crates-build-env/linux@sha256:2788e3201cd34a07e3172128adcd8b3090168a8e3bcc40d7c032b9dda1df7d1c" "/opt/rustwide/cargo-home/bin/cargo" "+1.75.0" "test" "--frozen" "--no-run" "--message-format=json", kill_on_drop: false }`
[INFO] [stdout] ef686436b9624191ed983dc42ab56db7405f9e3d5e13df8f247a939dc89e7182
[INFO] running `Command { std: "docker" "start" "-a" "ef686436b9624191ed983dc42ab56db7405f9e3d5e13df8f247a939dc89e7182", kill_on_drop: false }`
[INFO] [stderr]    Compiling doculysis v0.1.0 (/opt/rustwide/workdir)
[INFO] [stdout] warning: unused import: `env::*`
[INFO] [stdout]  --> src/main.rs:6:5
[INFO] [stdout]   |
[INFO] [stdout] 6 | use env::*;
[INFO] [stdout]   |     ^^^^^^
[INFO] [stdout]   |
[INFO] [stdout]   = note: `#[warn(unused_imports)]` on by default
[INFO] [stdout] 
[INFO] [stdout] 
[INFO] [stdout] warning: unreachable call
[INFO] [stdout]   --> src/routes/documents/add.rs:45:5
[INFO] [stdout]    |
[INFO] [stdout] 45 |     Json(todo!())
[INFO] [stdout]    |     ^^^^ ------- any code following this expression is unreachable
[INFO] [stdout]    |     |
[INFO] [stdout]    |     unreachable call
[INFO] [stdout]    |
[INFO] [stdout]    = note: `#[warn(unreachable_code)]` on by default
[INFO] [stdout] 
[INFO] [stdout] 
[INFO] [stdout] warning: unused variable: `db`
[INFO] [stdout]   --> src/routes/documents/add.rs:43:22
[INFO] [stdout]    |
[INFO] [stdout] 43 | pub async fn handler(db: &State<DatabaseConnection>, body: Json<Request>) -> Json<Response> {
[INFO] [stdout]    |                      ^^ help: if this is intentional, prefix it with an underscore: `_db`
[INFO] [stdout]    |
[INFO] [stdout]    = note: `#[warn(unused_variables)]` on by default
[INFO] [stdout] 
[INFO] [stdout] 
[INFO] [stdout] warning: unused variable: `body`
[INFO] [stdout]   --> src/routes/documents/add.rs:43:54
[INFO] [stdout]    |
[INFO] [stdout] 43 | pub async fn handler(db: &State<DatabaseConnection>, body: Json<Request>) -> Json<Response> {
[INFO] [stdout]    |                                                      ^^^^ help: if this is intentional, prefix it with an underscore: `_body`
[INFO] [stdout] 
[INFO] [stdout] 
[INFO] [stdout] warning: unreachable call
[INFO] [stdout]   --> src/routes/documents/list.rs:18:5
[INFO] [stdout]    |
[INFO] [stdout] 18 |     Json(todo!())
[INFO] [stdout]    |     ^^^^ ------- any code following this expression is unreachable
[INFO] [stdout]    |     |
[INFO] [stdout]    |     unreachable call
[INFO] [stdout] 
[INFO] [stdout] 
[INFO] [stdout] warning: unused variable: `db`
[INFO] [stdout]   --> src/routes/documents/list.rs:16:22
[INFO] [stdout]    |
[INFO] [stdout] 16 | pub async fn handler(db: &State<DatabaseConnection>, body: Json<Request>) -> Json<Response> {
[INFO] [stdout]    |                      ^^ help: if this is intentional, prefix it with an underscore: `_db`
[INFO] [stdout] 
[INFO] [stdout] 
[INFO] [stdout] warning: unused variable: `body`
[INFO] [stdout]   --> src/routes/documents/list.rs:16:54
[INFO] [stdout]    |
[INFO] [stdout] 16 | pub async fn handler(db: &State<DatabaseConnection>, body: Json<Request>) -> Json<Response> {
[INFO] [stdout]    |                                                      ^^^^ help: if this is intentional, prefix it with an underscore: `_body`
[INFO] [stdout] 
[INFO] [stdout] 
[INFO] [stdout] warning: unreachable call
[INFO] [stdout]   --> src/routes/documents/remove.rs:18:5
[INFO] [stdout]    |
[INFO] [stdout] 18 |     Json(todo!())
[INFO] [stdout]    |     ^^^^ ------- any code following this expression is unreachable
[INFO] [stdout]    |     |
[INFO] [stdout]    |     unreachable call
[INFO] [stdout] 
[INFO] [stdout] 
[INFO] [stdout] warning: unused variable: `db`
[INFO] [stdout]   --> src/routes/documents/remove.rs:16:22
[INFO] [stdout]    |
[INFO] [stdout] 16 | pub async fn handler(db: &State<DatabaseConnection>, body: Json<Request>) -> Json<Response> {
[INFO] [stdout]    |                      ^^ help: if this is intentional, prefix it with an underscore: `_db`
[INFO] [stdout] 
[INFO] [stdout] 
[INFO] [stdout] warning: unused variable: `body`
[INFO] [stdout]   --> src/routes/documents/remove.rs:16:54
[INFO] [stdout]    |
[INFO] [stdout] 16 | pub async fn handler(db: &State<DatabaseConnection>, body: Json<Request>) -> Json<Response> {
[INFO] [stdout]    |                                                      ^^^^ help: if this is intentional, prefix it with an underscore: `_body`
[INFO] [stdout] 
[INFO] [stdout] 
[INFO] [stdout] warning: unreachable call
[INFO] [stdout]   --> src/routes/libraries/create.rs:18:5
[INFO] [stdout]    |
[INFO] [stdout] 18 |     Json(todo!())
[INFO] [stdout]    |     ^^^^ ------- any code following this expression is unreachable
[INFO] [stdout]    |     |
[INFO] [stdout]    |     unreachable call
[INFO] [stdout] 
[INFO] [stdout] 
[INFO] [stdout] warning: unused variable: `db`
[INFO] [stdout]   --> src/routes/libraries/create.rs:16:22
[INFO] [stdout]    |
[INFO] [stdout] 16 | pub async fn handler(db: &State<DatabaseConnection>, body: Json<Request>) -> Json<Response> {
[INFO] [stdout]    |                      ^^ help: if this is intentional, prefix it with an underscore: `_db`
[INFO] [stdout] 
[INFO] [stdout] 
[INFO] [stdout] warning: unused variable: `body`
[INFO] [stdout]   --> src/routes/libraries/create.rs:16:54
[INFO] [stdout]    |
[INFO] [stdout] 16 | pub async fn handler(db: &State<DatabaseConnection>, body: Json<Request>) -> Json<Response> {
[INFO] [stdout]    |                                                      ^^^^ help: if this is intentional, prefix it with an underscore: `_body`
[INFO] [stdout] 
[INFO] [stdout] 
[INFO] [stdout] warning: unreachable call
[INFO] [stdout]   --> src/routes/jobs/list.rs:18:5
[INFO] [stdout]    |
[INFO] [stdout] 18 |     Json(todo!())
[INFO] [stdout]    |     ^^^^ ------- any code following this expression is unreachable
[INFO] [stdout]    |     |
[INFO] [stdout]    |     unreachable call
[INFO] [stdout] 
[INFO] [stdout] 
[INFO] [stdout] warning: unused variable: `db`
[INFO] [stdout]   --> src/routes/jobs/list.rs:16:22
[INFO] [stdout]    |
[INFO] [stdout] 16 | pub async fn handler(db: &State<DatabaseConnection>, body: Json<Request>) -> Json<Response> {
[INFO] [stdout]    |                      ^^ help: if this is intentional, prefix it with an underscore: `_db`
[INFO] [stdout] 
[INFO] [stdout] 
[INFO] [stdout] warning: unused variable: `body`
[INFO] [stdout]   --> src/routes/jobs/list.rs:16:54
[INFO] [stdout]    |
[INFO] [stdout] 16 | pub async fn handler(db: &State<DatabaseConnection>, body: Json<Request>) -> Json<Response> {
[INFO] [stdout]    |                                                      ^^^^ help: if this is intentional, prefix it with an underscore: `_body`
[INFO] [stdout] 
[INFO] [stdout] 
[INFO] [stdout] warning: unreachable call
[INFO] [stdout]   --> src/routes/jobs/cancel.rs:18:5
[INFO] [stdout]    |
[INFO] [stdout] 18 |     Json(todo!())
[INFO] [stdout]    |     ^^^^ ------- any code following this expression is unreachable
[INFO] [stdout]    |     |
[INFO] [stdout]    |     unreachable call
[INFO] [stdout] 
[INFO] [stdout] 
[INFO] [stdout] warning: unused variable: `db`
[INFO] [stdout]   --> src/routes/jobs/cancel.rs:16:22
[INFO] [stdout]    |
[INFO] [stdout] 16 | pub async fn handler(db: &State<DatabaseConnection>, body: Json<Request>) -> Json<Response> {
[INFO] [stdout]    |                      ^^ help: if this is intentional, prefix it with an underscore: `_db`
[INFO] [stdout] 
[INFO] [stdout] 
[INFO] [stdout] warning: unused variable: `body`
[INFO] [stdout]   --> src/routes/jobs/cancel.rs:16:54
[INFO] [stdout]    |
[INFO] [stdout] 16 | pub async fn handler(db: &State<DatabaseConnection>, body: Json<Request>) -> Json<Response> {
[INFO] [stdout]    |                                                      ^^^^ help: if this is intentional, prefix it with an underscore: `_body`
[INFO] [stdout] 
[INFO] [stdout] 
[INFO] [stdout] warning: unreachable call
[INFO] [stdout]   --> src/routes/jobs/add.rs:18:5
[INFO] [stdout]    |
[INFO] [stdout] 18 |     Json(todo!())
[INFO] [stdout]    |     ^^^^ ------- any code following this expression is unreachable
[INFO] [stdout]    |     |
[INFO] [stdout]    |     unreachable call
[INFO] [stdout] 
[INFO] [stdout] 
[INFO] [stdout] warning: unused variable: `db`
[INFO] [stdout]   --> src/routes/jobs/add.rs:16:22
[INFO] [stdout]    |
[INFO] [stdout] 16 | pub async fn handler(db: &State<DatabaseConnection>, body: Json<Request>) -> Json<Response> {
[INFO] [stdout]    |                      ^^ help: if this is intentional, prefix it with an underscore: `_db`
[INFO] [stdout] 
[INFO] [stdout] 
[INFO] [stdout] warning: unused variable: `body`
[INFO] [stdout]   --> src/routes/jobs/add.rs:16:54
[INFO] [stdout]    |
[INFO] [stdout] 16 | pub async fn handler(db: &State<DatabaseConnection>, body: Json<Request>) -> Json<Response> {
[INFO] [stdout]    |                                                      ^^^^ help: if this is intentional, prefix it with an underscore: `_body`
[INFO] [stdout] 
[INFO] [stdout] 
[INFO] [stdout] warning: 22 warnings emitted
[INFO] [stdout] 
[INFO] [stdout] 
[INFO] [stderr]     Finished test [unoptimized + debuginfo] target(s) in 3.73s
[INFO] running `Command { std: "docker" "inspect" "ef686436b9624191ed983dc42ab56db7405f9e3d5e13df8f247a939dc89e7182", kill_on_drop: false }`
[INFO] running `Command { std: "docker" "rm" "-f" "ef686436b9624191ed983dc42ab56db7405f9e3d5e13df8f247a939dc89e7182", kill_on_drop: false }`
[INFO] [stdout] ef686436b9624191ed983dc42ab56db7405f9e3d5e13df8f247a939dc89e7182
[INFO] running `Command { std: "docker" "create" "-v" "/var/lib/crater-agent-workspace/builds/worker-7-tc1/target:/opt/rustwide/target:rw,Z" "-v" "/var/lib/crater-agent-workspace/builds/worker-7-tc1/source:/opt/rustwide/workdir:ro,Z" "-v" "/var/lib/crater-agent-workspace/cargo-home:/opt/rustwide/cargo-home:ro,Z" "-v" "/var/lib/crater-agent-workspace/rustup-home:/opt/rustwide/rustup-home:ro,Z" "-e" "SOURCE_DIR=/opt/rustwide/workdir" "-e" "CARGO_TARGET_DIR=/opt/rustwide/target" "-e" "CARGO_INCREMENTAL=0" "-e" "RUST_BACKTRACE=full" "-e" "RUSTFLAGS=--cap-lints=warn" "-e" "RUSTDOCFLAGS=--cap-lints=warn" "-e" "CARGO_HOME=/opt/rustwide/cargo-home" "-e" "RUSTUP_HOME=/opt/rustwide/rustup-home" "-w" "/opt/rustwide/workdir" "-m" "1610612736" "--user" "0:0" "--network" "none" "ghcr.io/rust-lang/crates-build-env/linux@sha256:2788e3201cd34a07e3172128adcd8b3090168a8e3bcc40d7c032b9dda1df7d1c" "/opt/rustwide/cargo-home/bin/cargo" "+1.75.0" "test" "--frozen", kill_on_drop: false }`
[INFO] [stdout] 727efdf0ded04a4541e01d215a359e8611f78dd24f663eb348d7cc5a06e441bc
[INFO] running `Command { std: "docker" "start" "-a" "727efdf0ded04a4541e01d215a359e8611f78dd24f663eb348d7cc5a06e441bc", kill_on_drop: false }`
[INFO] [stderr] warning: unused import: `env::*`
[INFO] [stderr]  --> src/main.rs:6:5
[INFO] [stderr]   |
[INFO] [stderr] 6 | use env::*;
[INFO] [stderr]   |     ^^^^^^
[INFO] [stderr]   |
[INFO] [stderr]   = note: `#[warn(unused_imports)]` on by default
[INFO] [stderr] 
[INFO] [stderr] warning: unreachable call
[INFO] [stderr]   --> src/routes/documents/add.rs:45:5
[INFO] [stderr]    |
[INFO] [stderr] 45 |     Json(todo!())
[INFO] [stderr]    |     ^^^^ ------- any code following this expression is unreachable
[INFO] [stderr]    |     |
[INFO] [stderr]    |     unreachable call
[INFO] [stderr]    |
[INFO] [stderr]    = note: `#[warn(unreachable_code)]` on by default
[INFO] [stderr] 
[INFO] [stderr] warning: unused variable: `db`
[INFO] [stderr]   --> src/routes/documents/add.rs:43:22
[INFO] [stderr]    |
[INFO] [stderr] 43 | pub async fn handler(db: &State<DatabaseConnection>, body: Json<Request>) -> Json<Response> {
[INFO] [stderr]    |                      ^^ help: if this is intentional, prefix it with an underscore: `_db`
[INFO] [stderr]    |
[INFO] [stderr]    = note: `#[warn(unused_variables)]` on by default
[INFO] [stderr] 
[INFO] [stderr] warning: unused variable: `body`
[INFO] [stderr]   --> src/routes/documents/add.rs:43:54
[INFO] [stderr]    |
[INFO] [stderr] 43 | pub async fn handler(db: &State<DatabaseConnection>, body: Json<Request>) -> Json<Response> {
[INFO] [stderr]    |                                                      ^^^^ help: if this is intentional, prefix it with an underscore: `_body`
[INFO] [stderr] 
[INFO] [stderr] warning: unreachable call
[INFO] [stderr]   --> src/routes/documents/list.rs:18:5
[INFO] [stderr]    |
[INFO] [stderr] 18 |     Json(todo!())
[INFO] [stderr]    |     ^^^^ ------- any code following this expression is unreachable
[INFO] [stderr]    |     |
[INFO] [stderr]    |     unreachable call
[INFO] [stderr] 
[INFO] [stderr] warning: unused variable: `db`
[INFO] [stderr]   --> src/routes/documents/list.rs:16:22
[INFO] [stderr]    |
[INFO] [stderr] 16 | pub async fn handler(db: &State<DatabaseConnection>, body: Json<Request>) -> Json<Response> {
[INFO] [stderr]    |                      ^^ help: if this is intentional, prefix it with an underscore: `_db`
[INFO] [stderr] 
[INFO] [stderr] warning: unused variable: `body`
[INFO] [stderr]   --> src/routes/documents/list.rs:16:54
[INFO] [stderr]    |
[INFO] [stderr] 16 | pub async fn handler(db: &State<DatabaseConnection>, body: Json<Request>) -> Json<Response> {
[INFO] [stderr]    |                                                      ^^^^ help: if this is intentional, prefix it with an underscore: `_body`
[INFO] [stderr] 
[INFO] [stderr] warning: unreachable call
[INFO] [stderr]   --> src/routes/documents/remove.rs:18:5
[INFO] [stderr]    |
[INFO] [stderr] 18 |     Json(todo!())
[INFO] [stderr]    |     ^^^^ ------- any code following this expression is unreachable
[INFO] [stderr]    |     |
[INFO] [stderr]    |     unreachable call
[INFO] [stderr] 
[INFO] [stderr] warning: unused variable: `db`
[INFO] [stderr]   --> src/routes/documents/remove.rs:16:22
[INFO] [stderr]    |
[INFO] [stderr] 16 | pub async fn handler(db: &State<DatabaseConnection>, body: Json<Request>) -> Json<Response> {
[INFO] [stderr]    |                      ^^ help: if this is intentional, prefix it with an underscore: `_db`
[INFO] [stderr] 
[INFO] [stderr] warning: unused variable: `body`
[INFO] [stderr]   --> src/routes/documents/remove.rs:16:54
[INFO] [stderr]    |
[INFO] [stderr] 16 | pub async fn handler(db: &State<DatabaseConnection>, body: Json<Request>) -> Json<Response> {
[INFO] [stderr]    |                                                      ^^^^ help: if this is intentional, prefix it with an underscore: `_body`
[INFO] [stderr] 
[INFO] [stderr] warning: unreachable call
[INFO] [stderr]   --> src/routes/libraries/create.rs:18:5
[INFO] [stderr]    |
[INFO] [stderr] 18 |     Json(todo!())
[INFO] [stderr]    |     ^^^^ ------- any code following this expression is unreachable
[INFO] [stderr]    |     |
[INFO] [stderr]    |     unreachable call
[INFO] [stderr] 
[INFO] [stderr] warning: unused variable: `db`
[INFO] [stderr]   --> src/routes/libraries/create.rs:16:22
[INFO] [stderr]    |
[INFO] [stderr] 16 | pub async fn handler(db: &State<DatabaseConnection>, body: Json<Request>) -> Json<Response> {
[INFO] [stderr]    |                      ^^ help: if this is intentional, prefix it with an underscore: `_db`
[INFO] [stderr] 
[INFO] [stderr] warning: unused variable: `body`
[INFO] [stderr]   --> src/routes/libraries/create.rs:16:54
[INFO] [stderr]    |
[INFO] [stderr] 16 | pub async fn handler(db: &State<DatabaseConnection>, body: Json<Request>) -> Json<Response> {
[INFO] [stderr]    |                                                      ^^^^ help: if this is intentional, prefix it with an underscore: `_body`
[INFO] [stderr] 
[INFO] [stderr] warning: unreachable call
[INFO] [stderr]   --> src/routes/jobs/list.rs:18:5
[INFO] [stderr]    |
[INFO] [stderr] 18 |     Json(todo!())
[INFO] [stderr]    |     ^^^^ ------- any code following this expression is unreachable
[INFO] [stderr]    |     |
[INFO] [stderr]    |     unreachable call
[INFO] [stderr] 
[INFO] [stderr] warning: unused variable: `db`
[INFO] [stderr]   --> src/routes/jobs/list.rs:16:22
[INFO] [stderr]    |
[INFO] [stderr] 16 | pub async fn handler(db: &State<DatabaseConnection>, body: Json<Request>) -> Json<Response> {
[INFO] [stderr]    |                      ^^ help: if this is intentional, prefix it with an underscore: `_db`
[INFO] [stderr] 
[INFO] [stderr] warning: unused variable: `body`
[INFO] [stderr]   --> src/routes/jobs/list.rs:16:54
[INFO] [stderr]    |
[INFO] [stderr] 16 | pub async fn handler(db: &State<DatabaseConnection>, body: Json<Request>) -> Json<Response> {
[INFO] [stderr]    |                                                      ^^^^ help: if this is intentional, prefix it with an underscore: `_body`
[INFO] [stderr] 
[INFO] [stderr] warning: unreachable call
[INFO] [stderr]   --> src/routes/jobs/cancel.rs:18:5
[INFO] [stderr]    |
[INFO] [stderr] 18 |     Json(todo!())
[INFO] [stderr]    |     ^^^^ ------- any code following this expression is unreachable
[INFO] [stderr]    |     |
[INFO] [stderr]    |     unreachable call
[INFO] [stderr] 
[INFO] [stderr] warning: unused variable: `db`
[INFO] [stderr]   --> src/routes/jobs/cancel.rs:16:22
[INFO] [stderr]    |
[INFO] [stderr] 16 | pub async fn handler(db: &State<DatabaseConnection>, body: Json<Request>) -> Json<Response> {
[INFO] [stderr]    |                      ^^ help: if this is intentional, prefix it with an underscore: `_db`
[INFO] [stderr] 
[INFO] [stderr] warning: unused variable: `body`
[INFO] [stderr]   --> src/routes/jobs/cancel.rs:16:54
[INFO] [stderr]    |
[INFO] [stderr] 16 | pub async fn handler(db: &State<DatabaseConnection>, body: Json<Request>) -> Json<Response> {
[INFO] [stderr]    |                                                      ^^^^ help: if this is intentional, prefix it with an underscore: `_body`
[INFO] [stderr] 
[INFO] [stderr] warning: unreachable call
[INFO] [stderr]   --> src/routes/jobs/add.rs:18:5
[INFO] [stderr]    |
[INFO] [stderr] 18 |     Json(todo!())
[INFO] [stderr]    |     ^^^^ ------- any code following this expression is unreachable
[INFO] [stderr]    |     |
[INFO] [stderr]    |     unreachable call
[INFO] [stderr] 
[INFO] [stderr] warning: unused variable: `db`
[INFO] [stderr]   --> src/routes/jobs/add.rs:16:22
[INFO] [stderr]    |
[INFO] [stderr] 16 | pub async fn handler(db: &State<DatabaseConnection>, body: Json<Request>) -> Json<Response> {
[INFO] [stderr]    |                      ^^ help: if this is intentional, prefix it with an underscore: `_db`
[INFO] [stderr] 
[INFO] [stderr] warning: unused variable: `body`
[INFO] [stderr]   --> src/routes/jobs/add.rs:16:54
[INFO] [stderr]    |
[INFO] [stderr] 16 | pub async fn handler(db: &State<DatabaseConnection>, body: Json<Request>) -> Json<Response> {
[INFO] [stderr]    |                                                      ^^^^ help: if this is intentional, prefix it with an underscore: `_body`
[INFO] [stderr] 
[INFO] [stderr] warning: `doculysis` (bin "doculysis" test) generated 22 warnings (run `cargo fix --bin "doculysis" --tests` to apply 15 suggestions)
[INFO] [stderr]     Finished test [unoptimized + debuginfo] target(s) in 0.50s
[INFO] [stderr]      Running unittests lib/rust_openai/src/lib.rs (/opt/rustwide/target/debug/deps/rust_openai-adf7bf7aa68ddcf4)
[INFO] [stdout] 
[INFO] [stdout] running 0 tests
[INFO] [stdout] 
[INFO] [stdout] test result: ok. 0 passed; 0 failed; 0 ignored; 0 measured; 0 filtered out; finished in 0.00s
[INFO] [stdout] 
[INFO] [stdout] 
[INFO] [stderr]      Running unittests src/main.rs (/opt/rustwide/target/debug/deps/doculysis-b4991aa4d1ccad9b)
[INFO] [stdout] running 0 tests
[INFO] [stderr]    Doc-tests rust_openai
[INFO] [stdout] 
[INFO] [stdout] test result: ok. 0 passed; 0 failed; 0 ignored; 0 measured; 0 filtered out; finished in 0.00s
[INFO] [stdout] 
[INFO] [stdout] 
[INFO] [stdout] running 7 tests
[INFO] [stdout] test lib/rust_openai/src/batteries.rs - batteries::Battery::from_str (line 20) ... FAILED
[INFO] [stdout] test lib/rust_openai/src/client.rs - client::OpenAIAccount::cache_query (line 212) ... FAILED
[INFO] [stdout] test lib/rust_openai/src/batteries.rs - batteries::Battery::as_prompt_stamp (line 73) ... FAILED
[INFO] [stdout] test lib/rust_openai/src/batteries.rs - batteries::Battery::as_prompt_stamp (line 64) ... FAILED
[INFO] [stdout] test lib/rust_openai/src/models/gpt_models.rs - models::gpt_models::GptModel::from_string (line 47) ... FAILED
[INFO] [stdout] test lib/rust_openai/src/batteries.rs - batteries::Battery::as_prompt_stamp (line 94) ... FAILED
[INFO] [stdout] test lib/rust_openai/src/batteries.rs - batteries::Battery::as_prompt_stamp (line 85) ... FAILED
[INFO] [stdout] 
[INFO] [stdout] failures:
[INFO] [stdout] 
[INFO] [stdout] ---- lib/rust_openai/src/batteries.rs - batteries::Battery::from_str (line 20) stdout ----
[INFO] [stdout] error: this file contains an unclosed delimiter
[INFO] [stdout]   --> lib/rust_openai/src/batteries.rs:28:58
[INFO] [stdout]    |
[INFO] [stdout] 2  | fn main() { #[allow(non_snake_case)] fn _doctest_main_lib_rust_openai_src_batteries_rs_20_0() {
[INFO] [stdout]    |           - unclosed delimiter                                                                - unclosed delimiter
[INFO] [stdout] ...
[INFO] [stdout] 10 | } _doctest_main_lib_rust_openai_src_batteries_rs_20_0() }
[INFO] [stdout]    |                                                          ^
[INFO] [stdout] 
[INFO] [stdout] error: aborting due to previous error
[INFO] [stdout] 
[INFO] [stdout] Couldn't compile the test.
[INFO] [stdout] ---- lib/rust_openai/src/client.rs - client::OpenAIAccount::cache_query (line 212) stdout ----
[INFO] [stdout] error: this file contains an unclosed delimiter
[INFO] [stdout]  --> lib/rust_openai/src/client.rs:219:56
[INFO] [stdout]   |
[INFO] [stdout] 2 | fn main() { #[allow(non_snake_case)] fn _doctest_main_lib_rust_openai_src_client_rs_212_0() {
[INFO] [stdout]   |           - unclosed delimiter
[INFO] [stdout] ...
[INFO] [stdout] 9 | } _doctest_main_lib_rust_openai_src_client_rs_212_0() }
[INFO] [stdout]   |                                                        ^
[INFO] [stdout] 
[INFO] [stdout] error: aborting due to previous error
[INFO] [stdout] 
[INFO] [stdout] Couldn't compile the test.
[INFO] [stdout] ---- lib/rust_openai/src/batteries.rs - batteries::Battery::as_prompt_stamp (line 73) stdout ----
[INFO] [stdout] error: mismatched closing delimiter: `}`
[INFO] [stdout]   --> lib/rust_openai/src/batteries.rs:82:19
[INFO] [stdout]    |
[INFO] [stdout] 3  | {
[INFO] [stdout]    | - closing delimiter possibly meant for this
[INFO] [stdout] ...
[INFO] [stdout] 11 |        "choices": [ ...
[INFO] [stdout]    |                   ^ unclosed delimiter
[INFO] [stdout] 12 | } _doctest_main_lib_rust_openai_src_batteries_rs_73_0() }
[INFO] [stdout]    | ^ mismatched closing delimiter
[INFO] [stdout] 
[INFO] [stdout] error: this file contains an unclosed delimiter
[INFO] [stdout]   --> lib/rust_openai/src/batteries.rs:83:58
[INFO] [stdout]    |
[INFO] [stdout] 2  | fn main() { #[allow(non_snake_case)] fn _doctest_main_lib_rust_openai_src_batteries_rs_73_0() {
[INFO] [stdout]    |           - unclosed delimiter                                                                - unclosed delimiter
[INFO] [stdout] 3  | {
[INFO] [stdout]    | - unclosed delimiter
[INFO] [stdout] ...
[INFO] [stdout] 6  |        "response": {
[INFO] [stdout]    |                    - this delimiter might not be properly closed...
[INFO] [stdout] ...
[INFO] [stdout] 12 | } _doctest_main_lib_rust_openai_src_batteries_rs_73_0() }
[INFO] [stdout]    | - ...as it matches this but it has different indentation ^
[INFO] [stdout] 
[INFO] [stdout] error: aborting due to 2 previous errors
[INFO] [stdout] 
[INFO] [stdout] Couldn't compile the test.
[INFO] [stdout] ---- lib/rust_openai/src/batteries.rs - batteries::Battery::as_prompt_stamp (line 64) stdout ----
[INFO] [stdout] error: expected one of `,`, `:`, or `}`, found `>`
[INFO] [stdout]  --> lib/rust_openai/src/batteries.rs:65:45
[INFO] [stdout]   |
[INFO] [stdout] 3 | OpenAIAccount { cache: HashMap<String, Query>, ...} 
[INFO] [stdout]   | -------------                          -----^ expected one of `,`, `:`, or `}`
[INFO] [stdout]   | |                                      |
[INFO] [stdout]   | |                                      while parsing this struct field
[INFO] [stdout]   | while parsing this struct
[INFO] [stdout]   |
[INFO] [stdout] help: try naming a field
[INFO] [stdout]   |
[INFO] [stdout] 3 | OpenAIAccount { cache: HashMap<String, Query: Query>, ...} 
[INFO] [stdout]   |                                        ++++++
[INFO] [stdout] 
[INFO] [stdout] error: expected identifier, found `...`
[INFO] [stdout]  --> lib/rust_openai/src/batteries.rs:65:48
[INFO] [stdout]   |
[INFO] [stdout] 3 | OpenAIAccount { cache: HashMap<String, Query>, ...} 
[INFO] [stdout]   | ------------- while parsing this struct        ^^^ expected identifier
[INFO] [stdout] 
[INFO] [stdout] error: expected `;`, found `Query`
[INFO] [stdout]  --> lib/rust_openai/src/batteries.rs:65:52
[INFO] [stdout]   |
[INFO] [stdout] 3 | OpenAIAccount { cache: HashMap<String, Query>, ...} 
[INFO] [stdout]   |                                                    ^ help: add `;` here
[INFO] [stdout] 4 | Query { prompt: Battery::Minimal.as_prompt_stampt(), ...}
[INFO] [stdout]   | ----- unexpected token
[INFO] [stdout] 
[INFO] [stdout] error: expected identifier, found `...`
[INFO] [stdout]  --> lib/rust_openai/src/batteries.rs:66:54
[INFO] [stdout]   |
[INFO] [stdout] 4 | Query { prompt: Battery::Minimal.as_prompt_stampt(), ...}
[INFO] [stdout]   | ----- while parsing this struct                      ^^^ expected identifier
[INFO] [stdout] 
[INFO] [stdout] error: expected `;`, found `Battery`
[INFO] [stdout]  --> lib/rust_openai/src/batteries.rs:66:58
[INFO] [stdout]   |
[INFO] [stdout] 4 | Query { prompt: Battery::Minimal.as_prompt_stampt(), ...}
[INFO] [stdout]   |                                                          ^ help: add `;` here
[INFO] [stdout] 5 |  
[INFO] [stdout] 6 | Battery::Minimal => { "Minimal Summary Battery" }
[INFO] [stdout]   | ------- unexpected token
[INFO] [stdout] 
[INFO] [stdout] error: expected one of `!`, `.`, `::`, `;`, `?`, `{`, `}`, or an operator, found `=>`
[INFO] [stdout]  --> lib/rust_openai/src/batteries.rs:68:18
[INFO] [stdout]   |
[INFO] [stdout] 6 | Battery::Minimal => { "Minimal Summary Battery" }
[INFO] [stdout]   |                  ^^ expected one of 8 possible tokens
[INFO] [stdout] 
[INFO] [stdout] error: aborting due to 6 previous errors
[INFO] [stdout] 
[INFO] [stdout] Couldn't compile the test.
[INFO] [stdout] ---- lib/rust_openai/src/models/gpt_models.rs - models::gpt_models::GptModel::from_string (line 47) stdout ----
[INFO] [stdout] error[E0433]: failed to resolve: use of undeclared type `GptModel`
[INFO] [stdout]  --> lib/rust_openai/src/models/gpt_models.rs:48:11
[INFO] [stdout]   |
[INFO] [stdout] 3 | let model:GptModel::Gpt35Turbo = GptModel::from_string(GPT3_5_TURBO);
[INFO] [stdout]   |           ^^^^^^^^ use of undeclared type `GptModel`
[INFO] [stdout]   |
[INFO] [stdout] help: consider importing this enum
[INFO] [stdout]   |
[INFO] [stdout] 2 + use rust_openai::GptModel;
[INFO] [stdout]   |
[INFO] [stdout] 
[INFO] [stdout] error[E0433]: failed to resolve: use of undeclared type `GptModel`
[INFO] [stdout]  --> lib/rust_openai/src/models/gpt_models.rs:48:34
[INFO] [stdout]   |
[INFO] [stdout] 3 | let model:GptModel::Gpt35Turbo = GptModel::from_string(GPT3_5_TURBO);
[INFO] [stdout]   |                                  ^^^^^^^^ use of undeclared type `GptModel`
[INFO] [stdout]   |
[INFO] [stdout] help: consider importing this enum
[INFO] [stdout]   |
[INFO] [stdout] 2 + use rust_openai::GptModel;
[INFO] [stdout]   |
[INFO] [stdout] 
[INFO] [stdout] error[E0425]: cannot find value `GPT3_5_TURBO` in this scope
[INFO] [stdout]  --> lib/rust_openai/src/models/gpt_models.rs:48:56
[INFO] [stdout]   |
[INFO] [stdout] 3 | let model:GptModel::Gpt35Turbo = GptModel::from_string(GPT3_5_TURBO);
[INFO] [stdout]   |                                                        ^^^^^^^^^^^^ not found in this scope
[INFO] [stdout]   |
[INFO] [stdout] help: consider importing this constant
[INFO] [stdout]   |
[INFO] [stdout] 2 + use rust_openai::constants::model_strings::GPT3_5_TURBO;
[INFO] [stdout]   |
[INFO] [stdout] 
[INFO] [stdout] error: aborting due to 3 previous errors
[INFO] [stdout] 
[INFO] [stdout] Some errors have detailed explanations: E0425, E0433.
[INFO] [stdout] For more information about an error, try `rustc --explain E0425`.
[INFO] [stdout] Couldn't compile the test.
[INFO] [stdout] ---- lib/rust_openai/src/batteries.rs - batteries::Battery::as_prompt_stamp (line 94) stdout ----
[INFO] [stdout] error: path separator must be a double colon
[INFO] [stdout]  --> lib/rust_openai/src/batteries.rs:98:26
[INFO] [stdout]   |
[INFO] [stdout] 6 |     query_type: QueryType:PdfCompletion,
[INFO] [stdout]   |                          ^ help: use a double colon instead: `::`
[INFO] [stdout] 
[INFO] [stdout] error: expected identifier, found `...`
[INFO] [stdout]  --> lib/rust_openai/src/batteries.rs:99:5
[INFO] [stdout]   |
[INFO] [stdout] 4 | == Query { 
[INFO] [stdout]   |    ----- while parsing this struct
[INFO] [stdout] ...
[INFO] [stdout] 7 |     ...
[INFO] [stdout]   |     ^^^ expected identifier
[INFO] [stdout] 
[INFO] [stdout] error[E0425]: cannot find value `client` in this scope
[INFO] [stdout]  --> lib/rust_openai/src/batteries.rs:95:1
[INFO] [stdout]   |
[INFO] [stdout] 3 | client.cache["Cinnamon and its Effects on Diabetes in Mice with Low Self Esteem and Super Alzheimer's - Minimal Summary Battery"] 
[INFO] [stdout]   | ^^^^^^ not found in this scope
[INFO] [stdout] 
[INFO] [stdout] error[E0422]: cannot find struct, variant or union type `Query` in this scope
[INFO] [stdout]  --> lib/rust_openai/src/batteries.rs:96:4
[INFO] [stdout]   |
[INFO] [stdout] 4 | == Query { 
[INFO] [stdout]   |    ^^^^^ not found in this scope
[INFO] [stdout]   |
[INFO] [stdout] help: consider importing one of these items
[INFO] [stdout]   |
[INFO] [stdout] 2 + use rocket::http::uri::Query;
[INFO] [stdout]   |
[INFO] [stdout] 2 + use rocket::http::uri::fmt::Kind::Query;
[INFO] [stdout]   |
[INFO] [stdout] 2 + use rust_openai::Query;
[INFO] [stdout]   |
[INFO] [stdout] 2 + use sea_orm::DbErr::Query;
[INFO] [stdout]   |
[INFO] [stdout]     and 2 other candidates
[INFO] [stdout] 
[INFO] [stdout] error[E0433]: failed to resolve: use of undeclared type `QueryType`
[INFO] [stdout]  --> lib/rust_openai/src/batteries.rs:98:17
[INFO] [stdout]   |
[INFO] [stdout] 6 |     query_type: QueryType:PdfCompletion,
[INFO] [stdout]   |                 ^^^^^^^^^ use of undeclared type `QueryType`
[INFO] [stdout]   |
[INFO] [stdout] help: consider importing this enum
[INFO] [stdout]   |
[INFO] [stdout] 2 + use rust_openai::models::QueryType;
[INFO] [stdout]   |
[INFO] [stdout] 
[INFO] [stdout] error[E0308]: mismatched types
[INFO] [stdout]  --> lib/rust_openai/src/batteries.rs:95:1
[INFO] [stdout]   |
[INFO] [stdout] 2 |   fn main() { #[allow(non_snake_case)] fn _doctest_main_lib_rust_openai_src_batteries_rs_94_0() {
[INFO] [stdout]   |                                                                                                - help: try adding a return type: `-> bool`
[INFO] [stdout] 3 | / client.cache["Cinnamon and its Effects on Diabetes in Mice with Low Self Esteem and Super Alzheimer's - Minimal Summary Battery"] 
[INFO] [stdout] 4 | | == Query { 
[INFO] [stdout] 5 | |     prompt: "Minimal Summary Battery", 
[INFO] [stdout] 6 | |     query_type: QueryType:PdfCompletion,
[INFO] [stdout] 7 | |     ...
[INFO] [stdout] 8 | | }
[INFO] [stdout]   | |_^ expected `()`, found `bool`
[INFO] [stdout] 
[INFO] [stdout] error: aborting due to 6 previous errors
[INFO] [stdout] 
[INFO] [stdout] Some errors have detailed explanations: E0308, E0422, E0425, E0433.
[INFO] [stdout] For more information about an error, try `rustc --explain E0308`.
[INFO] [stdout] Couldn't compile the test.
[INFO] [stdout] ---- lib/rust_openai/src/batteries.rs - batteries::Battery::as_prompt_stamp (line 85) stdout ----
[INFO] [stdout] error: expected identifier, found `...`
[INFO] [stdout]  --> lib/rust_openai/src/batteries.rs:90:5
[INFO] [stdout]   |
[INFO] [stdout] 4 | == Query { 
[INFO] [stdout]   |    ----- while parsing this struct
[INFO] [stdout] ...
[INFO] [stdout] 7 |     ...
[INFO] [stdout]   |     ^^^ expected identifier
[INFO] [stdout] 
[INFO] [stdout] error[E0425]: cannot find value `client` in this scope
[INFO] [stdout]  --> lib/rust_openai/src/batteries.rs:86:1
[INFO] [stdout]   |
[INFO] [stdout] 3 | client.cache["whats the deal with airline food"] 
[INFO] [stdout]   | ^^^^^^ not found in this scope
[INFO] [stdout] 
[INFO] [stdout] error[E0422]: cannot find struct, variant or union type `Query` in this scope
[INFO] [stdout]  --> lib/rust_openai/src/batteries.rs:87:4
[INFO] [stdout]   |
[INFO] [stdout] 4 | == Query { 
[INFO] [stdout]   |    ^^^^^ not found in this scope
[INFO] [stdout]   |
[INFO] [stdout] help: consider importing one of these items
[INFO] [stdout]   |
[INFO] [stdout] 2 + use rocket::http::uri::Query;
[INFO] [stdout]   |
[INFO] [stdout] 2 + use rocket::http::uri::fmt::Kind::Query;
[INFO] [stdout]   |
[INFO] [stdout] 2 + use rust_openai::Query;
[INFO] [stdout]   |
[INFO] [stdout] 2 + use sea_orm::DbErr::Query;
[INFO] [stdout]   |
[INFO] [stdout]     and 2 other candidates
[INFO] [stdout] 
[INFO] [stdout] error[E0433]: failed to resolve: use of undeclared type `QueryType`
[INFO] [stdout]  --> lib/rust_openai/src/batteries.rs:89:17
[INFO] [stdout]   |
[INFO] [stdout] 6 |     query_type: QueryType::PromptCompletion,
[INFO] [stdout]   |                 ^^^^^^^^^ use of undeclared type `QueryType`
[INFO] [stdout]   |
[INFO] [stdout] help: consider importing this enum
[INFO] [stdout]   |
[INFO] [stdout] 2 + use rust_openai::models::QueryType;
[INFO] [stdout]   |
[INFO] [stdout] 
[INFO] [stdout] error[E0308]: mismatched types
[INFO] [stdout]  --> lib/rust_openai/src/batteries.rs:86:1
[INFO] [stdout]   |
[INFO] [stdout] 2 |   fn main() { #[allow(non_snake_case)] fn _doctest_main_lib_rust_openai_src_batteries_rs_85_0() {
[INFO] [stdout]   |                                                                                                - help: try adding a return type: `-> bool`
[INFO] [stdout] 3 | / client.cache["whats the deal with airline food"] 
[INFO] [stdout] 4 | | == Query { 
[INFO] [stdout] 5 | |     prompt: "whats the deal with airline food", 
[INFO] [stdout] 6 | |     query_type: QueryType::PromptCompletion,
[INFO] [stdout] 7 | |     ...
[INFO] [stdout] 8 | | }
[INFO] [stdout]   | |_^ expected `()`, found `bool`
[INFO] [stdout] 
[INFO] [stdout] error: aborting due to 5 previous errors
[INFO] [stdout] 
[INFO] [stdout] Some errors have detailed explanations: E0308, E0422, E0425, E0433.
[INFO] [stdout] For more information about an error, try `rustc --explain E0308`.
[INFO] [stdout] Couldn't compile the test.
[INFO] [stdout] 
[INFO] [stdout] failures:
[INFO] [stdout]     lib/rust_openai/src/batteries.rs - batteries::Battery::as_prompt_stamp (line 64)
[INFO] [stdout]     lib/rust_openai/src/batteries.rs - batteries::Battery::as_prompt_stamp (line 73)
[INFO] [stdout]     lib/rust_openai/src/batteries.rs - batteries::Battery::as_prompt_stamp (line 85)
[INFO] [stdout]     lib/rust_openai/src/batteries.rs - batteries::Battery::as_prompt_stamp (line 94)
[INFO] [stdout]     lib/rust_openai/src/batteries.rs - batteries::Battery::from_str (line 20)
[INFO] [stdout]     lib/rust_openai/src/client.rs - client::OpenAIAccount::cache_query (line 212)
[INFO] [stdout]     lib/rust_openai/src/models/gpt_models.rs - models::gpt_models::GptModel::from_string (line 47)
[INFO] [stdout] 
[INFO] [stdout] test result: FAILED. 0 passed; 7 failed; 0 ignored; 0 measured; 0 filtered out; finished in 0.87s
[INFO] [stdout] 
[INFO] [stderr] error: doctest failed, to rerun pass `--doc`
[INFO] running `Command { std: "docker" "inspect" "727efdf0ded04a4541e01d215a359e8611f78dd24f663eb348d7cc5a06e441bc", kill_on_drop: false }`
[INFO] running `Command { std: "docker" "rm" "-f" "727efdf0ded04a4541e01d215a359e8611f78dd24f663eb348d7cc5a06e441bc", kill_on_drop: false }`
[INFO] [stdout] 727efdf0ded04a4541e01d215a359e8611f78dd24f663eb348d7cc5a06e441bc
[INFO] testing Noah3141/doculase against beta-2023-12-22 for beta-1.76-1
[INFO] running `Command { std: "git" "clone" "/workspace/cache/git-repos/https%3A%2F%2Fgithub.com%2FNoah3141%2Fdoculase" "/workspace/builds/worker-7-tc2/source", kill_on_drop: false }`
[INFO] [stderr] Cloning into '/workspace/builds/worker-7-tc2/source'...
[INFO] [stderr] done.
[INFO] validating manifest of git repo https://github.com/Noah3141/doculase on toolchain beta-2023-12-22
[INFO] running `Command { std: CARGO_HOME="/workspace/cargo-home" RUSTUP_HOME="/workspace/rustup-home" "/workspace/cargo-home/bin/cargo" "+beta-2023-12-22" "metadata" "--manifest-path" "Cargo.toml" "--no-deps", kill_on_drop: false }`
[INFO] started tweaking git repo https://github.com/Noah3141/doculase
[INFO] finished tweaking git repo https://github.com/Noah3141/doculase
[INFO] tweaked toml for git repo https://github.com/Noah3141/doculase written to /workspace/builds/worker-7-tc2/source/Cargo.toml
[INFO] crate git repo https://github.com/Noah3141/doculase already has a lockfile, it will not be regenerated
[INFO] running `Command { std: CARGO_HOME="/workspace/cargo-home" RUSTUP_HOME="/workspace/rustup-home" "/workspace/cargo-home/bin/cargo" "+beta-2023-12-22" "fetch" "--manifest-path" "Cargo.toml", kill_on_drop: false }`
[INFO] running `Command { std: "docker" "create" "-v" "/var/lib/crater-agent-workspace/builds/worker-7-tc2/target:/opt/rustwide/target:rw,Z" "-v" "/var/lib/crater-agent-workspace/builds/worker-7-tc2/source:/opt/rustwide/workdir:ro,Z" "-v" "/var/lib/crater-agent-workspace/cargo-home:/opt/rustwide/cargo-home:ro,Z" "-v" "/var/lib/crater-agent-workspace/rustup-home:/opt/rustwide/rustup-home:ro,Z" "-e" "SOURCE_DIR=/opt/rustwide/workdir" "-e" "CARGO_TARGET_DIR=/opt/rustwide/target" "-e" "CARGO_HOME=/opt/rustwide/cargo-home" "-e" "RUSTUP_HOME=/opt/rustwide/rustup-home" "-w" "/opt/rustwide/workdir" "-m" "1610612736" "--user" "0:0" "--network" "none" "ghcr.io/rust-lang/crates-build-env/linux@sha256:2788e3201cd34a07e3172128adcd8b3090168a8e3bcc40d7c032b9dda1df7d1c" "/opt/rustwide/cargo-home/bin/cargo" "+beta-2023-12-22" "metadata" "--no-deps" "--format-version=1", kill_on_drop: false }`
[INFO] [stdout] c246b435de8f83fc222f0e37e80292a723dc334249c769582704beb26945b79e
[INFO] running `Command { std: "docker" "start" "-a" "c246b435de8f83fc222f0e37e80292a723dc334249c769582704beb26945b79e", kill_on_drop: false }`
[INFO] running `Command { std: "docker" "inspect" "c246b435de8f83fc222f0e37e80292a723dc334249c769582704beb26945b79e", kill_on_drop: false }`
[INFO] running `Command { std: "docker" "rm" "-f" "c246b435de8f83fc222f0e37e80292a723dc334249c769582704beb26945b79e", kill_on_drop: false }`
[INFO] [stdout] c246b435de8f83fc222f0e37e80292a723dc334249c769582704beb26945b79e
[INFO] running `Command { std: "docker" "create" "-v" "/var/lib/crater-agent-workspace/builds/worker-7-tc2/target:/opt/rustwide/target:rw,Z" "-v" "/var/lib/crater-agent-workspace/builds/worker-7-tc2/source:/opt/rustwide/workdir:ro,Z" "-v" "/var/lib/crater-agent-workspace/cargo-home:/opt/rustwide/cargo-home:ro,Z" "-v" "/var/lib/crater-agent-workspace/rustup-home:/opt/rustwide/rustup-home:ro,Z" "-e" "SOURCE_DIR=/opt/rustwide/workdir" "-e" "CARGO_TARGET_DIR=/opt/rustwide/target" "-e" "CARGO_INCREMENTAL=0" "-e" "RUST_BACKTRACE=full" "-e" "RUSTFLAGS=--cap-lints=warn" "-e" "RUSTDOCFLAGS=--cap-lints=warn" "-e" "CARGO_HOME=/opt/rustwide/cargo-home" "-e" "RUSTUP_HOME=/opt/rustwide/rustup-home" "-w" "/opt/rustwide/workdir" "-m" "1610612736" "--user" "0:0" "--network" "none" "ghcr.io/rust-lang/crates-build-env/linux@sha256:2788e3201cd34a07e3172128adcd8b3090168a8e3bcc40d7c032b9dda1df7d1c" "/opt/rustwide/cargo-home/bin/cargo" "+beta-2023-12-22" "build" "--frozen" "--message-format=json", kill_on_drop: false }`
[INFO] [stdout] caa64b5aabdfd02b594f1d49bd5cda81b74664924b9764a97b6f870aea248413
[INFO] running `Command { std: "docker" "start" "-a" "caa64b5aabdfd02b594f1d49bd5cda81b74664924b9764a97b6f870aea248413", kill_on_drop: false }`
[INFO] [stderr]    Compiling proc-macro2 v1.0.69
[INFO] [stderr]    Compiling unicode-ident v1.0.12
[INFO] [stderr]    Compiling libc v0.2.150
[INFO] [stderr]    Compiling autocfg v1.1.0
[INFO] [stderr]    Compiling cfg-if v1.0.0
[INFO] [stderr]    Compiling version_check v0.9.4
[INFO] [stderr]    Compiling pin-project-lite v0.2.13
[INFO] [stderr]    Compiling serde v1.0.191
[INFO] [stderr]    Compiling futures-core v0.3.29
[INFO] [stderr]    Compiling memchr v2.6.4
[INFO] [stderr]    Compiling once_cell v1.18.0
[INFO] [stderr]    Compiling value-bag v1.4.2
[INFO] [stderr]    Compiling futures-io v0.3.29
[INFO] [stderr]    Compiling slab v0.4.9
[INFO] [stderr]    Compiling bytes v1.5.0
[INFO] [stderr]    Compiling futures-channel v0.3.29
[INFO] [stderr]    Compiling log v0.4.20
[INFO] [stderr]    Compiling crossbeam-utils v0.8.16
[INFO] [stderr]    Compiling pin-utils v0.1.0
[INFO] [stderr]    Compiling itoa v1.0.9
[INFO] [stderr]    Compiling tracing-core v0.1.32
[INFO] [stderr]    Compiling futures-task v0.3.29
[INFO] [stderr]    Compiling futures-sink v0.3.29
[INFO] [stderr]    Compiling quote v1.0.33
[INFO] [stderr]    Compiling futures-util v0.3.29
[INFO] [stderr]    Compiling syn v2.0.39
[INFO] [stderr]    Compiling cc v1.0.83
[INFO] [stderr]    Compiling mio v0.8.9
[INFO] [stderr]    Compiling socket2 v0.5.5
[INFO] [stderr]    Compiling signal-hook-registry v1.4.1
[INFO] [stderr]    Compiling getrandom v0.2.10
[INFO] [stderr]    Compiling num_cpus v1.16.0
[INFO] [stderr]    Compiling syn v1.0.109
[INFO] [stderr]    Compiling percent-encoding v2.3.0
[INFO] [stderr]    Compiling thiserror v1.0.50
[INFO] [stderr]    Compiling libm v0.2.8
[INFO] [stderr]    Compiling num-traits v0.2.17
[INFO] [stderr]    Compiling fnv v1.0.7
[INFO] [stderr]    Compiling tinyvec_macros v0.1.1
[INFO] [stderr]    Compiling smallvec v1.11.1
[INFO] [stderr]    Compiling tinyvec v1.6.0
[INFO] [stderr]    Compiling typenum v1.17.0
[INFO] [stderr]    Compiling generic-array v0.14.7
[INFO] [stderr]    Compiling scopeguard v1.2.0
[INFO] [stderr]    Compiling const-oid v0.9.5
[INFO] [stderr]    Compiling unicode-bidi v0.3.13
[INFO] [stderr]    Compiling powerfmt v0.2.0
[INFO] [stderr]    Compiling time-core v0.1.2
[INFO] [stderr]    Compiling unicode-normalization v0.1.22
[INFO] [stderr]    Compiling rustix v0.38.21
[INFO] [stderr]    Compiling time-macros v0.2.15
[INFO] [stderr]    Compiling form_urlencoded v1.2.0
[INFO] [stderr]    Compiling concurrent-queue v2.3.0
[INFO] [stderr]    Compiling socket2 v0.4.10
[INFO] [stderr]    Compiling ahash v0.8.6
[INFO] [stderr]    Compiling parking v2.2.0
[INFO] [stderr]    Compiling linux-raw-sys v0.4.10
[INFO] [stderr]    Compiling idna v0.4.0
[INFO] [stderr]    Compiling rand_core v0.6.4
[INFO] [stderr]    Compiling equivalent v1.0.1
[INFO] [stderr]    Compiling vcpkg v0.2.15
[INFO] [stderr]    Compiling event-listener v2.5.3
[INFO] [stderr]    Compiling zerocopy v0.7.25
[INFO] [stderr]    Compiling pkg-config v0.3.27
[INFO] [stderr]    Compiling block-buffer v0.10.4
[INFO] [stderr]    Compiling crypto-common v0.1.6
[INFO] [stderr]    Compiling url v2.4.1
[INFO] [stderr]    Compiling http v0.2.9
[INFO] [stderr]    Compiling proc-macro2-diagnostics v0.10.1
[INFO] [stderr]    Compiling openssl-sys v0.9.95
[INFO] [stderr]    Compiling num-integer v0.1.45
[INFO] [stderr]    Compiling lock_api v0.4.11
[INFO] [stderr]    Compiling parking_lot_core v0.9.9
[INFO] [stderr]    Compiling ppv-lite86 v0.2.17
[INFO] [stderr]    Compiling serde_json v1.0.108
[INFO] [stderr]    Compiling ryu v1.0.15
[INFO] [stderr]    Compiling subtle v2.5.0
[INFO] [stderr]    Compiling allocator-api2 v0.2.16
[INFO] [stderr]    Compiling heck v0.4.1
[INFO] [stderr]    Compiling httparse v1.8.0
[INFO] [stderr]    Compiling rand_chacha v0.3.1
[INFO] [stderr]    Compiling digest v0.10.7
[INFO] [stderr]    Compiling ring v0.17.5
[INFO] [stderr]    Compiling spin v0.9.8
[INFO] [stderr]    Compiling hashbrown v0.14.2
[INFO] [stderr]    Compiling yansi v1.0.0-rc.1
[INFO] [stderr]    Compiling rand v0.8.5
[INFO] [stderr]    Compiling event-listener v3.0.1
[INFO] [stderr]    Compiling try-lock v0.2.4
[INFO] [stderr]    Compiling spin v0.5.2
[INFO] [stderr]    Compiling want v0.3.1
[INFO] [stderr]    Compiling parking_lot v0.12.1
[INFO] [stderr]    Compiling lazy_static v1.4.0
[INFO] [stderr]    Compiling event-listener-strategy v0.3.0
[INFO] [stderr]    Compiling http-body v0.4.5
[INFO] [stderr]    Compiling indexmap v1.9.3
[INFO] [stderr]    Compiling foreign-types-shared v0.1.1
[INFO] [stderr]    Compiling untrusted v0.9.0
[INFO] [stderr]    Compiling httpdate v1.0.3
[INFO] [stderr]    Compiling waker-fn v1.1.1
[INFO] [stderr]    Compiling base64ct v1.6.0
[INFO] [stderr]    Compiling zeroize v1.6.0
[INFO] [stderr]    Compiling async-trait v0.1.74
[INFO] [stderr]    Compiling tower-service v0.3.2
[INFO] [stderr]    Compiling minimal-lexical v0.2.1
[INFO] [stderr]    Compiling openssl v0.10.59
[INFO] [stderr]    Compiling foreign-types v0.3.2
[INFO] [stderr]    Compiling pem-rfc7468 v0.7.0
[INFO] [stderr]    Compiling num-bigint v0.4.4
[INFO] [stderr]    Compiling nom v7.1.3
[INFO] [stderr]    Compiling io-lifetimes v1.0.11
[INFO] [stderr]    Compiling hashbrown v0.12.3
[INFO] [stderr]    Compiling base64 v0.21.5
[INFO] [stderr]    Compiling fastrand v2.0.1
[INFO] [stderr]    Compiling native-tls v0.2.11
[INFO] [stderr]    Compiling der v0.7.8
[INFO] [stderr]    Compiling async-lock v3.0.0
[INFO] [stderr]    Compiling proc-macro-error-attr v1.0.4
[INFO] [stderr]    Compiling serde_derive v1.0.191
[INFO] [stderr]    Compiling tokio-macros v2.1.0
[INFO] [stderr]    Compiling tracing-attributes v0.1.27
[INFO] [stderr]    Compiling futures-macro v0.3.29
[INFO] [stderr]    Compiling thiserror-impl v1.0.50
[INFO] [stderr]    Compiling openssl-macros v0.1.1
[INFO] [stderr]    Compiling tokio v1.33.0
[INFO] [stderr]    Compiling polling v2.8.0
[INFO] [stderr]    Compiling num-iter v0.1.43
[INFO] [stderr]    Compiling futures-lite v2.0.1
[INFO] [stderr]    Compiling tracing v0.1.40
[INFO] [stderr]    Compiling iana-time-zone v0.1.58
[INFO] [stderr]    Compiling fastrand v1.9.0
[INFO] [stderr]    Compiling openssl-probe v0.1.5
[INFO] [stderr]    Compiling rustix v0.37.27
[INFO] [stderr]    Compiling rust_decimal v1.32.0
[INFO] [stderr]    Compiling futures-lite v1.13.0
[INFO] [stderr]    Compiling rustls-webpki v0.101.7
[INFO] [stderr]    Compiling spki v0.7.2
[INFO] [stderr]    Compiling pear_codegen v0.2.7
[INFO] [stderr]    Compiling async-lock v2.8.0
[INFO] [stderr]    Compiling cookie v0.18.0
[INFO] [stderr]    Compiling proc-macro-error v1.0.4
[INFO] [stderr]    Compiling memoffset v0.9.0
[INFO] [stderr]    Compiling async-io v1.13.0
[INFO] [stderr]    Compiling paste v1.0.14
[INFO] [stderr]    Compiling crossbeam-queue v0.3.8
[INFO] [stderr]    Compiling rustls v0.21.8
[INFO] [stderr]    Compiling byteorder v1.5.0
[INFO] [stderr]    Compiling arrayvec v0.7.4
[INFO] [stderr]    Compiling inlinable_string v0.1.15
[INFO] [stderr]    Compiling strsim v0.9.3
[INFO] [stderr]    Compiling ident_case v1.0.1
[INFO] [stderr]    Compiling bitflags v1.3.2
[INFO] [stderr]    Compiling linux-raw-sys v0.3.8
[INFO] [stderr]    Compiling cpufeatures v0.2.11
[INFO] [stderr]    Compiling num-bigint-dig v0.8.4
[INFO] [stderr]    Compiling bigdecimal v0.3.1
[INFO] [stderr]    Compiling darling_core v0.10.2
[INFO] [stderr]    Compiling futures-executor v0.3.29
[INFO] [stderr]    Compiling pkcs8 v0.10.2
[INFO] [stderr]    Compiling sct v0.7.1
[INFO] [stderr]    Compiling crossbeam-epoch v0.9.15
[INFO] [stderr]    Compiling encoding_rs v0.8.33
[INFO] [stderr]    Compiling crc-catalog v2.4.0
[INFO] [stderr]    Compiling anyhow v1.0.75
[INFO] [stderr]    Compiling async-task v4.5.0
[INFO] [stderr]    Compiling ipnet v2.9.0
[INFO] [stderr]    Compiling tokio-stream v0.1.14
[INFO] [stderr]    Compiling tokio-util v0.7.10
[INFO] [stderr]    Compiling ref-cast v1.0.20
[INFO] [stderr]    Compiling unicode_categories v0.1.1
[INFO] [stderr]    Compiling h2 v0.3.21
[INFO] [stderr]    Compiling match_cfg v0.1.0
[INFO] [stderr]    Compiling atomic-waker v1.1.2
[INFO] [stderr]    Compiling darling_macro v0.10.2
[INFO] [stderr]    Compiling piper v0.2.1
[INFO] [stderr]    Compiling hostname v0.3.1
[INFO] [stderr]    Compiling crc v3.0.1
[INFO] [stderr]    Compiling pkcs1 v0.7.5
[INFO] [stderr]    Compiling bitflags v2.4.1
[INFO] [stderr]    Compiling either v1.9.0
[INFO] [stderr]    Compiling deranged v0.3.9
[INFO] [stderr]    Compiling time v0.3.30
[INFO] [stderr]    Compiling indexmap v2.1.0
[INFO] [stderr]    Compiling chrono v0.4.31
[INFO] [stderr]    Compiling itertools v0.11.0
[INFO] [stderr]    Compiling hyper v0.14.27
[INFO] [stderr]    Compiling uuid v1.5.0
[INFO] [stderr]    Compiling sqlformat v0.2.2
[INFO] [stderr]    Compiling polling v3.3.0
[INFO] [stderr]    Compiling is-terminal v0.4.9
[INFO] [stderr]    Compiling async-io v2.2.0
[INFO] [stderr]    Compiling futures v0.3.29
[INFO] [stderr]    Compiling sha2 v0.10.8
[INFO] [stderr]    Compiling webpki-roots v0.24.0
[INFO] [stderr]    Compiling ref-cast-impl v1.0.20
[INFO] [stderr]    Compiling rustls-pemfile v1.0.3
[INFO] [stderr]    Compiling futures-intrusive v0.5.0
[INFO] [stderr]    Compiling async-channel v2.1.0
[INFO] [stderr]    Compiling hashlink v0.8.4
[INFO] [stderr]    Compiling hmac v0.12.1
[INFO] [stderr]    Compiling signature v2.1.0
[INFO] [stderr]    Compiling atoi v2.0.0
[INFO] [stderr]    Compiling uncased v0.9.9
[INFO] [stderr]    Compiling mime v0.3.17
[INFO] [stderr]    Compiling adler v1.0.2
[INFO] [stderr]    Compiling matches v0.1.10
[INFO] [stderr]    Compiling finl_unicode v1.2.0
[INFO] [stderr]    Compiling dotenvy v0.15.7
[INFO] [stderr]    Compiling hex v0.4.3
[INFO] [stderr]    Compiling linked-hash-map v0.5.6
[INFO] [stderr]    Compiling devise_core v0.4.1
[INFO] [stderr]    Compiling stringprep v0.1.4
[INFO] [stderr]    Compiling idna v0.2.3
[INFO] [stderr]    Compiling sqlx-core v0.7.2
[INFO] [stderr]    Compiling miniz_oxide v0.7.1
[INFO] [stderr]    Compiling rsa v0.9.3
[INFO] [stderr]    Compiling hkdf v0.12.3
[INFO] [stderr]    Compiling blocking v1.5.0
[INFO] [stderr]    Compiling async-signal v0.2.5
[INFO] [stderr]    Compiling tokio-native-tls v0.3.1
[INFO] [stderr]    Compiling toml_datetime v0.6.5
[INFO] [stderr]    Compiling serde_spanned v0.6.4
[INFO] [stderr]    Compiling darling v0.10.2
[INFO] [stderr]    Compiling async-executor v1.6.0
[INFO] [stderr]    Compiling sha1 v0.10.6
[INFO] [stderr]    Compiling enum-as-inner v0.4.0
[INFO] [stderr]    Compiling md-5 v0.10.6
[INFO] [stderr]    Compiling async-channel v1.9.0
[INFO] [stderr]    Compiling stable-pattern v0.1.0
[INFO] [stderr]    Compiling crc32fast v1.3.2
[INFO] [stderr]    Compiling quick-error v1.2.3
[INFO] [stderr]    Compiling state v0.6.0
[INFO] [stderr]    Compiling winnow v0.5.19
[INFO] [stderr]    Compiling derive_builder v0.9.0
[INFO] [stderr]    Compiling data-encoding v2.4.0
[INFO] [stderr]    Compiling whoami v1.4.1
[INFO] [stderr]    Compiling rayon-core v1.12.0
[INFO] [stderr]    Compiling trust-dns-proto v0.21.2
[INFO] [stderr]    Compiling sqlx-mysql v0.7.2
[INFO] [stderr]    Compiling resolv-conf v0.7.0
[INFO] [stderr]    Compiling async-global-executor v2.3.1
[INFO] [stderr]    Compiling crossbeam-deque v0.8.3
[INFO] [stderr]    Compiling pear v0.2.7
[INFO] [stderr]    Compiling derive_builder_core v0.9.0
[INFO] [stderr]    Compiling hyper-tls v0.5.0
[INFO] [stderr]    Compiling async-process v1.8.1
[INFO] [stderr]    Compiling toml_edit v0.21.0
[INFO] [stderr]    Compiling devise_codegen v0.4.1
[INFO] [stderr]    Compiling lru-cache v0.1.2
[INFO] [stderr]    Compiling tokio-socks v0.5.1
[INFO] [stderr]    Compiling serde_urlencoded v0.7.1
[INFO] [stderr]    Compiling sea-query-derive v0.4.1
[INFO] [stderr]    Compiling pin-project-internal v1.1.3
[INFO] [stderr]    Compiling async-stream-impl v0.3.5
[INFO] [stderr]    Compiling inherent v1.0.10
[INFO] [stderr]    Compiling derivative v2.2.0
[INFO] [stderr]    Compiling ordered-float v3.9.2
[INFO] [stderr]    Compiling backtrace v0.3.69
[INFO] [stderr]    Compiling kv-log-macro v1.0.7
[INFO] [stderr]    Compiling aho-corasick v1.1.2
[INFO] [stderr]    Compiling figment v0.10.12
[INFO] [stderr]    Compiling multer v2.1.0
[INFO] [stderr]    Compiling ascii_utils v0.9.3
[INFO] [stderr]    Compiling sha1_smol v1.0.0
[INFO] [stderr]    Compiling gimli v0.28.0
[INFO] [stderr]    Compiling regex-syntax v0.8.2
[INFO] [stderr]    Compiling pin-project v1.1.3
[INFO] [stderr]    Compiling rocket_http v0.5.0-rc.4
[INFO] [stderr]    Compiling sha1 v0.6.1
[INFO] [stderr]    Compiling fast_chemail v0.9.6
[INFO] [stderr]    Compiling async-std v1.12.0
[INFO] [stderr]    Compiling async-stream v0.3.5
[INFO] [stderr]    Compiling toml v0.8.8
[INFO] [stderr]    Compiling devise v0.4.1
[INFO] [stderr]    Compiling reqwest v0.11.22
[INFO] [stderr]    Compiling sea-query v0.30.2
[INFO] [stderr]    Compiling regex-automata v0.4.3
[INFO] [stderr]    Compiling addr2line v0.21.0
[INFO] [stderr]    Compiling trust-dns-resolver v0.21.2
[INFO] [stderr]    Compiling sqlx v0.7.2
[INFO] [stderr]    Compiling fast-socks5 v0.8.2
[INFO] [stderr]    Compiling async-native-tls v0.4.0
[INFO] [stderr]    Compiling ouroboros_macro v0.17.2
[INFO] [stderr]    Compiling sea-bae v0.2.0
[INFO] [stderr]    Compiling object v0.32.1
[INFO] [stderr]    Compiling error-chain v0.12.4
[INFO] [stderr]    Compiling rocket v0.5.0-rc.4
[INFO] [stderr]    Compiling glob v0.3.1
[INFO] [stderr]    Compiling unicode-xid v0.2.4
[INFO] [stderr]    Compiling static_assertions v1.1.0
[INFO] [stderr]    Compiling md5 v0.7.0
[INFO] [stderr]    Compiling rustc-demangle v0.1.23
[INFO] [stderr]    Compiling base64 v0.13.1
[INFO] [stderr]    Compiling bufstream v0.1.4
[INFO] [stderr]    Compiling aliasable v0.1.3
[INFO] [stderr]    Compiling rocket_codegen v0.5.0-rc.4
[INFO] [stderr]    Compiling async-smtp v0.6.0
[INFO] [stderr]    Compiling sea-orm-macros v0.12.5
[INFO] [stderr]    Compiling ouroboros v0.17.2
[INFO] [stderr]    Compiling regex v1.10.2
[INFO] [stderr]    Compiling flate2 v1.0.28
[INFO] [stderr]    Compiling pwned v0.5.0
[INFO] [stderr]    Compiling rayon v1.8.0
[INFO] [stderr]    Compiling async-std-resolver v0.21.2
[INFO] [stderr]    Compiling sea-query-binder v0.5.0
[INFO] [stderr]    Compiling mailchecker v5.0.9
[INFO] [stderr]    Compiling fast-socks5 v0.9.1
[INFO] [stderr]    Compiling tempfile v3.8.1
[INFO] [stderr]    Compiling ubyte v0.10.4
[INFO] [stderr]    Compiling async-recursion v1.0.5
[INFO] [stderr]    Compiling atomic v0.5.3
[INFO] [stderr]    Compiling binascii v0.1.4
[INFO] [stderr]    Compiling strum v0.25.0
[INFO] [stderr]    Compiling levenshtein v1.0.5
[INFO] [stderr]    Compiling weezl v0.1.7
[INFO] [stderr]    Compiling urlencoding v2.1.3
[INFO] [stderr]    Compiling sea-orm v0.12.4
[INFO] [stderr]    Compiling check-if-email-exists v0.9.1
[INFO] [stderr]    Compiling lopdf v0.31.0
[INFO] [stderr]    Compiling doculysis v0.1.0 (/opt/rustwide/workdir)
[INFO] [stdout] warning: unused import: `env::*`
[INFO] [stdout]  --> src/main.rs:6:5
[INFO] [stdout]   |
[INFO] [stdout] 6 | use env::*;
[INFO] [stdout]   |     ^^^^^^
[INFO] [stdout]   |
[INFO] [stdout]   = note: `#[warn(unused_imports)]` on by default
[INFO] [stdout] 
[INFO] [stdout] 
[INFO] [stdout] warning: unreachable call
[INFO] [stdout]   --> src/routes/documents/add.rs:45:5
[INFO] [stdout]    |
[INFO] [stdout] 45 |     Json(todo!())
[INFO] [stdout]    |     ^^^^ ------- any code following this expression is unreachable
[INFO] [stdout]    |     |
[INFO] [stdout]    |     unreachable call
[INFO] [stdout]    |
[INFO] [stdout]    = note: `#[warn(unreachable_code)]` on by default
[INFO] [stdout] 
[INFO] [stdout] 
[INFO] [stdout] warning: unused variable: `db`
[INFO] [stdout]   --> src/routes/documents/add.rs:43:22
[INFO] [stdout]    |
[INFO] [stdout] 43 | pub async fn handler(db: &State<DatabaseConnection>, body: Json<Request>) -> Json<Response> {
[INFO] [stdout]    |                      ^^ help: if this is intentional, prefix it with an underscore: `_db`
[INFO] [stdout]    |
[INFO] [stdout]    = note: `#[warn(unused_variables)]` on by default
[INFO] [stdout] 
[INFO] [stdout] 
[INFO] [stdout] warning: unused variable: `body`
[INFO] [stdout]   --> src/routes/documents/add.rs:43:54
[INFO] [stdout]    |
[INFO] [stdout] 43 | pub async fn handler(db: &State<DatabaseConnection>, body: Json<Request>) -> Json<Response> {
[INFO] [stdout]    |                                                      ^^^^ help: if this is intentional, prefix it with an underscore: `_body`
[INFO] [stdout] 
[INFO] [stdout] 
[INFO] [stdout] warning: unreachable call
[INFO] [stdout]   --> src/routes/documents/list.rs:18:5
[INFO] [stdout]    |
[INFO] [stdout] 18 |     Json(todo!())
[INFO] [stdout]    |     ^^^^ ------- any code following this expression is unreachable
[INFO] [stdout]    |     |
[INFO] [stdout]    |     unreachable call
[INFO] [stdout] 
[INFO] [stdout] 
[INFO] [stdout] warning: unused variable: `db`
[INFO] [stdout]   --> src/routes/documents/list.rs:16:22
[INFO] [stdout]    |
[INFO] [stdout] 16 | pub async fn handler(db: &State<DatabaseConnection>, body: Json<Request>) -> Json<Response> {
[INFO] [stdout]    |                      ^^ help: if this is intentional, prefix it with an underscore: `_db`
[INFO] [stdout] 
[INFO] [stdout] 
[INFO] [stdout] warning: unused variable: `body`
[INFO] [stdout]   --> src/routes/documents/list.rs:16:54
[INFO] [stdout]    |
[INFO] [stdout] 16 | pub async fn handler(db: &State<DatabaseConnection>, body: Json<Request>) -> Json<Response> {
[INFO] [stdout]    |                                                      ^^^^ help: if this is intentional, prefix it with an underscore: `_body`
[INFO] [stdout] 
[INFO] [stdout] 
[INFO] [stdout] warning: unreachable call
[INFO] [stdout]   --> src/routes/documents/remove.rs:18:5
[INFO] [stdout]    |
[INFO] [stdout] 18 |     Json(todo!())
[INFO] [stdout]    |     ^^^^ ------- any code following this expression is unreachable
[INFO] [stdout]    |     |
[INFO] [stdout]    |     unreachable call
[INFO] [stdout] 
[INFO] [stdout] 
[INFO] [stdout] warning: unused variable: `db`
[INFO] [stdout]   --> src/routes/documents/remove.rs:16:22
[INFO] [stdout]    |
[INFO] [stdout] 16 | pub async fn handler(db: &State<DatabaseConnection>, body: Json<Request>) -> Json<Response> {
[INFO] [stdout]    |                      ^^ help: if this is intentional, prefix it with an underscore: `_db`
[INFO] [stdout] 
[INFO] [stdout] 
[INFO] [stdout] warning: unused variable: `body`
[INFO] [stdout]   --> src/routes/documents/remove.rs:16:54
[INFO] [stdout]    |
[INFO] [stdout] 16 | pub async fn handler(db: &State<DatabaseConnection>, body: Json<Request>) -> Json<Response> {
[INFO] [stdout]    |                                                      ^^^^ help: if this is intentional, prefix it with an underscore: `_body`
[INFO] [stdout] 
[INFO] [stdout] 
[INFO] [stdout] warning: unreachable call
[INFO] [stdout]   --> src/routes/libraries/create.rs:18:5
[INFO] [stdout]    |
[INFO] [stdout] 18 |     Json(todo!())
[INFO] [stdout]    |     ^^^^ ------- any code following this expression is unreachable
[INFO] [stdout]    |     |
[INFO] [stdout]    |     unreachable call
[INFO] [stdout] 
[INFO] [stdout] 
[INFO] [stdout] warning: unused variable: `db`
[INFO] [stdout]   --> src/routes/libraries/create.rs:16:22
[INFO] [stdout]    |
[INFO] [stdout] 16 | pub async fn handler(db: &State<DatabaseConnection>, body: Json<Request>) -> Json<Response> {
[INFO] [stdout]    |                      ^^ help: if this is intentional, prefix it with an underscore: `_db`
[INFO] [stdout] 
[INFO] [stdout] 
[INFO] [stdout] warning: unused variable: `body`
[INFO] [stdout]   --> src/routes/libraries/create.rs:16:54
[INFO] [stdout]    |
[INFO] [stdout] 16 | pub async fn handler(db: &State<DatabaseConnection>, body: Json<Request>) -> Json<Response> {
[INFO] [stdout]    |                                                      ^^^^ help: if this is intentional, prefix it with an underscore: `_body`
[INFO] [stdout] 
[INFO] [stdout] 
[INFO] [stdout] warning: unreachable call
[INFO] [stdout]   --> src/routes/jobs/list.rs:18:5
[INFO] [stdout]    |
[INFO] [stdout] 18 |     Json(todo!())
[INFO] [stdout]    |     ^^^^ ------- any code following this expression is unreachable
[INFO] [stdout]    |     |
[INFO] [stdout]    |     unreachable call
[INFO] [stdout] 
[INFO] [stdout] 
[INFO] [stdout] warning: unused variable: `db`
[INFO] [stdout]   --> src/routes/jobs/list.rs:16:22
[INFO] [stdout]    |
[INFO] [stdout] 16 | pub async fn handler(db: &State<DatabaseConnection>, body: Json<Request>) -> Json<Response> {
[INFO] [stdout]    |                      ^^ help: if this is intentional, prefix it with an underscore: `_db`
[INFO] [stdout] 
[INFO] [stdout] 
[INFO] [stdout] warning: unused variable: `body`
[INFO] [stdout]   --> src/routes/jobs/list.rs:16:54
[INFO] [stdout]    |
[INFO] [stdout] 16 | pub async fn handler(db: &State<DatabaseConnection>, body: Json<Request>) -> Json<Response> {
[INFO] [stdout]    |                                                      ^^^^ help: if this is intentional, prefix it with an underscore: `_body`
[INFO] [stdout] 
[INFO] [stdout] 
[INFO] [stdout] warning: unreachable call
[INFO] [stdout]   --> src/routes/jobs/cancel.rs:18:5
[INFO] [stdout]    |
[INFO] [stdout] 18 |     Json(todo!())
[INFO] [stdout]    |     ^^^^ ------- any code following this expression is unreachable
[INFO] [stdout]    |     |
[INFO] [stdout]    |     unreachable call
[INFO] [stdout] 
[INFO] [stdout] 
[INFO] [stdout] warning: unused variable: `db`
[INFO] [stdout]   --> src/routes/jobs/cancel.rs:16:22
[INFO] [stdout]    |
[INFO] [stdout] 16 | pub async fn handler(db: &State<DatabaseConnection>, body: Json<Request>) -> Json<Response> {
[INFO] [stdout]    |                      ^^ help: if this is intentional, prefix it with an underscore: `_db`
[INFO] [stdout] 
[INFO] [stdout] 
[INFO] [stdout] warning: unused variable: `body`
[INFO] [stdout]   --> src/routes/jobs/cancel.rs:16:54
[INFO] [stdout]    |
[INFO] [stdout] 16 | pub async fn handler(db: &State<DatabaseConnection>, body: Json<Request>) -> Json<Response> {
[INFO] [stdout]    |                                                      ^^^^ help: if this is intentional, prefix it with an underscore: `_body`
[INFO] [stdout] 
[INFO] [stdout] 
[INFO] [stdout] warning: unreachable call
[INFO] [stdout]   --> src/routes/jobs/add.rs:18:5
[INFO] [stdout]    |
[INFO] [stdout] 18 |     Json(todo!())
[INFO] [stdout]    |     ^^^^ ------- any code following this expression is unreachable
[INFO] [stdout]    |     |
[INFO] [stdout]    |     unreachable call
[INFO] [stdout] 
[INFO] [stdout] 
[INFO] [stdout] warning: unused variable: `db`
[INFO] [stdout]   --> src/routes/jobs/add.rs:16:22
[INFO] [stdout]    |
[INFO] [stdout] 16 | pub async fn handler(db: &State<DatabaseConnection>, body: Json<Request>) -> Json<Response> {
[INFO] [stdout]    |                      ^^ help: if this is intentional, prefix it with an underscore: `_db`
[INFO] [stdout] 
[INFO] [stdout] 
[INFO] [stdout] warning: unused variable: `body`
[INFO] [stdout]   --> src/routes/jobs/add.rs:16:54
[INFO] [stdout]    |
[INFO] [stdout] 16 | pub async fn handler(db: &State<DatabaseConnection>, body: Json<Request>) -> Json<Response> {
[INFO] [stdout]    |                                                      ^^^^ help: if this is intentional, prefix it with an underscore: `_body`
[INFO] [stdout] 
[INFO] [stdout] 
[INFO] [stdout] warning: 22 warnings emitted
[INFO] [stdout] 
[INFO] [stdout] 
[INFO] [stderr]     Finished dev [unoptimized + debuginfo] target(s) in 3m 45s
[INFO] running `Command { std: "docker" "inspect" "caa64b5aabdfd02b594f1d49bd5cda81b74664924b9764a97b6f870aea248413", kill_on_drop: false }`
[INFO] running `Command { std: "docker" "rm" "-f" "caa64b5aabdfd02b594f1d49bd5cda81b74664924b9764a97b6f870aea248413", kill_on_drop: false }`
[INFO] [stdout] caa64b5aabdfd02b594f1d49bd5cda81b74664924b9764a97b6f870aea248413
[INFO] running `Command { std: "docker" "create" "-v" "/var/lib/crater-agent-workspace/builds/worker-7-tc2/target:/opt/rustwide/target:rw,Z" "-v" "/var/lib/crater-agent-workspace/builds/worker-7-tc2/source:/opt/rustwide/workdir:ro,Z" "-v" "/var/lib/crater-agent-workspace/cargo-home:/opt/rustwide/cargo-home:ro,Z" "-v" "/var/lib/crater-agent-workspace/rustup-home:/opt/rustwide/rustup-home:ro,Z" "-e" "SOURCE_DIR=/opt/rustwide/workdir" "-e" "CARGO_TARGET_DIR=/opt/rustwide/target" "-e" "CARGO_INCREMENTAL=0" "-e" "RUST_BACKTRACE=full" "-e" "RUSTFLAGS=--cap-lints=warn" "-e" "RUSTDOCFLAGS=--cap-lints=warn" "-e" "CARGO_HOME=/opt/rustwide/cargo-home" "-e" "RUSTUP_HOME=/opt/rustwide/rustup-home" "-w" "/opt/rustwide/workdir" "-m" "1610612736" "--user" "0:0" "--network" "none" "ghcr.io/rust-lang/crates-build-env/linux@sha256:2788e3201cd34a07e3172128adcd8b3090168a8e3bcc40d7c032b9dda1df7d1c" "/opt/rustwide/cargo-home/bin/cargo" "+beta-2023-12-22" "test" "--frozen" "--no-run" "--message-format=json", kill_on_drop: false }`
[INFO] [stdout] eeb1e6036b9e7cc88f731a65284a47c7ba3764acb97b17f38f8033ee782e7397
[INFO] running `Command { std: "docker" "start" "-a" "eeb1e6036b9e7cc88f731a65284a47c7ba3764acb97b17f38f8033ee782e7397", kill_on_drop: false }`
[INFO] [stderr]    Compiling doculysis v0.1.0 (/opt/rustwide/workdir)
[INFO] [stdout] warning: unused import: `env::*`
[INFO] [stdout]  --> src/main.rs:6:5
[INFO] [stdout]   |
[INFO] [stdout] 6 | use env::*;
[INFO] [stdout]   |     ^^^^^^
[INFO] [stdout]   |
[INFO] [stdout]   = note: `#[warn(unused_imports)]` on by default
[INFO] [stdout] 
[INFO] [stdout] 
[INFO] [stdout] warning: unreachable call
[INFO] [stdout]   --> src/routes/documents/add.rs:45:5
[INFO] [stdout]    |
[INFO] [stdout] 45 |     Json(todo!())
[INFO] [stdout]    |     ^^^^ ------- any code following this expression is unreachable
[INFO] [stdout]    |     |
[INFO] [stdout]    |     unreachable call
[INFO] [stdout]    |
[INFO] [stdout]    = note: `#[warn(unreachable_code)]` on by default
[INFO] [stdout] 
[INFO] [stdout] 
[INFO] [stdout] warning: unused variable: `db`
[INFO] [stdout]   --> src/routes/documents/add.rs:43:22
[INFO] [stdout]    |
[INFO] [stdout] 43 | pub async fn handler(db: &State<DatabaseConnection>, body: Json<Request>) -> Json<Response> {
[INFO] [stdout]    |                      ^^ help: if this is intentional, prefix it with an underscore: `_db`
[INFO] [stdout]    |
[INFO] [stdout]    = note: `#[warn(unused_variables)]` on by default
[INFO] [stdout] 
[INFO] [stdout] 
[INFO] [stdout] warning: unused variable: `body`
[INFO] [stdout]   --> src/routes/documents/add.rs:43:54
[INFO] [stdout]    |
[INFO] [stdout] 43 | pub async fn handler(db: &State<DatabaseConnection>, body: Json<Request>) -> Json<Response> {
[INFO] [stdout]    |                                                      ^^^^ help: if this is intentional, prefix it with an underscore: `_body`
[INFO] [stdout] 
[INFO] [stdout] 
[INFO] [stdout] warning: unreachable call
[INFO] [stdout]   --> src/routes/documents/list.rs:18:5
[INFO] [stdout]    |
[INFO] [stdout] 18 |     Json(todo!())
[INFO] [stdout]    |     ^^^^ ------- any code following this expression is unreachable
[INFO] [stdout]    |     |
[INFO] [stdout]    |     unreachable call
[INFO] [stdout] 
[INFO] [stdout] 
[INFO] [stdout] warning: unused variable: `db`
[INFO] [stdout]   --> src/routes/documents/list.rs:16:22
[INFO] [stdout]    |
[INFO] [stdout] 16 | pub async fn handler(db: &State<DatabaseConnection>, body: Json<Request>) -> Json<Response> {
[INFO] [stdout]    |                      ^^ help: if this is intentional, prefix it with an underscore: `_db`
[INFO] [stdout] 
[INFO] [stdout] 
[INFO] [stdout] warning: unused variable: `body`
[INFO] [stdout]   --> src/routes/documents/list.rs:16:54
[INFO] [stdout]    |
[INFO] [stdout] 16 | pub async fn handler(db: &State<DatabaseConnection>, body: Json<Request>) -> Json<Response> {
[INFO] [stdout]    |                                                      ^^^^ help: if this is intentional, prefix it with an underscore: `_body`
[INFO] [stdout] 
[INFO] [stdout] 
[INFO] [stdout] warning: unreachable call
[INFO] [stdout]   --> src/routes/documents/remove.rs:18:5
[INFO] [stdout]    |
[INFO] [stdout] 18 |     Json(todo!())
[INFO] [stdout]    |     ^^^^ ------- any code following this expression is unreachable
[INFO] [stdout]    |     |
[INFO] [stdout]    |     unreachable call
[INFO] [stdout] 
[INFO] [stdout] 
[INFO] [stdout] warning: unused variable: `db`
[INFO] [stdout]   --> src/routes/documents/remove.rs:16:22
[INFO] [stdout]    |
[INFO] [stdout] 16 | pub async fn handler(db: &State<DatabaseConnection>, body: Json<Request>) -> Json<Response> {
[INFO] [stdout]    |                      ^^ help: if this is intentional, prefix it with an underscore: `_db`
[INFO] [stdout] 
[INFO] [stdout] 
[INFO] [stdout] warning: unused variable: `body`
[INFO] [stdout]   --> src/routes/documents/remove.rs:16:54
[INFO] [stdout]    |
[INFO] [stdout] 16 | pub async fn handler(db: &State<DatabaseConnection>, body: Json<Request>) -> Json<Response> {
[INFO] [stdout]    |                                                      ^^^^ help: if this is intentional, prefix it with an underscore: `_body`
[INFO] [stdout] 
[INFO] [stdout] 
[INFO] [stdout] warning: unreachable call
[INFO] [stdout]   --> src/routes/libraries/create.rs:18:5
[INFO] [stdout]    |
[INFO] [stdout] 18 |     Json(todo!())
[INFO] [stdout]    |     ^^^^ ------- any code following this expression is unreachable
[INFO] [stdout]    |     |
[INFO] [stdout]    |     unreachable call
[INFO] [stdout] 
[INFO] [stdout] 
[INFO] [stdout] warning: unused variable: `db`
[INFO] [stdout]   --> src/routes/libraries/create.rs:16:22
[INFO] [stdout]    |
[INFO] [stdout] 16 | pub async fn handler(db: &State<DatabaseConnection>, body: Json<Request>) -> Json<Response> {
[INFO] [stdout]    |                      ^^ help: if this is intentional, prefix it with an underscore: `_db`
[INFO] [stdout] 
[INFO] [stdout] 
[INFO] [stdout] warning: unused variable: `body`
[INFO] [stdout]   --> src/routes/libraries/create.rs:16:54
[INFO] [stdout]    |
[INFO] [stdout] 16 | pub async fn handler(db: &State<DatabaseConnection>, body: Json<Request>) -> Json<Response> {
[INFO] [stdout]    |                                                      ^^^^ help: if this is intentional, prefix it with an underscore: `_body`
[INFO] [stdout] 
[INFO] [stdout] 
[INFO] [stdout] warning: unreachable call
[INFO] [stdout]   --> src/routes/jobs/list.rs:18:5
[INFO] [stdout]    |
[INFO] [stdout] 18 |     Json(todo!())
[INFO] [stdout]    |     ^^^^ ------- any code following this expression is unreachable
[INFO] [stdout]    |     |
[INFO] [stdout]    |     unreachable call
[INFO] [stdout] 
[INFO] [stdout] 
[INFO] [stdout] warning: unused variable: `db`
[INFO] [stdout]   --> src/routes/jobs/list.rs:16:22
[INFO] [stdout]    |
[INFO] [stdout] 16 | pub async fn handler(db: &State<DatabaseConnection>, body: Json<Request>) -> Json<Response> {
[INFO] [stdout]    |                      ^^ help: if this is intentional, prefix it with an underscore: `_db`
[INFO] [stdout] 
[INFO] [stdout] 
[INFO] [stdout] warning: unused variable: `body`
[INFO] [stdout]   --> src/routes/jobs/list.rs:16:54
[INFO] [stdout]    |
[INFO] [stdout] 16 | pub async fn handler(db: &State<DatabaseConnection>, body: Json<Request>) -> Json<Response> {
[INFO] [stdout]    |                                                      ^^^^ help: if this is intentional, prefix it with an underscore: `_body`
[INFO] [stdout] 
[INFO] [stdout] 
[INFO] [stdout] warning: unreachable call
[INFO] [stdout]   --> src/routes/jobs/cancel.rs:18:5
[INFO] [stdout]    |
[INFO] [stdout] 18 |     Json(todo!())
[INFO] [stdout]    |     ^^^^ ------- any code following this expression is unreachable
[INFO] [stdout]    |     |
[INFO] [stdout]    |     unreachable call
[INFO] [stdout] 
[INFO] [stdout] 
[INFO] [stdout] warning: unused variable: `db`
[INFO] [stdout]   --> src/routes/jobs/cancel.rs:16:22
[INFO] [stdout]    |
[INFO] [stdout] 16 | pub async fn handler(db: &State<DatabaseConnection>, body: Json<Request>) -> Json<Response> {
[INFO] [stdout]    |                      ^^ help: if this is intentional, prefix it with an underscore: `_db`
[INFO] [stdout] 
[INFO] [stdout] 
[INFO] [stdout] warning: unused variable: `body`
[INFO] [stdout]   --> src/routes/jobs/cancel.rs:16:54
[INFO] [stdout]    |
[INFO] [stdout] 16 | pub async fn handler(db: &State<DatabaseConnection>, body: Json<Request>) -> Json<Response> {
[INFO] [stdout]    |                                                      ^^^^ help: if this is intentional, prefix it with an underscore: `_body`
[INFO] [stdout] 
[INFO] [stdout] 
[INFO] [stdout] warning: unreachable call
[INFO] [stdout]   --> src/routes/jobs/add.rs:18:5
[INFO] [stdout]    |
[INFO] [stdout] 18 |     Json(todo!())
[INFO] [stdout]    |     ^^^^ ------- any code following this expression is unreachable
[INFO] [stdout]    |     |
[INFO] [stdout]    |     unreachable call
[INFO] [stdout] 
[INFO] [stdout] 
[INFO] [stdout] warning: unused variable: `db`
[INFO] [stdout]   --> src/routes/jobs/add.rs:16:22
[INFO] [stdout]    |
[INFO] [stdout] 16 | pub async fn handler(db: &State<DatabaseConnection>, body: Json<Request>) -> Json<Response> {
[INFO] [stdout]    |                      ^^ help: if this is intentional, prefix it with an underscore: `_db`
[INFO] [stdout] 
[INFO] [stdout] 
[INFO] [stdout] warning: unused variable: `body`
[INFO] [stdout]   --> src/routes/jobs/add.rs:16:54
[INFO] [stdout]    |
[INFO] [stdout] 16 | pub async fn handler(db: &State<DatabaseConnection>, body: Json<Request>) -> Json<Response> {
[INFO] [stdout]    |                                                      ^^^^ help: if this is intentional, prefix it with an underscore: `_body`
[INFO] [stdout] 
[INFO] [stdout] 
[INFO] [stdout] warning: 22 warnings emitted
[INFO] [stdout] 
[INFO] [stdout] 
[INFO] [stderr]     Finished test [unoptimized + debuginfo] target(s) in 2.79s
[INFO] running `Command { std: "docker" "inspect" "eeb1e6036b9e7cc88f731a65284a47c7ba3764acb97b17f38f8033ee782e7397", kill_on_drop: false }`
[INFO] running `Command { std: "docker" "rm" "-f" "eeb1e6036b9e7cc88f731a65284a47c7ba3764acb97b17f38f8033ee782e7397", kill_on_drop: false }`
[INFO] [stdout] eeb1e6036b9e7cc88f731a65284a47c7ba3764acb97b17f38f8033ee782e7397
[INFO] running `Command { std: "docker" "create" "-v" "/var/lib/crater-agent-workspace/builds/worker-7-tc2/target:/opt/rustwide/target:rw,Z" "-v" "/var/lib/crater-agent-workspace/builds/worker-7-tc2/source:/opt/rustwide/workdir:ro,Z" "-v" "/var/lib/crater-agent-workspace/cargo-home:/opt/rustwide/cargo-home:ro,Z" "-v" "/var/lib/crater-agent-workspace/rustup-home:/opt/rustwide/rustup-home:ro,Z" "-e" "SOURCE_DIR=/opt/rustwide/workdir" "-e" "CARGO_TARGET_DIR=/opt/rustwide/target" "-e" "CARGO_INCREMENTAL=0" "-e" "RUST_BACKTRACE=full" "-e" "RUSTFLAGS=--cap-lints=warn" "-e" "RUSTDOCFLAGS=--cap-lints=warn" "-e" "CARGO_HOME=/opt/rustwide/cargo-home" "-e" "RUSTUP_HOME=/opt/rustwide/rustup-home" "-w" "/opt/rustwide/workdir" "-m" "1610612736" "--user" "0:0" "--network" "none" "ghcr.io/rust-lang/crates-build-env/linux@sha256:2788e3201cd34a07e3172128adcd8b3090168a8e3bcc40d7c032b9dda1df7d1c" "/opt/rustwide/cargo-home/bin/cargo" "+beta-2023-12-22" "test" "--frozen", kill_on_drop: false }`
[INFO] [stdout] b8936db5aeade984d4ed24012485e20183764b5717bac5ebc251de38e9059681
[INFO] running `Command { std: "docker" "start" "-a" "b8936db5aeade984d4ed24012485e20183764b5717bac5ebc251de38e9059681", kill_on_drop: false }`
[INFO] [stderr] warning: unused import: `env::*`
[INFO] [stderr]  --> src/main.rs:6:5
[INFO] [stderr]   |
[INFO] [stderr] 6 | use env::*;
[INFO] [stderr]   |     ^^^^^^
[INFO] [stderr]   |
[INFO] [stderr]   = note: `#[warn(unused_imports)]` on by default
[INFO] [stderr] 
[INFO] [stderr] warning: unreachable call
[INFO] [stderr]   --> src/routes/documents/add.rs:45:5
[INFO] [stderr]    |
[INFO] [stderr] 45 |     Json(todo!())
[INFO] [stderr]    |     ^^^^ ------- any code following this expression is unreachable
[INFO] [stderr]    |     |
[INFO] [stderr]    |     unreachable call
[INFO] [stderr]    |
[INFO] [stderr]    = note: `#[warn(unreachable_code)]` on by default
[INFO] [stderr] 
[INFO] [stderr] warning: unused variable: `db`
[INFO] [stderr]   --> src/routes/documents/add.rs:43:22
[INFO] [stderr]    |
[INFO] [stderr] 43 | pub async fn handler(db: &State<DatabaseConnection>, body: Json<Request>) -> Json<Response> {
[INFO] [stderr]    |                      ^^ help: if this is intentional, prefix it with an underscore: `_db`
[INFO] [stderr]    |
[INFO] [stderr]    = note: `#[warn(unused_variables)]` on by default
[INFO] [stderr] 
[INFO] [stderr] warning: unused variable: `body`
[INFO] [stderr]   --> src/routes/documents/add.rs:43:54
[INFO] [stderr]    |
[INFO] [stderr] 43 | pub async fn handler(db: &State<DatabaseConnection>, body: Json<Request>) -> Json<Response> {
[INFO] [stderr]    |                                                      ^^^^ help: if this is intentional, prefix it with an underscore: `_body`
[INFO] [stderr] 
[INFO] [stderr] warning: unreachable call
[INFO] [stderr]   --> src/routes/documents/list.rs:18:5
[INFO] [stderr]    |
[INFO] [stderr] 18 |     Json(todo!())
[INFO] [stderr]    |     ^^^^ ------- any code following this expression is unreachable
[INFO] [stderr]    |     |
[INFO] [stderr]    |     unreachable call
[INFO] [stderr] 
[INFO] [stderr] warning: unused variable: `db`
[INFO] [stderr]   --> src/routes/documents/list.rs:16:22
[INFO] [stderr]    |
[INFO] [stderr] 16 | pub async fn handler(db: &State<DatabaseConnection>, body: Json<Request>) -> Json<Response> {
[INFO] [stderr]    |                      ^^ help: if this is intentional, prefix it with an underscore: `_db`
[INFO] [stderr] 
[INFO] [stderr] warning: unused variable: `body`
[INFO] [stderr]   --> src/routes/documents/list.rs:16:54
[INFO] [stderr]    |
[INFO] [stderr] 16 | pub async fn handler(db: &State<DatabaseConnection>, body: Json<Request>) -> Json<Response> {
[INFO] [stderr]    |                                                      ^^^^ help: if this is intentional, prefix it with an underscore: `_body`
[INFO] [stderr] 
[INFO] [stderr] warning: unreachable call
[INFO] [stderr]   --> src/routes/documents/remove.rs:18:5
[INFO] [stderr]    |
[INFO] [stderr] 18 |     Json(todo!())
[INFO] [stderr]    |     ^^^^ ------- any code following this expression is unreachable
[INFO] [stderr]    |     |
[INFO] [stderr]    |     unreachable call
[INFO] [stderr] 
[INFO] [stderr] warning: unused variable: `db`
[INFO] [stderr]   --> src/routes/documents/remove.rs:16:22
[INFO] [stderr]    |
[INFO] [stderr] 16 | pub async fn handler(db: &State<DatabaseConnection>, body: Json<Request>) -> Json<Response> {
[INFO] [stderr]    |                      ^^ help: if this is intentional, prefix it with an underscore: `_db`
[INFO] [stderr] 
[INFO] [stderr] warning: unused variable: `body`
[INFO] [stderr]   --> src/routes/documents/remove.rs:16:54
[INFO] [stderr]    |
[INFO] [stderr] 16 | pub async fn handler(db: &State<DatabaseConnection>, body: Json<Request>) -> Json<Response> {
[INFO] [stderr]    |                                                      ^^^^ help: if this is intentional, prefix it with an underscore: `_body`
[INFO] [stderr] 
[INFO] [stderr] warning: unreachable call
[INFO] [stderr]   --> src/routes/libraries/create.rs:18:5
[INFO] [stderr]    |
[INFO] [stderr] 18 |     Json(todo!())
[INFO] [stderr]    |     ^^^^ ------- any code following this expression is unreachable
[INFO] [stderr]    |     |
[INFO] [stderr]    |     unreachable call
[INFO] [stderr] 
[INFO] [stderr] warning: unused variable: `db`
[INFO] [stderr]   --> src/routes/libraries/create.rs:16:22
[INFO] [stderr]    |
[INFO] [stderr] 16 | pub async fn handler(db: &State<DatabaseConnection>, body: Json<Request>) -> Json<Response> {
[INFO] [stderr]    |                      ^^ help: if this is intentional, prefix it with an underscore: `_db`
[INFO] [stderr] 
[INFO] [stderr] warning: unused variable: `body`
[INFO] [stderr]   --> src/routes/libraries/create.rs:16:54
[INFO] [stderr]    |
[INFO] [stderr] 16 | pub async fn handler(db: &State<DatabaseConnection>, body: Json<Request>) -> Json<Response> {
[INFO] [stderr]    |                                                      ^^^^ help: if this is intentional, prefix it with an underscore: `_body`
[INFO] [stderr] 
[INFO] [stderr] warning: unreachable call
[INFO] [stderr]   --> src/routes/jobs/list.rs:18:5
[INFO] [stderr]    |
[INFO] [stderr] 18 |     Json(todo!())
[INFO] [stderr]    |     ^^^^ ------- any code following this expression is unreachable
[INFO] [stderr]    |     |
[INFO] [stderr]    |     unreachable call
[INFO] [stderr] 
[INFO] [stderr] warning: unused variable: `db`
[INFO] [stderr]   --> src/routes/jobs/list.rs:16:22
[INFO] [stderr]    |
[INFO] [stderr] 16 | pub async fn handler(db: &State<DatabaseConnection>, body: Json<Request>) -> Json<Response> {
[INFO] [stderr]    |                      ^^ help: if this is intentional, prefix it with an underscore: `_db`
[INFO] [stderr] 
[INFO] [stderr] warning: unused variable: `body`
[INFO] [stderr]   --> src/routes/jobs/list.rs:16:54
[INFO] [stderr]    |
[INFO] [stderr] 16 | pub async fn handler(db: &State<DatabaseConnection>, body: Json<Request>) -> Json<Response> {
[INFO] [stderr]    |                                                      ^^^^ help: if this is intentional, prefix it with an underscore: `_body`
[INFO] [stderr] 
[INFO] [stderr] warning: unreachable call
[INFO] [stderr]   --> src/routes/jobs/cancel.rs:18:5
[INFO] [stderr]    |
[INFO] [stderr] 18 |     Json(todo!())
[INFO] [stderr]    |     ^^^^ ------- any code following this expression is unreachable
[INFO] [stderr]    |     |
[INFO] [stderr]    |     unreachable call
[INFO] [stderr] 
[INFO] [stderr] warning: unused variable: `db`
[INFO] [stderr]   --> src/routes/jobs/cancel.rs:16:22
[INFO] [stderr]    |
[INFO] [stderr] 16 | pub async fn handler(db: &State<DatabaseConnection>, body: Json<Request>) -> Json<Response> {
[INFO] [stderr]    |                      ^^ help: if this is intentional, prefix it with an underscore: `_db`
[INFO] [stderr] 
[INFO] [stderr] warning: unused variable: `body`
[INFO] [stderr]   --> src/routes/jobs/cancel.rs:16:54
[INFO] [stderr]    |
[INFO] [stderr] 16 | pub async fn handler(db: &State<DatabaseConnection>, body: Json<Request>) -> Json<Response> {
[INFO] [stderr]    |                                                      ^^^^ help: if this is intentional, prefix it with an underscore: `_body`
[INFO] [stderr] 
[INFO] [stderr] warning: unreachable call
[INFO] [stderr]   --> src/routes/jobs/add.rs:18:5
[INFO] [stderr]    |
[INFO] [stderr] 18 |     Json(todo!())
[INFO] [stderr]    |     ^^^^ ------- any code following this expression is unreachable
[INFO] [stderr]    |     |
[INFO] [stderr]    |     unreachable call
[INFO] [stderr] 
[INFO] [stderr] warning: unused variable: `db`
[INFO] [stderr]   --> src/routes/jobs/add.rs:16:22
[INFO] [stderr]    |
[INFO] [stderr] 16 | pub async fn handler(db: &State<DatabaseConnection>, body: Json<Request>) -> Json<Response> {
[INFO] [stderr]    |                      ^^ help: if this is intentional, prefix it with an underscore: `_db`
[INFO] [stderr] 
[INFO] [stderr] warning: unused variable: `body`
[INFO] [stderr]   --> src/routes/jobs/add.rs:16:54
[INFO] [stderr]    |
[INFO] [stderr] 16 | pub async fn handler(db: &State<DatabaseConnection>, body: Json<Request>) -> Json<Response> {
[INFO] [stderr]    |                                                      ^^^^ help: if this is intentional, prefix it with an underscore: `_body`
[INFO] [stderr] 
[INFO] [stderr] warning: `doculysis` (bin "doculysis" test) generated 22 warnings (run `cargo fix --bin "doculysis" --tests` to apply 15 suggestions)
[INFO] [stderr]     Finished test [unoptimized + debuginfo] target(s) in 0.34s
[INFO] [stderr]      Running unittests lib/rust_openai/src/lib.rs (/opt/rustwide/target/debug/deps/rust_openai-c845a794ac8d152b)
[INFO] [stdout] 
[INFO] [stdout] running 0 tests
[INFO] [stdout] 
[INFO] [stdout] test result: ok. 0 passed; 0 failed; 0 ignored; 0 measured; 0 filtered out; finished in 0.00s
[INFO] [stdout] 
[INFO] [stderr]      Running unittests src/main.rs (/opt/rustwide/target/debug/deps/doculysis-ebeb20cc23170e24)
[INFO] [stdout] 
[INFO] [stdout] running 0 tests
[INFO] [stdout] 
[INFO] [stdout] test result: ok. 0 passed; 0 failed; 0 ignored; 0 measured; 0 filtered out; finished in 0.00s
[INFO] [stdout] 
[INFO] [stderr]    Doc-tests rust_openai
[INFO] [stdout] 
[INFO] [stdout] running 7 tests
[INFO] [stdout] test lib/rust_openai/src/batteries.rs - batteries::Battery::from_str (line 20) ... FAILED
[INFO] [stdout] test lib/rust_openai/src/client.rs - client::OpenAIAccount::cache_query (line 212) ... FAILED
[INFO] [stdout] test lib/rust_openai/src/batteries.rs - batteries::Battery::as_prompt_stamp (line 73) ... FAILED
[INFO] [stdout] test lib/rust_openai/src/batteries.rs - batteries::Battery::as_prompt_stamp (line 64) ... FAILED
[INFO] [stdout] test lib/rust_openai/src/models/gpt_models.rs - models::gpt_models::GptModel::from_string (line 47) ... FAILED
[INFO] [stdout] test lib/rust_openai/src/batteries.rs - batteries::Battery::as_prompt_stamp (line 85) ... FAILED
[INFO] [stdout] test lib/rust_openai/src/batteries.rs - batteries::Battery::as_prompt_stamp (line 94) ... FAILED
[INFO] [stdout] 
[INFO] [stdout] failures:
[INFO] [stdout] 
[INFO] [stdout] ---- lib/rust_openai/src/batteries.rs - batteries::Battery::from_str (line 20) stdout ----
[INFO] [stdout] error: this file contains an unclosed delimiter
[INFO] [stdout]   --> lib/rust_openai/src/batteries.rs:28:58
[INFO] [stdout]    |
[INFO] [stdout] 2  | fn main() { #[allow(non_snake_case)] fn _doctest_main_lib_rust_openai_src_batteries_rs_20_0() {
[INFO] [stdout]    |           - unclosed delimiter                                                                - unclosed delimiter
[INFO] [stdout] ...
[INFO] [stdout] 10 | } _doctest_main_lib_rust_openai_src_batteries_rs_20_0() }
[INFO] [stdout]    |                                                          ^
[INFO] [stdout] 
[INFO] [stdout] error: aborting due to 1 previous error
[INFO] [stdout] 
[INFO] [stdout] Couldn't compile the test.
[INFO] [stdout] ---- lib/rust_openai/src/client.rs - client::OpenAIAccount::cache_query (line 212) stdout ----
[INFO] [stdout] error: this file contains an unclosed delimiter
[INFO] [stdout]  --> lib/rust_openai/src/client.rs:219:56
[INFO] [stdout]   |
[INFO] [stdout] 2 | fn main() { #[allow(non_snake_case)] fn _doctest_main_lib_rust_openai_src_client_rs_212_0() {
[INFO] [stdout]   |           - unclosed delimiter
[INFO] [stdout] ...
[INFO] [stdout] 9 | } _doctest_main_lib_rust_openai_src_client_rs_212_0() }
[INFO] [stdout]   |                                                        ^
[INFO] [stdout] 
[INFO] [stdout] error: aborting due to 1 previous error
[INFO] [stdout] 
[INFO] [stdout] Couldn't compile the test.
[INFO] [stdout] ---- lib/rust_openai/src/batteries.rs - batteries::Battery::as_prompt_stamp (line 73) stdout ----
[INFO] [stdout] error: mismatched closing delimiter: `}`
[INFO] [stdout]   --> lib/rust_openai/src/batteries.rs:82:19
[INFO] [stdout]    |
[INFO] [stdout] 3  | {
[INFO] [stdout]    | - closing delimiter possibly meant for this
[INFO] [stdout] ...
[INFO] [stdout] 11 |        "choices": [ ...
[INFO] [stdout]    |                   ^ unclosed delimiter
[INFO] [stdout] 12 | } _doctest_main_lib_rust_openai_src_batteries_rs_73_0() }
[INFO] [stdout]    | ^ mismatched closing delimiter
[INFO] [stdout] 
[INFO] [stdout] error: this file contains an unclosed delimiter
[INFO] [stdout]   --> lib/rust_openai/src/batteries.rs:83:58
[INFO] [stdout]    |
[INFO] [stdout] 2  | fn main() { #[allow(non_snake_case)] fn _doctest_main_lib_rust_openai_src_batteries_rs_73_0() {
[INFO] [stdout]    |           - unclosed delimiter                                                                - unclosed delimiter
[INFO] [stdout] 3  | {
[INFO] [stdout]    | - unclosed delimiter
[INFO] [stdout] ...
[INFO] [stdout] 6  |        "response": {
[INFO] [stdout]    |                    - this delimiter might not be properly closed...
[INFO] [stdout] ...
[INFO] [stdout] 12 | } _doctest_main_lib_rust_openai_src_batteries_rs_73_0() }
[INFO] [stdout]    | - ...as it matches this but it has different indentation ^
[INFO] [stdout] 
[INFO] [stdout] error: aborting due to 2 previous errors
[INFO] [stdout] 
[INFO] [stdout] Couldn't compile the test.
[INFO] [stdout] ---- lib/rust_openai/src/batteries.rs - batteries::Battery::as_prompt_stamp (line 64) stdout ----
[INFO] [stdout] error: expected one of `,`, `:`, or `}`, found `>`
[INFO] [stdout]  --> lib/rust_openai/src/batteries.rs:65:45
[INFO] [stdout]   |
[INFO] [stdout] 3 | OpenAIAccount { cache: HashMap<String, Query>, ...} 
[INFO] [stdout]   | -------------                          -----^ expected one of `,`, `:`, or `}`
[INFO] [stdout]   | |                                      |
[INFO] [stdout]   | |                                      while parsing this struct field
[INFO] [stdout]   | while parsing this struct
[INFO] [stdout]   |
[INFO] [stdout] help: try naming a field
[INFO] [stdout]   |
[INFO] [stdout] 3 | OpenAIAccount { cache: HashMap<String, Query: Query>, ...} 
[INFO] [stdout]   |                                        ++++++
[INFO] [stdout] 
[INFO] [stdout] error: expected identifier, found `...`
[INFO] [stdout]  --> lib/rust_openai/src/batteries.rs:65:48
[INFO] [stdout]   |
[INFO] [stdout] 3 | OpenAIAccount { cache: HashMap<String, Query>, ...} 
[INFO] [stdout]   | ------------- while parsing this struct        ^^^ expected identifier
[INFO] [stdout] 
[INFO] [stdout] error: expected `;`, found `Query`
[INFO] [stdout]  --> lib/rust_openai/src/batteries.rs:65:52
[INFO] [stdout]   |
[INFO] [stdout] 3 | OpenAIAccount { cache: HashMap<String, Query>, ...} 
[INFO] [stdout]   |                                                    ^ help: add `;` here
[INFO] [stdout] 4 | Query { prompt: Battery::Minimal.as_prompt_stampt(), ...}
[INFO] [stdout]   | ----- unexpected token
[INFO] [stdout] 
[INFO] [stdout] error: expected identifier, found `...`
[INFO] [stdout]  --> lib/rust_openai/src/batteries.rs:66:54
[INFO] [stdout]   |
[INFO] [stdout] 4 | Query { prompt: Battery::Minimal.as_prompt_stampt(), ...}
[INFO] [stdout]   | ----- while parsing this struct                      ^^^ expected identifier
[INFO] [stdout] 
[INFO] [stdout] error: expected `;`, found `Battery`
[INFO] [stdout]  --> lib/rust_openai/src/batteries.rs:66:58
[INFO] [stdout]   |
[INFO] [stdout] 4 | Query { prompt: Battery::Minimal.as_prompt_stampt(), ...}
[INFO] [stdout]   |                                                          ^ help: add `;` here
[INFO] [stdout] 5 |  
[INFO] [stdout] 6 | Battery::Minimal => { "Minimal Summary Battery" }
[INFO] [stdout]   | ------- unexpected token
[INFO] [stdout] 
[INFO] [stdout] error: expected one of `!`, `.`, `::`, `;`, `?`, `{`, `}`, or an operator, found `=>`
[INFO] [stdout]  --> lib/rust_openai/src/batteries.rs:68:18
[INFO] [stdout]   |
[INFO] [stdout] 6 | Battery::Minimal => { "Minimal Summary Battery" }
[INFO] [stdout]   |                  ^^ expected one of 8 possible tokens
[INFO] [stdout] 
[INFO] [stdout] error: aborting due to 6 previous errors
[INFO] [stdout] 
[INFO] [stdout] Couldn't compile the test.
[INFO] [stdout] ---- lib/rust_openai/src/models/gpt_models.rs - models::gpt_models::GptModel::from_string (line 47) stdout ----
[INFO] [stdout] error[E0433]: failed to resolve: use of undeclared type `GptModel`
[INFO] [stdout]  --> lib/rust_openai/src/models/gpt_models.rs:48:11
[INFO] [stdout]   |
[INFO] [stdout] 3 | let model:GptModel::Gpt35Turbo = GptModel::from_string(GPT3_5_TURBO);
[INFO] [stdout]   |           ^^^^^^^^ use of undeclared type `GptModel`
[INFO] [stdout]   |
[INFO] [stdout] help: consider importing this enum
[INFO] [stdout]   |
[INFO] [stdout] 2 + use rust_openai::GptModel;
[INFO] [stdout]   |
[INFO] [stdout] 
[INFO] [stdout] error[E0433]: failed to resolve: use of undeclared type `GptModel`
[INFO] [stdout]  --> lib/rust_openai/src/models/gpt_models.rs:48:34
[INFO] [stdout]   |
[INFO] [stdout] 3 | let model:GptModel::Gpt35Turbo = GptModel::from_string(GPT3_5_TURBO);
[INFO] [stdout]   |                                  ^^^^^^^^ use of undeclared type `GptModel`
[INFO] [stdout]   |
[INFO] [stdout] help: consider importing this enum
[INFO] [stdout]   |
[INFO] [stdout] 2 + use rust_openai::GptModel;
[INFO] [stdout]   |
[INFO] [stdout] 
[INFO] [stdout] error[E0425]: cannot find value `GPT3_5_TURBO` in this scope
[INFO] [stdout]  --> lib/rust_openai/src/models/gpt_models.rs:48:56
[INFO] [stdout]   |
[INFO] [stdout] 3 | let model:GptModel::Gpt35Turbo = GptModel::from_string(GPT3_5_TURBO);
[INFO] [stdout]   |                                                        ^^^^^^^^^^^^ not found in this scope
[INFO] [stdout]   |
[INFO] [stdout] help: consider importing this constant
[INFO] [stdout]   |
[INFO] [stdout] 2 + use rust_openai::constants::model_strings::GPT3_5_TURBO;
[INFO] [stdout]   |
[INFO] [stdout] 
[INFO] [stdout] error: aborting due to 3 previous errors
[INFO] [stdout] 
[INFO] [stdout] Some errors have detailed explanations: E0425, E0433.
[INFO] [stdout] For more information about an error, try `rustc --explain E0425`.
[INFO] [stdout] Couldn't compile the test.
[INFO] [stdout] ---- lib/rust_openai/src/batteries.rs - batteries::Battery::as_prompt_stamp (line 85) stdout ----
[INFO] [stdout] error: expected identifier, found `...`
[INFO] [stdout]  --> lib/rust_openai/src/batteries.rs:90:5
[INFO] [stdout]   |
[INFO] [stdout] 4 | == Query { 
[INFO] [stdout]   |    ----- while parsing this struct
[INFO] [stdout] ...
[INFO] [stdout] 7 |     ...
[INFO] [stdout]   |     ^^^ expected identifier
[INFO] [stdout] 
[INFO] [stdout] error[E0425]: cannot find value `client` in this scope
[INFO] [stdout]  --> lib/rust_openai/src/batteries.rs:86:1
[INFO] [stdout]   |
[INFO] [stdout] 3 | client.cache["whats the deal with airline food"] 
[INFO] [stdout]   | ^^^^^^ not found in this scope
[INFO] [stdout] 
[INFO] [stdout] error[E0422]: cannot find struct, variant or union type `Query` in this scope
[INFO] [stdout]  --> lib/rust_openai/src/batteries.rs:87:4
[INFO] [stdout]   |
[INFO] [stdout] 4 | == Query { 
[INFO] [stdout]   |    ^^^^^ not found in this scope
[INFO] [stdout]   |
[INFO] [stdout] help: consider importing one of these items
[INFO] [stdout]   |
[INFO] [stdout] 2 + use rocket::http::uri::Query;
[INFO] [stdout]   |
[INFO] [stdout] 2 + use rocket::http::uri::fmt::Kind::Query;
[INFO] [stdout]   |
[INFO] [stdout] 2 + use rust_openai::Query;
[INFO] [stdout]   |
[INFO] [stdout] 2 + use sea_orm::DbErr::Query;
[INFO] [stdout]   |
[INFO] [stdout]     and 2 other candidates
[INFO] [stdout] 
[INFO] [stdout] error[E0433]: failed to resolve: use of undeclared type `QueryType`
[INFO] [stdout]  --> lib/rust_openai/src/batteries.rs:89:17
[INFO] [stdout]   |
[INFO] [stdout] 6 |     query_type: QueryType::PromptCompletion,
[INFO] [stdout]   |                 ^^^^^^^^^ use of undeclared type `QueryType`
[INFO] [stdout]   |
[INFO] [stdout] help: consider importing this enum
[INFO] [stdout]   |
[INFO] [stdout] 2 + use rust_openai::models::QueryType;
[INFO] [stdout]   |
[INFO] [stdout] 
[INFO] [stdout] error[E0308]: mismatched types
[INFO] [stdout]  --> lib/rust_openai/src/batteries.rs:86:1
[INFO] [stdout]   |
[INFO] [stdout] 2 |   fn main() { #[allow(non_snake_case)] fn _doctest_main_lib_rust_openai_src_batteries_rs_85_0() {
[INFO] [stdout]   |                                                                                                - help: try adding a return type: `-> bool`
[INFO] [stdout] 3 | / client.cache["whats the deal with airline food"] 
[INFO] [stdout] 4 | | == Query { 
[INFO] [stdout] 5 | |     prompt: "whats the deal with airline food", 
[INFO] [stdout] 6 | |     query_type: QueryType::PromptCompletion,
[INFO] [stdout] 7 | |     ...
[INFO] [stdout] 8 | | }
[INFO] [stdout]   | |_^ expected `()`, found `bool`
[INFO] [stdout] 
[INFO] [stdout] error: aborting due to 5 previous errors
[INFO] [stdout] 
[INFO] [stdout] Some errors have detailed explanations: E0308, E0422, E0425, E0433.
[INFO] [stdout] For more information about an error, try `rustc --explain E0308`.
[INFO] [stdout] Couldn't compile the test.
[INFO] [stdout] ---- lib/rust_openai/src/batteries.rs - batteries::Battery::as_prompt_stamp (line 94) stdout ----
[INFO] [stdout] error: path separator must be a double colon
[INFO] [stdout]  --> lib/rust_openai/src/batteries.rs:98:26
[INFO] [stdout]   |
[INFO] [stdout] 6 |     query_type: QueryType:PdfCompletion,
[INFO] [stdout]   |                          ^ help: use a double colon instead: `::`
[INFO] [stdout] 
[INFO] [stdout] error: expected identifier, found `...`
[INFO] [stdout]  --> lib/rust_openai/src/batteries.rs:99:5
[INFO] [stdout]   |
[INFO] [stdout] 4 | == Query { 
[INFO] [stdout]   |    ----- while parsing this struct
[INFO] [stdout] ...
[INFO] [stdout] 7 |     ...
[INFO] [stdout]   |     ^^^ expected identifier
[INFO] [stdout] 
[INFO] [stdout] error[E0425]: cannot find value `client` in this scope
[INFO] [stdout]  --> lib/rust_openai/src/batteries.rs:95:1
[INFO] [stdout]   |
[INFO] [stdout] 3 | client.cache["Cinnamon and its Effects on Diabetes in Mice with Low Self Esteem and Super Alzheimer's - Minimal Summary Battery"] 
[INFO] [stdout]   | ^^^^^^ not found in this scope
[INFO] [stdout] 
[INFO] [stdout] error[E0422]: cannot find struct, variant or union type `Query` in this scope
[INFO] [stdout]  --> lib/rust_openai/src/batteries.rs:96:4
[INFO] [stdout]   |
[INFO] [stdout] 4 | == Query { 
[INFO] [stdout]   |    ^^^^^ not found in this scope
[INFO] [stdout]   |
[INFO] [stdout] help: consider importing one of these items
[INFO] [stdout]   |
[INFO] [stdout] 2 + use rocket::http::uri::Query;
[INFO] [stdout]   |
[INFO] [stdout] 2 + use rocket::http::uri::fmt::Kind::Query;
[INFO] [stdout]   |
[INFO] [stdout] 2 + use rust_openai::Query;
[INFO] [stdout]   |
[INFO] [stdout] 2 + use sea_orm::DbErr::Query;
[INFO] [stdout]   |
[INFO] [stdout]     and 2 other candidates
[INFO] [stdout] 
[INFO] [stdout] error[E0433]: failed to resolve: use of undeclared type `QueryType`
[INFO] [stdout]  --> lib/rust_openai/src/batteries.rs:98:17
[INFO] [stdout]   |
[INFO] [stdout] 6 |     query_type: QueryType:PdfCompletion,
[INFO] [stdout]   |                 ^^^^^^^^^ use of undeclared type `QueryType`
[INFO] [stdout]   |
[INFO] [stdout] help: consider importing this enum
[INFO] [stdout]   |
[INFO] [stdout] 2 + use rust_openai::models::QueryType;
[INFO] [stdout]   |
[INFO] [stdout] 
[INFO] [stdout] error[E0308]: mismatched types
[INFO] [stdout]  --> lib/rust_openai/src/batteries.rs:95:1
[INFO] [stdout]   |
[INFO] [stdout] 2 |   fn main() { #[allow(non_snake_case)] fn _doctest_main_lib_rust_openai_src_batteries_rs_94_0() {
[INFO] [stdout]   |                                                                                                - help: try adding a return type: `-> bool`
[INFO] [stdout] 3 | / client.cache["Cinnamon and its Effects on Diabetes in Mice with Low Self Esteem and Super Alzheimer's - Minimal Summary Battery"] 
[INFO] [stdout] 4 | | == Query { 
[INFO] [stdout] 5 | |     prompt: "Minimal Summary Battery", 
[INFO] [stdout] 6 | |     query_type: QueryType:PdfCompletion,
[INFO] [stdout] 7 | |     ...
[INFO] [stdout] 8 | | }
[INFO] [stdout]   | |_^ expected `()`, found `bool`
[INFO] [stdout] 
[INFO] [stdout] error: aborting due to 6 previous errors
[INFO] [stdout] 
[INFO] [stdout] Some errors have detailed explanations: E0308, E0422, E0425, E0433.
[INFO] [stdout] For more information about an error, try `rustc --explain E0308`.
[INFO] [stdout] Couldn't compile the test.
[INFO] [stdout] 
[INFO] [stdout] failures:
[INFO] [stdout]     lib/rust_openai/src/batteries.rs - batteries::Battery::as_prompt_stamp (line 64)
[INFO] [stdout]     lib/rust_openai/src/batteries.rs - batteries::Battery::as_prompt_stamp (line 73)
[INFO] [stdout]     lib/rust_openai/src/batteries.rs - batteries::Battery::as_prompt_stamp (line 85)
[INFO] [stdout]     lib/rust_openai/src/batteries.rs - batteries::Battery::as_prompt_stamp (line 94)
[INFO] [stdout]     lib/rust_openai/src/batteries.rs - batteries::Battery::from_str (line 20)
[INFO] [stdout]     lib/rust_openai/src/client.rs - client::OpenAIAccount::cache_query (line 212)
[INFO] [stdout]     lib/rust_openai/src/models/gpt_models.rs - models::gpt_models::GptModel::from_string (line 47)
[INFO] [stdout] 
[INFO] [stdout] test result: FAILED. 0 passed; 7 failed; 0 ignored; 0 measured; 0 filtered out; finished in 0.69s
[INFO] [stdout] 
[INFO] [stderr] error: doctest failed, to rerun pass `--doc`
[INFO] running `Command { std: "docker" "inspect" "b8936db5aeade984d4ed24012485e20183764b5717bac5ebc251de38e9059681", kill_on_drop: false }`
[INFO] running `Command { std: "docker" "rm" "-f" "b8936db5aeade984d4ed24012485e20183764b5717bac5ebc251de38e9059681", kill_on_drop: false }`
[INFO] [stdout] b8936db5aeade984d4ed24012485e20183764b5717bac5ebc251de38e9059681
